000
CDUS45 KPUB 221023
CLIALS


CLIMATE REPORT
NATIONAL WEATHER SERVICE PUEBLO
422 AM MDT TUE APR 22 2014


...................................

...THE ALAMOSA CO CLIMATE SUMMARY FOR APRIL 21 2014...

CLIMATE NORMAL PERIOD 1981 TO 2010
CLIMATE RECORD PERIOD 1932 TO 2014


WEATHER ITEM   OBSERVED TIME   RECORD YEAR NORMAL DEPARTURE LAST
                VALUE   (LST)  VALUE       VALUE  FROM      YEAR
                                                  NORMAL
..................................................................
TEMPERATURE (F)
 YESTERDAY
  MAXIMUM         68    155 PM  79    1989  61      7       61
  MINIMUM         30    539 AM  10    1907  26      4       17
  AVERAGE         49                        43      6       39

PRECIPITATION (IN)
  YESTERDAY        0.03          0.20 1938   0.02   0.01     0.00
  MONTH TO DATE    1.01                      0.40   0.61     0.32
  SINCE MAR 1      1.41                      0.93   0.48     0.66
  SINCE JAN 1      1.53                      1.45   0.08     0.88

SNOWFALL (IN)
  YESTERDAY        0.0           2.0  1941   0.1   -0.1      0.0
  MONTH TO DATE    6.6                       2.7    3.9      2.2
  SINCE MAR 1     10.0                       7.7    2.3      5.6
  SINCE JUL 1     38.1                      25.8   12.3     21.1
  SNOW DEPTH       0

DEGREE DAYS
 HEATING
  YESTERDAY       16                        22     -6       26
  MONTH TO DATE  469                       515    -46      520
  SINCE MAR 1   1344                      1492   -148     1479
  SINCE JUL 1   7912                      7821     91     8266

 COOLING
  YESTERDAY        0                         0      0        0
  MONTH TO DATE    0                         0      0        0
  SINCE MAR 1      0                         0      0        0
  SINCE JAN 1      0                         0      0        0
..................................................................


WIND (MPH)
  HIGHEST WIND SPEED    32   HIGHEST WIND DIRECTION    SW (230)
  HIGHEST GUST SPEED    39   HIGHEST GUST DIRECTION    SW (240)
  AVERAGE WIND SPEED     5.3


SKY COVER
  POSSIBLE SUNSHINE  MM
  AVERAGE SKY COVER 0.1


WEATHER CONDITIONS
 THE FOLLOWING WEATHER WAS RECORDED YESTERDAY.
  LIGHT RAIN


RELATIVE HUMIDITY (PERCENT)
 HIGHEST    89           300 AM
 LOWEST     22           200 PM
 AVERAGE    56

..........................................................


THE ALAMOSA CO CLIMATE NORMALS FOR TODAY
                         NORMAL    RECORD    YEAR
 MAXIMUM TEMPERATURE (F)   61        77      2006
 MINIMUM TEMPERATURE (F)   26        14      2002


SUNRISE AND SUNSET
APRIL 22 2014.........SUNRISE   619 AM MDT   SUNSET   745 PM MDT
APRIL 23 2014.........SUNRISE   618 AM MDT   SUNSET   746 PM MDT


-  INDICATES NEGATIVE NUMBERS.
R  INDICATES RECORD WAS SET OR TIED.
MM INDICATES DATA IS MISSING.
T  INDICATES TRACE AMOUNT.




$$
