000
CDUS45 KPUB 241200
CLIALS


CLIMATE REPORT
NATIONAL WEATHER SERVICE PUEBLO
500 AM MST FRI FEB 24 2017


...................................

...THE ALAMOSA CO CLIMATE SUMMARY FOR FEBRUARY 23 2017...

CLIMATE NORMAL PERIOD 1981 TO 2010
CLIMATE RECORD PERIOD 1932 TO 2017


WEATHER ITEM   OBSERVED TIME   RECORD YEAR NORMAL DEPARTURE LAST
                VALUE   (LST)  VALUE       VALUE  FROM      YEAR
                                                  NORMAL
..................................................................
TEMPERATURE (F)
 YESTERDAY
  MAXIMUM         38    300 AM  59    2002  43     -5       35
                                      1995
  MINIMUM         15   1159 PM -23    1960   9      6        5
  AVERAGE         27                        26      1       20

PRECIPITATION (IN)
  YESTERDAY        T             0.27 2015   0.01  -0.01     0.25
  MONTH TO DATE    0.27                      0.21   0.06     0.40
  SINCE DEC 1      2.71                      0.82   1.89     1.23
  SINCE JAN 1      1.63                      0.47   1.16     0.98

SNOWFALL (IN)
  YESTERDAY        T             3.3  2005   0.1   -0.1      2.2
  MONTH TO DATE    2.1                       3.1   -1.0      4.1
  SINCE DEC 1     34.2                      11.6   22.6     14.5
  SINCE JUL 1     35.2                      17.4   17.8     18.8
  SNOW DEPTH       0

DEGREE DAYS
 HEATING
  YESTERDAY       38                        39     -1       45
  MONTH TO DATE  793                       992   -199      860
  SINCE DEC 1   3730                      3964   -234     3796
  SINCE JUL 1   5594                      6139   -545     5574

 COOLING
  YESTERDAY        0                         0      0        0
  MONTH TO DATE    0                         0      0        0
  SINCE DEC 1      0                         0      0        0
  SINCE JAN 1      0                         0      0        0
..................................................................


WIND (MPH)
  HIGHEST WIND SPEED    35   HIGHEST WIND DIRECTION    SW (220)
  HIGHEST GUST SPEED    43   HIGHEST GUST DIRECTION    SW (230)
  AVERAGE WIND SPEED    19.1


SKY COVER
  POSSIBLE SUNSHINE  MM
  AVERAGE SKY COVER 0.1


WEATHER CONDITIONS
 THE FOLLOWING WEATHER WAS RECORDED YESTERDAY.
  LIGHT SNOW
  FOG
  HAZE


RELATIVE HUMIDITY (PERCENT)
 HIGHEST    72           700 AM
 LOWEST     32           200 PM
 AVERAGE    52

..........................................................


THE ALAMOSA CO CLIMATE NORMALS FOR TODAY
                         NORMAL    RECORD    YEAR
 MAXIMUM TEMPERATURE (F)   43        60      2009
                                             1986
                                             1981
 MINIMUM TEMPERATURE (F)   10       -18      1960


SUNRISE AND SUNSET
FEBRUARY 24 2017......SUNRISE   641 AM MST   SUNSET   553 PM MST
FEBRUARY 25 2017......SUNRISE   640 AM MST   SUNSET   554 PM MST


-  INDICATES NEGATIVE NUMBERS.
R  INDICATES RECORD WAS SET OR TIED.
MM INDICATES DATA IS MISSING.
T  INDICATES TRACE AMOUNT.




$$
