000
CDUS45 KPUB 021146
CLIALS


CLIMATE REPORT
NATIONAL WEATHER SERVICE PUEBLO
445 AM MST MON MAR 2 2015


...................................

...THE ALAMOSA CO CLIMATE SUMMARY FOR MARCH 1 2015...

CLIMATE NORMAL PERIOD 1981 TO 2010
CLIMATE RECORD PERIOD 1932 TO 2015


WEATHER ITEM   OBSERVED TIME   RECORD YEAR NORMAL DEPARTURE LAST
                VALUE   (LST)  VALUE       VALUE  FROM      YEAR
                                                  NORMAL
..................................................................
TEMPERATURE (F)
 YESTERDAY
  MAXIMUM         37    153 PM  61    1999  45     -8       50
                                      1986
  MINIMUM          7    346 AM  -7    1997  12     -5       31
                                      1984
                                      1971
  AVERAGE         22                        28     -6       41

PRECIPITATION (IN)
  YESTERDAY        0.03          0.22 1993   0.01   0.02      T
  MONTH TO DATE    0.03                      0.01   0.02      T
  SINCE MAR 1      0.03                      0.01   0.02      T
  SINCE JAN 1      1.37                      0.53   0.84     0.12

SNOWFALL (IN)
  YESTERDAY        0.4           3.7  1965   0.1    0.3      0.0
  MONTH TO DATE    0.4                       0.1    0.3      0.0
  SINCE MAR 1      0.4                       0.1    0.3      0.0
  SINCE JUL 1     23.5                      18.2    5.3     28.1
  SNOW DEPTH       3

DEGREE DAYS
 HEATING
  YESTERDAY       43                        36      7       24
  MONTH TO DATE   43                        36      7       24
  SINCE MAR 1     43                        36      7       24
  SINCE JUL 1   5535                      6365   -830     6592

 COOLING
  YESTERDAY        0                         0      0        0
  MONTH TO DATE    0                         0      0        0
  SINCE MAR 1      0                         0      0        0
  SINCE JAN 1      0                         0      0        0
..................................................................


WIND (MPH)
  HIGHEST WIND SPEED     8   HIGHEST WIND DIRECTION     W (270)
  HIGHEST GUST SPEED    10   HIGHEST GUST DIRECTION     N (10)
  AVERAGE WIND SPEED     3.1


SKY COVER
  POSSIBLE SUNSHINE  MM
  AVERAGE SKY COVER 0.8


WEATHER CONDITIONS
 THE FOLLOWING WEATHER WAS RECORDED YESTERDAY.
  LIGHT SNOW
  FOG
  HAZE


RELATIVE HUMIDITY (PERCENT)
 HIGHEST   100           900 PM
 LOWEST     66          1100 AM
 AVERAGE    83

..........................................................


THE ALAMOSA CO CLIMATE NORMALS FOR TODAY
                         NORMAL    RECORD    YEAR
 MAXIMUM TEMPERATURE (F)   45        66      2009
 MINIMUM TEMPERATURE (F)   13       -18      1939


SUNRISE AND SUNSET
MARCH  2 2015.........SUNRISE   634 AM MST   SUNSET   558 PM MST
MARCH  3 2015.........SUNRISE   632 AM MST   SUNSET   559 PM MST


-  INDICATES NEGATIVE NUMBERS.
R  INDICATES RECORD WAS SET OR TIED.
MM INDICATES DATA IS MISSING.
T  INDICATES TRACE AMOUNT.




$$
