532
CDUS45 KPUB 281049
CLIALS


CLIMATE REPORT
NATIONAL WEATHER SERVICE PUEBLO
449 AM MDT SAT MAY 28 2016


...................................

...THE ALAMOSA CO CLIMATE SUMMARY FOR MAY 27 2016...

CLIMATE NORMAL PERIOD 1981 TO 2010
CLIMATE RECORD PERIOD 1932 TO 2016


WEATHER ITEM   OBSERVED TIME   RECORD YEAR NORMAL DEPARTURE LAST
                VALUE   (LST)  VALUE       VALUE  FROM      YEAR
                                                  NORMAL
..................................................................
TEMPERATURE (F)
 YESTERDAY
  MAXIMUM         61    107 PM  84    2010  73    -12       73
                                      1984
                                      1951
  MINIMUM         36   1159 PM  25    1996  36      0       35
                                      1950
  AVERAGE         49                        54     -5       54

PRECIPITATION (IN)
  YESTERDAY        0.53          0.68 1970   0.02   0.51     0.00
  MONTH TO DATE    1.12                      0.51   0.61     1.77
  SINCE MAR 1      3.39                      1.63   1.76     2.60
  SINCE JAN 1      4.37                      2.15   2.22     3.94

SNOWFALL (IN)
  YESTERDAY        0.0           T    1992   0.0    0.0      0.0
  MONTH TO DATE    0.8                       0.9   -0.1       T
  SINCE MAR 1     24.2                       9.5   14.7      0.7
  SINCE JUL 1     43.0                      27.6   15.4     23.8
  SNOW DEPTH       0

DEGREE DAYS
 HEATING
  YESTERDAY       16                        11      5       11
  MONTH TO DATE  398                       387     11      421
  SINCE MAR 1   2000                      2058    -58     1846
  SINCE JUL 1   7766                      8387   -621     7338

 COOLING
  YESTERDAY        0                         0      0        0
  MONTH TO DATE    0                         0      0        0
  SINCE MAR 1      0                         0      0        0
  SINCE JAN 1      0                         0      0        0
..................................................................


WIND (MPH)
  HIGHEST WIND SPEED    22   HIGHEST WIND DIRECTION     W (260)
  HIGHEST GUST SPEED    27   HIGHEST GUST DIRECTION     W (270)
  AVERAGE WIND SPEED     6.8


SKY COVER
  POSSIBLE SUNSHINE  MM
  AVERAGE SKY COVER 0.6


WEATHER CONDITIONS
 THE FOLLOWING WEATHER WAS RECORDED YESTERDAY.
  THUNDERSTORM
  HEAVY RAIN
  RAIN
  LIGHT RAIN


RELATIVE HUMIDITY (PERCENT)
 HIGHEST   100           300 AM
 LOWEST     35           100 PM
 AVERAGE    68

..........................................................


THE ALAMOSA CO CLIMATE NORMALS FOR TODAY
                         NORMAL    RECORD    YEAR
 MAXIMUM TEMPERATURE (F)   73        86      2000
 MINIMUM TEMPERATURE (F)   36        21      2012


SUNRISE AND SUNSET
MAY 28 2016...........SUNRISE   546 AM MDT   SUNSET   816 PM MDT
MAY 29 2016...........SUNRISE   545 AM MDT   SUNSET   817 PM MDT


-  INDICATES NEGATIVE NUMBERS.
R  INDICATES RECORD WAS SET OR TIED.
MM INDICATES DATA IS MISSING.
T  INDICATES TRACE AMOUNT.




$$
