000
CDUS45 KPUB 260030
CLIALS


CLIMATE REPORT
NATIONAL WEATHER SERVICE PUEBLO
530 PM MST THU DEC 25 2014


...................................

...THE ALAMOSA CO CLIMATE SUMMARY FOR DECEMBER 25 2014...
VALID TODAY AS OF 0500 PM LOCAL TIME.

CLIMATE NORMAL PERIOD 1981 TO 2010
CLIMATE RECORD PERIOD 1932 TO 2014


WEATHER ITEM   OBSERVED TIME   RECORD YEAR NORMAL DEPARTURE LAST
                VALUE   (LST)  VALUE       VALUE  FROM      YEAR
                                                  NORMAL
..................................................................
TEMPERATURE (F)
 TODAY
  MAXIMUM         38    243 PM  60    1942  34      4       24
  MINIMUM          1    539 AM -27    1974  -2      3      -12
  AVERAGE         20                        16      4        6

PRECIPITATION (IN)
  TODAY            0.00          0.23 1942   0.01  -0.01     0.00
  MONTH TO DATE    0.18                      0.29  -0.11     0.04
  SINCE DEC 1      0.18                      0.29  -0.11     0.04
  SINCE JAN 1      5.51                      7.25  -1.74    10.05

SNOWFALL (IN)
  TODAY            0.0           3.5  1942   0.1   -0.1      0.0
  MONTH TO DATE    0.9                       3.7   -2.8      1.0
  SINCE DEC 1      0.9                       3.7   -2.8      1.0
  SINCE JUL 1      2.5                       9.5   -7.0     22.6
  SNOW DEPTH       0

DEGREE DAYS
 HEATING
  TODAY           45                        49     -4       59
  MONTH TO DATE  977                      1168   -191     1427
  SINCE DEC 1    977                      1168   -191     1427
  SINCE JUL 1   2820                      3343   -523     3527

 COOLING
  TODAY            0                         0      0        0
  MONTH TO DATE    0                         0      0        0
  SINCE DEC 1      0                         0      0        0
  SINCE JAN 1     60                        51      9      113
..................................................................


WIND (MPH)
  HIGHEST WIND SPEED    33   HIGHEST WIND DIRECTION    SW (220)
  HIGHEST GUST SPEED    40   HIGHEST GUST DIRECTION    SW (210)
  AVERAGE WIND SPEED    12.4


SKY COVER
  POSSIBLE SUNSHINE  MM
  AVERAGE SKY COVER 0.2


WEATHER CONDITIONS
 THE FOLLOWING WEATHER WAS RECORDED TODAY.
  HAZE


RELATIVE HUMIDITY (PERCENT)
 HIGHEST    86           600 AM
 LOWEST     40          1200 PM
 AVERAGE    63

..........................................................


THE ALAMOSA CO CLIMATE NORMALS FOR TOMORROW
                         NORMAL    RECORD    YEAR
 MAXIMUM TEMPERATURE (F)   34        58      2005
 MINIMUM TEMPERATURE (F)   -2       -28      1932


SUNRISE AND SUNSET
DECEMBER 25 2014......SUNRISE   716 AM MST   SUNSET   451 PM MST
DECEMBER 26 2014......SUNRISE   716 AM MST   SUNSET   452 PM MST


-  INDICATES NEGATIVE NUMBERS.
R  INDICATES RECORD WAS SET OR TIED.
MM INDICATES DATA IS MISSING.
T  INDICATES TRACE AMOUNT.




$$
