128
CDUS45 KPUB 192336
CLIALS


CLIMATE REPORT
NATIONAL WEATHER SERVICE PUEBLO
536 PM MDT WED JUL 19 2017


...................................

...THE ALAMOSA CO CLIMATE SUMMARY FOR JULY 19 2017...
VALID TODAY AS OF 0500 PM LOCAL TIME.

CLIMATE NORMAL PERIOD 1981 TO 2010
CLIMATE RECORD PERIOD 1932 TO 2017


WEATHER ITEM   OBSERVED TIME   RECORD YEAR NORMAL DEPARTURE LAST
                VALUE   (LST)  VALUE       VALUE  FROM      YEAR
                                                  NORMAL
..................................................................
TEMPERATURE (F)
 TODAY
  MAXIMUM         86    351 PM  92    2005  82      4       85
  MINIMUM         53    519 AM  37    1992  48      5       57
  AVERAGE         70                        65      5       71

PRECIPITATION (IN)
  TODAY            0.00          1.49 2007   0.03  -0.03     0.02
  MONTH TO DATE    1.88                      0.56   1.32     0.31
  SINCE JUN 1      2.07                      1.05   1.02     0.82
  SINCE JAN 1      6.32                      3.27   3.05     5.19

SNOWFALL (IN)
  TODAY            0.0           0.0  2002   0.0    0.0      0.0
                                      2001
  MONTH TO DATE    T                         0.0    0.0      0.0
  SINCE JUN 1      T                         0.0    0.0      0.0
  SINCE JUL 1      T                         0.0    0.0      0.0
  SNOW DEPTH       0

DEGREE DAYS
 HEATING
  TODAY            0                         1     -1        0
  MONTH TO DATE    8                        28    -20       13
  SINCE JUN 1     99                       196    -97       69
  SINCE JUL 1      8                        28    -20       13

 COOLING
  TODAY            5                         1      4        6
  MONTH TO DATE   28                        19      9       25
  SINCE JUN 1     46                        25     21       54
  SINCE JAN 1     46                        25     21       54
..................................................................


WIND (MPH)
  HIGHEST WIND SPEED    13   HIGHEST WIND DIRECTION    SE (150)
  HIGHEST GUST SPEED    17   HIGHEST GUST DIRECTION     S (170)
  AVERAGE WIND SPEED     5.1


SKY COVER
  POSSIBLE SUNSHINE  MM
  AVERAGE SKY COVER 0.1


WEATHER CONDITIONS
 THE FOLLOWING WEATHER WAS RECORDED TODAY.
  NO SIGNIFICANT WEATHER WAS OBSERVED.


RELATIVE HUMIDITY (PERCENT)
 HIGHEST   100           400 AM
 LOWEST     25           400 PM
 AVERAGE    63

..........................................................


THE ALAMOSA CO CLIMATE NORMALS FOR TOMORROW
                         NORMAL    RECORD    YEAR
 MAXIMUM TEMPERATURE (F)   82        92      2005
 MINIMUM TEMPERATURE (F)   48        39      1987


SUNRISE AND SUNSET
JULY 19 2017..........SUNRISE   558 AM MDT   SUNSET   822 PM MDT
JULY 20 2017..........SUNRISE   558 AM MDT   SUNSET   821 PM MDT


-  INDICATES NEGATIVE NUMBERS.
R  INDICATES RECORD WAS SET OR TIED.
MM INDICATES DATA IS MISSING.
T  INDICATES TRACE AMOUNT.




$$
