000
CDUS45 KPUB 261050
CLIALS


CLIMATE REPORT
NATIONAL WEATHER SERVICE PUEBLO
450 AM MDT TUE AUG 26 2014


...................................

...THE ALAMOSA CO CLIMATE SUMMARY FOR AUGUST 25 2014...

CLIMATE NORMAL PERIOD 1981 TO 2010
CLIMATE RECORD PERIOD 1932 TO 2014


WEATHER ITEM   OBSERVED TIME   RECORD YEAR NORMAL DEPARTURE LAST
                VALUE   (LST)  VALUE       VALUE  FROM      YEAR
                                                  NORMAL
..................................................................
TEMPERATURE (F)
 YESTERDAY
  MAXIMUM         81    240 PM  87    2002  78      3       77
                                      1936
  MINIMUM         43    507 AM  30    2002  45     -2       54
                                      1962
  AVERAGE         62                        62      0       66

PRECIPITATION (IN)
  YESTERDAY        T             0.33 1949   0.04  -0.04     0.02
  MONTH TO DATE    0.51                      1.02  -0.51     2.24
  SINCE JUN 1      2.05                      2.48  -0.43     3.58
  SINCE JAN 1      3.86                      4.70  -0.84     4.64

SNOWFALL (IN)
  YESTERDAY        0.0           0.0  2002   0.0    0.0      0.0
  MONTH TO DATE    0.0                       0.0    0.0      0.0
  SINCE JUN 1      0.0                       0.0    0.0      0.0
  SINCE JUL 1      0.0                       0.0    0.0      0.0
  SNOW DEPTH       0

DEGREE DAYS
 HEATING
  YESTERDAY        3                         4     -1        0
  MONTH TO DATE   66                        58      8       47
  SINCE JUN 1    214                       271    -57      177
  SINCE JUL 1     88                       103    -15       75

 COOLING
  YESTERDAY        0                         0      0        1
  MONTH TO DATE    3                        12     -9       23
  SINCE JUN 1     60                        50     10       88
  SINCE JAN 1     60                        50     10       88
..................................................................


WIND (MPH)
  HIGHEST WIND SPEED    16   HIGHEST WIND DIRECTION     W (260)
  HIGHEST GUST SPEED    22   HIGHEST GUST DIRECTION     W (270)
  AVERAGE WIND SPEED     6.4


SKY COVER
  POSSIBLE SUNSHINE  MM
  AVERAGE SKY COVER 0.1


WEATHER CONDITIONS
 THE FOLLOWING WEATHER WAS RECORDED YESTERDAY.
  LIGHT RAIN


RELATIVE HUMIDITY (PERCENT)
 HIGHEST    83           500 AM
 LOWEST     21           200 PM
 AVERAGE    52

..........................................................


THE ALAMOSA CO CLIMATE NORMALS FOR TODAY
                         NORMAL    RECORD    YEAR
 MAXIMUM TEMPERATURE (F)   78        88      2002
                                             1985
                                             1907
 MINIMUM TEMPERATURE (F)   44        31      2002


SUNRISE AND SUNSET
AUGUST 26 2014........SUNRISE   629 AM MDT   SUNSET   741 PM MDT
AUGUST 27 2014........SUNRISE   630 AM MDT   SUNSET   739 PM MDT


-  INDICATES NEGATIVE NUMBERS.
R  INDICATES RECORD WAS SET OR TIED.
MM INDICATES DATA IS MISSING.
T  INDICATES TRACE AMOUNT.




$$
