000
CDUS45 KPUB 212324
CLIALS


CLIMATE REPORT
NATIONAL WEATHER SERVICE PUEBLO
524 PM MDT FRI APR 21 2017


...................................

...THE ALAMOSA CO CLIMATE SUMMARY FOR APRIL 21 2017...
VALID TODAY AS OF 0500 PM LOCAL TIME.

CLIMATE NORMAL PERIOD 1981 TO 2010
CLIMATE RECORD PERIOD 1932 TO 2017


WEATHER ITEM   OBSERVED TIME   RECORD YEAR NORMAL DEPARTURE LAST
                VALUE   (LST)  VALUE       VALUE  FROM      YEAR
                                                  NORMAL
..................................................................
TEMPERATURE (F)
 TODAY
  MAXIMUM         59    245 PM  79    1989  61     -2       63
  MINIMUM         36    536 AM  10    1907  26     10       24
  AVERAGE         48                        43      5       44

PRECIPITATION (IN)
  TODAY            0.00          0.20 1938   0.02  -0.02     0.00
  MONTH TO DATE    0.36                      0.40  -0.04     1.29
  SINCE MAR 1      1.09                      0.93   0.16     1.81
  SINCE JAN 1      2.74                      1.45   1.29     2.79

SNOWFALL (IN)
  TODAY            0.0           2.0  1941   0.1   -0.1      0.0
  MONTH TO DATE    3.2                       2.7    0.5     12.6
  SINCE MAR 1      3.9                       7.7   -3.8     20.8
  SINCE JUL 1     39.4                      25.8   13.6     39.6
  SNOW DEPTH       0

DEGREE DAYS
 HEATING
  TODAY           17                        22     -5       21
  MONTH TO DATE  415                       515   -100      505
  SINCE MAR 1   1154                      1492   -338     1422
  SINCE JUL 1   6943                      7821   -878     7188

 COOLING
  TODAY            0                         0      0        0
  MONTH TO DATE    0                         0      0        0
  SINCE MAR 1      0                         0      0        0
  SINCE JAN 1      0                         0      0        0
..................................................................


WIND (MPH)
  HIGHEST WIND SPEED    23   HIGHEST WIND DIRECTION     N (340)
  HIGHEST GUST SPEED    31   HIGHEST GUST DIRECTION     N (360)
  AVERAGE WIND SPEED    11.9


SKY COVER
  POSSIBLE SUNSHINE  MM
  AVERAGE SKY COVER 0.4


WEATHER CONDITIONS
 THE FOLLOWING WEATHER WAS RECORDED TODAY.
  NO SIGNIFICANT WEATHER WAS OBSERVED.


RELATIVE HUMIDITY (PERCENT)
 HIGHEST    59           300 AM
 LOWEST     14           200 PM
 AVERAGE    37

..........................................................


THE ALAMOSA CO CLIMATE NORMALS FOR TOMORROW
                         NORMAL    RECORD    YEAR
 MAXIMUM TEMPERATURE (F)   61        77      2006
 MINIMUM TEMPERATURE (F)   26        14      2002


SUNRISE AND SUNSET
APRIL 21 2017.........SUNRISE   620 AM MDT   SUNSET   745 PM MDT
APRIL 22 2017.........SUNRISE   619 AM MDT   SUNSET   745 PM MDT


-  INDICATES NEGATIVE NUMBERS.
R  INDICATES RECORD WAS SET OR TIED.
MM INDICATES DATA IS MISSING.
T  INDICATES TRACE AMOUNT.




$$
