265
CDUS45 KPUB 230027
CLIALS


CLIMATE REPORT
NATIONAL WEATHER SERVICE PUEBLO
527 PM MST WED NOV 22 2017


...................................

...THE ALAMOSA CO CLIMATE SUMMARY FOR NOVEMBER 22 2017...
VALID TODAY AS OF 0500 PM LOCAL TIME.

CLIMATE NORMAL PERIOD 1981 TO 2010
CLIMATE RECORD PERIOD 1932 TO 2017


WEATHER ITEM   OBSERVED TIME   RECORD YEAR NORMAL DEPARTURE LAST
                VALUE   (LST)  VALUE       VALUE  FROM      YEAR
                                                  NORMAL
..................................................................
TEMPERATURE (F)
 TODAY
  MAXIMUM         61    315 PM  64    1998  43     18       50
  MINIMUM         21    713 AM -24    1957   9     12       19
  AVERAGE         41                        26     15       35

PRECIPITATION (IN)
  TODAY            0.00          0.73 2013   0.01  -0.01     0.00
  MONTH TO DATE    0.05                      0.33  -0.28     0.28
  SINCE SEP 1      1.86                      1.92  -0.06     0.58
  SINCE JAN 1     10.55                      6.87   3.68     7.93

SNOWFALL (IN)
  TODAY            0.0           7.0  2013   0.2   -0.2      0.0
  MONTH TO DATE    0.2                       2.7   -2.5       T
  SINCE SEP 1      0.2                       4.8   -4.6       T
  SINCE JUL 1      0.2                       4.8   -4.6       T
  SNOW DEPTH       0

DEGREE DAYS
 HEATING
  TODAY           24                        39    -15       30
  MONTH TO DATE  562                       737   -175      591
  SINCE SEP 1   1438                      1718   -280     1370
  SINCE JUL 1   1537                      1847   -310     1514

 COOLING
  TODAY            0                         0      0        0
  MONTH TO DATE    0                         0      0        0
  SINCE SEP 1      0                         0      0        0
  SINCE JAN 1     76                        51     25      115
..................................................................


WIND (MPH)
  HIGHEST WIND SPEED    13   HIGHEST WIND DIRECTION     N (360)
  HIGHEST GUST SPEED    17   HIGHEST GUST DIRECTION     N (20)
  AVERAGE WIND SPEED     4.6


SKY COVER
  POSSIBLE SUNSHINE  MM
  AVERAGE SKY COVER 0.0


WEATHER CONDITIONS
 THE FOLLOWING WEATHER WAS RECORDED TODAY.
  HAZE


RELATIVE HUMIDITY (PERCENT)
 HIGHEST    84           700 AM
 LOWEST     28           300 PM
 AVERAGE    56

..........................................................


THE ALAMOSA CO CLIMATE NORMALS FOR TOMORROW
                         NORMAL    RECORD    YEAR
 MAXIMUM TEMPERATURE (F)   43        64      1954
 MINIMUM TEMPERATURE (F)    9       -15      1979


SUNRISE AND SUNSET
NOVEMBER 22 2017......SUNRISE   651 AM MST   SUNSET   448 PM MST
NOVEMBER 23 2017......SUNRISE   652 AM MST   SUNSET   448 PM MST


-  INDICATES NEGATIVE NUMBERS.
R  INDICATES RECORD WAS SET OR TIED.
MM INDICATES DATA IS MISSING.
T  INDICATES TRACE AMOUNT.




$$
