465
CDUS45 KPUB 241100
CLIALS


CLIMATE REPORT
NATIONAL WEATHER SERVICE PUEBLO
500 AM MDT WED MAY 24 2017


...................................

...THE ALAMOSA CO CLIMATE SUMMARY FOR MAY 23 2017...

CLIMATE NORMAL PERIOD 1981 TO 2010
CLIMATE RECORD PERIOD 1932 TO 2017


WEATHER ITEM   OBSERVED TIME   RECORD YEAR NORMAL DEPARTURE LAST
                VALUE   (LST)  VALUE       VALUE  FROM      YEAR
                                                  NORMAL
..................................................................
TEMPERATURE (F)
 YESTERDAY
  MAXIMUM         66    422 PM  87    2005  71     -5       70
  MINIMUM         35    502 AM  23    1975  35      0       36
                                      1972
  AVERAGE         51                        53     -2       53

PRECIPITATION (IN)
  YESTERDAY        0.01          0.26 2007   0.02  -0.01     0.00
  MONTH TO DATE    1.24                      0.44   0.80     0.59
  SINCE MAR 1      2.60                      1.56   1.04     2.86
  SINCE JAN 1      4.25                      2.08   2.17     3.84

SNOWFALL (IN)
  YESTERDAY        0.0           0.3  1971   0.0    0.0      0.0
  MONTH TO DATE    1.1                       0.9    0.2      0.8
  SINCE MAR 1      6.7                       9.5   -2.8     24.2
  SINCE JUL 1     42.2                      27.6   14.6     43.0
  SNOW DEPTH       0

DEGREE DAYS
 HEATING
  YESTERDAY       14                        12      2       12
  MONTH TO DATE  364                       343     21      343
  SINCE MAR 1   1739                      2014   -275     1945
  SINCE JUL 1   7528                      8343   -815     7711

 COOLING
  YESTERDAY        0                         0      0        0
  MONTH TO DATE    0                         0      0        0
  SINCE MAR 1      0                         0      0        0
  SINCE JAN 1      0                         0      0        0
..................................................................


WIND (MPH)
  HIGHEST WIND SPEED    26   HIGHEST WIND DIRECTION     N (10)
  HIGHEST GUST SPEED    37   HIGHEST GUST DIRECTION     N (360)
  AVERAGE WIND SPEED    10.7


SKY COVER
  POSSIBLE SUNSHINE  MM
  AVERAGE SKY COVER 0.3


WEATHER CONDITIONS
 THE FOLLOWING WEATHER WAS RECORDED YESTERDAY.
  LIGHT RAIN


RELATIVE HUMIDITY (PERCENT)
 HIGHEST    92           400 AM
 LOWEST     12           500 PM
 AVERAGE    52

..........................................................


THE ALAMOSA CO CLIMATE NORMALS FOR TODAY
                         NORMAL    RECORD    YEAR
 MAXIMUM TEMPERATURE (F)   72        85      2005
 MINIMUM TEMPERATURE (F)   36        22      1975


SUNRISE AND SUNSET
MAY 24 2017...........SUNRISE   548 AM MDT   SUNSET   813 PM MDT
MAY 25 2017...........SUNRISE   547 AM MDT   SUNSET   814 PM MDT


-  INDICATES NEGATIVE NUMBERS.
R  INDICATES RECORD WAS SET OR TIED.
MM INDICATES DATA IS MISSING.
T  INDICATES TRACE AMOUNT.




$$
