000
CDUS45 KPUB 160024
CLIALS


CLIMATE REPORT
NATIONAL WEATHER SERVICE PUEBLO
523 PM MST THU FEB 15 2018


...................................

...THE ALAMOSA CO CLIMATE SUMMARY FOR FEBRUARY 15 2018...
VALID TODAY AS OF 0500 PM LOCAL TIME.

CLIMATE NORMAL PERIOD 1981 TO 2010
CLIMATE RECORD PERIOD 1932 TO 2018


WEATHER ITEM   OBSERVED TIME   RECORD YEAR NORMAL DEPARTURE LAST
                VALUE   (LST)  VALUE       VALUE  FROM      YEAR
                                                  NORMAL
..................................................................
TEMPERATURE (F)
 TODAY
  MAXIMUM         48    130 PM  62    2014  40      8       37
  MINIMUM         31    732 AM -19    1948   6     25        8
  AVERAGE         40                        23     17       23

PRECIPITATION (IN)
  TODAY            0.00          0.23 1993   0.01  -0.01     0.00
  MONTH TO DATE    0.21                      0.13   0.08     0.27
  SINCE DEC 1      0.43                      0.74  -0.31     2.71
  SINCE JAN 1      0.29                      0.39  -0.10     1.63

SNOWFALL (IN)
  TODAY            0.0           0.8  1965   0.1   -0.1      0.0
  MONTH TO DATE    3.0                       2.1    0.9      2.1
  SINCE DEC 1      5.8                      10.6   -4.8     34.2
  SINCE JUL 1      6.2                      16.4  -10.2     35.2
  SNOW DEPTH       0

DEGREE DAYS
 HEATING
  TODAY           25                        42    -17       42
  MONTH TO DATE  509                       669   -160      553
  SINCE DEC 1   3004                      3641   -637     3490
  SINCE JUL 1   4770                      5816  -1046     5354

 COOLING
  TODAY            0                         0      0        0
  MONTH TO DATE    0                         0      0        0
  SINCE DEC 1      0                         0      0        0
  SINCE JAN 1      0                         0      0        0
..................................................................


WIND (MPH)
  HIGHEST WIND SPEED    30   HIGHEST WIND DIRECTION    SW (240)
  HIGHEST GUST SPEED    37   HIGHEST GUST DIRECTION    SW (240)
  AVERAGE WIND SPEED    18.3


SKY COVER
  POSSIBLE SUNSHINE  MM
  AVERAGE SKY COVER 0.1


WEATHER CONDITIONS
 THE FOLLOWING WEATHER WAS RECORDED TODAY.
  NO SIGNIFICANT WEATHER WAS OBSERVED.


RELATIVE HUMIDITY (PERCENT)
 HIGHEST    85           200 AM
 LOWEST     26           100 PM
 AVERAGE    56

..........................................................


THE ALAMOSA CO CLIMATE NORMALS FOR TOMORROW
                         NORMAL    RECORD    YEAR
 MAXIMUM TEMPERATURE (F)   40        57      2000
                                             1958
                                             1947
 MINIMUM TEMPERATURE (F)    6       -17      2004


SUNRISE AND SUNSET
FEBRUARY 15 2018......SUNRISE   653 AM MST   SUNSET   543 PM MST
FEBRUARY 16 2018......SUNRISE   651 AM MST   SUNSET   544 PM MST


-  INDICATES NEGATIVE NUMBERS.
R  INDICATES RECORD WAS SET OR TIED.
MM INDICATES DATA IS MISSING.
T  INDICATES TRACE AMOUNT.




$$
