000
CDUS45 KPUB 250035
CLIALS


CLIMATE REPORT
NATIONAL WEATHER SERVICE PUEBLO
534 PM MST MON NOV 24 2014


...................................

...THE ALAMOSA CO CLIMATE SUMMARY FOR NOVEMBER 24 2014...
VALID TODAY AS OF 0500 PM LOCAL TIME.

CLIMATE NORMAL PERIOD 1981 TO 2010
CLIMATE RECORD PERIOD 1932 TO 2014


WEATHER ITEM   OBSERVED TIME   RECORD YEAR NORMAL DEPARTURE LAST
                VALUE   (LST)  VALUE       VALUE  FROM      YEAR
                                                  NORMAL
..................................................................
TEMPERATURE (F)
 TODAY
  MAXIMUM         33    154 PM  65    1981  42     -9       28
  MINIMUM          2    654 AM -16    1979   8     -6       20
  AVERAGE         18                        25     -7       24

PRECIPITATION (IN)
  TODAY            0.00          0.48 2013   0.01  -0.01     0.48
  MONTH TO DATE    0.34                      0.35  -0.01     1.26
  SINCE SEP 1      1.45                      1.94  -0.49     4.77
  SINCE JAN 1      5.33                      6.89  -1.56     9.64

SNOWFALL (IN)
  TODAY            0.0           5.8  2013   0.1   -0.1      5.2
  MONTH TO DATE    1.6                       2.9   -1.3     12.6
  SINCE SEP 1      1.6                       5.0   -3.4     16.1
  SINCE JUL 1      1.6                       5.0   -3.4     16.1
  SNOW DEPTH       0

DEGREE DAYS
 HEATING
  TODAY           47                        40      7       41
  MONTH TO DATE  785                       816    -31      752
  SINCE SEP 1   1520                      1797   -277     1676
  SINCE JUL 1   1641                      1926   -285     1751

 COOLING
  TODAY            0                         0      0        0
  MONTH TO DATE    0                         0      0        0
  SINCE SEP 1      0                         0      0       14
  SINCE JAN 1     60                        51      9      113
..................................................................


WIND (MPH)
  HIGHEST WIND SPEED    23   HIGHEST WIND DIRECTION    NW (320)
  HIGHEST GUST SPEED    31   HIGHEST GUST DIRECTION     N (340)
  AVERAGE WIND SPEED     7.0


SKY COVER
  POSSIBLE SUNSHINE  MM
  AVERAGE SKY COVER 0.1


WEATHER CONDITIONS
 THE FOLLOWING WEATHER WAS RECORDED TODAY.
  NO SIGNIFICANT WEATHER WAS OBSERVED.


RELATIVE HUMIDITY (PERCENT)
 HIGHEST    87           700 AM
 LOWEST     25           200 PM
 AVERAGE    56

..........................................................


THE ALAMOSA CO CLIMATE NORMALS FOR TOMORROW
                         NORMAL    RECORD    YEAR
 MAXIMUM TEMPERATURE (F)   42        63      1970
 MINIMUM TEMPERATURE (F)    8       -21      1952


SUNRISE AND SUNSET
NOVEMBER 24 2014......SUNRISE   652 AM MST   SUNSET   448 PM MST
NOVEMBER 25 2014......SUNRISE   653 AM MST   SUNSET   447 PM MST


-  INDICATES NEGATIVE NUMBERS.
R  INDICATES RECORD WAS SET OR TIED.
MM INDICATES DATA IS MISSING.
T  INDICATES TRACE AMOUNT.




$$
