000
CDUS45 KPUB 271032
CLIALS


CLIMATE REPORT
NATIONAL WEATHER SERVICE PUEBLO
432 AM MDT MON JUL 27 2015


...................................

...THE ALAMOSA CO CLIMATE SUMMARY FOR JULY 26 2015...

CLIMATE NORMAL PERIOD 1981 TO 2010
CLIMATE RECORD PERIOD 1932 TO 2015


WEATHER ITEM   OBSERVED TIME   RECORD YEAR NORMAL DEPARTURE LAST
                VALUE   (LST)  VALUE       VALUE  FROM      YEAR
                                                  NORMAL
..................................................................
TEMPERATURE (F)
 YESTERDAY
  MAXIMUM         84    228 PM  88    2014  82      2       88
                                      2011
                                      2003
  MINIMUM         49    517 AM  39    1944  48      1       48
  AVERAGE         67                        65      2       68

PRECIPITATION (IN)
  YESTERDAY        0.00          0.99 1968   0.03  -0.03     0.02
  MONTH TO DATE    1.17                      0.79   0.38     0.78
  SINCE JUN 1      2.36                      1.28   1.08     0.80
  SINCE JAN 1      6.30                      3.50   2.80     2.61

SNOWFALL (IN)
  YESTERDAY        0.0           0.0  2002   0.0    0.0      0.0
                                      2001
  MONTH TO DATE    0.0                       0.0    0.0      0.0
  SINCE JUN 1      0.0                       0.0    0.0      0.0
  SINCE JUL 1      0.0                       0.0    0.0      0.0
  SNOW DEPTH       0

DEGREE DAYS
 HEATING
  YESTERDAY        0                         1     -1        0
  MONTH TO DATE   44                        35      9       14
  SINCE JUN 1    120                       203    -83      140
  SINCE JUL 1     44                        35      9       14

 COOLING
  YESTERDAY        2                         1      1        3
  MONTH TO DATE   19                        26     -7       51
  SINCE JUN 1     43                        32     11       52
  SINCE JAN 1     43                        32     11       52
..................................................................


WIND (MPH)
  HIGHEST WIND SPEED    32   HIGHEST WIND DIRECTION     S (170)
  HIGHEST GUST SPEED    43   HIGHEST GUST DIRECTION     S (170)
  AVERAGE WIND SPEED     7.4


SKY COVER
  POSSIBLE SUNSHINE  MM
  AVERAGE SKY COVER 0.1


WEATHER CONDITIONS
 THE FOLLOWING WEATHER WAS RECORDED YESTERDAY.
  THUNDERSTORM


RELATIVE HUMIDITY (PERCENT)
 HIGHEST    80           500 AM
 LOWEST     23           200 PM
 AVERAGE    52

..........................................................


THE ALAMOSA CO CLIMATE NORMALS FOR TODAY
                         NORMAL    RECORD    YEAR
 MAXIMUM TEMPERATURE (F)   82        90      1960
 MINIMUM TEMPERATURE (F)   48        33      1993


SUNRISE AND SUNSET
JULY 27 2015..........SUNRISE   603 AM MDT   SUNSET   816 PM MDT
JULY 28 2015..........SUNRISE   604 AM MDT   SUNSET   815 PM MDT


-  INDICATES NEGATIVE NUMBERS.
R  INDICATES RECORD WAS SET OR TIED.
MM INDICATES DATA IS MISSING.
T  INDICATES TRACE AMOUNT.




$$
