000
CDUS45 KPUB 251104
CLIALS


CLIMATE REPORT
NATIONAL WEATHER SERVICE PUEBLO
502 AM MDT SUN SEP 25 2016


...................................

...THE ALAMOSA CO CLIMATE SUMMARY FOR SEPTEMBER 24 2016...

CLIMATE NORMAL PERIOD 1981 TO 2010
CLIMATE RECORD PERIOD 1932 TO 2016


WEATHER ITEM   OBSERVED TIME   RECORD YEAR NORMAL DEPARTURE LAST
                VALUE   (LST)  VALUE       VALUE  FROM      YEAR
                                                  NORMAL
..................................................................
TEMPERATURE (F)
 YESTERDAY
  MAXIMUM         63    338 PM  81    1947  70     -7       78
  MINIMUM         25    455 AM  21    2006  33     -8       36
                                      1946
  AVERAGE         44                        52     -8       57

PRECIPITATION (IN)
  YESTERDAY        0.00          0.31 1995   0.02  -0.02     0.00
  MONTH TO DATE    0.26                      0.77  -0.51     0.45
  SINCE SEP 1      0.26                      0.77  -0.51     0.45
  SINCE JAN 1      7.61                      5.72   1.89     7.42

SNOWFALL (IN)
  YESTERDAY        0.0           T    1986   0.0    0.0      0.0
  MONTH TO DATE    0.0                       0.0    0.0      0.0
  SINCE SEP 1      0.0                       0.0    0.0      0.0
  SINCE JUL 1      0.0                       0.0    0.0      0.0
  SNOW DEPTH       0

DEGREE DAYS
 HEATING
  YESTERDAY       21                        13      8        8
  MONTH TO DATE  176                       214    -38      144
  SINCE SEP 1    176                       214    -38      144
  SINCE JUL 1    320                       343    -23      236

 COOLING
  YESTERDAY        0                         0      0        0
  MONTH TO DATE    0                         0      0        0
  SINCE SEP 1      0                         0      0        0
  SINCE JAN 1    115                        51     64       74
..................................................................


WIND (MPH)
  HIGHEST WIND SPEED    23   HIGHEST WIND DIRECTION     N (350)
  HIGHEST GUST SPEED    30   HIGHEST GUST DIRECTION     N (360)
  AVERAGE WIND SPEED     7.0


SKY COVER
  POSSIBLE SUNSHINE  MM
  AVERAGE SKY COVER 0.3


WEATHER CONDITIONS
 THE FOLLOWING WEATHER WAS RECORDED YESTERDAY.
  FOG
  FOG W/VISIBILITY <= 1/4 MILE


RELATIVE HUMIDITY (PERCENT)
 HIGHEST   100           500 AM
 LOWEST     27           400 PM
 AVERAGE    64

..........................................................


THE ALAMOSA CO CLIMATE NORMALS FOR TODAY
                         NORMAL    RECORD    YEAR
 MAXIMUM TEMPERATURE (F)   70        81      2014
 MINIMUM TEMPERATURE (F)   33        16      2000


SUNRISE AND SUNSET
SEPTEMBER 25 2016.....SUNRISE   654 AM MDT   SUNSET   655 PM MDT
SEPTEMBER 26 2016.....SUNRISE   655 AM MDT   SUNSET   653 PM MDT


-  INDICATES NEGATIVE NUMBERS.
R  INDICATES RECORD WAS SET OR TIED.
MM INDICATES DATA IS MISSING.
T  INDICATES TRACE AMOUNT.




$$
