138
CDUS45 KPUB 271041
CLIALS


CLIMATE REPORT
NATIONAL WEATHER SERVICE PUEBLO
440 AM MDT TUE SEP 27 2016


...................................

...THE ALAMOSA CO CLIMATE SUMMARY FOR SEPTEMBER 26 2016...

CLIMATE NORMAL PERIOD 1981 TO 2010
CLIMATE RECORD PERIOD 1932 TO 2016


WEATHER ITEM   OBSERVED TIME   RECORD YEAR NORMAL DEPARTURE LAST
                VALUE   (LST)  VALUE       VALUE  FROM      YEAR
                                                  NORMAL
..................................................................
TEMPERATURE (F)
 YESTERDAY
  MAXIMUM         73    158 PM  81    2015  70      3       81
                                      1999
  MINIMUM         27    610 AM  19    1970  32     -5       33
  AVERAGE         50                        51     -1       57

PRECIPITATION (IN)
  YESTERDAY        0.00          0.34 1936   0.02  -0.02     0.00
  MONTH TO DATE    0.26                      0.82  -0.56     0.45
  SINCE SEP 1      0.26                      0.82  -0.56     0.45
  SINCE JAN 1      7.61                      5.77   1.84     7.42

SNOWFALL (IN)
  YESTERDAY        0.0           1.0  1973   0.0    0.0      0.0
  MONTH TO DATE    0.0                       0.0    0.0      0.0
  SINCE SEP 1      0.0                       0.0    0.0      0.0
  SINCE JUL 1      0.0                       0.0    0.0      0.0
  SNOW DEPTH       0

DEGREE DAYS
 HEATING
  YESTERDAY       15                        14      1        8
  MONTH TO DATE  209                       242    -33      160
  SINCE SEP 1    209                       242    -33      160
  SINCE JUL 1    353                       371    -18      252

 COOLING
  YESTERDAY        0                         0      0        0
  MONTH TO DATE    0                         0      0        0
  SINCE SEP 1      0                         0      0        0
  SINCE JAN 1    115                        51     64       74
..................................................................


WIND (MPH)
  HIGHEST WIND SPEED    20   HIGHEST WIND DIRECTION    SE (120)
  HIGHEST GUST SPEED    24   HIGHEST GUST DIRECTION    SE (120)
  AVERAGE WIND SPEED     5.1


SKY COVER
  POSSIBLE SUNSHINE  MM
  AVERAGE SKY COVER 0.0


WEATHER CONDITIONS
 THE FOLLOWING WEATHER WAS RECORDED YESTERDAY.
  NO SIGNIFICANT WEATHER WAS OBSERVED.


RELATIVE HUMIDITY (PERCENT)
 HIGHEST    92           600 AM
 LOWEST     14           300 PM
 AVERAGE    53

..........................................................


THE ALAMOSA CO CLIMATE NORMALS FOR TODAY
                         NORMAL    RECORD    YEAR
 MAXIMUM TEMPERATURE (F)   69        84      2010
 MINIMUM TEMPERATURE (F)   32        21      1934


SUNRISE AND SUNSET
SEPTEMBER 27 2016.....SUNRISE   656 AM MDT   SUNSET   652 PM MDT
SEPTEMBER 28 2016.....SUNRISE   657 AM MDT   SUNSET   650 PM MDT


-  INDICATES NEGATIVE NUMBERS.
R  INDICATES RECORD WAS SET OR TIED.
MM INDICATES DATA IS MISSING.
T  INDICATES TRACE AMOUNT.




$$
