000
CDUS45 KPUB 271501 CCA
CLIALS

CLIMATE REPORT...CORRECTED SNOWFALL
NATIONAL WEATHER SERVICE PUEBLO
452 AM MST FRI FEB 27 2015


...................................

...THE ALAMOSA CO CLIMATE SUMMARY FOR FEBRUARY 26 2015...

CLIMATE NORMAL PERIOD 1981 TO 2010
CLIMATE RECORD PERIOD 1932 TO 2015


WEATHER ITEM   OBSERVED TIME   RECORD YEAR NORMAL DEPARTURE LAST
                VALUE   (LST)  VALUE       VALUE  FROM      YEAR
                                                  NORMAL
..................................................................
TEMPERATURE (F)
 YESTERDAY
  MAXIMUM         32    313 PM  65    1986  44    -12       54
  MINIMUM          0    527 AM -16    1977  11    -11       18
  AVERAGE         16                        27    -11       36

PRECIPITATION (IN)
  YESTERDAY        0.02          0.41 1967   0.01   0.01     0.00
  MONTH TO DATE    0.92                      0.24   0.68     0.04
  SINCE DEC 1      1.46                      0.85   0.61     0.28
  SINCE JAN 1      1.25                      0.50   0.75     0.11

SNOWFALL (IN)
  YESTERDAY        0.7           4.4  1967   0.1    0.6      0.0
  MONTH TO DATE   14.4                       3.5   10.9      1.6
  SINCE DEC 1     20.0                      12.0    8.0      6.5
  SINCE JUL 1     21.6                      17.8    3.8     28.1
  SNOW DEPTH       3

DEGREE DAYS
 HEATING
  YESTERDAY       49                        38     11       29
  MONTH TO DATE  944                      1107   -163      966
  SINCE DEC 1   3561                      4079   -518     4411
  SINCE JUL 1   5404                      6254   -850     6511

 COOLING
  YESTERDAY        0                         0      0        0
  MONTH TO DATE    0                         0      0        0
  SINCE DEC 1      0                         0      0        0
  SINCE JAN 1      0                         0      0        0
..................................................................


WIND (MPH)
  HIGHEST WIND SPEED    21   HIGHEST WIND DIRECTION     E (90)
  HIGHEST GUST SPEED    28   HIGHEST GUST DIRECTION     E (80)
  AVERAGE WIND SPEED     4.6


SKY COVER
  POSSIBLE SUNSHINE  MM
  AVERAGE SKY COVER 0.5


WEATHER CONDITIONS
 THE FOLLOWING WEATHER WAS RECORDED YESTERDAY.
  LIGHT SNOW
  FOG
  FOG W/VISIBILITY <= 1/4 MILE
  HAZE


RELATIVE HUMIDITY (PERCENT)
 HIGHEST    95           600 AM
 LOWEST     68          1100 AM
 AVERAGE    82

..........................................................


THE ALAMOSA CO CLIMATE NORMALS FOR TODAY
                         NORMAL    RECORD    YEAR
 MAXIMUM TEMPERATURE (F)   44        60      2006
 MINIMUM TEMPERATURE (F)   11       -17      1984


SUNRISE AND SUNSET
FEBRUARY 27 2015......SUNRISE   638 AM MST   SUNSET   555 PM MST
FEBRUARY 28 2015......SUNRISE   636 AM MST   SUNSET   556 PM MST


-  INDICATES NEGATIVE NUMBERS.
R  INDICATES RECORD WAS SET OR TIED.
MM INDICATES DATA IS MISSING.
T  INDICATES TRACE AMOUNT.




$$
