000
CDUS45 KPUB 281039
CLIALS


CLIMATE REPORT
NATIONAL WEATHER SERVICE PUEBLO
439 AM MDT THU AUG 28 2014


...................................

...THE ALAMOSA CO CLIMATE SUMMARY FOR AUGUST 27 2014...

CLIMATE NORMAL PERIOD 1981 TO 2010
CLIMATE RECORD PERIOD 1932 TO 2014


WEATHER ITEM   OBSERVED TIME   RECORD YEAR NORMAL DEPARTURE LAST
                VALUE   (LST)  VALUE       VALUE  FROM      YEAR
                                                  NORMAL
..................................................................
TEMPERATURE (F)
 YESTERDAY
  MAXIMUM         76    152 PM  87    2002  78     -2       85
  MINIMUM         43   1140 PM  32    1992  44     -1       46
  AVERAGE         60                        61     -1       66

PRECIPITATION (IN)
  YESTERDAY        0.00          1.31 1993   0.04  -0.04     0.20
  MONTH TO DATE    0.53                      1.11  -0.58     2.44
  SINCE JUN 1      2.07                      2.57  -0.50     3.78
  SINCE JAN 1      3.88                      4.79  -0.91     4.84

SNOWFALL (IN)
  YESTERDAY        0.0           0.0  2002   0.0    0.0      0.0
  MONTH TO DATE    0.0                       0.0    0.0      0.0
  SINCE JUN 1      0.0                       0.0    0.0      0.0
  SINCE JUL 1      0.0                       0.0    0.0      0.0
  SNOW DEPTH       0

DEGREE DAYS
 HEATING
  YESTERDAY        5                         4      1        0
  MONTH TO DATE   73                        66      7       47
  SINCE JUN 1    221                       279    -58      177
  SINCE JUL 1     95                       111    -16       75

 COOLING
  YESTERDAY        0                         0      0        1
  MONTH TO DATE    3                        12     -9       24
  SINCE JUN 1     60                        50     10       89
  SINCE JAN 1     60                        50     10       89
..................................................................


WIND (MPH)
  HIGHEST WIND SPEED    23   HIGHEST WIND DIRECTION     W (260)
  HIGHEST GUST SPEED    32   HIGHEST GUST DIRECTION    SW (240)
  AVERAGE WIND SPEED     7.2


SKY COVER
  POSSIBLE SUNSHINE  MM
  AVERAGE SKY COVER 0.3


WEATHER CONDITIONS
 THE FOLLOWING WEATHER WAS RECORDED YESTERDAY.
  NO SIGNIFICANT WEATHER WAS OBSERVED.


RELATIVE HUMIDITY (PERCENT)
 HIGHEST    96          1200 AM
 LOWEST     20           300 PM
 AVERAGE    58

..........................................................


THE ALAMOSA CO CLIMATE NORMALS FOR TODAY
                         NORMAL    RECORD    YEAR
 MAXIMUM TEMPERATURE (F)   78        87      2011
 MINIMUM TEMPERATURE (F)   44        30      1964


SUNRISE AND SUNSET
AUGUST 28 2014........SUNRISE   631 AM MDT   SUNSET   738 PM MDT
AUGUST 29 2014........SUNRISE   631 AM MDT   SUNSET   737 PM MDT


-  INDICATES NEGATIVE NUMBERS.
R  INDICATES RECORD WAS SET OR TIED.
MM INDICATES DATA IS MISSING.
T  INDICATES TRACE AMOUNT.




$$
