000
CDUS45 KPUB 221151
CLIALS


CLIMATE REPORT
NATIONAL WEATHER SERVICE PUEBLO
451 AM MST WED NOV 22 2017


...................................

...THE ALAMOSA CO CLIMATE SUMMARY FOR NOVEMBER 21 2017...

CLIMATE NORMAL PERIOD 1981 TO 2010
CLIMATE RECORD PERIOD 1932 TO 2017


WEATHER ITEM   OBSERVED TIME   RECORD YEAR NORMAL DEPARTURE LAST
                VALUE   (LST)  VALUE       VALUE  FROM      YEAR
                                                  NORMAL
..................................................................
TEMPERATURE (F)
 YESTERDAY
  MAXIMUM         57    237 PM  61    1989  44     13       57
  MINIMUM         18    120 AM -12    1964  10      8       34
  AVERAGE         38                        27     11       46

PRECIPITATION (IN)
  YESTERDAY        0.00          0.18 1961   0.02  -0.02     0.11
  MONTH TO DATE    0.05                      0.32  -0.27     0.28
  SINCE SEP 1      1.86                      1.91  -0.05     0.58
  SINCE JAN 1     10.55                      6.86   3.69     7.93

SNOWFALL (IN)
  YESTERDAY        0.0           2.3  1961   0.1   -0.1      0.0
  MONTH TO DATE    0.2                       2.5   -2.3       T
  SINCE SEP 1      0.2                       4.6   -4.4       T
  SINCE JUL 1      0.2                       4.6   -4.4       T
  SNOW DEPTH       0

DEGREE DAYS
 HEATING
  YESTERDAY       27                        38    -11       19
  MONTH TO DATE  538                       698   -160      561
  SINCE SEP 1   1414                      1679   -265     1340
  SINCE JUL 1   1513                      1808   -295     1484

 COOLING
  YESTERDAY        0                         0      0        0
  MONTH TO DATE    0                         0      0        0
  SINCE SEP 1      0                         0      0        0
  SINCE JAN 1     76                        51     25      115
..................................................................


WIND (MPH)
  HIGHEST WIND SPEED    24   HIGHEST WIND DIRECTION    NW (330)
  HIGHEST GUST SPEED    33   HIGHEST GUST DIRECTION    NW (320)
  AVERAGE WIND SPEED     8.3


SKY COVER
  POSSIBLE SUNSHINE  MM
  AVERAGE SKY COVER 0.0


WEATHER CONDITIONS
 THE FOLLOWING WEATHER WAS RECORDED YESTERDAY.
  NO SIGNIFICANT WEATHER WAS OBSERVED.


RELATIVE HUMIDITY (PERCENT)
 HIGHEST    77          1100 PM
 LOWEST     26           300 PM
 AVERAGE    52

..........................................................


THE ALAMOSA CO CLIMATE NORMALS FOR TODAY
                         NORMAL    RECORD    YEAR
 MAXIMUM TEMPERATURE (F)   43        64      1998
 MINIMUM TEMPERATURE (F)    9       -24      1957


SUNRISE AND SUNSET
NOVEMBER 22 2017......SUNRISE   651 AM MST   SUNSET   448 PM MST
NOVEMBER 23 2017......SUNRISE   652 AM MST   SUNSET   448 PM MST


-  INDICATES NEGATIVE NUMBERS.
R  INDICATES RECORD WAS SET OR TIED.
MM INDICATES DATA IS MISSING.
T  INDICATES TRACE AMOUNT.




$$
