000
CDUS45 KPUB 250019
CLIALS


CLIMATE REPORT
NATIONAL WEATHER SERVICE PUEBLO
619 PM MDT MON APR 24 2017


...................................

...THE ALAMOSA CO CLIMATE SUMMARY FOR APRIL 24 2017...
VALID TODAY AS OF 0500 PM LOCAL TIME.

CLIMATE NORMAL PERIOD 1981 TO 2010
CLIMATE RECORD PERIOD 1932 TO 2017


WEATHER ITEM   OBSERVED TIME   RECORD YEAR NORMAL DEPARTURE LAST
                VALUE   (LST)  VALUE       VALUE  FROM      YEAR
                                                  NORMAL
..................................................................
TEMPERATURE (F)
 TODAY
  MAXIMUM         67    101 PM  79    2012  62      5       66
  MINIMUM         39    217 AM  12    1970  27     12       25
  AVERAGE         53                        44      9       46

PRECIPITATION (IN)
  TODAY            0.00          0.70 1942   0.02  -0.02     0.00
  MONTH TO DATE    0.36                      0.47  -0.11     1.29
  SINCE MAR 1      1.09                      1.00   0.09     1.81
  SINCE JAN 1      2.74                      1.52   1.22     2.79

SNOWFALL (IN)
  TODAY            0.0           4.8  1980   0.1   -0.1      0.0
  MONTH TO DATE    3.2                       3.1    0.1     12.6
  SINCE MAR 1      3.9                       8.1   -4.2     20.8
  SINCE JUL 1     39.4                      26.2   13.2     39.6
  SNOW DEPTH       0

DEGREE DAYS
 HEATING
  TODAY           12                        21     -9       19
  MONTH TO DATE  473                       578   -105      550
  SINCE MAR 1   1212                      1555   -343     1467
  SINCE JUL 1   7001                      7884   -883     7233

 COOLING
  TODAY            0                         0      0        0
  MONTH TO DATE    0                         0      0        0
  SINCE MAR 1      0                         0      0        0
  SINCE JAN 1      0                         0      0        0
..................................................................


WIND (MPH)
  HIGHEST WIND SPEED    36   HIGHEST WIND DIRECTION     W (250)
  HIGHEST GUST SPEED    45   HIGHEST GUST DIRECTION    SW (240)
  AVERAGE WIND SPEED    13.9


SKY COVER
  POSSIBLE SUNSHINE  MM
  AVERAGE SKY COVER 0.0


WEATHER CONDITIONS
 THE FOLLOWING WEATHER WAS RECORDED TODAY.
  NO SIGNIFICANT WEATHER WAS OBSERVED.


RELATIVE HUMIDITY (PERCENT)
 HIGHEST    50           200 AM
 LOWEST     13          1200 PM
 AVERAGE    32

..........................................................


THE ALAMOSA CO CLIMATE NORMALS FOR TOMORROW
                         NORMAL    RECORD    YEAR
 MAXIMUM TEMPERATURE (F)   62        77      2012
                                             1949
 MINIMUM TEMPERATURE (F)   27        11      1950


SUNRISE AND SUNSET
APRIL 24 2017.........SUNRISE   616 AM MDT   SUNSET   747 PM MDT
APRIL 25 2017.........SUNRISE   615 AM MDT   SUNSET   748 PM MDT


-  INDICATES NEGATIVE NUMBERS.
R  INDICATES RECORD WAS SET OR TIED.
MM INDICATES DATA IS MISSING.
T  INDICATES TRACE AMOUNT.




$$
