284
CDUS45 KPUB 281055
CLIALS


CLIMATE REPORT
NATIONAL WEATHER SERVICE PUEBLO
455 AM MDT THU APR 28 2016


...................................

...THE ALAMOSA CO CLIMATE SUMMARY FOR APRIL 27 2016...

CLIMATE NORMAL PERIOD 1981 TO 2010
CLIMATE RECORD PERIOD 1932 TO 2016


WEATHER ITEM   OBSERVED TIME   RECORD YEAR NORMAL DEPARTURE LAST
                VALUE   (LST)  VALUE       VALUE  FROM      YEAR
                                                  NORMAL
..................................................................
TEMPERATURE (F)
 YESTERDAY
  MAXIMUM         59    332 PM  76    2000  63     -4       56
                                      1943
  MINIMUM         22    527 AM   8    1991  28     -6       28
  AVERAGE         41                        45     -4       42

PRECIPITATION (IN)
  YESTERDAY        0.00          0.26 1957   0.02  -0.02     0.00
  MONTH TO DATE    1.29                      0.53   0.76     0.43
  SINCE MAR 1      1.81                      1.06   0.75     0.83
  SINCE JAN 1      2.79                      1.58   1.21     2.17

SNOWFALL (IN)
  YESTERDAY        0.0           2.8  1968   0.1   -0.1      0.0
  MONTH TO DATE   12.6                       3.4    9.2      0.7
  SINCE MAR 1     20.8                       8.4   12.4      0.7
  SINCE JUL 1     39.6                      26.5   13.1     23.8
  SNOW DEPTH       0

DEGREE DAYS
 HEATING
  YESTERDAY       24                        20      4       23
  MONTH TO DATE  616                       638    -22      590
  SINCE MAR 1   1533                      1615    -82     1375
  SINCE JUL 1   7299                      7944   -645     6867

 COOLING
  YESTERDAY        0                         0      0        0
  MONTH TO DATE    0                         0      0        0
  SINCE MAR 1      0                         0      0        0
  SINCE JAN 1      0                         0      0        0
..................................................................


WIND (MPH)
  HIGHEST WIND SPEED    23   HIGHEST WIND DIRECTION     W (250)
  HIGHEST GUST SPEED    27   HIGHEST GUST DIRECTION     W (250)
  AVERAGE WIND SPEED     6.5


SKY COVER
  POSSIBLE SUNSHINE  MM
  AVERAGE SKY COVER 0.6


WEATHER CONDITIONS
 THE FOLLOWING WEATHER WAS RECORDED YESTERDAY.
  NO SIGNIFICANT WEATHER WAS OBSERVED.


RELATIVE HUMIDITY (PERCENT)
 HIGHEST    92           200 AM
 LOWEST     20           200 PM
 AVERAGE    56

..........................................................


THE ALAMOSA CO CLIMATE NORMALS FOR TODAY
                         NORMAL    RECORD    YEAR
 MAXIMUM TEMPERATURE (F)   63        78      1992
 MINIMUM TEMPERATURE (F)   28        11      2011


SUNRISE AND SUNSET
APRIL 28 2016.........SUNRISE   611 AM MDT   SUNSET   751 PM MDT
APRIL 29 2016.........SUNRISE   610 AM MDT   SUNSET   752 PM MDT


-  INDICATES NEGATIVE NUMBERS.
R  INDICATES RECORD WAS SET OR TIED.
MM INDICATES DATA IS MISSING.
T  INDICATES TRACE AMOUNT.




$$
