000
CDUS45 KPUB 250029
CLIALS


CLIMATE REPORT
NATIONAL WEATHER SERVICE PUEBLO
629 PM MDT SAT JUN 24 2017


...................................

...THE ALAMOSA CO CLIMATE SUMMARY FOR JUNE 24 2017...
VALID TODAY AS OF 0500 PM LOCAL TIME.

CLIMATE NORMAL PERIOD 1981 TO 2010
CLIMATE RECORD PERIOD 1932 TO 2017


WEATHER ITEM   OBSERVED TIME   RECORD YEAR NORMAL DEPARTURE LAST
                VALUE   (LST)  VALUE       VALUE  FROM      YEAR
                                                  NORMAL
..................................................................
TEMPERATURE (F)
 TODAY
  MAXIMUM         85    344 PM  93    2012  81      4       85
  MINIMUM         42    451 AM  32    1906  43     -1       54
  AVERAGE         64                        62      2       70

PRECIPITATION (IN)
  TODAY            0.00          0.22 1988   0.02  -0.02     0.04
  MONTH TO DATE    0.19                      0.37  -0.18     0.04
  SINCE JUN 1      0.19                      0.37  -0.18     0.04
  SINCE JAN 1      4.44                      2.59   1.85     4.41

SNOWFALL (IN)
  TODAY            0.0           0.0  2002   0.0    0.0      0.0
  MONTH TO DATE    0.0                       0.0    0.0      0.0
  SINCE JUN 1      0.0                       0.0    0.0      0.0
  SINCE JUL 1     42.2                      27.6   14.6     43.0
  SNOW DEPTH       0

DEGREE DAYS
 HEATING
  TODAY            1                         3     -2        0
  MONTH TO DATE   78                       151    -73       52
  SINCE JUN 1     78                       151    -73       52
  SINCE JUL 1   7687                      8577   -890     7864

 COOLING
  TODAY            0                         0      0        5
  MONTH TO DATE   17                         0     17       26
  SINCE JUN 1     17                         0     17       26
  SINCE JAN 1     17                         0     17       26
..................................................................


WIND (MPH)
  HIGHEST WIND SPEED    18   HIGHEST WIND DIRECTION    SW (210)
  HIGHEST GUST SPEED    23   HIGHEST GUST DIRECTION    SW (210)
  AVERAGE WIND SPEED     7.0


SKY COVER
  POSSIBLE SUNSHINE  MM
  AVERAGE SKY COVER 0.0


WEATHER CONDITIONS
 THE FOLLOWING WEATHER WAS RECORDED TODAY.
  NO SIGNIFICANT WEATHER WAS OBSERVED.


RELATIVE HUMIDITY (PERCENT)
 HIGHEST    89           400 AM
 LOWEST     12           300 PM
 AVERAGE    51

..........................................................


THE ALAMOSA CO CLIMATE NORMALS FOR TOMORROW
                         NORMAL    RECORD    YEAR
 MAXIMUM TEMPERATURE (F)   81        93      2012
 MINIMUM TEMPERATURE (F)   43        32      1976


SUNRISE AND SUNSET
JUNE 24 2017..........SUNRISE   544 AM MDT   SUNSET   828 PM MDT
JUNE 25 2017..........SUNRISE   544 AM MDT   SUNSET   828 PM MDT


-  INDICATES NEGATIVE NUMBERS.
R  INDICATES RECORD WAS SET OR TIED.
MM INDICATES DATA IS MISSING.
T  INDICATES TRACE AMOUNT.




$$
