000
CDUS45 KPUB 140020
CLIALS


CLIMATE REPORT
NATIONAL WEATHER SERVICE PUEBLO
620 PM MDT SUN AUG 13 2017


...................................

...THE ALAMOSA CO CLIMATE SUMMARY FOR AUGUST 13 2017...
VALID TODAY AS OF 0500 PM LOCAL TIME.

CLIMATE NORMAL PERIOD 1981 TO 2010
CLIMATE RECORD PERIOD 1932 TO 2017


WEATHER ITEM   OBSERVED TIME   RECORD YEAR NORMAL DEPARTURE LAST
                VALUE   (LST)  VALUE       VALUE  FROM      YEAR
                                                  NORMAL
..................................................................
TEMPERATURE (F)
 TODAY
  MAXIMUM         77   1151 AM  89    1970  80     -3       76
  MINIMUM         45    539 AM  36    1988  47     -2       49
  AVERAGE         61                        63     -2       63

PRECIPITATION (IN)
  TODAY            T             0.61 1969   0.04  -0.04      T
  MONTH TO DATE    0.54                      0.52   0.02     1.89
  SINCE JUN 1      4.25                      1.98   2.27     2.71
  SINCE JAN 1      8.50                      4.20   4.30     7.08

SNOWFALL (IN)
  TODAY            0.0           0.0  2002   0.0    0.0      0.0
  MONTH TO DATE    0.0                       0.0    0.0      0.0
  SINCE JUN 1      T                         0.0    0.0      0.0
  SINCE JUL 1      T                         0.0    0.0      0.0
  SNOW DEPTH       0

DEGREE DAYS
 HEATING
  TODAY            4                         2      2        2
  MONTH TO DATE   42                        23     19        9
  SINCE JUN 1    142                       236    -94       78
  SINCE JUL 1     51                        68    -17       22

 COOLING
  TODAY            0                         0      0        0
  MONTH TO DATE    0                        12    -12        9
  SINCE JUN 1     76                        50     26      115
  SINCE JAN 1     76                        50     26      115
..................................................................


WIND (MPH)
  HIGHEST WIND SPEED    16   HIGHEST WIND DIRECTION     W (260)
  HIGHEST GUST SPEED    18   HIGHEST GUST DIRECTION     W (260)
  AVERAGE WIND SPEED     4.1


SKY COVER
  POSSIBLE SUNSHINE  MM
  AVERAGE SKY COVER 0.1


WEATHER CONDITIONS
 THE FOLLOWING WEATHER WAS RECORDED TODAY.
  LIGHT RAIN


RELATIVE HUMIDITY (PERCENT)
 HIGHEST    93           300 AM
 LOWEST     29          1200 PM
 AVERAGE    61

..........................................................


THE ALAMOSA CO CLIMATE NORMALS FOR TOMORROW
                         NORMAL    RECORD    YEAR
 MAXIMUM TEMPERATURE (F)   80        88      2015
                                             1958
                                             1951
 MINIMUM TEMPERATURE (F)   47        36      2002
                                             1974


SUNRISE AND SUNSET
AUGUST 13 2017........SUNRISE   618 AM MDT   SUNSET   758 PM MDT
AUGUST 14 2017........SUNRISE   619 AM MDT   SUNSET   757 PM MDT


-  INDICATES NEGATIVE NUMBERS.
R  INDICATES RECORD WAS SET OR TIED.
MM INDICATES DATA IS MISSING.
T  INDICATES TRACE AMOUNT.




$$
