000
CDUS45 KPUB 090022
CLIALS


CLIMATE REPORT
NATIONAL WEATHER SERVICE PUEBLO
522 PM MST FRI DEC 8 2017


...................................

...THE ALAMOSA CO CLIMATE SUMMARY FOR DECEMBER 8 2017...
VALID TODAY AS OF 0500 PM LOCAL TIME.

CLIMATE NORMAL PERIOD 1981 TO 2010
CLIMATE RECORD PERIOD 1932 TO 2017


WEATHER ITEM   OBSERVED TIME   RECORD YEAR NORMAL DEPARTURE LAST
                VALUE   (LST)  VALUE       VALUE  FROM      YEAR
                                                  NORMAL
..................................................................
TEMPERATURE (F)
 TODAY
  MAXIMUM         51    117 PM  61    1958  36     15       29
  MINIMUM         14    759 AM -42    1978   2     12       -9
  AVERAGE         33                        19     14       10

PRECIPITATION (IN)
  TODAY            0.00          0.24 2003   0.01  -0.01     0.00
  MONTH TO DATE    0.00                      0.09  -0.09     0.07
  SINCE DEC 1      0.00                      0.09  -0.09     0.07
  SINCE JAN 1     10.55                      7.05   3.50     8.16

SNOWFALL (IN)
  TODAY            0.0           4.1  1971   0.2   -0.2      0.0
  MONTH TO DATE    0.0                       1.2   -1.2      1.4
  SINCE DEC 1      0.0                       1.2   -1.2      1.4
  SINCE JUL 1      0.4                       7.0   -6.6      2.4
  SNOW DEPTH       0

DEGREE DAYS
 HEATING
  TODAY           32                        46    -14       55
  MONTH TO DATE  303                       355    -52      396
  SINCE DEC 1    303                       355    -52      396
  SINCE JUL 1   2069                      2530   -461     2260

 COOLING
  TODAY            0                         0      0        0
  MONTH TO DATE    0                         0      0        0
  SINCE DEC 1      0                         0      0        0
  SINCE JAN 1     76                        51     25      115
..................................................................


WIND (MPH)
  HIGHEST WIND SPEED    23   HIGHEST WIND DIRECTION    NW (330)
  HIGHEST GUST SPEED    28   HIGHEST GUST DIRECTION    NW (330)
  AVERAGE WIND SPEED     7.0


SKY COVER
  POSSIBLE SUNSHINE  MM
  AVERAGE SKY COVER 0.3


WEATHER CONDITIONS
 THE FOLLOWING WEATHER WAS RECORDED TODAY.
  NO SIGNIFICANT WEATHER WAS OBSERVED.


RELATIVE HUMIDITY (PERCENT)
 HIGHEST    73           800 AM
 LOWEST     15           200 PM
 AVERAGE    44

..........................................................


THE ALAMOSA CO CLIMATE NORMALS FOR TOMORROW
                         NORMAL    RECORD    YEAR
 MAXIMUM TEMPERATURE (F)   36        54      1970
 MINIMUM TEMPERATURE (F)    2       -39      1978


SUNRISE AND SUNSET
DECEMBER  8 2017......SUNRISE   706 AM MST   SUNSET   445 PM MST
DECEMBER  9 2017......SUNRISE   706 AM MST   SUNSET   445 PM MST


-  INDICATES NEGATIVE NUMBERS.
R  INDICATES RECORD WAS SET OR TIED.
MM INDICATES DATA IS MISSING.
T  INDICATES TRACE AMOUNT.




$$
