000
CDUS45 KPUB 212332
CLIALS


CLIMATE REPORT
NATIONAL WEATHER SERVICE PUEBLO
531 PM MDT SUN SEP 21 2014


...................................

...THE ALAMOSA CO CLIMATE SUMMARY FOR SEPTEMBER 21 2014...
VALID TODAY AS OF 0500 PM LOCAL TIME.

CLIMATE NORMAL PERIOD 1981 TO 2010
CLIMATE RECORD PERIOD 1932 TO 2014


WEATHER ITEM   OBSERVED TIME   RECORD YEAR NORMAL DEPARTURE LAST
                VALUE   (LST)  VALUE       VALUE  FROM      YEAR
                                                  NORMAL
..................................................................
TEMPERATURE (F)
 TODAY
  MAXIMUM         77    124 PM  82    2010  71      6       75
  MINIMUM         48    450 AM  17    1978  35     13       37
  AVERAGE         63                        53     10       56

PRECIPITATION (IN)
  TODAY            T             0.50 1952   0.03  -0.03     0.00
  MONTH TO DATE    0.09                      0.69  -0.60     1.92
  SINCE SEP 1      0.09                      0.69  -0.60     1.92
  SINCE JAN 1      3.97                      5.64  -1.67     6.79

SNOWFALL (IN)
  TODAY           MM             0.0  2002   0.0   MM        0.0
  MONTH TO DATE    0.0                       0.0    0.0      0.0
  SINCE SEP 1      0.0                       0.0    0.0      0.0
  SINCE JUL 1      0.0                       0.0    0.0      0.0
  SNOW DEPTH      MM

DEGREE DAYS
 HEATING
  TODAY            2                        12    -10        9
  MONTH TO DATE  106                       176    -70       88
  SINCE SEP 1    106                       176    -70       88
  SINCE JUL 1    227                       305    -78      163

 COOLING
  TODAY            0                         0      0        0
  MONTH TO DATE    0                         0      0       14
  SINCE SEP 1      0                         0      0       14
  SINCE JAN 1     60                        51      9      113
..................................................................


WIND (MPH)
  HIGHEST WIND SPEED    17   HIGHEST WIND DIRECTION     W (260)
  HIGHEST GUST SPEED    23   HIGHEST GUST DIRECTION     W (260)
  AVERAGE WIND SPEED     7.1


SKY COVER
  POSSIBLE SUNSHINE  MM
  AVERAGE SKY COVER 0.4


WEATHER CONDITIONS
 THE FOLLOWING WEATHER WAS RECORDED TODAY.
  LIGHT RAIN


RELATIVE HUMIDITY (PERCENT)
 HIGHEST    66           700 AM
 LOWEST     25           200 PM
 AVERAGE    46

..........................................................


THE ALAMOSA CO CLIMATE NORMALS FOR TOMORROW
                         NORMAL    RECORD    YEAR
 MAXIMUM TEMPERATURE (F)   71        85      1944
 MINIMUM TEMPERATURE (F)   34        20      1983


SUNRISE AND SUNSET
SEPTEMBER 21 2014.....SUNRISE   650 AM MDT   SUNSET   702 PM MDT
SEPTEMBER 22 2014.....SUNRISE   651 AM MDT   SUNSET   700 PM MDT


-  INDICATES NEGATIVE NUMBERS.
R  INDICATES RECORD WAS SET OR TIED.
MM INDICATES DATA IS MISSING.
T  INDICATES TRACE AMOUNT.




$$
