178
CDUS45 KPUB 011058
CLIALS


CLIMATE REPORT
NATIONAL WEATHER SERVICE PUEBLO
456 AM MDT SUN MAY 1 2016


...................................

...THE ALAMOSA CO CLIMATE SUMMARY FOR APRIL 30 2016...

CLIMATE NORMAL PERIOD 1981 TO 2010
CLIMATE RECORD PERIOD 1932 TO 2016


WEATHER ITEM   OBSERVED TIME   RECORD YEAR NORMAL DEPARTURE LAST
                VALUE   (LST)  VALUE       VALUE  FROM      YEAR
                                                  NORMAL
..................................................................
TEMPERATURE (F)
 YESTERDAY
  MAXIMUM         53    117 PM  79    1981  64    -11       75
  MINIMUM         32    713 AM  10    1975  29      3       31
  AVERAGE         43                        46     -3       53

PRECIPITATION (IN)
  YESTERDAY        0.04          1.04 1990   0.02   0.02      T
  MONTH TO DATE    1.75                      0.59   1.16     0.43
  SINCE MAR 1      2.27                      1.12   1.15     0.83
  SINCE JAN 1      3.25                      1.64   1.61     2.17

SNOWFALL (IN)
  YESTERDAY        0.0           9.0  1990   0.1   -0.1      0.0
  MONTH TO DATE   15.2                       3.6   11.6      0.7
  SINCE MAR 1     23.4                       8.6   14.8      0.7
  SINCE JUL 1     42.2                      26.7   15.5     23.8
  SNOW DEPTH       0

DEGREE DAYS
 HEATING
  YESTERDAY       22                        19      3       12
  MONTH TO DATE  685                       695    -10      640
  SINCE MAR 1   1602                      1671    -69     1425
  SINCE JUL 1   7368                      8000   -632     6917

 COOLING
  YESTERDAY        0                         0      0        0
  MONTH TO DATE    0                         0      0        0
  SINCE MAR 1      0                         0      0        0
  SINCE JAN 1      0                         0      0        0
..................................................................


WIND (MPH)
  HIGHEST WIND SPEED    22   HIGHEST WIND DIRECTION     E (110)
  HIGHEST GUST SPEED    26   HIGHEST GUST DIRECTION     N (340)
  AVERAGE WIND SPEED     6.6


SKY COVER
  POSSIBLE SUNSHINE  MM
  AVERAGE SKY COVER 0.8


WEATHER CONDITIONS
 THE FOLLOWING WEATHER WAS RECORDED YESTERDAY.
  LIGHT RAIN


RELATIVE HUMIDITY (PERCENT)
 HIGHEST    92          1200 AM
 LOWEST     42           100 PM
 AVERAGE    67

..........................................................


THE ALAMOSA CO CLIMATE NORMALS FOR TODAY
                         NORMAL    RECORD    YEAR
 MAXIMUM TEMPERATURE (F)   64        78      2001
 MINIMUM TEMPERATURE (F)   29        11      1967


SUNRISE AND SUNSET
MAY  1 2016...........SUNRISE   608 AM MDT   SUNSET   754 PM MDT
MAY  2 2016...........SUNRISE   607 AM MDT   SUNSET   755 PM MDT


-  INDICATES NEGATIVE NUMBERS.
R  INDICATES RECORD WAS SET OR TIED.
MM INDICATES DATA IS MISSING.
T  INDICATES TRACE AMOUNT.




$$
