000
CDUS45 KPUB 171125
CLIALS


CLIMATE REPORT
NATIONAL WEATHER SERVICE PUEBLO
425 AM MST WED DEC 17 2014


...................................

...THE ALAMOSA CO CLIMATE SUMMARY FOR DECEMBER 16 2014...

CLIMATE NORMAL PERIOD 1981 TO 2010
CLIMATE RECORD PERIOD 1932 TO 2014


WEATHER ITEM   OBSERVED TIME   RECORD YEAR NORMAL DEPARTURE LAST
                VALUE   (LST)  VALUE       VALUE  FROM      YEAR
                                                  NORMAL
..................................................................
TEMPERATURE (F)
 YESTERDAY
  MAXIMUM         39    328 PM  55    1980  35      4       33
                                      1946
  MINIMUM          6   1217 AM -27    1940   0      6       -4
  AVERAGE         23                        17      6       15

PRECIPITATION (IN)
  YESTERDAY        0.00          0.29 1990   0.01  -0.01     0.00
  MONTH TO DATE    0.13                      0.19  -0.06     0.03
  SINCE DEC 1      0.13                      0.19  -0.06     0.03
  SINCE JAN 1      5.46                      7.15  -1.69    10.04

SNOWFALL (IN)
  YESTERDAY        0.0           3.7  1990   0.1   -0.1      0.0
  MONTH TO DATE    0.3                       2.4   -2.1      0.7
  SINCE DEC 1      0.3                       2.4   -2.1      0.7
  SINCE JUL 1      1.9                       8.2   -6.3     22.3
  SNOW DEPTH       0

DEGREE DAYS
 HEATING
  YESTERDAY       42                        48     -6       50
  MONTH TO DATE  579                       731   -152      934
  SINCE DEC 1    579                       731   -152      934
  SINCE JUL 1   2422                      2906   -484     3034

 COOLING
  YESTERDAY        0                         0      0        0
  MONTH TO DATE    0                         0      0        0
  SINCE DEC 1      0                         0      0        0
  SINCE JAN 1     60                        51      9      113
..................................................................


WIND (MPH)
  HIGHEST WIND SPEED    10   HIGHEST WIND DIRECTION     E (80)
  HIGHEST GUST SPEED    13   HIGHEST GUST DIRECTION    NE (50)
  AVERAGE WIND SPEED     2.3


SKY COVER
  POSSIBLE SUNSHINE  MM
  AVERAGE SKY COVER 0.1


WEATHER CONDITIONS
 THE FOLLOWING WEATHER WAS RECORDED YESTERDAY.
  NO SIGNIFICANT WEATHER WAS OBSERVED.


RELATIVE HUMIDITY (PERCENT)
 HIGHEST    88          1200 AM
 LOWEST     37           300 PM
 AVERAGE    63

..........................................................


THE ALAMOSA CO CLIMATE NORMALS FOR TODAY
                         NORMAL    RECORD    YEAR
 MAXIMUM TEMPERATURE (F)   34        56      1946
 MINIMUM TEMPERATURE (F)    0       -24      1943


SUNRISE AND SUNSET
DECEMBER 17 2014......SUNRISE   712 AM MST   SUNSET   447 PM MST
DECEMBER 18 2014......SUNRISE   713 AM MST   SUNSET   448 PM MST


-  INDICATES NEGATIVE NUMBERS.
R  INDICATES RECORD WAS SET OR TIED.
MM INDICATES DATA IS MISSING.
T  INDICATES TRACE AMOUNT.




$$
