000
CDUS45 KPUB 011143
CLIALS


CLIMATE REPORT
NATIONAL WEATHER SERVICE PUEBLO
443 AM MST THU DEC 1 2016


...................................

...THE ALAMOSA CO CLIMATE SUMMARY FOR NOVEMBER 30 2016...

CLIMATE NORMAL PERIOD 1981 TO 2010
CLIMATE RECORD PERIOD 1932 TO 2016


WEATHER ITEM   OBSERVED TIME   RECORD YEAR NORMAL DEPARTURE LAST
                VALUE   (LST)  VALUE       VALUE  FROM      YEAR
                                                  NORMAL
..................................................................
TEMPERATURE (F)
 YESTERDAY
  MAXIMUM         28    305 PM  58    1980  39    -11       33
  MINIMUM         -5    713 AM -21    2006   5    -10        7
  AVERAGE         12                        22    -10       20

PRECIPITATION (IN)
  YESTERDAY        0.00          0.18 1933   0.01  -0.01     0.00
  MONTH TO DATE    0.44                      0.42   0.02     0.44
  SINCE SEP 1      0.74                      2.01  -1.27     2.20
  SINCE JAN 1      8.09                      6.96   1.13     9.17

SNOWFALL (IN)
  YESTERDAY        0.0           2.2  1991   0.1   -0.1      0.0
  MONTH TO DATE    1.0                       3.7   -2.7      4.3
  SINCE SEP 1      1.0                       5.8   -4.8      4.3
  SINCE JUL 1      1.0                       5.8   -4.8      4.3
  SNOW DEPTH       0

DEGREE DAYS
 HEATING
  YESTERDAY       53                        43     10       45
  MONTH TO DATE  941                      1065   -124     1011
  SINCE SEP 1   1720                      2046   -326     1686
  SINCE JUL 1   1864                      2175   -311     1778

 COOLING
  YESTERDAY        0                         0      0        0
  MONTH TO DATE    0                         0      0        0
  SINCE SEP 1      0                         0      0        0
  SINCE JAN 1    115                        51     64       74
..................................................................


WIND (MPH)
  HIGHEST WIND SPEED     9   HIGHEST WIND DIRECTION    SW (240)
  HIGHEST GUST SPEED    23   HIGHEST GUST DIRECTION     W (260)
  AVERAGE WIND SPEED     2.8


SKY COVER
  POSSIBLE SUNSHINE  MM
  AVERAGE SKY COVER 0.0


WEATHER CONDITIONS
 THE FOLLOWING WEATHER WAS RECORDED YESTERDAY.
  NO SIGNIFICANT WEATHER WAS OBSERVED.


RELATIVE HUMIDITY (PERCENT)
 HIGHEST    95           900 PM
 LOWEST     38           300 PM
 AVERAGE    67

..........................................................


THE ALAMOSA CO CLIMATE NORMALS FOR TODAY
                         NORMAL    RECORD    YEAR
 MAXIMUM TEMPERATURE (F)   39        56      1999
                                             1995
                                             1973
 MINIMUM TEMPERATURE (F)    5       -17      1987


SUNRISE AND SUNSET
DECEMBER  1 2016......SUNRISE   700 AM MST   SUNSET   446 PM MST
DECEMBER  2 2016......SUNRISE   701 AM MST   SUNSET   445 PM MST


-  INDICATES NEGATIVE NUMBERS.
R  INDICATES RECORD WAS SET OR TIED.
MM INDICATES DATA IS MISSING.
T  INDICATES TRACE AMOUNT.




$$
