000
CDUS45 KPUB 191156
CLIALS


CLIMATE REPORT
NATIONAL WEATHER SERVICE PUEBLO
454 AM MST SUN NOV 19 2017


...................................

...THE ALAMOSA CO CLIMATE SUMMARY FOR NOVEMBER 18 2017...

CLIMATE NORMAL PERIOD 1981 TO 2010
CLIMATE RECORD PERIOD 1932 TO 2017


WEATHER ITEM   OBSERVED TIME   RECORD YEAR NORMAL DEPARTURE LAST
                VALUE   (LST)  VALUE       VALUE  FROM      YEAR
                                                  NORMAL
..................................................................
TEMPERATURE (F)
 YESTERDAY
  MAXIMUM         40    350 PM  62    1949  45     -5       40
  MINIMUM         11    944 PM -22    1958  11      0        4
  AVERAGE         26                        28     -2       22

PRECIPITATION (IN)
  YESTERDAY        T             0.53 1964   0.01  -0.01     0.00
  MONTH TO DATE    0.05                      0.28  -0.23     0.17
  SINCE SEP 1      1.86                      1.87  -0.01     0.47
  SINCE JAN 1     10.55                      6.82   3.73     7.82

SNOWFALL (IN)
  YESTERDAY        T             7.4  1964   0.1   -0.1      0.0
  MONTH TO DATE    0.2                       2.1   -1.9       T
  SINCE SEP 1      0.2                       4.2   -4.0       T
  SINCE JUL 1      0.2                       4.2   -4.0       T
  SNOW DEPTH       0

DEGREE DAYS
 HEATING
  YESTERDAY       39                        37      2       43
  MONTH TO DATE  436                       585   -149      474
  SINCE SEP 1   1312                      1566   -254     1253
  SINCE JUL 1   1411                      1695   -284     1397

 COOLING
  YESTERDAY        0                         0      0        0
  MONTH TO DATE    0                         0      0        0
  SINCE SEP 1      0                         0      0        0
  SINCE JAN 1     76                        51     25      115
..................................................................


WIND (MPH)
  HIGHEST WIND SPEED    32   HIGHEST WIND DIRECTION    NW (330)
  HIGHEST GUST SPEED    45   HIGHEST GUST DIRECTION    NW (320)
  AVERAGE WIND SPEED     6.9


SKY COVER
  POSSIBLE SUNSHINE  MM
  AVERAGE SKY COVER 0.1


WEATHER CONDITIONS
 THE FOLLOWING WEATHER WAS RECORDED YESTERDAY.
  LIGHT SNOW
  FOG


RELATIVE HUMIDITY (PERCENT)
 HIGHEST    89          1200 AM
 LOWEST     23           400 PM
 AVERAGE    56

..........................................................


THE ALAMOSA CO CLIMATE NORMALS FOR TODAY
                         NORMAL    RECORD    YEAR
 MAXIMUM TEMPERATURE (F)   45        68      2007
 MINIMUM TEMPERATURE (F)   11       -15      1957


SUNRISE AND SUNSET
NOVEMBER 19 2017......SUNRISE   648 AM MST   SUNSET   450 PM MST
NOVEMBER 20 2017......SUNRISE   649 AM MST   SUNSET   449 PM MST


-  INDICATES NEGATIVE NUMBERS.
R  INDICATES RECORD WAS SET OR TIED.
MM INDICATES DATA IS MISSING.
T  INDICATES TRACE AMOUNT.




$$
