000
CDUS45 KPUB 261046
CLIALS


CLIMATE REPORT
NATIONAL WEATHER SERVICE PUEBLO
446 AM MDT WED APR 26 2017


...................................

...THE ALAMOSA CO CLIMATE SUMMARY FOR APRIL 25 2017...

CLIMATE NORMAL PERIOD 1981 TO 2010
CLIMATE RECORD PERIOD 1932 TO 2017


WEATHER ITEM   OBSERVED TIME   RECORD YEAR NORMAL DEPARTURE LAST
                VALUE   (LST)  VALUE       VALUE  FROM      YEAR
                                                  NORMAL
..................................................................
TEMPERATURE (F)
 YESTERDAY
  MAXIMUM         51    152 AM  77    2012  62    -11       65
                                      1949
  MINIMUM         32   1011 PM  11    1950  27      5       31
  AVERAGE         42                        45     -3       48

PRECIPITATION (IN)
  YESTERDAY        0.15          0.30 1986   0.02   0.13      T
  MONTH TO DATE    0.51                      0.49   0.02     1.29
  SINCE MAR 1      1.24                      1.02   0.22     1.81
  SINCE JAN 1      2.89                      1.54   1.35     2.79

SNOWFALL (IN)
  YESTERDAY        0.5           1.4  1948   0.1    0.4      0.0
  MONTH TO DATE    3.7                       3.2    0.5     12.6
  SINCE MAR 1      4.4                       8.2   -3.8     20.8
  SINCE JUL 1     39.9                      26.3   13.6     39.6
  SNOW DEPTH       0

DEGREE DAYS
 HEATING
  YESTERDAY       23                        20      3       17
  MONTH TO DATE  496                       598   -102      567
  SINCE MAR 1   1235                      1575   -340     1484
  SINCE JUL 1   7024                      7904   -880     7250

 COOLING
  YESTERDAY        0                         0      0        0
  MONTH TO DATE    0                         0      0        0
  SINCE MAR 1      0                         0      0        0
  SINCE JAN 1      0                         0      0        0
..................................................................


WIND (MPH)
  HIGHEST WIND SPEED    28   HIGHEST WIND DIRECTION    NW (330)
  HIGHEST GUST SPEED    36   HIGHEST GUST DIRECTION    NW (330)
  AVERAGE WIND SPEED     9.7


SKY COVER
  POSSIBLE SUNSHINE  MM
  AVERAGE SKY COVER 0.6


WEATHER CONDITIONS
 THE FOLLOWING WEATHER WAS RECORDED YESTERDAY.
  THUNDERSTORM
  RAIN
  LIGHT RAIN
  LIGHT SNOW
  FOG


RELATIVE HUMIDITY (PERCENT)
 HIGHEST    96          1000 PM
 LOWEST     33           300 AM
 AVERAGE    65

..........................................................


THE ALAMOSA CO CLIMATE NORMALS FOR TODAY
                         NORMAL    RECORD    YEAR
 MAXIMUM TEMPERATURE (F)   63        76      2012
                                             2000
 MINIMUM TEMPERATURE (F)   28        13      1967


SUNRISE AND SUNSET
APRIL 26 2017.........SUNRISE   614 AM MDT   SUNSET   749 PM MDT
APRIL 27 2017.........SUNRISE   613 AM MDT   SUNSET   750 PM MDT


-  INDICATES NEGATIVE NUMBERS.
R  INDICATES RECORD WAS SET OR TIED.
MM INDICATES DATA IS MISSING.
T  INDICATES TRACE AMOUNT.




$$
