000
CDUS45 KPUB 161051
CLIALS


CLIMATE REPORT
NATIONAL WEATHER SERVICE PUEBLO
451 AM MDT TUE SEP 16 2014


...................................

...THE ALAMOSA CO CLIMATE SUMMARY FOR SEPTEMBER 15 2014...

CLIMATE NORMAL PERIOD 1981 TO 2010
CLIMATE RECORD PERIOD 1932 TO 2014


WEATHER ITEM   OBSERVED TIME   RECORD YEAR NORMAL DEPARTURE LAST
                VALUE   (LST)  VALUE       VALUE  FROM      YEAR
                                                  NORMAL
..................................................................
TEMPERATURE (F)
 YESTERDAY
  MAXIMUM         80   1232 PM  83    2000  73      7       69
                                      1990
                                      1956
  MINIMUM         42    549 AM  24    1987  37      5       39
  AVERAGE         61                        55      6       54

PRECIPITATION (IN)
  YESTERDAY        T             0.33 1999   0.03  -0.03     0.04
  MONTH TO DATE    0.09                      0.52  -0.43     1.78
  SINCE SEP 1      0.09                      0.52  -0.43     1.78
  SINCE JAN 1      3.97                      5.47  -1.50     6.65

SNOWFALL (IN)
  YESTERDAY        0.0           0.0  2002   0.0    0.0      0.0
  MONTH TO DATE    0.0                       0.0    0.0      0.0
  SINCE SEP 1      0.0                       0.0    0.0      0.0
  SINCE JUL 1      0.0                       0.0    0.0      0.0
  SNOW DEPTH       0

DEGREE DAYS
 HEATING
  YESTERDAY        4                        10     -6       11
  MONTH TO DATE   80                       110    -30       45
  SINCE SEP 1     80                       110    -30       45
  SINCE JUL 1    201                       239    -38      120

 COOLING
  YESTERDAY        0                         0      0        0
  MONTH TO DATE    0                         0      0       14
  SINCE SEP 1      0                         0      0       14
  SINCE JAN 1     60                        51      9      113
..................................................................


WIND (MPH)
  HIGHEST WIND SPEED    23   HIGHEST WIND DIRECTION     S (190)
  HIGHEST GUST SPEED    29   HIGHEST GUST DIRECTION     S (200)
  AVERAGE WIND SPEED     5.3


SKY COVER
  POSSIBLE SUNSHINE  MM
  AVERAGE SKY COVER 0.1


WEATHER CONDITIONS
 THE FOLLOWING WEATHER WAS RECORDED YESTERDAY.
  THUNDERSTORM
  LIGHT RAIN


RELATIVE HUMIDITY (PERCENT)
 HIGHEST    89           400 AM
 LOWEST     18           400 PM
 AVERAGE    54

..........................................................


THE ALAMOSA CO CLIMATE NORMALS FOR TODAY
                         NORMAL    RECORD    YEAR
 MAXIMUM TEMPERATURE (F)   73        85      1956
 MINIMUM TEMPERATURE (F)   37        22      1951


SUNRISE AND SUNSET
SEPTEMBER 16 2014.....SUNRISE   646 AM MDT   SUNSET   710 PM MDT
SEPTEMBER 17 2014.....SUNRISE   647 AM MDT   SUNSET   708 PM MDT


-  INDICATES NEGATIVE NUMBERS.
R  INDICATES RECORD WAS SET OR TIED.
MM INDICATES DATA IS MISSING.
T  INDICATES TRACE AMOUNT.




$$
