000
CDUS45 KPUB 231138
CLIALS


CLIMATE REPORT
NATIONAL WEATHER SERVICE PUEBLO
438 AM MST TUE JAN 23 2018


...................................

...THE ALAMOSA CO CLIMATE SUMMARY FOR JANUARY 22 2018...

CLIMATE NORMAL PERIOD 1981 TO 2010
CLIMATE RECORD PERIOD 1932 TO 2018


WEATHER ITEM   OBSERVED TIME   RECORD YEAR NORMAL DEPARTURE LAST
                VALUE   (LST)  VALUE       VALUE  FROM      YEAR
                                                  NORMAL
..................................................................
TEMPERATURE (F)
 YESTERDAY
  MAXIMUM         28    403 PM  58    1951  35     -7       30
  MINIMUM         -8    709 AM -31    1959  -2     -6       -8
  AVERAGE         10                        16     -6       11

PRECIPITATION (IN)
  YESTERDAY        0.00          0.22 1939   0.01  -0.01     0.00
  MONTH TO DATE    0.08                      0.18  -0.10     1.28
  SINCE DEC 1      0.22                      0.53  -0.31     2.36
  SINCE JAN 1      0.08                      0.18  -0.10     1.28

SNOWFALL (IN)
  YESTERDAY        0.0           4.0  1939   0.2   -0.2      0.0
  MONTH TO DATE    0.0                       2.7   -2.7     19.0
  SINCE DEC 1      1.3                       7.2   -5.9     29.2
  SINCE JUL 1      1.7                      13.0  -11.3     30.2
  SNOW DEPTH       1

DEGREE DAYS
 HEATING
  YESTERDAY       55                        48      7       54
  MONTH TO DATE  896                      1077   -181      993
  SINCE DEC 1   2115                      2539   -424     2437
  SINCE JUL 1   3881                      4714   -833     4301

 COOLING
  YESTERDAY        0                         0      0        0
  MONTH TO DATE    0                         0      0        0
  SINCE DEC 1      0                         0      0        0
  SINCE JAN 1      0                         0      0        0
..................................................................


WIND (MPH)
  HIGHEST WIND SPEED    12   HIGHEST WIND DIRECTION     E (100)
  HIGHEST GUST SPEED    14   HIGHEST GUST DIRECTION     E (90)
  AVERAGE WIND SPEED     4.2


SKY COVER
  POSSIBLE SUNSHINE  MM
  AVERAGE SKY COVER 0.0


WEATHER CONDITIONS
 THE FOLLOWING WEATHER WAS RECORDED YESTERDAY.
  NO SIGNIFICANT WEATHER WAS OBSERVED.


RELATIVE HUMIDITY (PERCENT)
 HIGHEST    87           700 AM
 LOWEST     34           400 PM
 AVERAGE    61

..........................................................


THE ALAMOSA CO CLIMATE NORMALS FOR TODAY
                         NORMAL    RECORD    YEAR
 MAXIMUM TEMPERATURE (F)   35        55      1950
 MINIMUM TEMPERATURE (F)   -1       -29      1984
                                             1940


SUNRISE AND SUNSET
JANUARY 23 2018.......SUNRISE   713 AM MST   SUNSET   518 PM MST
JANUARY 24 2018.......SUNRISE   713 AM MST   SUNSET   519 PM MST


-  INDICATES NEGATIVE NUMBERS.
R  INDICATES RECORD WAS SET OR TIED.
MM INDICATES DATA IS MISSING.
T  INDICATES TRACE AMOUNT.




$$
