000
CDUS45 KPUB 311031
CLIALS


CLIMATE REPORT
NATIONAL WEATHER SERVICE PUEBLO
431 AM MDT FRI JUL 31 2015


...................................

...THE ALAMOSA CO CLIMATE SUMMARY FOR JULY 30 2015...

CLIMATE NORMAL PERIOD 1981 TO 2010
CLIMATE RECORD PERIOD 1932 TO 2015


WEATHER ITEM   OBSERVED TIME   RECORD YEAR NORMAL DEPARTURE LAST
                VALUE   (LST)  VALUE       VALUE  FROM      YEAR
                                                  NORMAL
..................................................................
TEMPERATURE (F)
 YESTERDAY
  MAXIMUM         79    145 PM  90    1972  81     -2       77
                                      1934
  MINIMUM         50    525 AM  39    2004  48      2       49
                                      1944
  AVERAGE         65                        65      0       63

PRECIPITATION (IN)
  YESTERDAY        0.12          0.56 1951   0.03   0.09     0.35
  MONTH TO DATE    1.29                      0.93   0.36     1.50
  SINCE JUN 1      2.48                      1.42   1.06     1.52
  SINCE JAN 1      6.42                      3.64   2.78     3.33

SNOWFALL (IN)
  YESTERDAY        0.0           0.0  2002   0.0    0.0      0.0
                                      2001
  MONTH TO DATE    0.0                       0.0    0.0      0.0
  SINCE JUN 1      0.0                       0.0    0.0      0.0
  SINCE JUL 1      0.0                       0.0    0.0      0.0
  SNOW DEPTH       0

DEGREE DAYS
 HEATING
  YESTERDAY        0                         1     -1        2
  MONTH TO DATE   44                        39      5       20
  SINCE JUN 1    120                       207    -87      146
  SINCE JUL 1     44                        39      5       20

 COOLING
  YESTERDAY        0                         1     -1        0
  MONTH TO DATE   23                        30     -7       56
  SINCE JUN 1     47                        36     11       57
  SINCE JAN 1     47                        36     11       57
..................................................................


WIND (MPH)
  HIGHEST WIND SPEED    21   HIGHEST WIND DIRECTION    SE (150)
  HIGHEST GUST SPEED    26   HIGHEST GUST DIRECTION     E (110)
  AVERAGE WIND SPEED     7.3


SKY COVER
  POSSIBLE SUNSHINE  MM
  AVERAGE SKY COVER 0.4


WEATHER CONDITIONS
 THE FOLLOWING WEATHER WAS RECORDED YESTERDAY.
  THUNDERSTORM
  LIGHT RAIN


RELATIVE HUMIDITY (PERCENT)
 HIGHEST    89           600 AM
 LOWEST     33           100 PM
 AVERAGE    61

..........................................................


THE ALAMOSA CO CLIMATE NORMALS FOR TODAY
                         NORMAL    RECORD    YEAR
 MAXIMUM TEMPERATURE (F)   81        90      2008
                                             2002
 MINIMUM TEMPERATURE (F)   48        38      2004


SUNRISE AND SUNSET
JULY 31 2015..........SUNRISE   607 AM MDT   SUNSET   812 PM MDT
AUGUST  1 2015........SUNRISE   608 AM MDT   SUNSET   812 PM MDT


-  INDICATES NEGATIVE NUMBERS.
R  INDICATES RECORD WAS SET OR TIED.
MM INDICATES DATA IS MISSING.
T  INDICATES TRACE AMOUNT.




$$
