917
CDUS45 KPUB 031134
CLICOS


CLIMATE REPORT
NATIONAL WEATHER SERVICE PUEBLO
434 AM MST SAT DEC 3 2016


...................................

...THE COLORADO SPRINGS CO CLIMATE SUMMARY FOR DECEMBER 2 2016...

CLIMATE NORMAL PERIOD 1981 TO 2010
CLIMATE RECORD PERIOD 1872 TO 2016


WEATHER ITEM   OBSERVED TIME   RECORD YEAR NORMAL DEPARTURE LAST
                VALUE   (LST)  VALUE       VALUE  FROM      YEAR
                                                  NORMAL
..................................................................
TEMPERATURE (F)
 YESTERDAY
  MAXIMUM         31   1034 AM  68    1926  44    -13       49
  MINIMUM         15    337 AM  -7    1929  19     -4       20
  AVERAGE         23                        32     -9       35

PRECIPITATION (IN)
  YESTERDAY        0.03          0.38 1933   0.02   0.01     0.00
  MONTH TO DATE    0.03                      0.03   0.00     0.00
  SINCE DEC 1      0.03                      0.03   0.00     0.00
  SINCE JAN 1     13.70                     16.23  -2.53    25.00

SNOWFALL (IN)
  YESTERDAY        0.2           4.6  1984   0.2    0.0      0.0
  MONTH TO DATE    0.2                       0.4   -0.2      0.0
  SINCE DEC 1      0.2                       0.4   -0.2      0.0
  SINCE JUL 1      0.2                       8.2   -8.0      5.8
  SNOW DEPTH       0

DEGREE DAYS
 HEATING
  YESTERDAY       42                        33      9       30
  MONTH TO DATE   80                        66     14       64
  SINCE DEC 1     80                        66     14       64
  SINCE JUL 1    983                      1547   -564     1167

 COOLING
  YESTERDAY        0                         0      0        0
  MONTH TO DATE    0                         0      0        0
  SINCE DEC 1      0                         0      0        0
  SINCE JAN 1    710                       455    255      617
..................................................................


WIND (MPH)
  HIGHEST WIND SPEED    17   HIGHEST WIND DIRECTION    SE (130)
  HIGHEST GUST SPEED    20   HIGHEST GUST DIRECTION    SE (140)
  AVERAGE WIND SPEED     6.9


SKY COVER
  POSSIBLE SUNSHINE  MM
  AVERAGE SKY COVER 0.8


WEATHER CONDITIONS
 THE FOLLOWING WEATHER WAS RECORDED YESTERDAY.
  SNOW
  LIGHT SNOW
  FOG
  HAZE


RELATIVE HUMIDITY (PERCENT)
 HIGHEST    75          1200 PM
 LOWEST     39           900 AM
 AVERAGE    57

..........................................................


THE COLORADO SPRINGS CO CLIMATE NORMALS FOR TODAY
                         NORMAL    RECORD    YEAR
 MAXIMUM TEMPERATURE (F)   43        70      2010
 MINIMUM TEMPERATURE (F)   19        -2      2006


SUNRISE AND SUNSET
DECEMBER  3 2016......SUNRISE   701 AM MST   SUNSET   437 PM MST
DECEMBER  4 2016......SUNRISE   702 AM MST   SUNSET   437 PM MST


-  INDICATES NEGATIVE NUMBERS.
R  INDICATES RECORD WAS SET OR TIED.
MM INDICATES DATA IS MISSING.
T  INDICATES TRACE AMOUNT.




$$
