000
CDUS45 KPUB 121040
CLICOS


CLIMATE REPORT
NATIONAL WEATHER SERVICE PUEBLO
440 AM MDT SAT JUL 12 2014


...................................

...THE COLORADO SPRINGS CO CLIMATE SUMMARY FOR JULY 11 2014...

CLIMATE NORMAL PERIOD 1981 TO 2010
CLIMATE RECORD PERIOD 1872 TO 2014


WEATHER ITEM   OBSERVED TIME   RECORD YEAR NORMAL DEPARTURE LAST
                VALUE   (LST)  VALUE       VALUE  FROM      YEAR
                                                  NORMAL
..................................................................
TEMPERATURE (F)
 YESTERDAY
  MAXIMUM         92   1132 AM  99    1954  85      7       86
  MINIMUM         66   1159 PM  46    1902  57      9       56
                                      1895
  AVERAGE         79                        71      8       71

PRECIPITATION (IN)
  YESTERDAY        0.11          2.01 1967   0.08   0.03     0.00
  MONTH TO DATE    0.68                      0.83  -0.15     1.64
  SINCE JUN 1      1.97                      3.33  -1.36     2.24
  SINCE JAN 1      6.76                      8.44  -1.68     4.97

SNOWFALL (IN)
  YESTERDAY        0.0           0.0  2002   0.0    0.0      0.0
                                      2001
  MONTH TO DATE    T                         0.0    0.0       T
  SINCE JUN 1      T                         0.0    0.0       T
  SINCE JUL 1      T                         0.0    0.0       T
  SNOW DEPTH       0

DEGREE DAYS
 HEATING
  YESTERDAY        0                         0      0        0
  MONTH TO DATE    5                         3      2        2
  SINCE JUN 1     44                        82    -38       27
  SINCE JUL 1      5                         3      2        2

 COOLING
  YESTERDAY       14                         6      8        6
  MONTH TO DATE   79                        64     15       86
  SINCE JUN 1    183                       147     36      268
  SINCE JAN 1    196                       157     39      290
..................................................................


WIND (MPH)
  HIGHEST WIND SPEED    30   HIGHEST WIND DIRECTION     N (340)
  HIGHEST GUST SPEED    41   HIGHEST GUST DIRECTION     N (340)
  AVERAGE WIND SPEED    13.0


SKY COVER
  POSSIBLE SUNSHINE  MM
  AVERAGE SKY COVER 0.6


WEATHER CONDITIONS
 THE FOLLOWING WEATHER WAS RECORDED YESTERDAY.
  THUNDERSTORM
  LIGHT RAIN


RELATIVE HUMIDITY (PERCENT)
 HIGHEST    68          1100 PM
 LOWEST     22          1100 AM
 AVERAGE    45

..........................................................


THE COLORADO SPRINGS CO CLIMATE NORMALS FOR TODAY
                         NORMAL    RECORD    YEAR
 MAXIMUM TEMPERATURE (F)   85        98      1971
 MINIMUM TEMPERATURE (F)   57        48      1961
                                             1900
                                             1895


SUNRISE AND SUNSET
JULY 12 2014..........SUNRISE   544 AM MDT   SUNSET   825 PM MDT
JULY 13 2014..........SUNRISE   545 AM MDT   SUNSET   824 PM MDT


-  INDICATES NEGATIVE NUMBERS.
R  INDICATES RECORD WAS SET OR TIED.
MM INDICATES DATA IS MISSING.
T  INDICATES TRACE AMOUNT.




$$
