000
CDUS45 KPUB 161037
CLICOS


CLIMATE REPORT
NATIONAL WEATHER SERVICE PUEBLO
437 AM MDT WED AUG 16 2017


...................................

...THE COLORADO SPRINGS CO CLIMATE SUMMARY FOR AUGUST 15 2017...

CLIMATE NORMAL PERIOD 1981 TO 2010
CLIMATE RECORD PERIOD 1872 TO 2017


WEATHER ITEM   OBSERVED TIME   RECORD YEAR NORMAL DEPARTURE LAST
                VALUE   (LST)  VALUE       VALUE  FROM      YEAR
                                                  NORMAL
..................................................................
TEMPERATURE (F)
 YESTERDAY
  MAXIMUM         86    351 PM  93    2015  82      4       92
                                      1937
  MINIMUM         59   1159 PM  43    1915  56      3       56
  AVERAGE         73                        69      4       74

PRECIPITATION (IN)
  YESTERDAY        0.00          1.50 1944   0.12  -0.12     0.00
  MONTH TO DATE    2.40                      1.84   0.56     0.75
  SINCE JUN 1      9.13                      7.18   1.95     4.83
  SINCE JAN 1     15.25                     12.29   2.96    11.76

SNOWFALL (IN)
  YESTERDAY        0.0           0.0  2002   0.0    0.0      0.0
  MONTH TO DATE    T                         0.0    0.0      0.0
  SINCE JUN 1      T                         0.0    0.0       T
  SINCE JUL 1      T                         0.0    0.0       T
  SNOW DEPTH       0

DEGREE DAYS
 HEATING
  YESTERDAY        0                         0      0        0
  MONTH TO DATE    9                         0      9        0
  SINCE JUN 1     30                        89    -59        8
  SINCE JUL 1      9                        10     -1        0

 COOLING
  YESTERDAY        8                         4      4        9
  MONTH TO DATE   40                        77    -37      105
  SINCE JUN 1    465                       351    114      585
  SINCE JAN 1    467                       361    106      587
..................................................................


WIND (MPH)
  HIGHEST WIND SPEED    25   HIGHEST WIND DIRECTION     N (20)
  HIGHEST GUST SPEED    33   HIGHEST GUST DIRECTION     N (20)
  AVERAGE WIND SPEED     8.0


SKY COVER
  POSSIBLE SUNSHINE  MM
  AVERAGE SKY COVER 0.6


WEATHER CONDITIONS
 THE FOLLOWING WEATHER WAS RECORDED YESTERDAY.
  THUNDERSTORM
  HAZE


RELATIVE HUMIDITY (PERCENT)
 HIGHEST    87           500 AM
 LOWEST     22           200 PM
 AVERAGE    55

..........................................................


THE COLORADO SPRINGS CO CLIMATE NORMALS FOR TODAY
                         NORMAL    RECORD    YEAR
 MAXIMUM TEMPERATURE (F)   82        98      2002
 MINIMUM TEMPERATURE (F)   56        43      1915


SUNRISE AND SUNSET
AUGUST 16 2017........SUNRISE   614 AM MDT   SUNSET   752 PM MDT
AUGUST 17 2017........SUNRISE   615 AM MDT   SUNSET   750 PM MDT


-  INDICATES NEGATIVE NUMBERS.
R  INDICATES RECORD WAS SET OR TIED.
MM INDICATES DATA IS MISSING.
T  INDICATES TRACE AMOUNT.




$$
