315
CDUS45 KPUB 220022
CLICOS


CLIMATE REPORT
NATIONAL WEATHER SERVICE PUEBLO
522 PM MST TUE FEB 21 2017


...................................

...THE COLORADO SPRINGS CO CLIMATE SUMMARY FOR FEBRUARY 21 2017...
VALID TODAY AS OF 0500 PM LOCAL TIME.

CLIMATE NORMAL PERIOD 1981 TO 2010
CLIMATE RECORD PERIOD 1872 TO 2017


WEATHER ITEM   OBSERVED TIME   RECORD YEAR NORMAL DEPARTURE LAST
                VALUE   (LST)  VALUE       VALUE  FROM      YEAR
                                                  NORMAL
..................................................................
TEMPERATURE (F)
 TODAY
  MAXIMUM         72R   124 PM  70    1927  46     26       45
  MINIMUM         34   1258 AM  -5    1953  20     14       28
                                      1939
                                      1913
  AVERAGE         53                        33     20       37

PRECIPITATION (IN)
  TODAY            0.00          0.66 1945   0.02  -0.02     0.00
  MONTH TO DATE    0.05                      0.23  -0.18     1.00
  SINCE DEC 1      1.05                      0.89   0.16     1.79
  SINCE JAN 1      0.37                      0.55  -0.18     1.54

SNOWFALL (IN)
  TODAY            0.0           6.5  1945   0.2   -0.2      0.0
  MONTH TO DATE    0.6                       3.7   -3.1     10.1
  SINCE DEC 1     13.3                      15.0   -1.7     21.3
  SINCE JUL 1     13.3                      22.8   -9.5     27.1
  SNOW DEPTH       0

DEGREE DAYS
 HEATING
  TODAY           12                        32    -20       28
  MONTH TO DATE  466                       702   -236      610
  SINCE DEC 1   2617                      2864   -247     2604
  SINCE JUL 1   3520                      4345   -825     3707

 COOLING
  TODAY            0                         0      0        0
  MONTH TO DATE    0                         0      0        0
  SINCE DEC 1      0                         0      0        0
  SINCE JAN 1      0                         0      0        0
..................................................................


WIND (MPH)
  HIGHEST WIND SPEED    44   HIGHEST WIND DIRECTION     W (290)
  HIGHEST GUST SPEED    55   HIGHEST GUST DIRECTION    NW (310)
  AVERAGE WIND SPEED    18.7


SKY COVER
  POSSIBLE SUNSHINE  MM
  AVERAGE SKY COVER 0.2


WEATHER CONDITIONS
 THE FOLLOWING WEATHER WAS RECORDED TODAY.
  NO SIGNIFICANT WEATHER WAS OBSERVED.


RELATIVE HUMIDITY (PERCENT)
 HIGHEST    32           100 AM
 LOWEST      6           200 PM
 AVERAGE    19

..........................................................


THE COLORADO SPRINGS CO CLIMATE NORMALS FOR TOMORROW
                         NORMAL    RECORD    YEAR
 MAXIMUM TEMPERATURE (F)   46        70      1958
 MINIMUM TEMPERATURE (F)   21       -10      1911


SUNRISE AND SUNSET
FEBRUARY 21 2017......SUNRISE   642 AM MST   SUNSET   543 PM MST
FEBRUARY 22 2017......SUNRISE   641 AM MST   SUNSET   545 PM MST


-  INDICATES NEGATIVE NUMBERS.
R  INDICATES RECORD WAS SET OR TIED.
MM INDICATES DATA IS MISSING.
T  INDICATES TRACE AMOUNT.




$$
