322
CDUS45 KPUB 041130
CLICOS


CLIMATE REPORT
NATIONAL WEATHER SERVICE PUEBLO
429 AM MST SUN DEC 4 2016


...................................

...THE COLORADO SPRINGS CO CLIMATE SUMMARY FOR DECEMBER 3 2016...

CLIMATE NORMAL PERIOD 1981 TO 2010
CLIMATE RECORD PERIOD 1872 TO 2016


WEATHER ITEM   OBSERVED TIME   RECORD YEAR NORMAL DEPARTURE LAST
                VALUE   (LST)  VALUE       VALUE  FROM      YEAR
                                                  NORMAL
..................................................................
TEMPERATURE (F)
 YESTERDAY
  MAXIMUM         43    312 PM  70    2010  43      0       51
  MINIMUM         18    711 AM  -2    2006  19     -1       24
  AVERAGE         31                        31      0       38

PRECIPITATION (IN)
  YESTERDAY        0.00          0.32 1913   0.01  -0.01     0.00
  MONTH TO DATE    0.03                      0.04  -0.01     0.00
  SINCE DEC 1      0.03                      0.04  -0.01     0.00
  SINCE JAN 1     13.70                     16.24  -2.54    25.00

SNOWFALL (IN)
  YESTERDAY        0.0           4.9  2005   0.2   -0.2      0.0
  MONTH TO DATE    0.2                       0.6   -0.4      0.0
  SINCE DEC 1      0.2                       0.6   -0.4      0.0
  SINCE JUL 1      0.2                       8.4   -8.2      5.8
  SNOW DEPTH       0

DEGREE DAYS
 HEATING
  YESTERDAY       34                        34      0       27
  MONTH TO DATE  114                       100     14       91
  SINCE DEC 1    114                       100     14       91
  SINCE JUL 1   1017                      1581   -564     1194

 COOLING
  YESTERDAY        0                         0      0        0
  MONTH TO DATE    0                         0      0        0
  SINCE DEC 1      0                         0      0        0
  SINCE JAN 1    710                       455    255      617
..................................................................


WIND (MPH)
  HIGHEST WIND SPEED    18   HIGHEST WIND DIRECTION     S (160)
  HIGHEST GUST SPEED    22   HIGHEST GUST DIRECTION     S (160)
  AVERAGE WIND SPEED     6.3


SKY COVER
  POSSIBLE SUNSHINE  MM
  AVERAGE SKY COVER 0.5


WEATHER CONDITIONS
 THE FOLLOWING WEATHER WAS RECORDED YESTERDAY.
  FOG
  HAZE


RELATIVE HUMIDITY (PERCENT)
 HIGHEST    91           800 AM
 LOWEST     27           500 PM
 AVERAGE    59

..........................................................


THE COLORADO SPRINGS CO CLIMATE NORMALS FOR TODAY
                         NORMAL    RECORD    YEAR
 MAXIMUM TEMPERATURE (F)   43        71      2007
 MINIMUM TEMPERATURE (F)   19        -4      2009


SUNRISE AND SUNSET
DECEMBER  4 2016......SUNRISE   702 AM MST   SUNSET   437 PM MST
DECEMBER  5 2016......SUNRISE   702 AM MST   SUNSET   437 PM MST


-  INDICATES NEGATIVE NUMBERS.
R  INDICATES RECORD WAS SET OR TIED.
MM INDICATES DATA IS MISSING.
T  INDICATES TRACE AMOUNT.




$$
