000
CDUS45 KPUB 151053
CLICOS


CLIMATE REPORT
NATIONAL WEATHER SERVICE PUEBLO
453 AM MDT MON SEP 15 2014


...................................

...THE COLORADO SPRINGS CO CLIMATE SUMMARY FOR SEPTEMBER 14 2014...

CLIMATE NORMAL PERIOD 1981 TO 2010
CLIMATE RECORD PERIOD 1872 TO 2014


WEATHER ITEM   OBSERVED TIME   RECORD YEAR NORMAL DEPARTURE LAST
                VALUE   (LST)  VALUE       VALUE  FROM      YEAR
                                                  NORMAL
..................................................................
TEMPERATURE (F)
 YESTERDAY
  MAXIMUM         86    229 PM  89    2010  75     11       75
                                      1956
                                      1955
  MINIMUM         45    106 AM  28    1993  48     -3       53
  AVERAGE         66                        62      4       64

PRECIPITATION (IN)
  YESTERDAY        0.00          4.50 2011   0.04  -0.04     0.04
  MONTH TO DATE    0.10                      0.71  -0.61     2.28
  SINCE SEP 1      0.10                      0.71  -0.61     2.28
  SINCE JAN 1     13.15                     14.50  -1.35    15.94

SNOWFALL (IN)
  YESTERDAY        0.0           0.8  1957   0.0    0.0      0.0
  MONTH TO DATE    T                         0.0    0.0      0.0
  SINCE SEP 1      T                         0.0    0.0      0.0
  SINCE JUL 1      T                         0.0    0.0       T
  SNOW DEPTH       0

DEGREE DAYS
 HEATING
  YESTERDAY        0                         5     -5        1
  MONTH TO DATE   68                        42     26        3
  SINCE SEP 1     68                        42     26        3
  SINCE JUL 1     98                        73     25       13

 COOLING
  YESTERDAY        1                         1      0        0
  MONTH TO DATE   24                        27     -3       81
  SINCE SEP 1     24                        27     -3       81
  SINCE JAN 1    451                       445      6      683
..................................................................


WIND (MPH)
  HIGHEST WIND SPEED    17   HIGHEST WIND DIRECTION     S (200)
  HIGHEST GUST SPEED    22   HIGHEST GUST DIRECTION    SW (210)
  AVERAGE WIND SPEED     6.9


SKY COVER
  POSSIBLE SUNSHINE  MM
  AVERAGE SKY COVER 0.4


WEATHER CONDITIONS
 THE FOLLOWING WEATHER WAS RECORDED YESTERDAY.
  NO SIGNIFICANT WEATHER WAS OBSERVED.


RELATIVE HUMIDITY (PERCENT)
 HIGHEST    66          1200 AM
 LOWEST     10           100 PM
 AVERAGE    38

..........................................................


THE COLORADO SPRINGS CO CLIMATE NORMALS FOR TODAY
                         NORMAL    RECORD    YEAR
 MAXIMUM TEMPERATURE (F)   75        92      1990
 MINIMUM TEMPERATURE (F)   48        29      1916


SUNRISE AND SUNSET
SEPTEMBER 15 2014.....SUNRISE   640 AM MDT   SUNSET   707 PM MDT
SEPTEMBER 16 2014.....SUNRISE   641 AM MDT   SUNSET   705 PM MDT


-  INDICATES NEGATIVE NUMBERS.
R  INDICATES RECORD WAS SET OR TIED.
MM INDICATES DATA IS MISSING.
T  INDICATES TRACE AMOUNT.




$$
