000
CDUS45 KPUB 151048
CLICOS


CLIMATE REPORT
NATIONAL WEATHER SERVICE PUEBLO
447 AM MDT TUE APR 15 2014


...................................

...THE COLORADO SPRINGS CO CLIMATE SUMMARY FOR APRIL 14 2014...

CLIMATE NORMAL PERIOD 1981 TO 2010
CLIMATE RECORD PERIOD 1872 TO 2014


WEATHER ITEM   OBSERVED TIME   RECORD YEAR NORMAL DEPARTURE LAST
                VALUE   (LST)  VALUE       VALUE  FROM      YEAR
                                                  NORMAL
..................................................................
TEMPERATURE (F)
 YESTERDAY
  MAXIMUM         39    249 PM  81    2002  59    -20       57
  MINIMUM         18    614 AM   8    1933  33    -15       37
  AVERAGE         29                        46    -17       47

PRECIPITATION (IN)
  YESTERDAY        T             0.98 1945   0.04  -0.04     0.05
  MONTH TO DATE    0.74                      0.53   0.21     0.06
  SINCE MAR 1      1.16                      1.53  -0.37     0.24
  SINCE JAN 1      2.05                      2.19  -0.14     1.32

SNOWFALL (IN)
  YESTERDAY        T             9.5  1945   0.1   -0.1      0.0
  MONTH TO DATE    7.5                       2.6    4.9       T
  SINCE MAR 1     10.3                      10.7   -0.4      4.2
  SINCE JUL 1     34.4                      34.7   -0.3     24.2
  SNOW DEPTH       2

DEGREE DAYS
 HEATING
  YESTERDAY       36                        19     17       18
  MONTH TO DATE  287                       290     -3      318
  SINCE MAR 1   1068                      1095    -27     1130
  SINCE JUL 1   5555                      5658   -103     5474

 COOLING
  YESTERDAY        0                         0      0        0
  MONTH TO DATE    0                         0      0        0
  SINCE MAR 1      0                         0      0        0
  SINCE JAN 1      0                         0      0        0
..................................................................


WIND (MPH)
  HIGHEST WIND SPEED    23   HIGHEST WIND DIRECTION     N (350)
  HIGHEST GUST SPEED    28   HIGHEST GUST DIRECTION     N (350)
  AVERAGE WIND SPEED     9.5


SKY COVER
  POSSIBLE SUNSHINE  MM
  AVERAGE SKY COVER 0.5


WEATHER CONDITIONS
 THE FOLLOWING WEATHER WAS RECORDED YESTERDAY.
  LIGHT SNOW
  FOG


RELATIVE HUMIDITY (PERCENT)
 HIGHEST    81          1100 PM
 LOWEST     40           300 PM
 AVERAGE    61

..........................................................


THE COLORADO SPRINGS CO CLIMATE NORMALS FOR TODAY
                         NORMAL    RECORD    YEAR
 MAXIMUM TEMPERATURE (F)   60        81      2002
 MINIMUM TEMPERATURE (F)   33        15      1961
                                             1945
                                             1902


SUNRISE AND SUNSET
APRIL 15 2014.........SUNRISE   622 AM MDT   SUNSET   736 PM MDT
APRIL 16 2014.........SUNRISE   621 AM MDT   SUNSET   737 PM MDT


-  INDICATES NEGATIVE NUMBERS.
R  INDICATES RECORD WAS SET OR TIED.
MM INDICATES DATA IS MISSING.
T  INDICATES TRACE AMOUNT.




$$
