000
CDUS45 KPUB 301026
CLICOS


CLIMATE REPORT
NATIONAL WEATHER SERVICE PUEBLO
426 AM MDT THU JUL 30 2015


...................................

...THE COLORADO SPRINGS CO CLIMATE SUMMARY FOR JULY 29 2015...

CLIMATE NORMAL PERIOD 1981 TO 2010
CLIMATE RECORD PERIOD 1872 TO 2015


WEATHER ITEM   OBSERVED TIME   RECORD YEAR NORMAL DEPARTURE LAST
                VALUE   (LST)  VALUE       VALUE  FROM      YEAR
                                                  NORMAL
..................................................................
TEMPERATURE (F)
 YESTERDAY
  MAXIMUM         80    354 PM  96    1980  84     -4       78
  MINIMUM         56    403 AM  49    1909  57     -1       57
                                      1906
  AVERAGE         68                        71     -3       68

PRECIPITATION (IN)
  YESTERDAY        T             3.63 1997   0.11  -0.11     0.64
  MONTH TO DATE    3.14                      2.62   0.52     3.72
  SINCE JUN 1      8.86                      5.12   3.74     5.01
  SINCE JAN 1     21.09                     10.23  10.86     9.80

SNOWFALL (IN)
  YESTERDAY        0.0           T    2003   0.0    0.0      0.0
  MONTH TO DATE    T                         0.0    0.0       T
  SINCE JUN 1      T                         0.0    0.0       T
  SINCE JUL 1      T                         0.0    0.0       T
  SNOW DEPTH       0

DEGREE DAYS
 HEATING
  YESTERDAY        0                         0      0        0
  MONTH TO DATE   10                         3      7       14
  SINCE JUN 1     20                        82    -62       53
  SINCE JUL 1     10                         3      7       14

 COOLING
  YESTERDAY        3                         6     -3        3
  MONTH TO DATE  171                       177     -6      194
  SINCE JUN 1    293                       260     33      298
  SINCE JAN 1    293                       270     23      311
..................................................................


WIND (MPH)
  HIGHEST WIND SPEED    23   HIGHEST WIND DIRECTION    SE (130)
  HIGHEST GUST SPEED    28   HIGHEST GUST DIRECTION    SE (140)
  AVERAGE WIND SPEED     7.7


SKY COVER
  POSSIBLE SUNSHINE  MM
  AVERAGE SKY COVER 0.7


WEATHER CONDITIONS
 THE FOLLOWING WEATHER WAS RECORDED YESTERDAY.
  LIGHT RAIN


RELATIVE HUMIDITY (PERCENT)
 HIGHEST    64           600 AM
 LOWEST     33           400 PM
 AVERAGE    49

..........................................................


THE COLORADO SPRINGS CO CLIMATE NORMALS FOR TODAY
                         NORMAL    RECORD    YEAR
 MAXIMUM TEMPERATURE (F)   84        96      2006
 MINIMUM TEMPERATURE (F)   57        48      2009


SUNRISE AND SUNSET
JULY 30 2015..........SUNRISE   558 AM MDT   SUNSET   812 PM MDT
JULY 31 2015..........SUNRISE   559 AM MDT   SUNSET   811 PM MDT


-  INDICATES NEGATIVE NUMBERS.
R  INDICATES RECORD WAS SET OR TIED.
MM INDICATES DATA IS MISSING.
T  INDICATES TRACE AMOUNT.




$$
