000
CDUS45 KPUB 281047
CLICOS


CLIMATE REPORT
NATIONAL WEATHER SERVICE PUEBLO
446 AM MDT MON JUL 28 2014


...................................

...THE COLORADO SPRINGS CO CLIMATE SUMMARY FOR JULY 27 2014...

CLIMATE NORMAL PERIOD 1981 TO 2010
CLIMATE RECORD PERIOD 1872 TO 2014


WEATHER ITEM   OBSERVED TIME   RECORD YEAR NORMAL DEPARTURE LAST
                VALUE   (LST)  VALUE       VALUE  FROM      YEAR
                                                  NORMAL
..................................................................
TEMPERATURE (F)
 YESTERDAY
  MAXIMUM         82   1151 AM  97    1960  84     -2       90
  MINIMUM         56    527 AM  46    1909  58     -2       55
  AVERAGE         69                        71     -2       73

PRECIPITATION (IN)
  YESTERDAY        0.19          0.88 1965   0.11   0.08      T
  MONTH TO DATE    3.08                      2.41   0.67     4.30
  SINCE JUN 1      4.37                      4.91  -0.54     4.90
  SINCE JAN 1      9.16                     10.02  -0.86     7.63

SNOWFALL (IN)
  YESTERDAY        0.0           0.0  2002   0.0    0.0      0.0
                                      2001
  MONTH TO DATE    T                         0.0    0.0       T
  SINCE JUN 1      T                         0.0    0.0       T
  SINCE JUL 1      T                         0.0    0.0       T
  SNOW DEPTH       0

DEGREE DAYS
 HEATING
  YESTERDAY        0                         0      0        0
  MONTH TO DATE   13                         3     10        5
  SINCE JUN 1     52                        82    -30       30
  SINCE JUL 1     13                         3     10        5

 COOLING
  YESTERDAY        4                         6     -2        8
  MONTH TO DATE  191                       165     26      189
  SINCE JUN 1    295                       248     47      371
  SINCE JAN 1    308                       258     50      393
..................................................................


WIND (MPH)
  HIGHEST WIND SPEED    37   HIGHEST WIND DIRECTION     S (160)
  HIGHEST GUST SPEED    48   HIGHEST GUST DIRECTION    SE (150)
  AVERAGE WIND SPEED     7.9


SKY COVER
  POSSIBLE SUNSHINE  MM
  AVERAGE SKY COVER 0.6


WEATHER CONDITIONS
 THE FOLLOWING WEATHER WAS RECORDED YESTERDAY.
  THUNDERSTORM
  RAIN
  LIGHT RAIN
  FOG


RELATIVE HUMIDITY (PERCENT)
 HIGHEST   100          1100 PM
 LOWEST     36           200 PM
 AVERAGE    68

..........................................................


THE COLORADO SPRINGS CO CLIMATE NORMALS FOR TODAY
                         NORMAL    RECORD    YEAR
 MAXIMUM TEMPERATURE (F)   84        96      1978
 MINIMUM TEMPERATURE (F)   58        44      1913


SUNRISE AND SUNSET
JULY 28 2014..........SUNRISE   557 AM MDT   SUNSET   814 PM MDT
JULY 29 2014..........SUNRISE   557 AM MDT   SUNSET   813 PM MDT


-  INDICATES NEGATIVE NUMBERS.
R  INDICATES RECORD WAS SET OR TIED.
MM INDICATES DATA IS MISSING.
T  INDICATES TRACE AMOUNT.




$$
