000
CDUS45 KPUB 251136
CLICOS


CLIMATE REPORT
NATIONAL WEATHER SERVICE PUEBLO
436 AM MST THU DEC 25 2014


...................................

...THE COLORADO SPRINGS CO CLIMATE SUMMARY FOR DECEMBER 24 2014...

CLIMATE NORMAL PERIOD 1981 TO 2010
CLIMATE RECORD PERIOD 1872 TO 2014


WEATHER ITEM   OBSERVED TIME   RECORD YEAR NORMAL DEPARTURE LAST
                VALUE   (LST)  VALUE       VALUE  FROM      YEAR
                                                  NORMAL
..................................................................
TEMPERATURE (F)
 YESTERDAY
  MAXIMUM         42    219 PM  70    1955  42      0       55
  MINIMUM         10    452 AM -18    1924  17     -7       21
  AVERAGE         26                        29     -3       38

PRECIPITATION (IN)
  YESTERDAY        0.00          0.60 1982   0.01  -0.01     0.00
  MONTH TO DATE    0.09                      0.28  -0.19     0.07
  SINCE DEC 1      0.09                      0.28  -0.19     0.07
  SINCE JAN 1     16.97                     16.48   0.49    19.22

SNOWFALL (IN)
  YESTERDAY        0.0           7.0  1982   0.1   -0.1      0.0
  MONTH TO DATE    0.6                       4.5   -3.9      2.9
  SINCE DEC 1      0.6                       4.5   -3.9      2.9
  SINCE JUL 1      7.7                      12.3   -4.6      7.1
  SNOW DEPTH       0

DEGREE DAYS
 HEATING
  YESTERDAY       39                        36      3       27
  MONTH TO DATE  700                       846   -146      882
  SINCE DEC 1    700                       846   -146      882
  SINCE JUL 1   2025                      2327   -302     2243

 COOLING
  YESTERDAY        0                         0      0        0
  MONTH TO DATE    0                         0      0        0
  SINCE DEC 1      0                         0      0        0
  SINCE JAN 1    487                       455     32      694
..................................................................


WIND (MPH)
  HIGHEST WIND SPEED    13   HIGHEST WIND DIRECTION    SE (150)
  HIGHEST GUST SPEED    14   HIGHEST GUST DIRECTION    NE (50)
  AVERAGE WIND SPEED     5.2


SKY COVER
  POSSIBLE SUNSHINE  MM
  AVERAGE SKY COVER 0.4


WEATHER CONDITIONS
 THE FOLLOWING WEATHER WAS RECORDED YESTERDAY.
  NO SIGNIFICANT WEATHER WAS OBSERVED.


RELATIVE HUMIDITY (PERCENT)
 HIGHEST    73           700 AM
 LOWEST     22          1200 PM
 AVERAGE    48

..........................................................


THE COLORADO SPRINGS CO CLIMATE NORMALS FOR TODAY
                         NORMAL    RECORD    YEAR
 MAXIMUM TEMPERATURE (F)   42        67      1971
                                             1955
 MINIMUM TEMPERATURE (F)   17       -15      1983


SUNRISE AND SUNSET
DECEMBER 25 2014......SUNRISE   715 AM MST   SUNSET   443 PM MST
DECEMBER 26 2014......SUNRISE   716 AM MST   SUNSET   443 PM MST


-  INDICATES NEGATIVE NUMBERS.
R  INDICATES RECORD WAS SET OR TIED.
MM INDICATES DATA IS MISSING.
T  INDICATES TRACE AMOUNT.




$$
