331
CDUS45 KPUB 211046
CLICOS


CLIMATE REPORT
NATIONAL WEATHER SERVICE PUEBLO
443 AM MDT TUE MAR 21 2017


...................................

...THE COLORADO SPRINGS CO CLIMATE SUMMARY FOR MARCH 20 2017...

CLIMATE NORMAL PERIOD 1981 TO 2010
CLIMATE RECORD PERIOD 1872 TO 2017


WEATHER ITEM   OBSERVED TIME   RECORD YEAR NORMAL DEPARTURE LAST
                VALUE   (LST)  VALUE       VALUE  FROM      YEAR
                                                  NORMAL
..................................................................
TEMPERATURE (F)
 YESTERDAY
  MAXIMUM         76R  1236 PM  74    1907  53     23       51
  MINIMUM         42    606 AM  -2    1965  27     15       15
  AVERAGE         59                        40     19       33

PRECIPITATION (IN)
  YESTERDAY        0.00          0.73 1979   0.03  -0.03     0.00
  MONTH TO DATE    T                         0.61  -0.61     0.17
  SINCE MAR 1      T                         0.61  -0.61     0.17
  SINCE JAN 1      0.39                      1.27  -0.88     1.71

SNOWFALL (IN)
  YESTERDAY        0.0           6.0  1979   0.3   -0.3      0.0
  MONTH TO DATE    0.0                       5.1   -5.1      2.3
  SINCE MAR 1      0.0                       5.1   -5.1      2.3
  SINCE JUL 1     13.4                      29.1  -15.7     29.4
  SNOW DEPTH       0

DEGREE DAYS
 HEATING
  YESTERDAY        6                        25    -19       32
  MONTH TO DATE  342                       546   -204      442
  SINCE MAR 1    342                       546   -204      442
  SINCE JUL 1   4095                      5109  -1014     4345

 COOLING
  YESTERDAY        0                         0      0        0
  MONTH TO DATE    0                         0      0        0
  SINCE MAR 1      0                         0      0        0
  SINCE JAN 1      0                         0      0        0
..................................................................


WIND (MPH)
  HIGHEST WIND SPEED    25   HIGHEST WIND DIRECTION     E (70)
  HIGHEST GUST SPEED    31   HIGHEST GUST DIRECTION     W (280)
  AVERAGE WIND SPEED     7.7


SKY COVER
  POSSIBLE SUNSHINE  MM
  AVERAGE SKY COVER 0.7


WEATHER CONDITIONS
 THE FOLLOWING WEATHER WAS RECORDED YESTERDAY.
  NO SIGNIFICANT WEATHER WAS OBSERVED.


RELATIVE HUMIDITY (PERCENT)
 HIGHEST    38          1100 PM
 LOWEST      9          1200 PM
 AVERAGE    24

..........................................................


THE COLORADO SPRINGS CO CLIMATE NORMALS FOR TODAY
                         NORMAL    RECORD    YEAR
 MAXIMUM TEMPERATURE (F)   53        75      1995
 MINIMUM TEMPERATURE (F)   27         1      1914


SUNRISE AND SUNSET
MARCH 21 2017.........SUNRISE   700 AM MDT   SUNSET   712 PM MDT
MARCH 22 2017.........SUNRISE   659 AM MDT   SUNSET   713 PM MDT


-  INDICATES NEGATIVE NUMBERS.
R  INDICATES RECORD WAS SET OR TIED.
MM INDICATES DATA IS MISSING.
T  INDICATES TRACE AMOUNT.




$$
