214
CDUS45 KPUB 261046
CLICOS


CLIMATE REPORT
NATIONAL WEATHER SERVICE PUEBLO
446 AM MDT WED APR 26 2017


...................................

...THE COLORADO SPRINGS CO CLIMATE SUMMARY FOR APRIL 25 2017...

CLIMATE NORMAL PERIOD 1981 TO 2010
CLIMATE RECORD PERIOD 1872 TO 2017


WEATHER ITEM   OBSERVED TIME   RECORD YEAR NORMAL DEPARTURE LAST
                VALUE   (LST)  VALUE       VALUE  FROM      YEAR
                                                  NORMAL
..................................................................
TEMPERATURE (F)
 YESTERDAY
  MAXIMUM         56   1027 AM  81    2012  63     -7       69
                                      1981
                                      1949
  MINIMUM         35   1159 PM  20    1924  36     -1       41
                                      1907
  AVERAGE         46                        49     -3       55

PRECIPITATION (IN)
  YESTERDAY        0.18          0.70 1922   0.06   0.12     0.00
  MONTH TO DATE    2.03                      1.12   0.91     1.16
  SINCE MAR 1      2.47                      2.12   0.35     1.89
  SINCE JAN 1      2.86                      2.78   0.08     3.43

SNOWFALL (IN)
  YESTERDAY        0.0           1.5  1908   0.1   -0.1      0.0
  MONTH TO DATE    8.9                       4.3    4.6      5.1
  SINCE MAR 1     10.9                      12.4   -1.5     15.6
  SINCE JUL 1     24.3                      36.4  -12.1     42.7
  SNOW DEPTH       0

DEGREE DAYS
 HEATING
  YESTERDAY       19                        16      3       10
  MONTH TO DATE  361                       480   -119      409
  SINCE MAR 1    921                      1285   -364     1119
  SINCE JUL 1   4674                      5848  -1174     5022

 COOLING
  YESTERDAY        0                         0      0        0
  MONTH TO DATE    0                         0      0        0
  SINCE MAR 1      0                         0      0        0
  SINCE JAN 1      0                         0      0        0
..................................................................


WIND (MPH)
  HIGHEST WIND SPEED    25   HIGHEST WIND DIRECTION     N (10)
  HIGHEST GUST SPEED    32   HIGHEST GUST DIRECTION     N (20)
  AVERAGE WIND SPEED    13.0


SKY COVER
  POSSIBLE SUNSHINE  MM
  AVERAGE SKY COVER 0.7


WEATHER CONDITIONS
 THE FOLLOWING WEATHER WAS RECORDED YESTERDAY.
  THUNDERSTORM
  LIGHT RAIN
  SLEET
  FOG


RELATIVE HUMIDITY (PERCENT)
 HIGHEST    86           400 PM
 LOWEST     29           600 AM
 AVERAGE    58

..........................................................


THE COLORADO SPRINGS CO CLIMATE NORMALS FOR TODAY
                         NORMAL    RECORD    YEAR
 MAXIMUM TEMPERATURE (F)   63        83      1981
 MINIMUM TEMPERATURE (F)   36        18      1924


SUNRISE AND SUNSET
APRIL 26 2017.........SUNRISE   607 AM MDT   SUNSET   747 PM MDT
APRIL 27 2017.........SUNRISE   606 AM MDT   SUNSET   748 PM MDT


-  INDICATES NEGATIVE NUMBERS.
R  INDICATES RECORD WAS SET OR TIED.
MM INDICATES DATA IS MISSING.
T  INDICATES TRACE AMOUNT.




$$
