000
CDUS45 KPUB 240029
CLICOS


CLIMATE REPORT
NATIONAL WEATHER SERVICE PUEBLO
528 PM MST SUN NOV 23 2014


...................................

...THE COLORADO SPRINGS CO CLIMATE SUMMARY FOR NOVEMBER 23 2014...
VALID TODAY AS OF 0500 PM LOCAL TIME.

CLIMATE NORMAL PERIOD 1981 TO 2010
CLIMATE RECORD PERIOD 1872 TO 2014


WEATHER ITEM   OBSERVED TIME   RECORD YEAR NORMAL DEPARTURE LAST
                VALUE   (LST)  VALUE       VALUE  FROM      YEAR
                                                  NORMAL
..................................................................
TEMPERATURE (F)
 TODAY
  MAXIMUM         48   1247 AM  69    1925  47      1       29
  MINIMUM         29    459 PM  -8    1918  22      7       22
  AVERAGE         39                        35      4       26

PRECIPITATION (IN)
  TODAY            0.02          0.16 1905   0.01   0.01      T
  MONTH TO DATE    0.21                      0.31  -0.10     0.17
  SINCE SEP 1      3.78                      2.32   1.46     5.39
  SINCE JAN 1     16.83                     16.11   0.72    19.05

SNOWFALL (IN)
  TODAY           MM             1.5  1899   0.2   MM         T
  MONTH TO DATE    5.8                       3.4    2.4      2.7
  SINCE SEP 1      5.8                       6.5   -0.7      2.9
  SINCE JUL 1      5.8                       6.5   -0.7      2.9
  SNOW DEPTH       0

DEGREE DAYS
 HEATING
  TODAY           26                        30     -4       39
  MONTH TO DATE  679                       584     95      559
  SINCE SEP 1   1116                      1227   -111     1144
  SINCE JUL 1   1146                      1258   -112     1154

 COOLING
  TODAY            0                         0      0        0
  MONTH TO DATE    0                         0      0        0
  SINCE SEP 1     60                        37     23       92
  SINCE JAN 1    487                       455     32      694
..................................................................


WIND (MPH)
  HIGHEST WIND SPEED    29   HIGHEST WIND DIRECTION     N (20)
  HIGHEST GUST SPEED    33   HIGHEST GUST DIRECTION     N (10)
  AVERAGE WIND SPEED    15.6


SKY COVER
  POSSIBLE SUNSHINE  MM
  AVERAGE SKY COVER 0.8


WEATHER CONDITIONS
 THE FOLLOWING WEATHER WAS RECORDED TODAY.
  LIGHT SNOW
  FOG


RELATIVE HUMIDITY (PERCENT)
 HIGHEST    78           600 AM
 LOWEST     37           100 AM
 AVERAGE    58

..........................................................


THE COLORADO SPRINGS CO CLIMATE NORMALS FOR TOMORROW
                         NORMAL    RECORD    YEAR
 MAXIMUM TEMPERATURE (F)   47        77      1990
 MINIMUM TEMPERATURE (F)   22        -3      1918


SUNRISE AND SUNSET
NOVEMBER 23 2014......SUNRISE   650 AM MST   SUNSET   440 PM MST
NOVEMBER 24 2014......SUNRISE   651 AM MST   SUNSET   440 PM MST


-  INDICATES NEGATIVE NUMBERS.
R  INDICATES RECORD WAS SET OR TIED.
MM INDICATES DATA IS MISSING.
T  INDICATES TRACE AMOUNT.




$$
