000
CDUS45 KPUB 280031
CLICOS


CLIMATE REPORT
NATIONAL WEATHER SERVICE PUEBLO
531 PM MST FRI FEB 27 2015


...................................

...THE COLORADO SPRINGS CO CLIMATE SUMMARY FOR FEBRUARY 27 2015...
VALID TODAY AS OF 0500 PM LOCAL TIME.

CLIMATE NORMAL PERIOD 1981 TO 2010
CLIMATE RECORD PERIOD 1872 TO 2015


WEATHER ITEM   OBSERVED TIME   RECORD YEAR NORMAL DEPARTURE LAST
                VALUE   (LST)  VALUE       VALUE  FROM      YEAR
                                                  NORMAL
..................................................................
TEMPERATURE (F)
 TODAY
  MAXIMUM         11    459 PM  73    1932  48    -37       60
  MINIMUM          5    553 AM -12    1962  22    -17       23
  AVERAGE          8                        35    -27       42

PRECIPITATION (IN)
  TODAY            0.04          0.34 1918   0.01   0.03     0.00
  MONTH TO DATE    1.45                      0.32   1.13     0.22
  SINCE DEC 1      2.48                      0.98   1.50     0.96
  SINCE JAN 1      2.32                      0.64   1.68     0.89

SNOWFALL (IN)
  TODAY            1.6           4.0  1918   0.2    1.4      0.0
  MONTH TO DATE   16.4                       4.7   11.7      3.4
  SINCE DEC 1     33.6                      16.0   17.6     19.9
  SINCE JUL 1     40.7                      23.8   16.9     24.1
  SNOW DEPTH       7

DEGREE DAYS
 HEATING
  TODAY           57                        30     27       23
  MONTH TO DATE  821                       888    -67      929
  SINCE DEC 1   2840                      3050   -210     3104
  SINCE JUL 1   4165                      4531   -366     4465

 COOLING
  TODAY            0                         0      0        0
  MONTH TO DATE    0                         0      0        0
  SINCE DEC 1      0                         0      0        0
  SINCE JAN 1      0                         0      0        0
..................................................................


WIND (MPH)
  HIGHEST WIND SPEED    17   HIGHEST WIND DIRECTION    SE (140)
  HIGHEST GUST SPEED    19   HIGHEST GUST DIRECTION    SE (150)
  AVERAGE WIND SPEED     9.5


SKY COVER
  POSSIBLE SUNSHINE  MM
  AVERAGE SKY COVER 1.0


WEATHER CONDITIONS
 THE FOLLOWING WEATHER WAS RECORDED TODAY.
  LIGHT SNOW
  FOG


RELATIVE HUMIDITY (PERCENT)
 HIGHEST    91          1200 AM
 LOWEST     73           200 PM
 AVERAGE    82

..........................................................


THE COLORADO SPRINGS CO CLIMATE NORMALS FOR TOMORROW
                         NORMAL    RECORD    YEAR
 MAXIMUM TEMPERATURE (F)   48        74      2006
 MINIMUM TEMPERATURE (F)   22       -16      1962


SUNRISE AND SUNSET
FEBRUARY 27 2015......SUNRISE   634 AM MST   SUNSET   549 PM MST
FEBRUARY 28 2015......SUNRISE   633 AM MST   SUNSET   550 PM MST


-  INDICATES NEGATIVE NUMBERS.
R  INDICATES RECORD WAS SET OR TIED.
MM INDICATES DATA IS MISSING.
T  INDICATES TRACE AMOUNT.




$$
