069
CDUS45 KPUB 231053
CLICOS


CLIMATE REPORT
NATIONAL WEATHER SERVICE PUEBLO
444 AM MDT FRI JUN 23 2017


...................................

...THE COLORADO SPRINGS CO CLIMATE SUMMARY FOR JUNE 22 2017...

CLIMATE NORMAL PERIOD 1981 TO 2010
CLIMATE RECORD PERIOD 1872 TO 2017


WEATHER ITEM   OBSERVED TIME   RECORD YEAR NORMAL DEPARTURE LAST
                VALUE   (LST)  VALUE       VALUE  FROM      YEAR
                                                  NORMAL
..................................................................
TEMPERATURE (F)
 YESTERDAY
  MAXIMUM         93   1151 AM  97    2012  81     12       84
  MINIMUM         61   1127 PM  39    1926  53      8       62
  AVERAGE         77                        67     10       73

PRECIPITATION (IN)
  YESTERDAY        T             0.21 1975   0.07  -0.07     0.00
  MONTH TO DATE    0.14                      1.90  -1.76     0.55
  SINCE JUN 1      0.14                      1.90  -1.76     0.55
  SINCE JAN 1      6.26                      7.01  -0.75     7.48

SNOWFALL (IN)
  YESTERDAY        0.0           0.0  2002   0.0    0.0      0.0
                                      2001
  MONTH TO DATE    0.0                       0.0    0.0       T
  SINCE JUN 1      0.0                       0.0    0.0       T
  SINCE JUL 1     25.2                      37.7  -12.5     50.7
  SNOW DEPTH       0

DEGREE DAYS
 HEATING
  YESTERDAY        0                         1     -1        0
  MONTH TO DATE    8                        70    -62        8
  SINCE JUN 1      8                        70    -62        8
  SINCE JUL 1   5086                      6283  -1197     5484

 COOLING
  YESTERDAY       12                         4      8        8
  MONTH TO DATE  127                        46     81      124
  SINCE JUN 1    127                        46     81      124
  SINCE JAN 1    129                        56     73      126
..................................................................


WIND (MPH)
  HIGHEST WIND SPEED    40   HIGHEST WIND DIRECTION    NE (50)
  HIGHEST GUST SPEED    52   HIGHEST GUST DIRECTION    SW (240)
  AVERAGE WIND SPEED     8.2


SKY COVER
  POSSIBLE SUNSHINE  MM
  AVERAGE SKY COVER 0.7


WEATHER CONDITIONS
 THE FOLLOWING WEATHER WAS RECORDED YESTERDAY.
  THUNDERSTORM
  LIGHT RAIN
  HAZE


RELATIVE HUMIDITY (PERCENT)
 HIGHEST    58          1000 PM
 LOWEST     10          1200 PM
 AVERAGE    34

..........................................................


THE COLORADO SPRINGS CO CLIMATE NORMALS FOR TODAY
                         NORMAL    RECORD    YEAR
 MAXIMUM TEMPERATURE (F)   82       100      2012
                                             1954
 MINIMUM TEMPERATURE (F)   53        40      1947


SUNRISE AND SUNSET
JUNE 23 2017..........SUNRISE   535 AM MDT   SUNSET   828 PM MDT
JUNE 24 2017..........SUNRISE   535 AM MDT   SUNSET   828 PM MDT


-  INDICATES NEGATIVE NUMBERS.
R  INDICATES RECORD WAS SET OR TIED.
MM INDICATES DATA IS MISSING.
T  INDICATES TRACE AMOUNT.




$$
