000
CDUS45 KPUB 191145
CLICOS


CLIMATE REPORT
NATIONAL WEATHER SERVICE PUEBLO
445 AM MST MON FEB 19 2018


...................................

...THE COLORADO SPRINGS CO CLIMATE SUMMARY FOR FEBRUARY 18 2018...

CLIMATE NORMAL PERIOD 1981 TO 2010
CLIMATE RECORD PERIOD 1872 TO 2018


WEATHER ITEM   OBSERVED TIME   RECORD YEAR NORMAL DEPARTURE LAST
                VALUE   (LST)  VALUE       VALUE  FROM      YEAR
                                                  NORMAL
..................................................................
TEMPERATURE (F)
 YESTERDAY
  MAXIMUM         65    146 PM  73    2016  45     20       59
  MINIMUM         32    149 AM -15    1942  20     12       33
  AVERAGE         49                        32     17       46

PRECIPITATION (IN)
  YESTERDAY        0.00          0.24 1911   0.01  -0.01     0.00
  MONTH TO DATE    0.26                      0.18   0.08     0.05
  SINCE DEC 1      0.43                      0.84  -0.41     1.05
  SINCE JAN 1      0.42                      0.50  -0.08     0.37

SNOWFALL (IN)
  YESTERDAY        0.0           3.0  1898   0.2   -0.2      0.0
  MONTH TO DATE    5.0                       3.2    1.8      0.6
  SINCE DEC 1      7.6                      14.5   -6.9     13.3
  SINCE JUL 1      9.2                      22.3  -13.1     13.3
  SNOW DEPTH       0

DEGREE DAYS
 HEATING
  YESTERDAY       16                        33    -17       19
  MONTH TO DATE  552                       606    -54      415
  SINCE DEC 1   2446                      2768   -322     2566
  SINCE JUL 1   3614                      4249   -635     3469

 COOLING
  YESTERDAY        0                         0      0        0
  MONTH TO DATE    0                         0      0        0
  SINCE DEC 1      0                         0      0        0
  SINCE JAN 1      0                         0      0        0
..................................................................


WIND (MPH)
  HIGHEST WIND SPEED    39   HIGHEST WIND DIRECTION    SW (240)
  HIGHEST GUST SPEED    52   HIGHEST GUST DIRECTION    SW (230)
  AVERAGE WIND SPEED    16.1


SKY COVER
  POSSIBLE SUNSHINE  MM
  AVERAGE SKY COVER 0.5


WEATHER CONDITIONS
 THE FOLLOWING WEATHER WAS RECORDED YESTERDAY.
  NO SIGNIFICANT WEATHER WAS OBSERVED.


RELATIVE HUMIDITY (PERCENT)
 HIGHEST    45          1200 AM
 LOWEST      8          1100 AM
 AVERAGE    27

..........................................................


THE COLORADO SPRINGS CO CLIMATE NORMALS FOR TODAY
                         NORMAL    RECORD    YEAR
 MAXIMUM TEMPERATURE (F)   45        67      1986
                                             1981
 MINIMUM TEMPERATURE (F)   20        -5      2006


SUNRISE AND SUNSET
FEBRUARY 19 2018......SUNRISE   645 AM MST   SUNSET   541 PM MST
FEBRUARY 20 2018......SUNRISE   644 AM MST   SUNSET   542 PM MST


-  INDICATES NEGATIVE NUMBERS.
R  INDICATES RECORD WAS SET OR TIED.
MM INDICATES DATA IS MISSING.
T  INDICATES TRACE AMOUNT.




$$
