000
CDUS45 KPUB 070022
CLICOS


CLIMATE REPORT
NATIONAL WEATHER SERVICE PUEBLO
521 PM MST WED DEC 6 2017


...................................

...THE COLORADO SPRINGS CO CLIMATE SUMMARY FOR DECEMBER 6 2017...
VALID TODAY AS OF 0500 PM LOCAL TIME.

CLIMATE NORMAL PERIOD 1981 TO 2010
CLIMATE RECORD PERIOD 1872 TO 2017


WEATHER ITEM   OBSERVED TIME   RECORD YEAR NORMAL DEPARTURE LAST
                VALUE   (LST)  VALUE       VALUE  FROM      YEAR
                                                  NORMAL
..................................................................
TEMPERATURE (F)
 TODAY
  MAXIMUM         35    212 PM  72    1939  43     -8       24
  MINIMUM         18    752 AM -15    1972  18      0       10
  AVERAGE         27                        30     -3       17

PRECIPITATION (IN)
  TODAY            0.00          0.47 1978   0.01  -0.01     0.01
  MONTH TO DATE    0.00                      0.07  -0.07     0.04
  SINCE DEC 1      0.00                      0.07  -0.07     0.04
  SINCE JAN 1     18.43                     16.27   2.16    13.71

SNOWFALL (IN)
  TODAY            0.0           5.2  1978   0.1   -0.1      0.1
  MONTH TO DATE    0.0                       1.1   -1.1      0.3
  SINCE DEC 1      0.0                       1.1   -1.1      0.3
  SINCE JUL 1      1.6                       8.9   -7.3      0.3
  SNOW DEPTH       0

DEGREE DAYS
 HEATING
  TODAY           38                        35      3       48
  MONTH TO DATE  156                       203    -47      227
  SINCE DEC 1    156                       203    -47      227
  SINCE JUL 1   1324                      1684   -360     1130

 COOLING
  TODAY            0                         0      0        0
  MONTH TO DATE    0                         0      0        0
  SINCE DEC 1      0                         0      0        0
  SINCE JAN 1    639                       455    184      710
..................................................................


WIND (MPH)
  HIGHEST WIND SPEED    20   HIGHEST WIND DIRECTION    NE (60)
  HIGHEST GUST SPEED    22   HIGHEST GUST DIRECTION    NE (50)
  AVERAGE WIND SPEED     5.3


SKY COVER
  POSSIBLE SUNSHINE  MM
  AVERAGE SKY COVER 0.4


WEATHER CONDITIONS
 THE FOLLOWING WEATHER WAS RECORDED TODAY.
  NO SIGNIFICANT WEATHER WAS OBSERVED.


RELATIVE HUMIDITY (PERCENT)
 HIGHEST    67           800 AM
 LOWEST     35           100 PM
 AVERAGE    51

..........................................................


THE COLORADO SPRINGS CO CLIMATE NORMALS FOR TOMORROW
                         NORMAL    RECORD    YEAR
 MAXIMUM TEMPERATURE (F)   42        68      1906
 MINIMUM TEMPERATURE (F)   18       -15      2005


SUNRISE AND SUNSET
DECEMBER  6 2017......SUNRISE   703 AM MST   SUNSET   437 PM MST
DECEMBER  7 2017......SUNRISE   704 AM MST   SUNSET   437 PM MST


-  INDICATES NEGATIVE NUMBERS.
R  INDICATES RECORD WAS SET OR TIED.
MM INDICATES DATA IS MISSING.
T  INDICATES TRACE AMOUNT.




$$
