000
CDUS45 KPUB 271126
CLICOS


CLIMATE REPORT
NATIONAL WEATHER SERVICE PUEBLO
426 AM MST TUE JAN 27 2015


...................................

...THE COLORADO SPRINGS CO CLIMATE SUMMARY FOR JANUARY 26 2015...

CLIMATE NORMAL PERIOD 1981 TO 2010
CLIMATE RECORD PERIOD 1872 TO 2015


WEATHER ITEM   OBSERVED TIME   RECORD YEAR NORMAL DEPARTURE LAST
                VALUE   (LST)  VALUE       VALUE  FROM      YEAR
                                                  NORMAL
..................................................................
TEMPERATURE (F)
 YESTERDAY
  MAXIMUM         66    207 PM  68    1982  43     23       59
  MINIMUM         33    718 AM -16    1902  18     15       21
  AVERAGE         50                        30     20       40

PRECIPITATION (IN)
  YESTERDAY        0.00          0.27 2000   0.01  -0.01     0.00
  MONTH TO DATE    0.80                      0.26   0.54     0.27
  SINCE DEC 1      0.96                      0.60   0.36     0.34
  SINCE JAN 1      0.80                      0.26   0.54     0.27

SNOWFALL (IN)
  YESTERDAY        0.0           3.0  1946   0.2   -0.2      0.0
  MONTH TO DATE   14.4                       4.7    9.7      6.7
  SINCE DEC 1     18.1                      10.4    7.7      9.6
  SINCE JUL 1     25.2                      18.2    7.0     13.8
  SNOW DEPTH       0

DEGREE DAYS
 HEATING
  YESTERDAY       15                        34    -19       25
  MONTH TO DATE  872                       894    -22      864
  SINCE DEC 1   1902                      1985    -83     1967
  SINCE JUL 1   3227                      3466   -239     3328

 COOLING
  YESTERDAY        0                         0      0        0
  MONTH TO DATE    0                         0      0        0
  SINCE DEC 1      0                         0      0        0
  SINCE JAN 1      0                         0      0        0
..................................................................


WIND (MPH)
  HIGHEST WIND SPEED    12   HIGHEST WIND DIRECTION     N (20)
  HIGHEST GUST SPEED    14   HIGHEST GUST DIRECTION    SE (140)
  AVERAGE WIND SPEED     6.1


SKY COVER
  POSSIBLE SUNSHINE  MM
  AVERAGE SKY COVER 0.1


WEATHER CONDITIONS
 THE FOLLOWING WEATHER WAS RECORDED YESTERDAY.
  NO SIGNIFICANT WEATHER WAS OBSERVED.


RELATIVE HUMIDITY (PERCENT)
 HIGHEST    64          1200 AM
 LOWEST     18          1200 PM
 AVERAGE    41

..........................................................


THE COLORADO SPRINGS CO CLIMATE NORMALS FOR TODAY
                         NORMAL    RECORD    YEAR
 MAXIMUM TEMPERATURE (F)   43        67      1970
 MINIMUM TEMPERATURE (F)   18       -18      1897


SUNRISE AND SUNSET
JANUARY 27 2015.......SUNRISE   709 AM MST   SUNSET   514 PM MST
JANUARY 28 2015.......SUNRISE   708 AM MST   SUNSET   516 PM MST


-  INDICATES NEGATIVE NUMBERS.
R  INDICATES RECORD WAS SET OR TIED.
MM INDICATES DATA IS MISSING.
T  INDICATES TRACE AMOUNT.




$$
