000
CDUS45 KPUB 181025
CLICOS


CLIMATE REPORT
NATIONAL WEATHER SERVICE PUEBLO
425 AM MDT MON AUG 18 2014


...................................

...THE COLORADO SPRINGS CO CLIMATE SUMMARY FOR AUGUST 17 2014...

CLIMATE NORMAL PERIOD 1981 TO 2010
CLIMATE RECORD PERIOD 1872 TO 2014


WEATHER ITEM   OBSERVED TIME   RECORD YEAR NORMAL DEPARTURE LAST
                VALUE   (LST)  VALUE       VALUE  FROM      YEAR
                                                  NORMAL
..................................................................
TEMPERATURE (F)
 YESTERDAY
  MAXIMUM         89   1249 PM  95    1962  82      7       87
  MINIMUM         57   1137 PM  42    1920  56      1       57
  AVERAGE         73                        69      4       72

PRECIPITATION (IN)
  YESTERDAY        T             1.44 1932   0.12  -0.12     0.00
  MONTH TO DATE    1.67                      2.07  -0.40     3.25
  SINCE JUN 1      7.59                      7.41   0.18     8.46
  SINCE JAN 1     12.38                     12.52  -0.14    11.19

SNOWFALL (IN)
  YESTERDAY        0.0           T    2007   0.0    0.0      0.0
  MONTH TO DATE    0.0                       0.0    0.0       T
  SINCE JUN 1      T                         0.0    0.0       T
  SINCE JUL 1      T                         0.0    0.0       T
  SNOW DEPTH       0

DEGREE DAYS
 HEATING
  YESTERDAY        0                         1     -1        0
  MONTH TO DATE    5                         2      3        5
  SINCE JUN 1     67                        91    -24       35
  SINCE JUL 1     28                        12     16       10

 COOLING
  YESTERDAY        8                         4      4        7
  MONTH TO DATE   66                        85    -19       65
  SINCE JUN 1    364                       359      5      453
  SINCE JAN 1    377                       369      8      475
..................................................................


WIND (MPH)
  HIGHEST WIND SPEED    48   HIGHEST WIND DIRECTION     N (350)
  HIGHEST GUST SPEED    58   HIGHEST GUST DIRECTION     N (350)
  AVERAGE WIND SPEED     8.1


SKY COVER
  POSSIBLE SUNSHINE  MM
  AVERAGE SKY COVER 0.3


WEATHER CONDITIONS
 THE FOLLOWING WEATHER WAS RECORDED YESTERDAY.
  THUNDERSTORM
  LIGHT RAIN


RELATIVE HUMIDITY (PERCENT)
 HIGHEST    64           200 AM
 LOWEST     16          1000 AM
 AVERAGE    40

..........................................................


THE COLORADO SPRINGS CO CLIMATE NORMALS FOR TODAY
                         NORMAL    RECORD    YEAR
 MAXIMUM TEMPERATURE (F)   81        95      2002
                                             1986
 MINIMUM TEMPERATURE (F)   56        43      1960


SUNRISE AND SUNSET
AUGUST 18 2014........SUNRISE   615 AM MDT   SUNSET   749 PM MDT
AUGUST 19 2014........SUNRISE   616 AM MDT   SUNSET   748 PM MDT


-  INDICATES NEGATIVE NUMBERS.
R  INDICATES RECORD WAS SET OR TIED.
MM INDICATES DATA IS MISSING.
T  INDICATES TRACE AMOUNT.




$$
