000
CDUS45 KPUB 290022
CLICOS


CLIMATE REPORT
NATIONAL WEATHER SERVICE PUEBLO
622 PM MDT SUN SEP 28 2014


...................................

...THE COLORADO SPRINGS CO CLIMATE SUMMARY FOR SEPTEMBER 28 2014...
VALID TODAY AS OF 0500 PM LOCAL TIME.

CLIMATE NORMAL PERIOD 1981 TO 2010
CLIMATE RECORD PERIOD 1872 TO 2014


WEATHER ITEM   OBSERVED TIME   RECORD YEAR NORMAL DEPARTURE LAST
                VALUE   (LST)  VALUE       VALUE  FROM      YEAR
                                                  NORMAL
..................................................................
TEMPERATURE (F)
 TODAY
  MAXIMUM         78    203 PM  88    2010  70      8       67
  MINIMUM         50    529 AM  21    1936  42      8       33
  AVERAGE         64                        56      8       50

PRECIPITATION (IN)
  TODAY            T             0.53 1959   0.02  -0.02     0.00
  MONTH TO DATE    0.11                      1.15  -1.04     4.80
  SINCE SEP 1      0.11                      1.15  -1.04     4.80
  SINCE JAN 1     13.16                     14.94  -1.78    18.46

SNOWFALL (IN)
  TODAY            0.0           4.9  1959   0.1   -0.1      0.0
  MONTH TO DATE    T                         0.2   -0.2       T
  SINCE SEP 1      T                         0.2   -0.2       T
  SINCE JUL 1      T                         0.2   -0.2       T
  SNOW DEPTH       0

DEGREE DAYS
 HEATING
  TODAY            1                         9     -8       15
  MONTH TO DATE   72                       140    -68       67
  SINCE SEP 1     72                       140    -68       67
  SINCE JUL 1    102                       171    -69       77

 COOLING
  TODAY            0                         0      0        0
  MONTH TO DATE   60                        35     25       90
  SINCE SEP 1     60                        35     25       90
  SINCE JAN 1    487                       453     34      692
..................................................................


WIND (MPH)
  HIGHEST WIND SPEED    29   HIGHEST WIND DIRECTION     S (200)
  HIGHEST GUST SPEED    36   HIGHEST GUST DIRECTION    SW (210)
  AVERAGE WIND SPEED    10.1


SKY COVER
  POSSIBLE SUNSHINE  MM
  AVERAGE SKY COVER 0.4


WEATHER CONDITIONS
 THE FOLLOWING WEATHER WAS RECORDED TODAY.
  LIGHT RAIN


RELATIVE HUMIDITY (PERCENT)
 HIGHEST    83           400 AM
 LOWEST     28           200 PM
 AVERAGE    56

..........................................................


THE COLORADO SPRINGS CO CLIMATE NORMALS FOR TOMORROW
                         NORMAL    RECORD    YEAR
 MAXIMUM TEMPERATURE (F)   69        89      1933
 MINIMUM TEMPERATURE (F)   42        22      1985


SUNRISE AND SUNSET
SEPTEMBER 28 2014.....SUNRISE   652 AM MDT   SUNSET   646 PM MDT
SEPTEMBER 29 2014.....SUNRISE   653 AM MDT   SUNSET   645 PM MDT


-  INDICATES NEGATIVE NUMBERS.
R  INDICATES RECORD WAS SET OR TIED.
MM INDICATES DATA IS MISSING.
T  INDICATES TRACE AMOUNT.




$$
