000
CDUS45 KPUB 260022
CLICOS


CLIMATE REPORT
NATIONAL WEATHER SERVICE PUEBLO
621 PM MDT MON MAY 25 2015


...................................

...THE COLORADO SPRINGS CO CLIMATE SUMMARY FOR MAY 25 2015...
VALID TODAY AS OF 0500 PM LOCAL TIME.

CLIMATE NORMAL PERIOD 1981 TO 2010
CLIMATE RECORD PERIOD 1872 TO 2015


WEATHER ITEM   OBSERVED TIME   RECORD YEAR NORMAL DEPARTURE LAST
                VALUE   (LST)  VALUE       VALUE  FROM      YEAR
                                                  NORMAL
..................................................................
TEMPERATURE (F)
 TODAY
  MAXIMUM         65    212 PM  92    1964  72     -7       70
  MINIMUM         44    500 AM  30    1950  45     -1       47
  AVERAGE         55                        58     -3       59

PRECIPITATION (IN)
  TODAY            0.01          1.29 1996   0.07  -0.06     0.00
  MONTH TO DATE    7.37                      1.55   5.82     1.49
  SINCE MAR 1      9.15                      3.97   5.18     2.83
  SINCE JAN 1     11.47                      4.63   6.84     3.72

SNOWFALL (IN)
  TODAY            0.0           0.8  1950   0.0    0.0      0.0
  MONTH TO DATE    T                         0.7   -0.7      0.4
  SINCE MAR 1      5.6                      13.7   -8.1     10.7
  SINCE JUL 1     46.5                      37.7    8.8     34.8
  SNOW DEPTH       0

DEGREE DAYS
 HEATING
  TODAY           10                         7      3        6
  MONTH TO DATE  348                       254     94      256
  SINCE MAR 1   1506                      1613   -107     1554
  SINCE JUL 1   5727                      6176   -449     6041

 COOLING
  TODAY            0                         1     -1        0
  MONTH TO DATE    0                         1     -1        5
  SINCE MAR 1      0                         2     -2        5
  SINCE JAN 1      0                         2     -2        5
..................................................................


WIND (MPH)
  HIGHEST WIND SPEED    21   HIGHEST WIND DIRECTION     S (160)
  HIGHEST GUST SPEED    25   HIGHEST GUST DIRECTION     S (160)
  AVERAGE WIND SPEED     7.6


SKY COVER
  POSSIBLE SUNSHINE  MM
  AVERAGE SKY COVER 0.7


WEATHER CONDITIONS
 THE FOLLOWING WEATHER WAS RECORDED TODAY.
  THUNDERSTORM
  LIGHT RAIN


RELATIVE HUMIDITY (PERCENT)
 HIGHEST    76           100 AM
 LOWEST     39           100 PM
 AVERAGE    58

..........................................................


THE COLORADO SPRINGS CO CLIMATE NORMALS FOR TOMORROW
                         NORMAL    RECORD    YEAR
 MAXIMUM TEMPERATURE (F)   72        90      2012
 MINIMUM TEMPERATURE (F)   46        28      1950


SUNRISE AND SUNSET
MAY 25 2015...........SUNRISE   539 AM MDT   SUNSET   813 PM MDT
MAY 26 2015...........SUNRISE   539 AM MDT   SUNSET   814 PM MDT


-  INDICATES NEGATIVE NUMBERS.
R  INDICATES RECORD WAS SET OR TIED.
MM INDICATES DATA IS MISSING.
T  INDICATES TRACE AMOUNT.




$$
