000
CDUS45 KPUB 180028
CLICOS


CLIMATE REPORT
NATIONAL WEATHER SERVICE PUEBLO
628 PM MDT TUE OCT 17 2017


...................................

...THE COLORADO SPRINGS CO CLIMATE SUMMARY FOR OCTOBER 17 2017...
VALID TODAY AS OF 0500 PM LOCAL TIME.

CLIMATE NORMAL PERIOD 1981 TO 2010
CLIMATE RECORD PERIOD 1872 TO 2017


WEATHER ITEM   OBSERVED TIME   RECORD YEAR NORMAL DEPARTURE LAST
                VALUE   (LST)  VALUE       VALUE  FROM      YEAR
                                                  NORMAL
..................................................................
TEMPERATURE (F)
 TODAY
  MAXIMUM         74    215 PM  86    2016  63     11       86
  MINIMUM         40    557 AM  17    1948  35      5       44
  AVERAGE         57                        49      8       65

PRECIPITATION (IN)
  TODAY            0.00          0.65 1994   0.03  -0.03     0.00
  MONTH TO DATE    0.17                      0.48  -0.31      T
  SINCE SEP 1      2.94                      1.67   1.27     0.16
  SINCE JAN 1     18.22                     15.46   2.76    13.60

SNOWFALL (IN)
  TODAY            0.0           1.8  1905   0.1   -0.1      0.0
  MONTH TO DATE    0.3                       1.2   -0.9      0.0
  SINCE SEP 1      0.3                       1.4   -1.1      0.0
  SINCE JUL 1      0.3                       1.4   -1.1       T
  SNOW DEPTH       0

DEGREE DAYS
 HEATING
  TODAY            8                        16     -8        0
  MONTH TO DATE  215                       226    -11      112
  SINCE SEP 1    347                       385    -38      175
  SINCE JUL 1    356                       416    -60      196

 COOLING
  TODAY            0                         0      0        0
  MONTH TO DATE    0                         0      0        7
  SINCE SEP 1     91                        36     55       82
  SINCE JAN 1    639                       454    185      708
..................................................................


WIND (MPH)
  HIGHEST WIND SPEED    13   HIGHEST WIND DIRECTION     N (360)
  HIGHEST GUST SPEED    17   HIGHEST GUST DIRECTION    SW (220)
  AVERAGE WIND SPEED     7.6


SKY COVER
  POSSIBLE SUNSHINE  MM
  AVERAGE SKY COVER 0.2


WEATHER CONDITIONS
 THE FOLLOWING WEATHER WAS RECORDED TODAY.
  NO SIGNIFICANT WEATHER WAS OBSERVED.


RELATIVE HUMIDITY (PERCENT)
 HIGHEST    38           600 AM
 LOWEST      9           300 PM
 AVERAGE    24

..........................................................


THE COLORADO SPRINGS CO CLIMATE NORMALS FOR TOMORROW
                         NORMAL    RECORD    YEAR
 MAXIMUM TEMPERATURE (F)   62        82      2009
 MINIMUM TEMPERATURE (F)   35        20      1996


SUNRISE AND SUNSET
OCTOBER 17 2017.......SUNRISE   710 AM MDT   SUNSET   617 PM MDT
OCTOBER 18 2017.......SUNRISE   711 AM MDT   SUNSET   616 PM MDT


-  INDICATES NEGATIVE NUMBERS.
R  INDICATES RECORD WAS SET OR TIED.
MM INDICATES DATA IS MISSING.
T  INDICATES TRACE AMOUNT.




$$
