335
CDUS45 KPUB 071135
CLICOS


CLIMATE REPORT
NATIONAL WEATHER SERVICE PUEBLO
435 AM MST WED DEC 7 2016


...................................

...THE COLORADO SPRINGS CO CLIMATE SUMMARY FOR DECEMBER 6 2016...

CLIMATE NORMAL PERIOD 1981 TO 2010
CLIMATE RECORD PERIOD 1872 TO 2016


WEATHER ITEM   OBSERVED TIME   RECORD YEAR NORMAL DEPARTURE LAST
                VALUE   (LST)  VALUE       VALUE  FROM      YEAR
                                                  NORMAL
..................................................................
TEMPERATURE (F)
 YESTERDAY
  MAXIMUM         24    145 PM  72    1939  43    -19       48
  MINIMUM         10    959 PM -15    1972  18     -8       18
  AVERAGE         17                        30    -13       33

PRECIPITATION (IN)
  YESTERDAY        0.01          0.47 1978   0.01   0.00     0.00
  MONTH TO DATE    0.04                      0.07  -0.03     0.02
  SINCE DEC 1      0.04                      0.07  -0.03     0.02
  SINCE JAN 1     13.71                     16.27  -2.56    25.02

SNOWFALL (IN)
  YESTERDAY        0.1           5.2  1978   0.1    0.0      0.0
  MONTH TO DATE    0.3                       1.1   -0.8       T
  SINCE DEC 1      0.3                       1.1   -0.8       T
  SINCE JUL 1      0.3                       8.9   -8.6      5.8
  SNOW DEPTH       0

DEGREE DAYS
 HEATING
  YESTERDAY       48                        35     13       32
  MONTH TO DATE  227                       203     24      176
  SINCE DEC 1    227                       203     24      176
  SINCE JUL 1   1130                      1684   -554     1279

 COOLING
  YESTERDAY        0                         0      0        0
  MONTH TO DATE    0                         0      0        0
  SINCE DEC 1      0                         0      0        0
  SINCE JAN 1    710                       455    255      617
..................................................................


WIND (MPH)
  HIGHEST WIND SPEED    25   HIGHEST WIND DIRECTION    SE (150)
  HIGHEST GUST SPEED    32   HIGHEST GUST DIRECTION    SE (150)
  AVERAGE WIND SPEED    12.2


SKY COVER
  POSSIBLE SUNSHINE  MM
  AVERAGE SKY COVER 0.4


WEATHER CONDITIONS
 THE FOLLOWING WEATHER WAS RECORDED YESTERDAY.
  LIGHT SNOW
  FOG
  HAZE


RELATIVE HUMIDITY (PERCENT)
 HIGHEST    74           600 PM
 LOWEST     38           100 PM
 AVERAGE    56

..........................................................


THE COLORADO SPRINGS CO CLIMATE NORMALS FOR TODAY
                         NORMAL    RECORD    YEAR
 MAXIMUM TEMPERATURE (F)   42        68      1906
 MINIMUM TEMPERATURE (F)   18       -15      2005


SUNRISE AND SUNSET
DECEMBER  7 2016......SUNRISE   704 AM MST   SUNSET   437 PM MST
DECEMBER  8 2016......SUNRISE   705 AM MST   SUNSET   437 PM MST


-  INDICATES NEGATIVE NUMBERS.
R  INDICATES RECORD WAS SET OR TIED.
MM INDICATES DATA IS MISSING.
T  INDICATES TRACE AMOUNT.




$$
