000
CDUS45 KPUB 200018
CLICOS


CLIMATE REPORT
NATIONAL WEATHER SERVICE PUEBLO
618 PM MDT SAT APR 19 2014


...................................

...THE COLORADO SPRINGS CO CLIMATE SUMMARY FOR APRIL 19 2014...
VALID TODAY AS OF 0500 PM LOCAL TIME.

CLIMATE NORMAL PERIOD 1981 TO 2010
CLIMATE RECORD PERIOD 1872 TO 2014


WEATHER ITEM   OBSERVED TIME   RECORD YEAR NORMAL DEPARTURE LAST
                VALUE   (LST)  VALUE       VALUE  FROM      YEAR
                                                  NORMAL
..................................................................
TEMPERATURE (F)
 TODAY
  MAXIMUM         68   1202 PM  79    1962  61      7       54
  MINIMUM         48    336 AM  16    1966  34     14       20
  AVERAGE         58                        47     11       37

PRECIPITATION (IN)
  TODAY            T             0.82 1942   0.05  -0.05     0.00
  MONTH TO DATE    0.90                      0.78   0.12     0.24
  SINCE MAR 1      1.32                      1.78  -0.46     0.42
  SINCE JAN 1      2.21                      2.44  -0.23     1.50

SNOWFALL (IN)
  TODAY           MM             3.2  1944   0.2   MM        0.0
  MONTH TO DATE    7.5                       3.4    4.1      2.1
  SINCE MAR 1     10.3                      11.5   -1.2      6.3
  SINCE JUL 1     34.4                      35.5   -1.1     26.3
  SNOW DEPTH       0

DEGREE DAYS
 HEATING
  TODAY            7                        18    -11       28
  MONTH TO DATE  368                       381    -13      477
  SINCE MAR 1   1149                      1186    -37     1289
  SINCE JUL 1   5636                      5749   -113     5633

 COOLING
  TODAY            0                         0      0        0
  MONTH TO DATE    0                         0      0        0
  SINCE MAR 1      0                         0      0        0
  SINCE JAN 1      0                         0      0        0
..................................................................


WIND (MPH)
  HIGHEST WIND SPEED    28   HIGHEST WIND DIRECTION    NE (40)
  HIGHEST GUST SPEED    33   HIGHEST GUST DIRECTION    NE (40)
  AVERAGE WIND SPEED    10.4


SKY COVER
  POSSIBLE SUNSHINE  MM
  AVERAGE SKY COVER 0.8


WEATHER CONDITIONS
 THE FOLLOWING WEATHER WAS RECORDED TODAY.
  LIGHT RAIN


RELATIVE HUMIDITY (PERCENT)
 HIGHEST    50           100 AM
 LOWEST     24          1200 PM
 AVERAGE    37

..........................................................


THE COLORADO SPRINGS CO CLIMATE NORMALS FOR TOMORROW
                         NORMAL    RECORD    YEAR
 MAXIMUM TEMPERATURE (F)   61        81      1989
 MINIMUM TEMPERATURE (F)   34        13      1966


SUNRISE AND SUNSET
APRIL 19 2014.........SUNRISE   617 AM MDT   SUNSET   740 PM MDT
APRIL 20 2014.........SUNRISE   615 AM MDT   SUNSET   741 PM MDT


-  INDICATES NEGATIVE NUMBERS.
R  INDICATES RECORD WAS SET OR TIED.
MM INDICATES DATA IS MISSING.
T  INDICATES TRACE AMOUNT.




$$
