000
CDUS45 KPUB 251233
CLICOS


CLIMATE REPORT
NATIONAL WEATHER SERVICE PUEBLO
505 AM MST WED FEB 25 2015


...................................

...THE COLORADO SPRINGS CO CLIMATE SUMMARY FOR FEBRUARY 24 2015...

CLIMATE NORMAL PERIOD 1981 TO 2010
CLIMATE RECORD PERIOD 1872 TO 2015


WEATHER ITEM   OBSERVED TIME   RECORD YEAR NORMAL DEPARTURE LAST
                VALUE   (LST)  VALUE       VALUE  FROM      YEAR
                                                  NORMAL
..................................................................
TEMPERATURE (F)
 YESTERDAY
  MAXIMUM         35    347 PM  71    1986  47    -12       63
  MINIMUM         12    624 AM  -5    1955  21     -9       21
  AVERAGE         24                        34    -10       42

PRECIPITATION (IN)
  YESTERDAY        0.00          0.36 1912   0.01  -0.01     0.00
  MONTH TO DATE    1.25                      0.27   0.98     0.22
  SINCE DEC 1      2.28                      0.93   1.35     0.96
  SINCE JAN 1      2.12                      0.59   1.53     0.89

SNOWFALL (IN)
  YESTERDAY        0.0           5.3  1912   0.2   -0.2      0.0
  MONTH TO DATE   13.2                       4.2    9.0      3.4
  SINCE DEC 1     30.4                      15.5   14.9     19.9
  SINCE JUL 1     37.5                      23.3   14.2     24.1
  SNOW DEPTH       7

DEGREE DAYS
 HEATING
  YESTERDAY       41                        31     10       23
  MONTH TO DATE  678                       796   -118      836
  SINCE DEC 1   2697                      2958   -261     3011
  SINCE JUL 1   4022                      4439   -417     4372

 COOLING
  YESTERDAY        0                         0      0        0
  MONTH TO DATE    0                         0      0        0
  SINCE DEC 1      0                         0      0        0
  SINCE JAN 1      0                         0      0        0
..................................................................


WIND (MPH)
  HIGHEST WIND SPEED    16   HIGHEST WIND DIRECTION     N (360)
  HIGHEST GUST SPEED    19   HIGHEST GUST DIRECTION    NW (310)
  AVERAGE WIND SPEED     7.0


SKY COVER
  POSSIBLE SUNSHINE  MM
  AVERAGE SKY COVER 0.1


WEATHER CONDITIONS
 THE FOLLOWING WEATHER WAS RECORDED YESTERDAY.
  NO SIGNIFICANT WEATHER WAS OBSERVED.


RELATIVE HUMIDITY (PERCENT)
 HIGHEST    67           900 PM
 LOWEST     32          1000 AM
 AVERAGE    50

..........................................................


THE COLORADO SPRINGS CO CLIMATE NORMALS FOR TODAY
                         NORMAL    RECORD    YEAR
 MAXIMUM TEMPERATURE (F)   47        71      1986
 MINIMUM TEMPERATURE (F)   21        -4      1960


SUNRISE AND SUNSET
FEBRUARY 25 2015......SUNRISE   637 AM MST   SUNSET   547 PM MST
FEBRUARY 26 2015......SUNRISE   636 AM MST   SUNSET   548 PM MST


-  INDICATES NEGATIVE NUMBERS.
R  INDICATES RECORD WAS SET OR TIED.
MM INDICATES DATA IS MISSING.
T  INDICATES TRACE AMOUNT.




$$
