000
CDUS45 KPUB 151154
CLICOS


CLIMATE REPORT
NATIONAL WEATHER SERVICE PUEBLO
453 AM MST WED NOV 15 2017


...................................

...THE COLORADO SPRINGS CO CLIMATE SUMMARY FOR NOVEMBER 14 2017...

CLIMATE NORMAL PERIOD 1981 TO 2010
CLIMATE RECORD PERIOD 1872 TO 2017


WEATHER ITEM   OBSERVED TIME   RECORD YEAR NORMAL DEPARTURE LAST
                VALUE   (LST)  VALUE       VALUE  FROM      YEAR
                                                  NORMAL
..................................................................
TEMPERATURE (F)
 YESTERDAY
  MAXIMUM         68    421 PM  77    1936  52     16       69
  MINIMUM         36   1250 AM -12    1916  26     10       33
  AVERAGE         52                        39     13       51

PRECIPITATION (IN)
  YESTERDAY        0.00          0.40 1993   0.01  -0.01     0.00
  MONTH TO DATE    0.12                      0.21  -0.09      T
  SINCE SEP 1      3.12                      2.22   0.90     0.16
  SINCE JAN 1     18.40                     16.01   2.39    13.60

SNOWFALL (IN)
  YESTERDAY        0.0           5.7  1993   0.1   -0.1      0.0
  MONTH TO DATE    0.7                       1.9   -1.2      0.0
  SINCE SEP 1      1.6                       5.0   -3.4      0.0
  SINCE JUL 1      1.6                       5.0   -3.4       T
  SNOW DEPTH       0

DEGREE DAYS
 HEATING
  YESTERDAY       13                        26    -13       14
  MONTH TO DATE  286                       328    -42      216
  SINCE SEP 1    868                       971   -103      499
  SINCE JUL 1    877                      1002   -125      520

 COOLING
  YESTERDAY        0                         0      0        0
  MONTH TO DATE    0                         0      0        0
  SINCE SEP 1     91                        37     54       84
  SINCE JAN 1    639                       455    184      710
..................................................................


WIND (MPH)
  HIGHEST WIND SPEED    21   HIGHEST WIND DIRECTION     N (20)
  HIGHEST GUST SPEED    25   HIGHEST GUST DIRECTION    NE (30)
  AVERAGE WIND SPEED     7.6


SKY COVER
  POSSIBLE SUNSHINE  MM
  AVERAGE SKY COVER 0.5


WEATHER CONDITIONS
 THE FOLLOWING WEATHER WAS RECORDED YESTERDAY.
  NO SIGNIFICANT WEATHER WAS OBSERVED.


RELATIVE HUMIDITY (PERCENT)
 HIGHEST    54          1200 AM
 LOWEST     12           100 PM
 AVERAGE    33

..........................................................


THE COLORADO SPRINGS CO CLIMATE NORMALS FOR TODAY
                         NORMAL    RECORD    YEAR
 MAXIMUM TEMPERATURE (F)   51        76      2016
 MINIMUM TEMPERATURE (F)   25         0      1997


SUNRISE AND SUNSET
NOVEMBER 15 2017......SUNRISE   642 AM MST   SUNSET   445 PM MST
NOVEMBER 16 2017......SUNRISE   643 AM MST   SUNSET   444 PM MST


-  INDICATES NEGATIVE NUMBERS.
R  INDICATES RECORD WAS SET OR TIED.
MM INDICATES DATA IS MISSING.
T  INDICATES TRACE AMOUNT.




$$
