000
CDUS45 KPUB 250022
CLICOS


CLIMATE REPORT
NATIONAL WEATHER SERVICE PUEBLO
621 PM MDT TUE MAR 24 2015


...................................

...THE COLORADO SPRINGS CO CLIMATE SUMMARY FOR MARCH 24 2015...
VALID TODAY AS OF 0500 PM LOCAL TIME.

CLIMATE NORMAL PERIOD 1981 TO 2010
CLIMATE RECORD PERIOD 1872 TO 2015


WEATHER ITEM   OBSERVED TIME   RECORD YEAR NORMAL DEPARTURE LAST
                VALUE   (LST)  VALUE       VALUE  FROM      YEAR
                                                  NORMAL
..................................................................
TEMPERATURE (F)
 TODAY
  MAXIMUM         66    306 PM  74    2012  54     12       43
  MINIMUM         36    357 AM   2    1965  28      8       24
  AVERAGE         51                        41     10       34

PRECIPITATION (IN)
  TODAY            0.01          1.09 1941   0.03  -0.02     0.00
  MONTH TO DATE    0.78                      0.75   0.03     0.42
  SINCE MAR 1      0.78                      0.75   0.03     0.42
  SINCE JAN 1      3.10                      1.41   1.69     1.31

SNOWFALL (IN)
  TODAY            0.0           6.0  1941   0.2   -0.2      0.0
  MONTH TO DATE    3.9                       6.2   -2.3      2.8
  SINCE MAR 1      3.9                       6.2   -2.3      2.8
  SINCE JUL 1     44.8                      30.2   14.6     26.9
  SNOW DEPTH       0

DEGREE DAYS
 HEATING
  TODAY           14                        24    -10       31
  MONTH TO DATE  560                       643    -83      640
  SINCE MAR 1    560                       643    -83      640
  SINCE JUL 1   4781                      5206   -425     5127

 COOLING
  TODAY            0                         0      0        0
  MONTH TO DATE    0                         0      0        0
  SINCE MAR 1      0                         0      0        0
  SINCE JAN 1      0                         0      0        0
..................................................................


WIND (MPH)
  HIGHEST WIND SPEED    43   HIGHEST WIND DIRECTION    NW (310)
  HIGHEST GUST SPEED    54   HIGHEST GUST DIRECTION    NW (310)
  AVERAGE WIND SPEED    13.3


SKY COVER
  POSSIBLE SUNSHINE  MM
  AVERAGE SKY COVER 0.5


WEATHER CONDITIONS
 THE FOLLOWING WEATHER WAS RECORDED TODAY.
  LIGHT RAIN


RELATIVE HUMIDITY (PERCENT)
 HIGHEST    65           100 AM
 LOWEST     10           100 PM
 AVERAGE    38

..........................................................


THE COLORADO SPRINGS CO CLIMATE NORMALS FOR TOMORROW
                         NORMAL    RECORD    YEAR
 MAXIMUM TEMPERATURE (F)   54        75      2012
 MINIMUM TEMPERATURE (F)   28        -7      1965


SUNRISE AND SUNSET
MARCH 24 2015.........SUNRISE   656 AM MDT   SUNSET   715 PM MDT
MARCH 25 2015.........SUNRISE   655 AM MDT   SUNSET   715 PM MDT


-  INDICATES NEGATIVE NUMBERS.
R  INDICATES RECORD WAS SET OR TIED.
MM INDICATES DATA IS MISSING.
T  INDICATES TRACE AMOUNT.




$$
