000
CDUS45 KPUB 260102
CLICOS


CLIMATE REPORT
NATIONAL WEATHER SERVICE PUEBLO
552 PM MST TUE NOV 25 2014


...................................

...THE COLORADO SPRINGS CO CLIMATE SUMMARY FOR NOVEMBER 25 2014...
VALID TODAY AS OF 0500 PM LOCAL TIME.

CLIMATE NORMAL PERIOD 1981 TO 2010
CLIMATE RECORD PERIOD 1872 TO 2014


WEATHER ITEM   OBSERVED TIME   RECORD YEAR NORMAL DEPARTURE LAST
                VALUE   (LST)  VALUE       VALUE  FROM      YEAR
                                                  NORMAL
..................................................................
TEMPERATURE (F)
 TODAY
  MAXIMUM         50    311 PM  74    1990  47      3       37
  MINIMUM         15    227 AM  -4    1993  22     -7       28
  AVERAGE         33                        34     -1       33

PRECIPITATION (IN)
  TODAY            0.00          0.29 1978   0.01  -0.01      T
  MONTH TO DATE    0.26                      0.34  -0.08     0.27
  SINCE SEP 1      3.83                      2.35   1.48     5.49
  SINCE JAN 1     16.88                     16.14   0.74    19.15

SNOWFALL (IN)
  TODAY            0.0           3.2  1978   0.2   -0.2       T
  MONTH TO DATE    6.8                       3.7    3.1      4.0
  SINCE SEP 1      6.8                       6.8    0.0      4.2
  SINCE JUL 1      6.8                       6.8    0.0      4.2
  SNOW DEPTH       0

DEGREE DAYS
 HEATING
  TODAY           32                        31      1       32
  MONTH TO DATE  753                       646    107      628
  SINCE SEP 1   1190                      1289    -99     1213
  SINCE JUL 1   1220                      1320   -100     1223

 COOLING
  TODAY            0                         0      0        0
  MONTH TO DATE    0                         0      0        0
  SINCE SEP 1     60                        37     23       92
  SINCE JAN 1    487                       455     32      694
..................................................................


WIND (MPH)
  HIGHEST WIND SPEED    32   HIGHEST WIND DIRECTION    NW (310)
  HIGHEST GUST SPEED    41   HIGHEST GUST DIRECTION    NW (320)
  AVERAGE WIND SPEED    10.6


SKY COVER
  POSSIBLE SUNSHINE  MM
  AVERAGE SKY COVER 0.5


WEATHER CONDITIONS
 THE FOLLOWING WEATHER WAS RECORDED TODAY.
  NO SIGNIFICANT WEATHER WAS OBSERVED.


RELATIVE HUMIDITY (PERCENT)
 HIGHEST    73          1200 AM
 LOWEST     24           300 PM
 AVERAGE    49

..........................................................


THE COLORADO SPRINGS CO CLIMATE NORMALS FOR TOMORROW
                         NORMAL    RECORD    YEAR
 MAXIMUM TEMPERATURE (F)   46        70      1950
 MINIMUM TEMPERATURE (F)   21        -4      1952


SUNRISE AND SUNSET
NOVEMBER 25 2014......SUNRISE   652 AM MST   SUNSET   439 PM MST
NOVEMBER 26 2014......SUNRISE   653 AM MST   SUNSET   439 PM MST


-  INDICATES NEGATIVE NUMBERS.
R  INDICATES RECORD WAS SET OR TIED.
MM INDICATES DATA IS MISSING.
T  INDICATES TRACE AMOUNT.




$$
