000
CDUS45 KPUB 200023
CLICOS


CLIMATE REPORT
NATIONAL WEATHER SERVICE PUEBLO
623 PM MDT WED APR 19 2017


...................................

...THE COLORADO SPRINGS CO CLIMATE SUMMARY FOR APRIL 19 2017...
VALID TODAY AS OF 0500 PM LOCAL TIME.

CLIMATE NORMAL PERIOD 1981 TO 2010
CLIMATE RECORD PERIOD 1872 TO 2017


WEATHER ITEM   OBSERVED TIME   RECORD YEAR NORMAL DEPARTURE LAST
                VALUE   (LST)  VALUE       VALUE  FROM      YEAR
                                                  NORMAL
..................................................................
TEMPERATURE (F)
 TODAY
  MAXIMUM         75    402 PM  79    1962  61     14       49
  MINIMUM         50   1202 AM  16    1966  34     16       30
  AVERAGE         63                        47     16       40

PRECIPITATION (IN)
  TODAY            0.00          0.82 1942   0.05  -0.05     0.24
  MONTH TO DATE    0.97                      0.78   0.19     1.16
  SINCE MAR 1      1.41                      1.78  -0.37     1.89
  SINCE JAN 1      1.80                      2.44  -0.64     3.43

SNOWFALL (IN)
  TODAY            0.0           3.2  1944   0.2   -0.2      2.2
  MONTH TO DATE    8.9                       3.4    5.5      5.1
  SINCE MAR 1     10.9                      11.5   -0.6     15.6
  SINCE JUL 1     24.3                      35.5  -11.2     42.7
  SNOW DEPTH       0

DEGREE DAYS
 HEATING
  TODAY            2                        18    -16       25
  MONTH TO DATE  263                       381   -118      344
  SINCE MAR 1    823                      1186   -363     1054
  SINCE JUL 1   4576                      5749  -1173     4957

 COOLING
  TODAY            0                         0      0        0
  MONTH TO DATE    0                         0      0        0
  SINCE MAR 1      0                         0      0        0
  SINCE JAN 1      0                         0      0        0
..................................................................


WIND (MPH)
  HIGHEST WIND SPEED    37   HIGHEST WIND DIRECTION     W (270)
  HIGHEST GUST SPEED    47   HIGHEST GUST DIRECTION     W (250)
  AVERAGE WIND SPEED    14.0


SKY COVER
  POSSIBLE SUNSHINE  MM
  AVERAGE SKY COVER 0.3


WEATHER CONDITIONS
 THE FOLLOWING WEATHER WAS RECORDED TODAY.
  NO SIGNIFICANT WEATHER WAS OBSERVED.


RELATIVE HUMIDITY (PERCENT)
 HIGHEST    29          1200 AM
 LOWEST     11           200 PM
 AVERAGE    20

..........................................................


THE COLORADO SPRINGS CO CLIMATE NORMALS FOR TOMORROW
                         NORMAL    RECORD    YEAR
 MAXIMUM TEMPERATURE (F)   61        81      1989
 MINIMUM TEMPERATURE (F)   34        13      1966


SUNRISE AND SUNSET
APRIL 19 2017.........SUNRISE   616 AM MDT   SUNSET   740 PM MDT
APRIL 20 2017.........SUNRISE   615 AM MDT   SUNSET   741 PM MDT


-  INDICATES NEGATIVE NUMBERS.
R  INDICATES RECORD WAS SET OR TIED.
MM INDICATES DATA IS MISSING.
T  INDICATES TRACE AMOUNT.




$$
