000
CDUS45 KPUB 211052
CLICOS


CLIMATE REPORT
NATIONAL WEATHER SERVICE PUEBLO
452 AM MDT FRI JUL 21 2017


...................................

...THE COLORADO SPRINGS CO CLIMATE SUMMARY FOR JULY 20 2017...

CLIMATE NORMAL PERIOD 1981 TO 2010
CLIMATE RECORD PERIOD 1872 TO 2017


WEATHER ITEM   OBSERVED TIME   RECORD YEAR NORMAL DEPARTURE LAST
                VALUE   (LST)  VALUE       VALUE  FROM      YEAR
                                                  NORMAL
..................................................................
TEMPERATURE (F)
 YESTERDAY
  MAXIMUM         92    348 PM  98    2005  85      7       96
  MINIMUM         67    508 AM  40    1897  57     10       61
  AVERAGE         80                        71      9       79

PRECIPITATION (IN)
  YESTERDAY        0.00          1.18 2010   0.10  -0.10     0.25
  MONTH TO DATE    2.63                      1.63   1.00     1.70
  SINCE JUN 1      3.13                      4.13  -1.00     2.74
  SINCE JAN 1      9.25                      9.24   0.01     9.67

SNOWFALL (IN)
  YESTERDAY        0.0           0.0  2010   0.0    0.0      0.0
  MONTH TO DATE    T                         0.0    0.0       T
  SINCE JUN 1      T                         0.0    0.0       T
  SINCE JUL 1      T                         0.0    0.0       T
  SNOW DEPTH       0

DEGREE DAYS
 HEATING
  YESTERDAY        0                         0      0        0
  MONTH TO DATE    0                         3     -3        0
  SINCE JUN 1     21                        82    -61        8
  SINCE JUL 1      0                         3     -3        0

 COOLING
  YESTERDAY       15                         7      8       14
  MONTH TO DATE  173                       123     50      190
  SINCE JUN 1    330                       206    124      371
  SINCE JAN 1    332                       216    116      373
..................................................................


WIND (MPH)
  HIGHEST WIND SPEED    23   HIGHEST WIND DIRECTION     N (340)
  HIGHEST GUST SPEED    30   HIGHEST GUST DIRECTION     N (340)
  AVERAGE WIND SPEED    10.1


SKY COVER
  POSSIBLE SUNSHINE  MM
  AVERAGE SKY COVER 0.4


WEATHER CONDITIONS
 THE FOLLOWING WEATHER WAS RECORDED YESTERDAY.
  NO SIGNIFICANT WEATHER WAS OBSERVED.


RELATIVE HUMIDITY (PERCENT)
 HIGHEST    63           500 AM
 LOWEST     26           400 PM
 AVERAGE    45

..........................................................


THE COLORADO SPRINGS CO CLIMATE NORMALS FOR TODAY
                         NORMAL    RECORD    YEAR
 MAXIMUM TEMPERATURE (F)   85        98      1981
 MINIMUM TEMPERATURE (F)   58        47      1958
                                             1897


SUNRISE AND SUNSET
JULY 21 2017..........SUNRISE   551 AM MDT   SUNSET   819 PM MDT
JULY 22 2017..........SUNRISE   552 AM MDT   SUNSET   818 PM MDT


-  INDICATES NEGATIVE NUMBERS.
R  INDICATES RECORD WAS SET OR TIED.
MM INDICATES DATA IS MISSING.
T  INDICATES TRACE AMOUNT.




$$
