375
CDUS45 KPUB 081145
CLICOS


CLIMATE REPORT
NATIONAL WEATHER SERVICE PUEBLO
445 AM MST MON FEB 8 2016


...................................

...THE COLORADO SPRINGS CO CLIMATE SUMMARY FOR FEBRUARY 7 2016...

CLIMATE NORMAL PERIOD 1981 TO 2010
CLIMATE RECORD PERIOD 1872 TO 2016


WEATHER ITEM   OBSERVED TIME   RECORD YEAR NORMAL DEPARTURE LAST
                VALUE   (LST)  VALUE       VALUE  FROM      YEAR
                                                  NORMAL
..................................................................
TEMPERATURE (F)
 YESTERDAY
  MAXIMUM         41    244 AM  74    2015  43     -2       74
  MINIMUM         20    732 PM -20    1899  18      2       42
  AVERAGE         31                        31      0       58

PRECIPITATION (IN)
  YESTERDAY        0.00          0.45 1905   0.01  -0.01     0.00
  MONTH TO DATE    1.00                      0.07   0.93      T
  SINCE DEC 1      1.79                      0.73   1.06     1.03
  SINCE JAN 1      1.54                      0.39   1.15     0.87

SNOWFALL (IN)
  YESTERDAY        0.0           6.0  1905   0.2   -0.2      0.0
  MONTH TO DATE   10.3                       1.2    9.1       T
  SINCE DEC 1     20.6                      12.5    8.1     17.2
  SINCE JUL 1     26.4                      20.3    6.1     24.3
  SNOW DEPTH       6

DEGREE DAYS
 HEATING
  YESTERDAY       34                        34      0        7
  MONTH TO DATE  308                       238     70      159
  SINCE DEC 1   2302                      2400    -98     2178
  SINCE JUL 1   3405                      3881   -476     3503

 COOLING
  YESTERDAY        0                         0      0        0
  MONTH TO DATE    0                         0      0        0
  SINCE DEC 1      0                         0      0        0
  SINCE JAN 1      0                         0      0        0
..................................................................


WIND (MPH)
  HIGHEST WIND SPEED    21   HIGHEST WIND DIRECTION     N (10)
  HIGHEST GUST SPEED    23   HIGHEST GUST DIRECTION     N (360)
  AVERAGE WIND SPEED     7.0


SKY COVER
  POSSIBLE SUNSHINE  MM
  AVERAGE SKY COVER 0.6


WEATHER CONDITIONS
 THE FOLLOWING WEATHER WAS RECORDED YESTERDAY.
  NO SIGNIFICANT WEATHER WAS OBSERVED.


RELATIVE HUMIDITY (PERCENT)
 HIGHEST    88           900 PM
 LOWEST     27          1200 AM
 AVERAGE    58

..........................................................


THE COLORADO SPRINGS CO CLIMATE NORMALS FOR TODAY
                         NORMAL    RECORD    YEAR
 MAXIMUM TEMPERATURE (F)   44        70      1954
 MINIMUM TEMPERATURE (F)   18       -20      1933


SUNRISE AND SUNSET
FEBRUARY  8 2016......SUNRISE   658 AM MST   SUNSET   528 PM MST
FEBRUARY  9 2016......SUNRISE   657 AM MST   SUNSET   529 PM MST


-  INDICATES NEGATIVE NUMBERS.
R  INDICATES RECORD WAS SET OR TIED.
MM INDICATES DATA IS MISSING.
T  INDICATES TRACE AMOUNT.




$$
