000
CDUS45 KPUB 230020
CLICOS


CLIMATE REPORT
NATIONAL WEATHER SERVICE PUEBLO
520 PM MST MON DEC 22 2014


...................................

...THE COLORADO SPRINGS CO CLIMATE SUMMARY FOR DECEMBER 22 2014...
VALID TODAY AS OF 0500 PM LOCAL TIME.

CLIMATE NORMAL PERIOD 1981 TO 2010
CLIMATE RECORD PERIOD 1872 TO 2014


WEATHER ITEM   OBSERVED TIME   RECORD YEAR NORMAL DEPARTURE LAST
                VALUE   (LST)  VALUE       VALUE  FROM      YEAR
                                                  NORMAL
..................................................................
TEMPERATURE (F)
 TODAY
  MAXIMUM         38   1027 AM  69    1955  42     -4       37
  MINIMUM         29    415 PM -24    1990  17     12       14
  AVERAGE         34                        29      5       26

PRECIPITATION (IN)
  TODAY            0.01          0.27 2009   0.01   0.00     0.00
  MONTH TO DATE    0.07                      0.26  -0.19     0.07
  SINCE DEC 1      0.07                      0.26  -0.19     0.07
  SINCE JAN 1     16.95                     16.46   0.49    19.22

SNOWFALL (IN)
  TODAY            T             3.9  1977   0.2   -0.2      0.0
  MONTH TO DATE    0.3                       4.2   -3.9      2.9
  SINCE DEC 1      0.3                       4.2   -3.9      2.9
  SINCE JUL 1      7.4                      12.0   -4.6      7.1
  SNOW DEPTH       0

DEGREE DAYS
 HEATING
  TODAY           31                        36     -5       39
  MONTH TO DATE  618                       774   -156      814
  SINCE DEC 1    618                       774   -156      814
  SINCE JUL 1   1943                      2255   -312     2175

 COOLING
  TODAY            0                         0      0        0
  MONTH TO DATE    0                         0      0        0
  SINCE DEC 1      0                         0      0        0
  SINCE JAN 1    487                       455     32      694
..................................................................


WIND (MPH)
  HIGHEST WIND SPEED    18   HIGHEST WIND DIRECTION     N (20)
  HIGHEST GUST SPEED    24   HIGHEST GUST DIRECTION    NE (30)
  AVERAGE WIND SPEED    10.2


SKY COVER
  POSSIBLE SUNSHINE  MM
  AVERAGE SKY COVER 0.9


WEATHER CONDITIONS
 THE FOLLOWING WEATHER WAS RECORDED TODAY.
  LIGHT RAIN
  SNOW
  LIGHT SNOW
  FOG
  HAZE


RELATIVE HUMIDITY (PERCENT)
 HIGHEST    89          1200 AM
 LOWEST     52          1000 AM
 AVERAGE    71

..........................................................


THE COLORADO SPRINGS CO CLIMATE NORMALS FOR TOMORROW
                         NORMAL    RECORD    YEAR
 MAXIMUM TEMPERATURE (F)   42        77      1955
 MINIMUM TEMPERATURE (F)   17       -17      1990


SUNRISE AND SUNSET
DECEMBER 22 2014......SUNRISE   714 AM MST   SUNSET   441 PM MST
DECEMBER 23 2014......SUNRISE   715 AM MST   SUNSET   442 PM MST


-  INDICATES NEGATIVE NUMBERS.
R  INDICATES RECORD WAS SET OR TIED.
MM INDICATES DATA IS MISSING.
T  INDICATES TRACE AMOUNT.




$$
