000
CDUS45 KPUB 202320
CLICOS


CLIMATE REPORT
NATIONAL WEATHER SERVICE PUEBLO
520 PM MDT WED AUG 20 2014


...................................

...THE COLORADO SPRINGS CO CLIMATE SUMMARY FOR AUGUST 20 2014...
VALID TODAY AS OF 0500 PM LOCAL TIME.

CLIMATE NORMAL PERIOD 1981 TO 2010
CLIMATE RECORD PERIOD 1872 TO 2014


WEATHER ITEM   OBSERVED TIME   RECORD YEAR NORMAL DEPARTURE LAST
                VALUE   (LST)  VALUE       VALUE  FROM      YEAR
                                                  NORMAL
..................................................................
TEMPERATURE (F)
 TODAY
  MAXIMUM         87    236 PM  93    2003  81      6       89
                                      1987
  MINIMUM         60    535 AM  44    1903  55      5       59
  AVERAGE         74                        68      6       74

PRECIPITATION (IN)
  TODAY            0.00          2.98 1970   0.09  -0.09     0.00
  MONTH TO DATE    1.67                      2.37  -0.70     3.25
  SINCE JUN 1      7.59                      7.71  -0.12     8.46
  SINCE JAN 1     12.38                     12.82  -0.44    11.19

SNOWFALL (IN)
  TODAY            0.0           T    2005   0.0    0.0      0.0
  MONTH TO DATE    0.0                       0.0    0.0       T
  SINCE JUN 1      T                         0.0    0.0       T
  SINCE JUL 1      T                         0.0    0.0       T
  SNOW DEPTH       0

DEGREE DAYS
 HEATING
  TODAY            0                         1     -1        0
  MONTH TO DATE    5                         5      0        5
  SINCE JUN 1     67                        94    -27       35
  SINCE JUL 1     28                        15     13       10

 COOLING
  TODAY            9                         4      5        9
  MONTH TO DATE   89                        97     -8       91
  SINCE JUN 1    387                       371     16      479
  SINCE JAN 1    400                       381     19      501
..................................................................


WIND (MPH)
  HIGHEST WIND SPEED    23   HIGHEST WIND DIRECTION    NE (50)
  HIGHEST GUST SPEED    28   HIGHEST GUST DIRECTION    NE (60)
  AVERAGE WIND SPEED     4.7


SKY COVER
  POSSIBLE SUNSHINE  MM
  AVERAGE SKY COVER 0.8


WEATHER CONDITIONS
 THE FOLLOWING WEATHER WAS RECORDED TODAY.
  THUNDERSTORM


RELATIVE HUMIDITY (PERCENT)
 HIGHEST    67           200 AM
 LOWEST     28          1100 AM
 AVERAGE    48

..........................................................


THE COLORADO SPRINGS CO CLIMATE NORMALS FOR TOMORROW
                         NORMAL    RECORD    YEAR
 MAXIMUM TEMPERATURE (F)   81        94      2007
                                             2003
 MINIMUM TEMPERATURE (F)   55        42      1938


SUNRISE AND SUNSET
AUGUST 20 2014........SUNRISE   617 AM MDT   SUNSET   747 PM MDT
AUGUST 21 2014........SUNRISE   618 AM MDT   SUNSET   745 PM MDT


-  INDICATES NEGATIVE NUMBERS.
R  INDICATES RECORD WAS SET OR TIED.
MM INDICATES DATA IS MISSING.
T  INDICATES TRACE AMOUNT.




$$
