000
CDUS45 KPUB 232340
CLICOS


CLIMATE REPORT
NATIONAL WEATHER SERVICE PUEBLO
540 PM MDT TUE AUG 23 2016


...................................

...THE COLORADO SPRINGS CO CLIMATE SUMMARY FOR AUGUST 23 2016...
VALID TODAY AS OF 0500 PM LOCAL TIME.

CLIMATE NORMAL PERIOD 1981 TO 2010
CLIMATE RECORD PERIOD 1872 TO 2016


WEATHER ITEM   OBSERVED TIME   RECORD YEAR NORMAL DEPARTURE LAST
                VALUE   (LST)  VALUE       VALUE  FROM      YEAR
                                                  NORMAL
..................................................................
TEMPERATURE (F)
 TODAY
  MAXIMUM         85   1055 AM  95    2011  81      4       74
  MINIMUM         58    532 AM  44    1917  55      3       53
                                      1896
  AVERAGE         72                        68      4       64

PRECIPITATION (IN)
  TODAY            T             1.92 1996   0.09  -0.09     0.00
  MONTH TO DATE    0.95                      2.64  -1.69     1.66
  SINCE JUN 1      5.03                      7.98  -2.95    10.52
  SINCE JAN 1     11.96                     13.09  -1.13    22.75

SNOWFALL (IN)
  TODAY            0.0           0.0  2002   0.0    0.0      0.0
  MONTH TO DATE    0.0                       0.0    0.0      0.0
  SINCE JUN 1      T                         0.0    0.0       T
  SINCE JUL 1      T                         0.0    0.0       T
  SNOW DEPTH       0

DEGREE DAYS
 HEATING
  TODAY            0                         1     -1        1
  MONTH TO DATE    7                         8     -1        9
  SINCE JUN 1     15                        97    -82       29
  SINCE JUL 1      7                        18    -11       19

 COOLING
  TODAY            7                         4      3        0
  MONTH TO DATE  138                       109     29      161
  SINCE JUN 1    618                       383    235      465
  SINCE JAN 1    620                       393    227      465
..................................................................


WIND (MPH)
  HIGHEST WIND SPEED    45   HIGHEST WIND DIRECTION    SE (130)
  HIGHEST GUST SPEED    63   HIGHEST GUST DIRECTION    SE (140)
  AVERAGE WIND SPEED    10.8


SKY COVER
  POSSIBLE SUNSHINE  MM
  AVERAGE SKY COVER 0.5


WEATHER CONDITIONS
 THE FOLLOWING WEATHER WAS RECORDED TODAY.
  LIGHT RAIN


RELATIVE HUMIDITY (PERCENT)
 HIGHEST    51           500 AM
 LOWEST     15          1100 AM
 AVERAGE    33

..........................................................


THE COLORADO SPRINGS CO CLIMATE NORMALS FOR TOMORROW
                         NORMAL    RECORD    YEAR
 MAXIMUM TEMPERATURE (F)   81        94      1964
 MINIMUM TEMPERATURE (F)   55        41      1911


SUNRISE AND SUNSET
AUGUST 23 2016........SUNRISE   620 AM MDT   SUNSET   742 PM MDT
AUGUST 24 2016........SUNRISE   621 AM MDT   SUNSET   740 PM MDT


-  INDICATES NEGATIVE NUMBERS.
R  INDICATES RECORD WAS SET OR TIED.
MM INDICATES DATA IS MISSING.
T  INDICATES TRACE AMOUNT.




$$
