000
CDUS45 KPUB 140032
CLICOS


CLIMATE REPORT
NATIONAL WEATHER SERVICE PUEBLO
531 PM MST MON NOV 13 2017


...................................

...THE COLORADO SPRINGS CO CLIMATE SUMMARY FOR NOVEMBER 13 2017...
VALID TODAY AS OF 0500 PM LOCAL TIME.

CLIMATE NORMAL PERIOD 1981 TO 2010
CLIMATE RECORD PERIOD 1872 TO 2017


WEATHER ITEM   OBSERVED TIME   RECORD YEAR NORMAL DEPARTURE LAST
                VALUE   (LST)  VALUE       VALUE  FROM      YEAR
                                                  NORMAL
..................................................................
TEMPERATURE (F)
 TODAY
  MAXIMUM         70    214 PM  75    2007  52     18       66
                                      1999
  MINIMUM         33   1218 AM -12    1916  26      7       36
  AVERAGE         52                        39     13       51

PRECIPITATION (IN)
  TODAY            0.00          0.25 2004   0.02  -0.02      T
  MONTH TO DATE    0.12                      0.20  -0.08      T
  SINCE SEP 1      3.12                      2.21   0.91     0.16
  SINCE JAN 1     18.40                     16.00   2.40    13.60

SNOWFALL (IN)
  TODAY            0.0           2.5  2004   0.1   -0.1      0.0
  MONTH TO DATE    0.7                       1.8   -1.1      0.0
  SINCE SEP 1      1.6                       4.9   -3.3      0.0
  SINCE JUL 1      1.6                       4.9   -3.3       T
  SNOW DEPTH       0

DEGREE DAYS
 HEATING
  TODAY           13                        26    -13       14
  MONTH TO DATE  273                       302    -29      202
  SINCE SEP 1    855                       945    -90      485
  SINCE JUL 1    864                       976   -112      506

 COOLING
  TODAY            0                         0      0        0
  MONTH TO DATE    0                         0      0        0
  SINCE SEP 1     91                        37     54       84
  SINCE JAN 1    639                       455    184      710
..................................................................


WIND (MPH)
  HIGHEST WIND SPEED    17   HIGHEST WIND DIRECTION     S (180)
  HIGHEST GUST SPEED    21   HIGHEST GUST DIRECTION     S (180)
  AVERAGE WIND SPEED     7.1


SKY COVER
  POSSIBLE SUNSHINE  MM
  AVERAGE SKY COVER 0.5


WEATHER CONDITIONS
 THE FOLLOWING WEATHER WAS RECORDED TODAY.
  NO SIGNIFICANT WEATHER WAS OBSERVED.


RELATIVE HUMIDITY (PERCENT)
 HIGHEST    82          1200 AM
 LOWEST     15          1100 AM
 AVERAGE    49

..........................................................


THE COLORADO SPRINGS CO CLIMATE NORMALS FOR TOMORROW
                         NORMAL    RECORD    YEAR
 MAXIMUM TEMPERATURE (F)   52        77      1936
 MINIMUM TEMPERATURE (F)   26       -12      1916


SUNRISE AND SUNSET
NOVEMBER 13 2017......SUNRISE   639 AM MST   SUNSET   447 PM MST
NOVEMBER 14 2017......SUNRISE   641 AM MST   SUNSET   446 PM MST


-  INDICATES NEGATIVE NUMBERS.
R  INDICATES RECORD WAS SET OR TIED.
MM INDICATES DATA IS MISSING.
T  INDICATES TRACE AMOUNT.




$$
