023
CDUS45 KPUB 150031
CLICOS


CLIMATE REPORT
NATIONAL WEATHER SERVICE PUEBLO
530 PM MST SUN JAN 14 2018


...................................

...THE COLORADO SPRINGS CO CLIMATE SUMMARY FOR JANUARY 14 2018...
VALID TODAY AS OF 0500 PM LOCAL TIME.

CLIMATE NORMAL PERIOD 1981 TO 2010
CLIMATE RECORD PERIOD 1872 TO 2018


WEATHER ITEM   OBSERVED TIME   RECORD YEAR NORMAL DEPARTURE LAST
                VALUE   (LST)  VALUE       VALUE  FROM      YEAR
                                                  NORMAL
..................................................................
TEMPERATURE (F)
 TODAY
  MAXIMUM         47    336 PM  66    2006  43      4       48
  MINIMUM         20    715 AM  -6    1997  18      2       22
                                      1930
                                      1917
  AVERAGE         34                        31      3       35

PRECIPITATION (IN)
  TODAY            0.00          0.20 1959   0.01  -0.01     0.00
  MONTH TO DATE    0.08                      0.13  -0.05     0.19
  SINCE DEC 1      0.09                      0.47  -0.38     0.87
  SINCE JAN 1      0.08                      0.13  -0.05     0.19

SNOWFALL (IN)
  TODAY            0.0           3.7  1984   0.2   -0.2      0.0
  MONTH TO DATE    0.0                       2.5   -2.5      3.4
  SINCE DEC 1      0.9                       8.2   -7.3      9.8
  SINCE JUL 1      2.5                      16.0  -13.5      9.8
  SNOW DEPTH       0

DEGREE DAYS
 HEATING
  TODAY           31                        34     -3       30
  MONTH TO DATE  412                       486    -74      522
  SINCE DEC 1   1382                      1577   -195     1622
  SINCE JUL 1   2550                      3058   -508     2525

 COOLING
  TODAY            0                         0      0        0
  MONTH TO DATE    0                         0      0        0
  SINCE DEC 1      0                         0      0        0
  SINCE JAN 1      0                         0      0        0
..................................................................


WIND (MPH)
  HIGHEST WIND SPEED    23   HIGHEST WIND DIRECTION    NE (30)
  HIGHEST GUST SPEED    24   HIGHEST GUST DIRECTION    NE (30)
  AVERAGE WIND SPEED     7.0


SKY COVER
  POSSIBLE SUNSHINE  MM
  AVERAGE SKY COVER 0.2


WEATHER CONDITIONS
 THE FOLLOWING WEATHER WAS RECORDED TODAY.
  NO SIGNIFICANT WEATHER WAS OBSERVED.


RELATIVE HUMIDITY (PERCENT)
 HIGHEST    88           500 AM
 LOWEST     45           200 PM
 AVERAGE    67

..........................................................


THE COLORADO SPRINGS CO CLIMATE NORMALS FOR TOMORROW
                         NORMAL    RECORD    YEAR
 MAXIMUM TEMPERATURE (F)   43        68      1974
 MINIMUM TEMPERATURE (F)   18       -14      1984


SUNRISE AND SUNSET
JANUARY 14 2018.......SUNRISE   716 AM MST   SUNSET   500 PM MST
JANUARY 15 2018.......SUNRISE   716 AM MST   SUNSET   501 PM MST


-  INDICATES NEGATIVE NUMBERS.
R  INDICATES RECORD WAS SET OR TIED.
MM INDICATES DATA IS MISSING.
T  INDICATES TRACE AMOUNT.




$$
