026
CDUS45 KPUB 230026
CLICOS


CLIMATE REPORT
NATIONAL WEATHER SERVICE PUEBLO
626 PM MDT SUN MAY 22 2016


...................................

...THE COLORADO SPRINGS CO CLIMATE SUMMARY FOR MAY 22 2016...
VALID TODAY AS OF 0500 PM LOCAL TIME.

CLIMATE NORMAL PERIOD 1981 TO 2010
CLIMATE RECORD PERIOD 1872 TO 2016


WEATHER ITEM   OBSERVED TIME   RECORD YEAR NORMAL DEPARTURE LAST
                VALUE   (LST)  VALUE       VALUE  FROM      YEAR
                                                  NORMAL
..................................................................
TEMPERATURE (F)
 TODAY
  MAXIMUM         81    336 PM  90    2012  71     10       67
  MINIMUM         48    459 AM  31    1931  45      3       43
  AVERAGE         65                        58      7       55

PRECIPITATION (IN)
  TODAY            0.00          1.06 1976   0.07  -0.07     0.42
  MONTH TO DATE    1.03                      1.33  -0.30     6.95
  SINCE MAR 1      4.04                      3.75   0.29     8.73
  SINCE JAN 1      5.58                      4.41   1.17    11.05

SNOWFALL (IN)
  TODAY            0.0           2.0  1930   0.0    0.0      0.0
  MONTH TO DATE    T                         0.7   -0.7       T
  SINCE MAR 1     23.6                      13.7    9.9      5.6
  SINCE JUL 1     50.7                      37.7   13.0     46.5
  SNOW DEPTH       0

DEGREE DAYS
 HEATING
  TODAY            0                         8     -8       10
  MONTH TO DATE  256                       233     23      311
  SINCE MAR 1   1509                      1592    -83     1469
  SINCE JUL 1   5412                      6155   -743     5690

 COOLING
  TODAY            0                         0      0        0
  MONTH TO DATE    2                         0      2        0
  SINCE MAR 1      2                         1      1        0
  SINCE JAN 1      2                         1      1        0
..................................................................


WIND (MPH)
  HIGHEST WIND SPEED    37   HIGHEST WIND DIRECTION    SW (220)
  HIGHEST GUST SPEED    43   HIGHEST GUST DIRECTION    SW (210)
  AVERAGE WIND SPEED    13.4


SKY COVER
  POSSIBLE SUNSHINE  MM
  AVERAGE SKY COVER 0.3


WEATHER CONDITIONS
 THE FOLLOWING WEATHER WAS RECORDED TODAY.
  NO SIGNIFICANT WEATHER WAS OBSERVED.


RELATIVE HUMIDITY (PERCENT)
 HIGHEST    39           500 AM
 LOWEST     11          1000 AM
 AVERAGE    25

..........................................................


THE COLORADO SPRINGS CO CLIMATE NORMALS FOR TOMORROW
                         NORMAL    RECORD    YEAR
 MAXIMUM TEMPERATURE (F)   71        91      1989
 MINIMUM TEMPERATURE (F)   45        30      1930


SUNRISE AND SUNSET
MAY 22 2016...........SUNRISE   541 AM MDT   SUNSET   811 PM MDT
MAY 23 2016...........SUNRISE   540 AM MDT   SUNSET   812 PM MDT


-  INDICATES NEGATIVE NUMBERS.
R  INDICATES RECORD WAS SET OR TIED.
MM INDICATES DATA IS MISSING.
T  INDICATES TRACE AMOUNT.




$$
