000
CDUS45 KPUB 131120
CLICOS


CLIMATE REPORT
NATIONAL WEATHER SERVICE PUEBLO
419 AM MST MON FEB 13 2017


...................................

...THE COLORADO SPRINGS CO CLIMATE SUMMARY FOR FEBRUARY 12 2017...

CLIMATE NORMAL PERIOD 1981 TO 2010
CLIMATE RECORD PERIOD 1872 TO 2017


WEATHER ITEM   OBSERVED TIME   RECORD YEAR NORMAL DEPARTURE LAST
                VALUE   (LST)  VALUE       VALUE  FROM      YEAR
                                                  NORMAL
..................................................................
TEMPERATURE (F)
 YESTERDAY
  MAXIMUM         41    326 PM  70    1962  44     -3       56
  MINIMUM         26   1159 PM -24    1899  19      7       28
  AVERAGE         34                        31      3       42

PRECIPITATION (IN)
  YESTERDAY        0.02          0.49 1940   0.01   0.01     0.00
  MONTH TO DATE    0.05                      0.12  -0.07     1.00
  SINCE DEC 1      1.05                      0.78   0.27     1.79
  SINCE JAN 1      0.37                      0.44  -0.07     1.54

SNOWFALL (IN)
  YESTERDAY        0.3           6.3  1940   0.2    0.1      0.0
  MONTH TO DATE    0.6                       2.1   -1.5     10.1
  SINCE DEC 1     13.3                      13.4   -0.1     21.3
  SINCE JUL 1     13.3                      21.2   -7.9     27.1
  SNOW DEPTH       T

DEGREE DAYS
 HEATING
  YESTERDAY       31                        34     -3       23
  MONTH TO DATE  283                       408   -125      440
  SINCE DEC 1   2434                      2570   -136     2434
  SINCE JUL 1   3337                      4051   -714     3537

 COOLING
  YESTERDAY        0                         0      0        0
  MONTH TO DATE    0                         0      0        0
  SINCE DEC 1      0                         0      0        0
  SINCE JAN 1      0                         0      0        0
..................................................................


WIND (MPH)
  HIGHEST WIND SPEED    23   HIGHEST WIND DIRECTION     S (180)
  HIGHEST GUST SPEED    29   HIGHEST GUST DIRECTION     S (170)
  AVERAGE WIND SPEED    10.8


SKY COVER
  POSSIBLE SUNSHINE  MM
  AVERAGE SKY COVER 0.8


WEATHER CONDITIONS
 THE FOLLOWING WEATHER WAS RECORDED YESTERDAY.
  LIGHT SNOW
  FOG


RELATIVE HUMIDITY (PERCENT)
 HIGHEST    85           900 AM
 LOWEST     54           200 PM
 AVERAGE    70

..........................................................


THE COLORADO SPRINGS CO CLIMATE NORMALS FOR TODAY
                         NORMAL    RECORD    YEAR
 MAXIMUM TEMPERATURE (F)   44        71      2011
                                             1954
 MINIMUM TEMPERATURE (F)   19       -23      1905


SUNRISE AND SUNSET
FEBRUARY 13 2017......SUNRISE   652 AM MST   SUNSET   535 PM MST
FEBRUARY 14 2017......SUNRISE   651 AM MST   SUNSET   536 PM MST


-  INDICATES NEGATIVE NUMBERS.
R  INDICATES RECORD WAS SET OR TIED.
MM INDICATES DATA IS MISSING.
T  INDICATES TRACE AMOUNT.




$$
