000
CDUS45 KPUB 251038
CLICOS


CLIMATE REPORT
NATIONAL WEATHER SERVICE PUEBLO
438 AM MDT SAT MAR 25 2017


...................................

...THE COLORADO SPRINGS CO CLIMATE SUMMARY FOR MARCH 24 2017...

CLIMATE NORMAL PERIOD 1981 TO 2010
CLIMATE RECORD PERIOD 1872 TO 2017


WEATHER ITEM   OBSERVED TIME   RECORD YEAR NORMAL DEPARTURE LAST
                VALUE   (LST)  VALUE       VALUE  FROM      YEAR
                                                  NORMAL
..................................................................
TEMPERATURE (F)
 YESTERDAY
  MAXIMUM         46    411 PM  74    2012  54     -8       51
  MINIMUM         32   1159 PM   2    1965  28      4       18
  AVERAGE         39                        41     -2       35

PRECIPITATION (IN)
  YESTERDAY        0.19          1.09 1941   0.03   0.16     0.00
  MONTH TO DATE    0.21                      0.75  -0.54     0.29
  SINCE MAR 1      0.21                      0.75  -0.54     0.29
  SINCE JAN 1      0.60                      1.41  -0.81     1.83

SNOWFALL (IN)
  YESTERDAY        1.7           6.0  1941   0.2    1.5      0.0
  MONTH TO DATE    1.7                       6.2   -4.5      3.2
  SINCE MAR 1      1.7                       6.2   -4.5      3.2
  SINCE JUL 1     15.1                      30.2  -15.1     30.3
  SNOW DEPTH       1

DEGREE DAYS
 HEATING
  YESTERDAY       26                        24      2       30
  MONTH TO DATE  411                       643   -232      523
  SINCE MAR 1    411                       643   -232      523
  SINCE JUL 1   4164                      5206  -1042     4426

 COOLING
  YESTERDAY        0                         0      0        0
  MONTH TO DATE    0                         0      0        0
  SINCE MAR 1      0                         0      0        0
  SINCE JAN 1      0                         0      0        0
..................................................................


WIND (MPH)
  HIGHEST WIND SPEED    47   HIGHEST WIND DIRECTION     N (340)
  HIGHEST GUST SPEED    63   HIGHEST GUST DIRECTION    NW (330)
  AVERAGE WIND SPEED    24.2


SKY COVER
  POSSIBLE SUNSHINE  MM
  AVERAGE SKY COVER 0.5


WEATHER CONDITIONS
 THE FOLLOWING WEATHER WAS RECORDED YESTERDAY.
  MIXED PRECIP
  RAIN
  LIGHT RAIN
  SNOW
  LIGHT SNOW
  FOG
  BLOWING SNOW


RELATIVE HUMIDITY (PERCENT)
 HIGHEST   100           400 AM
 LOWEST     58           200 PM
 AVERAGE    79

..........................................................


THE COLORADO SPRINGS CO CLIMATE NORMALS FOR TODAY
                         NORMAL    RECORD    YEAR
 MAXIMUM TEMPERATURE (F)   54        75      2012
 MINIMUM TEMPERATURE (F)   28        -7      1965


SUNRISE AND SUNSET
MARCH 25 2017.........SUNRISE   654 AM MDT   SUNSET   716 PM MDT
MARCH 26 2017.........SUNRISE   652 AM MDT   SUNSET   717 PM MDT


-  INDICATES NEGATIVE NUMBERS.
R  INDICATES RECORD WAS SET OR TIED.
MM INDICATES DATA IS MISSING.
T  INDICATES TRACE AMOUNT.




$$
