000
CDUS45 KPUB 250035
CLICOS


CLIMATE REPORT
NATIONAL WEATHER SERVICE PUEBLO
534 PM MST MON NOV 24 2014


...................................

...THE COLORADO SPRINGS CO CLIMATE SUMMARY FOR NOVEMBER 24 2014...
VALID TODAY AS OF 0500 PM LOCAL TIME.

CLIMATE NORMAL PERIOD 1981 TO 2010
CLIMATE RECORD PERIOD 1872 TO 2014


WEATHER ITEM   OBSERVED TIME   RECORD YEAR NORMAL DEPARTURE LAST
                VALUE   (LST)  VALUE       VALUE  FROM      YEAR
                                                  NORMAL
..................................................................
TEMPERATURE (F)
 TODAY
  MAXIMUM         40    116 PM  77    1990  47     -7       36
  MINIMUM         24    416 AM  -3    1918  22      2       20
  AVERAGE         32                        34     -2       28

PRECIPITATION (IN)
  TODAY            0.00          0.43 1922   0.02  -0.02     0.10
  MONTH TO DATE    0.26                      0.33  -0.07     0.27
  SINCE SEP 1      3.83                      2.34   1.49     5.49
  SINCE JAN 1     16.88                     16.13   0.75    19.15

SNOWFALL (IN)
  TODAY            0.0           3.5  1980   0.1   -0.1      1.3
  MONTH TO DATE    6.8                       3.5    3.3      4.0
  SINCE SEP 1      6.8                       6.6    0.2      4.2
  SINCE JUL 1      6.8                       6.6    0.2      4.2
  SNOW DEPTH       0

DEGREE DAYS
 HEATING
  TODAY           33                        31      2       37
  MONTH TO DATE  717                       615    102      596
  SINCE SEP 1   1154                      1258   -104     1181
  SINCE JUL 1   1184                      1289   -105     1191

 COOLING
  TODAY            0                         0      0        0
  MONTH TO DATE    0                         0      0        0
  SINCE SEP 1     60                        37     23       92
  SINCE JAN 1    487                       455     32      694
..................................................................


WIND (MPH)
  HIGHEST WIND SPEED    35   HIGHEST WIND DIRECTION     N (360)
  HIGHEST GUST SPEED    44   HIGHEST GUST DIRECTION     N (360)
  AVERAGE WIND SPEED    18.1


SKY COVER
  POSSIBLE SUNSHINE  MM
  AVERAGE SKY COVER 0.6


WEATHER CONDITIONS
 THE FOLLOWING WEATHER WAS RECORDED TODAY.
  NO SIGNIFICANT WEATHER WAS OBSERVED.


RELATIVE HUMIDITY (PERCENT)
 HIGHEST    54           400 PM
 LOWEST     21           300 PM
 AVERAGE    38

..........................................................


THE COLORADO SPRINGS CO CLIMATE NORMALS FOR TOMORROW
                         NORMAL    RECORD    YEAR
 MAXIMUM TEMPERATURE (F)   47        74      1990
 MINIMUM TEMPERATURE (F)   22        -4      1993


SUNRISE AND SUNSET
NOVEMBER 24 2014......SUNRISE   651 AM MST   SUNSET   440 PM MST
NOVEMBER 25 2014......SUNRISE   652 AM MST   SUNSET   439 PM MST


-  INDICATES NEGATIVE NUMBERS.
R  INDICATES RECORD WAS SET OR TIED.
MM INDICATES DATA IS MISSING.
T  INDICATES TRACE AMOUNT.




$$
