000
CDUS45 KPUB 301028
CLICOS


CLIMATE REPORT
NATIONAL WEATHER SERVICE PUEBLO
428 AM MDT TUE JUN 30 2015


...................................

...THE COLORADO SPRINGS CO CLIMATE SUMMARY FOR JUNE 29 2015...

CLIMATE NORMAL PERIOD 1981 TO 2010
CLIMATE RECORD PERIOD 1872 TO 2015


WEATHER ITEM   OBSERVED TIME   RECORD YEAR NORMAL DEPARTURE LAST
                VALUE   (LST)  VALUE       VALUE  FROM      YEAR
                                                  NORMAL
..................................................................
TEMPERATURE (F)
 YESTERDAY
  MAXIMUM         81    326 PM  99    1990  84     -3       96
  MINIMUM         57    247 AM  44    1932  55      2       54
  AVERAGE         69                        69      0       75

PRECIPITATION (IN)
  YESTERDAY        0.00          1.96 1954   0.08  -0.08     0.00
  MONTH TO DATE    5.72                      2.43   3.29     1.27
  SINCE JUN 1      5.72                      2.43   3.29     1.27
  SINCE JAN 1     17.95                      7.54  10.41     6.06

SNOWFALL (IN)
  YESTERDAY        0.0           0.0  2002   0.0    0.0      0.0
                                      2001
  MONTH TO DATE    T                         0.0    0.0       T
  SINCE JUN 1      T                         0.0    0.0       T
  SINCE JUL 1     46.5                      37.7    8.8     34.8
  SNOW DEPTH       0

DEGREE DAYS
 HEATING
  YESTERDAY        0                         1     -1        0
  MONTH TO DATE   10                        77    -67       39
  SINCE JUN 1     10                        77    -67       39
  SINCE JUL 1   5777                      6290   -513     6085

 COOLING
  YESTERDAY        4                         5     -1       10
  MONTH TO DATE  115                        77     38       92
  SINCE JUN 1    115                        77     38       92
  SINCE JAN 1    115                        87     28      105
..................................................................


WIND (MPH)
  HIGHEST WIND SPEED    24   HIGHEST WIND DIRECTION    NE (50)
  HIGHEST GUST SPEED    30   HIGHEST GUST DIRECTION    NE (50)
  AVERAGE WIND SPEED     7.4


SKY COVER
  POSSIBLE SUNSHINE  MM
  AVERAGE SKY COVER 0.6


WEATHER CONDITIONS
 THE FOLLOWING WEATHER WAS RECORDED YESTERDAY.
  NO SIGNIFICANT WEATHER WAS OBSERVED.


RELATIVE HUMIDITY (PERCENT)
 HIGHEST    86           200 AM
 LOWEST     35          1200 PM
 AVERAGE    61

..........................................................


THE COLORADO SPRINGS CO CLIMATE NORMALS FOR TODAY
                         NORMAL    RECORD    YEAR
 MAXIMUM TEMPERATURE (F)   84        97      2012
                                             1963
 MINIMUM TEMPERATURE (F)   55        46      1946


SUNRISE AND SUNSET
JUNE 30 2015..........SUNRISE   537 AM MDT   SUNSET   828 PM MDT
JULY  1 2015..........SUNRISE   537 AM MDT   SUNSET   828 PM MDT


-  INDICATES NEGATIVE NUMBERS.
R  INDICATES RECORD WAS SET OR TIED.
MM INDICATES DATA IS MISSING.
T  INDICATES TRACE AMOUNT.




$$
