000
CDUS45 KPUB 212348
CLICOS


CLIMATE REPORT
NATIONAL WEATHER SERVICE PUEBLO
548 PM MDT WED JUN 21 2017


...................................

...THE COLORADO SPRINGS CO CLIMATE SUMMARY FOR JUNE 21 2017...
VALID TODAY AS OF 0500 PM LOCAL TIME.

CLIMATE NORMAL PERIOD 1981 TO 2010
CLIMATE RECORD PERIOD 1872 TO 2017


WEATHER ITEM   OBSERVED TIME   RECORD YEAR NORMAL DEPARTURE LAST
                VALUE   (LST)  VALUE       VALUE  FROM      YEAR
                                                  NORMAL
..................................................................
TEMPERATURE (F)
 TODAY
  MAXIMUM         95   1145 AM 101    2016  81     14      101
  MINIMUM         64    148 AM  39    1906  53     11       61
  AVERAGE         80                        67     13       81

PRECIPITATION (IN)
  TODAY            0.03          0.81 1967   0.08  -0.05      T
  MONTH TO DATE    0.14                      1.83  -1.69     0.55
  SINCE JUN 1      0.14                      1.83  -1.69     0.55
  SINCE JAN 1      6.26                      6.94  -0.68     7.48

SNOWFALL (IN)
  TODAY            0.0           0.0  2005   0.0    0.0      0.0
  MONTH TO DATE    0.0                       0.0    0.0       T
  SINCE JUN 1      0.0                       0.0    0.0       T
  SINCE JUL 1     25.2                      37.7  -12.5     50.7
  SNOW DEPTH       0

DEGREE DAYS
 HEATING
  TODAY            0                         2     -2        0
  MONTH TO DATE    8                        69    -61        8
  SINCE JUN 1      8                        69    -61        8
  SINCE JUL 1   5086                      6282  -1196     5484

 COOLING
  TODAY           15                         4     11       16
  MONTH TO DATE  115                        42     73      116
  SINCE JUN 1    115                        42     73      116
  SINCE JAN 1    117                        52     65      118
..................................................................


WIND (MPH)
  HIGHEST WIND SPEED    28   HIGHEST WIND DIRECTION     N (10)
  HIGHEST GUST SPEED    31   HIGHEST GUST DIRECTION     N (20)
  AVERAGE WIND SPEED     6.9


SKY COVER
  POSSIBLE SUNSHINE  MM
  AVERAGE SKY COVER 0.4


WEATHER CONDITIONS
 THE FOLLOWING WEATHER WAS RECORDED TODAY.
  THUNDERSTORM
  LIGHT RAIN


RELATIVE HUMIDITY (PERCENT)
 HIGHEST    52           200 AM
 LOWEST     11          1200 PM
 AVERAGE    32

..........................................................


THE COLORADO SPRINGS CO CLIMATE NORMALS FOR TOMORROW
                         NORMAL    RECORD    YEAR
 MAXIMUM TEMPERATURE (F)   81        97      2012
 MINIMUM TEMPERATURE (F)   53        39      1926


SUNRISE AND SUNSET
JUNE 21 2017..........SUNRISE   534 AM MDT   SUNSET   827 PM MDT
JUNE 22 2017..........SUNRISE   534 AM MDT   SUNSET   828 PM MDT


-  INDICATES NEGATIVE NUMBERS.
R  INDICATES RECORD WAS SET OR TIED.
MM INDICATES DATA IS MISSING.
T  INDICATES TRACE AMOUNT.




$$
