000
CDUS45 KPUB 211047
CLICOS


CLIMATE REPORT
NATIONAL WEATHER SERVICE PUEBLO
447 AM MDT MON JUL 21 2014


...................................

...THE COLORADO SPRINGS CO CLIMATE SUMMARY FOR JULY 20 2014...

CLIMATE NORMAL PERIOD 1981 TO 2010
CLIMATE RECORD PERIOD 1872 TO 2014


WEATHER ITEM   OBSERVED TIME   RECORD YEAR NORMAL DEPARTURE LAST
                VALUE   (LST)  VALUE       VALUE  FROM      YEAR
                                                  NORMAL
..................................................................
TEMPERATURE (F)
 YESTERDAY
  MAXIMUM         92    239 PM  98    2005  85      7       81
  MINIMUM         60    452 AM  40    1897  57      3       57
  AVERAGE         76                        71      5       69

PRECIPITATION (IN)
  YESTERDAY        T             1.18 2010   0.10  -0.10      T
  MONTH TO DATE    2.89                      1.63   1.26     4.25
  SINCE JUN 1      4.18                      4.13   0.05     4.85
  SINCE JAN 1      8.97                      9.24  -0.27     7.58

SNOWFALL (IN)
  YESTERDAY        0.0           T    2010   0.0    0.0      0.0
  MONTH TO DATE    T                         0.0    0.0       T
  SINCE JUN 1      T                         0.0    0.0       T
  SINCE JUL 1      T                         0.0    0.0       T
  SNOW DEPTH       0

DEGREE DAYS
 HEATING
  YESTERDAY        0                         0      0        0
  MONTH TO DATE   13                         3     10        5
  SINCE JUN 1     52                        82    -30       30
  SINCE JUL 1     13                         3     10        5

 COOLING
  YESTERDAY       11                         7      4        4
  MONTH TO DATE  120                       123     -3      141
  SINCE JUN 1    224                       206     18      323
  SINCE JAN 1    237                       216     21      345
..................................................................


WIND (MPH)
  HIGHEST WIND SPEED    26   HIGHEST WIND DIRECTION    NW (310)
  HIGHEST GUST SPEED    34   HIGHEST GUST DIRECTION    NW (300)
  AVERAGE WIND SPEED     8.7


SKY COVER
  POSSIBLE SUNSHINE  MM
  AVERAGE SKY COVER 0.5


WEATHER CONDITIONS
 THE FOLLOWING WEATHER WAS RECORDED YESTERDAY.
  LIGHT RAIN


RELATIVE HUMIDITY (PERCENT)
 HIGHEST    60          1200 AM
 LOWEST     16           100 PM
 AVERAGE    38

..........................................................


THE COLORADO SPRINGS CO CLIMATE NORMALS FOR TODAY
                         NORMAL    RECORD    YEAR
 MAXIMUM TEMPERATURE (F)   85        98      1981
 MINIMUM TEMPERATURE (F)   58        47      1958
                                             1897


SUNRISE AND SUNSET
JULY 21 2014..........SUNRISE   551 AM MDT   SUNSET   819 PM MDT
JULY 22 2014..........SUNRISE   552 AM MDT   SUNSET   819 PM MDT


-  INDICATES NEGATIVE NUMBERS.
R  INDICATES RECORD WAS SET OR TIED.
MM INDICATES DATA IS MISSING.
T  INDICATES TRACE AMOUNT.




$$
