000
CDUS45 KPUB 271053
CLICOS


CLIMATE REPORT
NATIONAL WEATHER SERVICE PUEBLO
453 AM MDT WED APR 27 2016


...................................

...THE COLORADO SPRINGS CO CLIMATE SUMMARY FOR APRIL 26 2016...

CLIMATE NORMAL PERIOD 1981 TO 2010
CLIMATE RECORD PERIOD 1872 TO 2016


WEATHER ITEM   OBSERVED TIME   RECORD YEAR NORMAL DEPARTURE LAST
                VALUE   (LST)  VALUE       VALUE  FROM      YEAR
                                                  NORMAL
..................................................................
TEMPERATURE (F)
 YESTERDAY
  MAXIMUM         57   1153 AM  83    1981  63     -6       52
  MINIMUM         36   1159 PM  18    1924  36      0       39
  AVERAGE         47                        50     -3       46

PRECIPITATION (IN)
  YESTERDAY        0.00          0.92 1965   0.06  -0.06     0.18
                                      1933
  MONTH TO DATE    1.16                      1.18  -0.02     0.92
  SINCE MAR 1      1.89                      2.18  -0.29     1.73
  SINCE JAN 1      3.43                      2.84   0.59     4.05

SNOWFALL (IN)
  YESTERDAY        0.0           5.0  1969   0.1   -0.1       T
  MONTH TO DATE    5.1                       4.4    0.7      1.7
  SINCE MAR 1     15.6                      12.5    3.1      5.6
  SINCE JUL 1     42.7                      36.5    6.2     46.5
  SNOW DEPTH       0

DEGREE DAYS
 HEATING
  YESTERDAY       18                        15      3       19
  MONTH TO DATE  427                       495    -68      431
  SINCE MAR 1   1137                      1300   -163     1100
  SINCE JUL 1   5040                      5863   -823     5321

 COOLING
  YESTERDAY        0                         0      0        0
  MONTH TO DATE    0                         0      0        0
  SINCE MAR 1      0                         0      0        0
  SINCE JAN 1      0                         0      0        0
..................................................................


WIND (MPH)
  HIGHEST WIND SPEED    30   HIGHEST WIND DIRECTION     W (250)
  HIGHEST GUST SPEED    36   HIGHEST GUST DIRECTION    SW (230)
  AVERAGE WIND SPEED    14.5


SKY COVER
  POSSIBLE SUNSHINE  MM
  AVERAGE SKY COVER 0.5


WEATHER CONDITIONS
 THE FOLLOWING WEATHER WAS RECORDED YESTERDAY.
  NO SIGNIFICANT WEATHER WAS OBSERVED.


RELATIVE HUMIDITY (PERCENT)
 HIGHEST    75          1000 PM
 LOWEST     16          1000 AM
 AVERAGE    46

..........................................................


THE COLORADO SPRINGS CO CLIMATE NORMALS FOR TODAY
                         NORMAL    RECORD    YEAR
 MAXIMUM TEMPERATURE (F)   63        82      1992
 MINIMUM TEMPERATURE (F)   37        17      1984


SUNRISE AND SUNSET
APRIL 27 2016.........SUNRISE   605 AM MDT   SUNSET   748 PM MDT
APRIL 28 2016.........SUNRISE   604 AM MDT   SUNSET   749 PM MDT


-  INDICATES NEGATIVE NUMBERS.
R  INDICATES RECORD WAS SET OR TIED.
MM INDICATES DATA IS MISSING.
T  INDICATES TRACE AMOUNT.




$$
