000
CDUS45 KPUB 181142
CLICOS


CLIMATE REPORT
NATIONAL WEATHER SERVICE PUEBLO
442 AM MST WED JAN 18 2017


...................................

...THE COLORADO SPRINGS CO CLIMATE SUMMARY FOR JANUARY 17 2017...

CLIMATE NORMAL PERIOD 1981 TO 2010
CLIMATE RECORD PERIOD 1872 TO 2017


WEATHER ITEM   OBSERVED TIME   RECORD YEAR NORMAL DEPARTURE LAST
                VALUE   (LST)  VALUE       VALUE  FROM      YEAR
                                                  NORMAL
..................................................................
TEMPERATURE (F)
 YESTERDAY
  MAXIMUM         45    334 PM  64    1974  43      2       40
  MINIMUM         22   1053 PM -22    1930  18      4       15
  AVERAGE         34                        31      3       28

PRECIPITATION (IN)
  YESTERDAY        0.00          0.21 1956   0.01  -0.01     0.00
  MONTH TO DATE    0.24                      0.16   0.08     0.20
  SINCE DEC 1      0.92                      0.50   0.42     0.45
  SINCE JAN 1      0.24                      0.16   0.08     0.20

SNOWFALL (IN)
  YESTERDAY        0.0           2.1  1943   0.2   -0.2      0.0
  MONTH TO DATE    4.7                       3.0    1.7      3.0
  SINCE DEC 1     11.1                       8.7    2.4      7.3
  SINCE JUL 1     11.1                      16.5   -5.4     13.1
  SNOW DEPTH       T

DEGREE DAYS
 HEATING
  YESTERDAY       31                        34     -3       37
  MONTH TO DATE  621                       588     33      607
  SINCE DEC 1   1721                      1679     42     1608
  SINCE JUL 1   2624                      3160   -536     2711

 COOLING
  YESTERDAY        0                         0      0        0
  MONTH TO DATE    0                         0      0        0
  SINCE DEC 1      0                         0      0        0
  SINCE JAN 1      0                         0      0        0
..................................................................


WIND (MPH)
  HIGHEST WIND SPEED    12   HIGHEST WIND DIRECTION     N (20)
  HIGHEST GUST SPEED    15   HIGHEST GUST DIRECTION    SW (230)
  AVERAGE WIND SPEED     4.6


SKY COVER
  POSSIBLE SUNSHINE  MM
  AVERAGE SKY COVER 0.6


WEATHER CONDITIONS
 THE FOLLOWING WEATHER WAS RECORDED YESTERDAY.
  FOG
  FOG W/VISIBILITY <= 1/4 MILE


RELATIVE HUMIDITY (PERCENT)
 HIGHEST   100           100 AM
 LOWEST     57           300 PM
 AVERAGE    79

..........................................................


THE COLORADO SPRINGS CO CLIMATE NORMALS FOR TODAY
                         NORMAL    RECORD    YEAR
 MAXIMUM TEMPERATURE (F)   43        67      1920
 MINIMUM TEMPERATURE (F)   18       -20      1984


SUNRISE AND SUNSET
JANUARY 18 2017.......SUNRISE   714 AM MST   SUNSET   505 PM MST
JANUARY 19 2017.......SUNRISE   714 AM MST   SUNSET   506 PM MST


-  INDICATES NEGATIVE NUMBERS.
R  INDICATES RECORD WAS SET OR TIED.
MM INDICATES DATA IS MISSING.
T  INDICATES TRACE AMOUNT.




$$
