000
CDUS45 KPUB 220031
CLICOS


CLIMATE REPORT
NATIONAL WEATHER SERVICE PUEBLO
531 PM MST FRI NOV 21 2014


...................................

...THE COLORADO SPRINGS CO CLIMATE SUMMARY FOR NOVEMBER 21 2014...
VALID TODAY AS OF 0500 PM LOCAL TIME.

CLIMATE NORMAL PERIOD 1981 TO 2010
CLIMATE RECORD PERIOD 1872 TO 2014


WEATHER ITEM   OBSERVED TIME   RECORD YEAR NORMAL DEPARTURE LAST
                VALUE   (LST)  VALUE       VALUE  FROM      YEAR
                                                  NORMAL
..................................................................
TEMPERATURE (F)
 TODAY
  MAXIMUM         55   1127 AM  73    1989  48      7       45
  MINIMUM         24    602 AM  -1    1957  23      1       13
  AVERAGE         40                        36      4       29

PRECIPITATION (IN)
  TODAY            0.00          0.67 1999   0.01  -0.01     0.12
  MONTH TO DATE    0.19                      0.29  -0.10     0.13
  SINCE SEP 1      3.76                      2.30   1.46     5.35
  SINCE JAN 1     16.81                     16.09   0.72    19.01

SNOWFALL (IN)
  TODAY            0.0           5.0  1999   0.1   -0.1      1.8
  MONTH TO DATE    5.8                       3.0    2.8      1.9
  SINCE SEP 1      5.8                       6.1   -0.3      2.1
  SINCE JUL 1      5.8                       6.1   -0.3      2.1
  SNOW DEPTH       0

DEGREE DAYS
 HEATING
  TODAY           25                        29     -4       36
  MONTH TO DATE  630                       524    106      480
  SINCE SEP 1   1067                      1167   -100     1065
  SINCE JUL 1   1097                      1198   -101     1075

 COOLING
  TODAY            0                         0      0        0
  MONTH TO DATE    0                         0      0        0
  SINCE SEP 1     60                        37     23       92
  SINCE JAN 1    487                       455     32      694
..................................................................


WIND (MPH)
  HIGHEST WIND SPEED    13   HIGHEST WIND DIRECTION    SE (140)
  HIGHEST GUST SPEED    16   HIGHEST GUST DIRECTION    SE (140)
  AVERAGE WIND SPEED     7.0


SKY COVER
  POSSIBLE SUNSHINE  MM
  AVERAGE SKY COVER 0.4


WEATHER CONDITIONS
 THE FOLLOWING WEATHER WAS RECORDED TODAY.
  NO SIGNIFICANT WEATHER WAS OBSERVED.


RELATIVE HUMIDITY (PERCENT)
 HIGHEST    75           100 AM
 LOWEST     19          1100 AM
 AVERAGE    47

..........................................................


THE COLORADO SPRINGS CO CLIMATE NORMALS FOR TOMORROW
                         NORMAL    RECORD    YEAR
 MAXIMUM TEMPERATURE (F)   48        74      1998
 MINIMUM TEMPERATURE (F)   23        -6      1929


SUNRISE AND SUNSET
NOVEMBER 21 2014......SUNRISE   648 AM MST   SUNSET   441 PM MST
NOVEMBER 22 2014......SUNRISE   649 AM MST   SUNSET   441 PM MST


-  INDICATES NEGATIVE NUMBERS.
R  INDICATES RECORD WAS SET OR TIED.
MM INDICATES DATA IS MISSING.
T  INDICATES TRACE AMOUNT.




$$
