000
CDUS45 KPUB 141128
CLICOS


CLIMATE REPORT
NATIONAL WEATHER SERVICE PUEBLO
428 AM MST SUN DEC 14 2014


...................................

...THE COLORADO SPRINGS CO CLIMATE SUMMARY FOR DECEMBER 13 2014...

CLIMATE NORMAL PERIOD 1981 TO 2010
CLIMATE RECORD PERIOD 1872 TO 2014


WEATHER ITEM   OBSERVED TIME   RECORD YEAR NORMAL DEPARTURE LAST
                VALUE   (LST)  VALUE       VALUE  FROM      YEAR
                                                  NORMAL
..................................................................
TEMPERATURE (F)
 YESTERDAY
  MAXIMUM         56    300 PM  69    1988  42     14       50
  MINIMUM         29    734 AM -12    1919  17     12       26
  AVERAGE         43                        29     14       38

PRECIPITATION (IN)
  YESTERDAY        0.00          0.50 1899   0.02  -0.02     0.00
  MONTH TO DATE    0.02                      0.16  -0.14     0.07
  SINCE DEC 1      0.02                      0.16  -0.14     0.07
  SINCE JAN 1     16.90                     16.36   0.54    19.22

SNOWFALL (IN)
  YESTERDAY        0.0          10.3  1899   0.2   -0.2      0.0
  MONTH TO DATE    T                         2.5   -2.5      2.9
  SINCE DEC 1      T                         2.5   -2.5      2.9
  SINCE JUL 1      7.1                      10.3   -3.2      7.1
  SNOW DEPTH       0

DEGREE DAYS
 HEATING
  YESTERDAY       22                        36    -14       27
  MONTH TO DATE  333                       450   -117      556
  SINCE DEC 1    333                       450   -117      556
  SINCE JUL 1   1658                      1931   -273     1917

 COOLING
  YESTERDAY        0                         0      0        0
  MONTH TO DATE    0                         0      0        0
  SINCE DEC 1      0                         0      0        0
  SINCE JAN 1    487                       455     32      694
..................................................................


WIND (MPH)
  HIGHEST WIND SPEED    13   HIGHEST WIND DIRECTION     N (10)
  HIGHEST GUST SPEED    14   HIGHEST GUST DIRECTION     N (20)
  AVERAGE WIND SPEED     5.1


SKY COVER
  POSSIBLE SUNSHINE  MM
  AVERAGE SKY COVER 0.5


WEATHER CONDITIONS
 THE FOLLOWING WEATHER WAS RECORDED YESTERDAY.
  NO SIGNIFICANT WEATHER WAS OBSERVED.


RELATIVE HUMIDITY (PERCENT)
 HIGHEST    69           300 AM
 LOWEST     24          1000 AM
 AVERAGE    47

..........................................................


THE COLORADO SPRINGS CO CLIMATE NORMALS FOR TODAY
                         NORMAL    RECORD    YEAR
 MAXIMUM TEMPERATURE (F)   42        69      1924
 MINIMUM TEMPERATURE (F)   17       -14      1926


SUNRISE AND SUNSET
DECEMBER 14 2014......SUNRISE   709 AM MST   SUNSET   438 PM MST
DECEMBER 15 2014......SUNRISE   710 AM MST   SUNSET   438 PM MST


-  INDICATES NEGATIVE NUMBERS.
R  INDICATES RECORD WAS SET OR TIED.
MM INDICATES DATA IS MISSING.
T  INDICATES TRACE AMOUNT.




$$
