000
CDUS45 KPUB 191102
CLICOS


CLIMATE REPORT
NATIONAL WEATHER SERVICE PUEBLO
502 AM MDT TUE AUG 19 2014


...................................

...THE COLORADO SPRINGS CO CLIMATE SUMMARY FOR AUGUST 18 2014...

CLIMATE NORMAL PERIOD 1981 TO 2010
CLIMATE RECORD PERIOD 1872 TO 2014


WEATHER ITEM   OBSERVED TIME   RECORD YEAR NORMAL DEPARTURE LAST
                VALUE   (LST)  VALUE       VALUE  FROM      YEAR
                                                  NORMAL
..................................................................
TEMPERATURE (F)
 YESTERDAY
  MAXIMUM         88    157 PM  95    2002  81      7       89
                                      1986
  MINIMUM         56   1246 AM  43    1960  56      0       58
  AVERAGE         72                        69      3       74

PRECIPITATION (IN)
  YESTERDAY        T             1.24 1965   0.11  -0.11      T
  MONTH TO DATE    1.67                      2.18  -0.51     3.25
  SINCE JUN 1      7.59                      7.52   0.07     8.46
  SINCE JAN 1     12.38                     12.63  -0.25    11.19

SNOWFALL (IN)
  YESTERDAY        0.0           0.0  2002   0.0    0.0      0.0
  MONTH TO DATE    0.0                       0.0    0.0       T
  SINCE JUN 1      T                         0.0    0.0       T
  SINCE JUL 1      T                         0.0    0.0       T
  SNOW DEPTH       0

DEGREE DAYS
 HEATING
  YESTERDAY        0                         1     -1        0
  MONTH TO DATE    5                         3      2        5
  SINCE JUN 1     67                        92    -25       35
  SINCE JUL 1     28                        13     15       10

 COOLING
  YESTERDAY        7                         4      3        9
  MONTH TO DATE   73                        89    -16       74
  SINCE JUN 1    371                       363      8      462
  SINCE JAN 1    384                       373     11      484
..................................................................


WIND (MPH)
  HIGHEST WIND SPEED    32   HIGHEST WIND DIRECTION    NE (40)
  HIGHEST GUST SPEED    41   HIGHEST GUST DIRECTION    NE (40)
  AVERAGE WIND SPEED     9.2


SKY COVER
  POSSIBLE SUNSHINE  MM
  AVERAGE SKY COVER 0.4


WEATHER CONDITIONS
 THE FOLLOWING WEATHER WAS RECORDED YESTERDAY.
  THUNDERSTORM
  LIGHT RAIN


RELATIVE HUMIDITY (PERCENT)
 HIGHEST    72          1200 AM
 LOWEST     17           100 PM
 AVERAGE    45

..........................................................


THE COLORADO SPRINGS CO CLIMATE NORMALS FOR TODAY
                         NORMAL    RECORD    YEAR
 MAXIMUM TEMPERATURE (F)   81        94      2001
 MINIMUM TEMPERATURE (F)   56        47      1956


SUNRISE AND SUNSET
AUGUST 19 2014........SUNRISE   616 AM MDT   SUNSET   748 PM MDT
AUGUST 20 2014........SUNRISE   617 AM MDT   SUNSET   747 PM MDT


-  INDICATES NEGATIVE NUMBERS.
R  INDICATES RECORD WAS SET OR TIED.
MM INDICATES DATA IS MISSING.
T  INDICATES TRACE AMOUNT.




$$
