000
CDUS45 KPUB 230022
CLICOS


CLIMATE REPORT
NATIONAL WEATHER SERVICE PUEBLO
522 PM MST THU JAN 22 2015


...................................

...THE COLORADO SPRINGS CO CLIMATE SUMMARY FOR JANUARY 22 2015...
VALID TODAY AS OF 0500 PM LOCAL TIME.

CLIMATE NORMAL PERIOD 1981 TO 2010
CLIMATE RECORD PERIOD 1872 TO 2015


WEATHER ITEM   OBSERVED TIME   RECORD YEAR NORMAL DEPARTURE LAST
                VALUE   (LST)  VALUE       VALUE  FROM      YEAR
                                                  NORMAL
..................................................................
TEMPERATURE (F)
 TODAY
  MAXIMUM         27    344 PM  70    1943  43    -16       43
  MINIMUM          2    723 AM -10    1917  18    -16       19
  AVERAGE         15                        31    -16       31

PRECIPITATION (IN)
  TODAY            0.00          0.07 1977   0.01  -0.01     0.04
  MONTH TO DATE    0.80                      0.22   0.58     0.22
  SINCE DEC 1      0.96                      0.56   0.40     0.29
  SINCE JAN 1      0.80                      0.22   0.58     0.22

SNOWFALL (IN)
  TODAY            0.0           1.6  1985   0.2   -0.2      0.6
                                      1957
  MONTH TO DATE   14.4                       3.9   10.5      4.1
  SINCE DEC 1     18.1                       9.6    8.5      7.0
  SINCE JUL 1     25.2                      17.4    7.8     11.2
  SNOW DEPTH       3

DEGREE DAYS
 HEATING
  TODAY           50                        34     16       34
  MONTH TO DATE  771                       758     13      730
  SINCE DEC 1   1801                      1849    -48     1833
  SINCE JUL 1   3126                      3330   -204     3194

 COOLING
  TODAY            0                         0      0        0
  MONTH TO DATE    0                         0      0        0
  SINCE DEC 1      0                         0      0        0
  SINCE JAN 1      0                         0      0        0
..................................................................


WIND (MPH)
  HIGHEST WIND SPEED    12   HIGHEST WIND DIRECTION     N (10)
  HIGHEST GUST SPEED    13   HIGHEST GUST DIRECTION     N (10)
  AVERAGE WIND SPEED     4.9


SKY COVER
  POSSIBLE SUNSHINE  MM
  AVERAGE SKY COVER 0.2


WEATHER CONDITIONS
 THE FOLLOWING WEATHER WAS RECORDED TODAY.
  NO SIGNIFICANT WEATHER WAS OBSERVED.


RELATIVE HUMIDITY (PERCENT)
 HIGHEST    88           400 AM
 LOWEST     46          1100 AM
 AVERAGE    67

..........................................................


THE COLORADO SPRINGS CO CLIMATE NORMALS FOR TOMORROW
                         NORMAL    RECORD    YEAR
 MAXIMUM TEMPERATURE (F)   43        68      2013
 MINIMUM TEMPERATURE (F)   18       -11      1963


SUNRISE AND SUNSET
JANUARY 22 2015.......SUNRISE   712 AM MST   SUNSET   509 PM MST
JANUARY 23 2015.......SUNRISE   712 AM MST   SUNSET   510 PM MST


-  INDICATES NEGATIVE NUMBERS.
R  INDICATES RECORD WAS SET OR TIED.
MM INDICATES DATA IS MISSING.
T  INDICATES TRACE AMOUNT.




$$
