000
CDUS45 KPUB 131043
CLICOS


CLIMATE REPORT
NATIONAL WEATHER SERVICE PUEBLO
443 AM MDT SUN APR 13 2014


...................................

...THE COLORADO SPRINGS CO CLIMATE SUMMARY FOR APRIL 12 2014...

CLIMATE NORMAL PERIOD 1981 TO 2010
CLIMATE RECORD PERIOD 1872 TO 2014


WEATHER ITEM   OBSERVED TIME   RECORD YEAR NORMAL DEPARTURE LAST
                VALUE   (LST)  VALUE       VALUE  FROM      YEAR
                                                  NORMAL
..................................................................
TEMPERATURE (F)
 YESTERDAY
  MAXIMUM         71   1230 PM  77    2010  59     12       56
  MINIMUM         48   1159 PM   4    1959  32     16       30
  AVERAGE         60                        45     15       43

PRECIPITATION (IN)
  YESTERDAY        0.02          0.79 1969   0.04  -0.02      T
  MONTH TO DATE    0.56                      0.44   0.12     0.01
  SINCE MAR 1      0.98                      1.44  -0.46     0.19
  SINCE JAN 1      1.87                      2.10  -0.23     1.27

SNOWFALL (IN)
  YESTERDAY        0.0           5.0  1896   0.2   -0.2      0.0
  MONTH TO DATE    6.0                       2.3    3.7       T
  SINCE MAR 1      8.8                      10.4   -1.6      4.2
  SINCE JUL 1     32.9                      34.4   -1.5     24.2
  SNOW DEPTH       0

DEGREE DAYS
 HEATING
  YESTERDAY        5                        20    -15       22
  MONTH TO DATE  220                       252    -32      286
  SINCE MAR 1   1001                      1057    -56     1098
  SINCE JUL 1   5488                      5620   -132     5442

 COOLING
  YESTERDAY        0                         0      0        0
  MONTH TO DATE    0                         0      0        0
  SINCE MAR 1      0                         0      0        0
  SINCE JAN 1      0                         0      0        0
..................................................................


WIND (MPH)
  HIGHEST WIND SPEED    35   HIGHEST WIND DIRECTION     N (340)
  HIGHEST GUST SPEED    43   HIGHEST GUST DIRECTION     N (340)
  AVERAGE WIND SPEED     9.8


SKY COVER
  POSSIBLE SUNSHINE  MM
  AVERAGE SKY COVER 0.8


WEATHER CONDITIONS
 THE FOLLOWING WEATHER WAS RECORDED YESTERDAY.
  LIGHT RAIN


RELATIVE HUMIDITY (PERCENT)
 HIGHEST    44          1000 PM
 LOWEST      8           900 AM
 AVERAGE    26

..........................................................


THE COLORADO SPRINGS CO CLIMATE NORMALS FOR TODAY
                         NORMAL    RECORD    YEAR
 MAXIMUM TEMPERATURE (F)   59        83      2006
 MINIMUM TEMPERATURE (F)   32         8      1997


SUNRISE AND SUNSET
APRIL 13 2014.........SUNRISE   625 AM MDT   SUNSET   734 PM MDT
APRIL 14 2014.........SUNRISE   624 AM MDT   SUNSET   735 PM MDT


-  INDICATES NEGATIVE NUMBERS.
R  INDICATES RECORD WAS SET OR TIED.
MM INDICATES DATA IS MISSING.
T  INDICATES TRACE AMOUNT.




$$
