158
CDUS45 KPUB 252319
CLICOS


CLIMATE REPORT
NATIONAL WEATHER SERVICE PUEBLO
519 PM MDT MON JUL 25 2016


...................................

...THE COLORADO SPRINGS CO CLIMATE SUMMARY FOR JULY 25 2016...
VALID TODAY AS OF 0500 PM LOCAL TIME.

CLIMATE NORMAL PERIOD 1981 TO 2010
CLIMATE RECORD PERIOD 1872 TO 2016


WEATHER ITEM   OBSERVED TIME   RECORD YEAR NORMAL DEPARTURE LAST
                VALUE   (LST)  VALUE       VALUE  FROM      YEAR
                                                  NORMAL
..................................................................
TEMPERATURE (F)
 TODAY
  MAXIMUM         90    145 PM  98    2003  85      5       89
  MINIMUM         56    538 AM  47    1942  58     -2       60
                                      1924
  AVERAGE         73                        71      2       75

PRECIPITATION (IN)
  TODAY            0.00          0.94 1958   0.11  -0.11     0.00
  MONTH TO DATE    1.86                      2.19  -0.33     2.73
  SINCE JUN 1      2.90                      4.69  -1.79     8.45
  SINCE JAN 1      9.83                      9.80   0.03    20.68

SNOWFALL (IN)
  TODAY            0.0           0.0  2002   0.0    0.0      0.0
                                      2001
  MONTH TO DATE    T                         0.0    0.0      0.0
  SINCE JUN 1      T                         0.0    0.0       T
  SINCE JUL 1      T                         0.0    0.0      0.0
  SNOW DEPTH       0

DEGREE DAYS
 HEATING
  TODAY            0                         0      0        0
  MONTH TO DATE    0                         3     -3       10
  SINCE JUN 1      8                        82    -74       20
  SINCE JUL 1      0                         3     -3       10

 COOLING
  TODAY            8                         6      2       10
  MONTH TO DATE  249                       153     96      141
  SINCE JUN 1    430                       236    194      263
  SINCE JAN 1    432                       246    186      263
..................................................................


WIND (MPH)
  HIGHEST WIND SPEED    29   HIGHEST WIND DIRECTION     E (110)
  HIGHEST GUST SPEED    39   HIGHEST GUST DIRECTION     E (110)
  AVERAGE WIND SPEED     6.2


SKY COVER
  POSSIBLE SUNSHINE  MM
  AVERAGE SKY COVER 0.4


WEATHER CONDITIONS
 THE FOLLOWING WEATHER WAS RECORDED TODAY.
  THUNDERSTORM


RELATIVE HUMIDITY (PERCENT)
 HIGHEST    86           100 AM
 LOWEST     21           300 PM
 AVERAGE    54

..........................................................


THE COLORADO SPRINGS CO CLIMATE NORMALS FOR TOMORROW
                         NORMAL    RECORD    YEAR
 MAXIMUM TEMPERATURE (F)   84        97      1953
 MINIMUM TEMPERATURE (F)   58        46      1913
                                             1900


SUNRISE AND SUNSET
JULY 25 2016..........SUNRISE   554 AM MDT   SUNSET   816 PM MDT
JULY 26 2016..........SUNRISE   555 AM MDT   SUNSET   815 PM MDT


-  INDICATES NEGATIVE NUMBERS.
R  INDICATES RECORD WAS SET OR TIED.
MM INDICATES DATA IS MISSING.
T  INDICATES TRACE AMOUNT.




$$
