000
CDUS45 KPUB 270033
CLICOS


CLIMATE REPORT
NATIONAL WEATHER SERVICE PUEBLO
632 PM MDT MON JUN 26 2017


...................................

...THE COLORADO SPRINGS CO CLIMATE SUMMARY FOR JUNE 26 2017...
VALID TODAY AS OF 0500 PM LOCAL TIME.

CLIMATE NORMAL PERIOD 1981 TO 2010
CLIMATE RECORD PERIOD 1872 TO 2017


WEATHER ITEM   OBSERVED TIME   RECORD YEAR NORMAL DEPARTURE LAST
                VALUE   (LST)  VALUE       VALUE  FROM      YEAR
                                                  NORMAL
..................................................................
TEMPERATURE (F)
 TODAY
  MAXIMUM         85    229 PM 101    2012  83      2       84
  MINIMUM         58    556 AM  39    1968  54      4       52
  AVERAGE         72                        68      4       68

PRECIPITATION (IN)
  TODAY            0.01          1.31 1935   0.08  -0.07      T
  MONTH TO DATE    0.43                      2.20  -1.77     0.66
  SINCE JUN 1      0.43                      2.20  -1.77     0.66
  SINCE JAN 1      6.55                      7.31  -0.76     7.59

SNOWFALL (IN)
  TODAY            0.0           0.0  2002   0.0    0.0      0.0
                                      2001
  MONTH TO DATE    0.0                       0.0    0.0       T
  SINCE JUN 1      0.0                       0.0    0.0       T
  SINCE JUL 1     25.2                      37.7  -12.5     50.7
  SNOW DEPTH       0

DEGREE DAYS
 HEATING
  TODAY            0                         1     -1        0
  MONTH TO DATE   19                        74    -55        8
  SINCE JUN 1     19                        74    -55        8
  SINCE JUL 1   5097                      6287  -1190     5484

 COOLING
  TODAY            7                         4      3        3
  MONTH TO DATE  134                        62     72      153
  SINCE JUN 1    134                        62     72      153
  SINCE JAN 1    136                        72     64      155
..................................................................


WIND (MPH)
  HIGHEST WIND SPEED    16   HIGHEST WIND DIRECTION    SW (210)
  HIGHEST GUST SPEED    23   HIGHEST GUST DIRECTION    SW (210)
  AVERAGE WIND SPEED     5.9


SKY COVER
  POSSIBLE SUNSHINE  MM
  AVERAGE SKY COVER 0.7


WEATHER CONDITIONS
 THE FOLLOWING WEATHER WAS RECORDED TODAY.
  LIGHT RAIN
  FOG


RELATIVE HUMIDITY (PERCENT)
 HIGHEST   100           300 AM
 LOWEST     22           300 PM
 AVERAGE    61

..........................................................


THE COLORADO SPRINGS CO CLIMATE NORMALS FOR TOMORROW
                         NORMAL    RECORD    YEAR
 MAXIMUM TEMPERATURE (F)   83        98      2013
 MINIMUM TEMPERATURE (F)   54        38      1985


SUNRISE AND SUNSET
JUNE 26 2017..........SUNRISE   536 AM MDT   SUNSET   828 PM MDT
JUNE 27 2017..........SUNRISE   536 AM MDT   SUNSET   828 PM MDT


-  INDICATES NEGATIVE NUMBERS.
R  INDICATES RECORD WAS SET OR TIED.
MM INDICATES DATA IS MISSING.
T  INDICATES TRACE AMOUNT.




$$
