000
CDUS45 KPUB 252321
CLICOS


CLIMATE REPORT
NATIONAL WEATHER SERVICE PUEBLO
521 PM MDT SAT OCT 25 2014


...................................

...THE COLORADO SPRINGS CO CLIMATE SUMMARY FOR OCTOBER 25 2014...
VALID TODAY AS OF 0500 PM LOCAL TIME.

CLIMATE NORMAL PERIOD 1981 TO 2010
CLIMATE RECORD PERIOD 1872 TO 2014


WEATHER ITEM   OBSERVED TIME   RECORD YEAR NORMAL DEPARTURE LAST
                VALUE   (LST)  VALUE       VALUE  FROM      YEAR
                                                  NORMAL
..................................................................
TEMPERATURE (F)
 TODAY
  MAXIMUM         78    253 PM  79    1959  60     18       66
  MINIMUM         46   1230 AM  15    1997  33     13       30
  AVERAGE         62                        46     16       48

PRECIPITATION (IN)
  TODAY            0.00          0.66 1997   0.02  -0.02     0.00
  MONTH TO DATE    2.96                      0.68   2.28     0.39
  SINCE SEP 1      3.57                      1.87   1.70     5.19
  SINCE JAN 1     16.62                     15.66   0.96    18.85

SNOWFALL (IN)
  TODAY            0.0          13.9  1997   0.2   -0.2      0.0
  MONTH TO DATE    T                         2.2   -2.2      0.2
  SINCE SEP 1      T                         2.4   -2.4      0.2
  SINCE JUL 1      T                         2.4   -2.4      0.2
  SNOW DEPTH       0

DEGREE DAYS
 HEATING
  TODAY            3                        19    -16       17
  MONTH TO DATE  258                       366   -108      398
  SINCE SEP 1    345                       525   -180      471
  SINCE JUL 1    375                       556   -181      481

 COOLING
  TODAY            0                         0      0        0
  MONTH TO DATE    0                         0      0        0
  SINCE SEP 1     60                        36     24       92
  SINCE JAN 1    487                       454     33      694
..................................................................


WIND (MPH)
  HIGHEST WIND SPEED    17   HIGHEST WIND DIRECTION     S (170)
  HIGHEST GUST SPEED    22   HIGHEST GUST DIRECTION     S (180)
  AVERAGE WIND SPEED     8.0


SKY COVER
  POSSIBLE SUNSHINE  MM
  AVERAGE SKY COVER 0.0


WEATHER CONDITIONS
 THE FOLLOWING WEATHER WAS RECORDED TODAY.
  NO SIGNIFICANT WEATHER WAS OBSERVED.


RELATIVE HUMIDITY (PERCENT)
 HIGHEST    42          1200 AM
 LOWEST      9          1200 PM
 AVERAGE    26

..........................................................


THE COLORADO SPRINGS CO CLIMATE NORMALS FOR TOMORROW
                         NORMAL    RECORD    YEAR
 MAXIMUM TEMPERATURE (F)   60        80      1979
 MINIMUM TEMPERATURE (F)   33        16      1913


SUNRISE AND SUNSET
OCTOBER 25 2014.......SUNRISE   718 AM MDT   SUNSET   607 PM MDT
OCTOBER 26 2014.......SUNRISE   720 AM MDT   SUNSET   606 PM MDT


-  INDICATES NEGATIVE NUMBERS.
R  INDICATES RECORD WAS SET OR TIED.
MM INDICATES DATA IS MISSING.
T  INDICATES TRACE AMOUNT.




$$
