889
CDUS45 KPUB 241430
CLICOS


CLIMATE REPORT
NATIONAL WEATHER SERVICE PUEBLO
730 AM MST TUE JAN 24 2017


...................................

...THE COLORADO SPRINGS CO CLIMATE SUMMARY FOR JANUARY 23 2017...

CLIMATE NORMAL PERIOD 1981 TO 2010
CLIMATE RECORD PERIOD 1872 TO 2017


WEATHER ITEM   OBSERVED TIME   RECORD YEAR NORMAL DEPARTURE LAST
                VALUE   (LST)  VALUE       VALUE  FROM      YEAR
                                                  NORMAL
..................................................................
TEMPERATURE (F)
 YESTERDAY
  MAXIMUM         53   1257 PM  68    2013  43     10       61
  MINIMUM         22    324 AM -11    1963  18      4       26
  AVERAGE         38                        30      8       44

PRECIPITATION (IN)
  YESTERDAY        T             0.26 1921   0.01  -0.01     0.00
  MONTH TO DATE    0.29                      0.23   0.06     0.20
  SINCE DEC 1      0.97                      0.57   0.40     0.45
  SINCE JAN 1      0.29                      0.23   0.06     0.20

SNOWFALL (IN)
  YESTERDAY        T             3.0  1904   0.2   -0.2      0.0
  MONTH TO DATE    4.9                       4.1    0.8      3.0
  SINCE DEC 1     11.3                       9.8    1.5      7.3
  SINCE JUL 1     11.3                      17.6   -6.3     13.1
  SNOW DEPTH       0

DEGREE DAYS
 HEATING
  YESTERDAY       27                        34     -7       21
  MONTH TO DATE  794                       792      2      773
  SINCE DEC 1   1894                      1883     11     1774
  SINCE JUL 1   2797                      3364   -567     2877

 COOLING
  YESTERDAY        0                         0      0        0
  MONTH TO DATE    0                         0      0        0
  SINCE DEC 1      0                         0      0        0
  SINCE JAN 1      0                         0      0        0
..................................................................


WIND (MPH)
  HIGHEST WIND SPEED    29   HIGHEST WIND DIRECTION     S (190)
  HIGHEST GUST SPEED    35   HIGHEST GUST DIRECTION     S (200)
  AVERAGE WIND SPEED    11.8


SKY COVER
  POSSIBLE SUNSHINE  MM
  AVERAGE SKY COVER 0.4


WEATHER CONDITIONS
 THE FOLLOWING WEATHER WAS RECORDED YESTERDAY.
  LIGHT SNOW


RELATIVE HUMIDITY (PERCENT)
 HIGHEST    68           500 AM
 LOWEST     20           100 PM
 AVERAGE    44

..........................................................


THE COLORADO SPRINGS CO CLIMATE NORMALS FOR TODAY
                         NORMAL    RECORD    YEAR
 MAXIMUM TEMPERATURE (F)   43        66      2013
 MINIMUM TEMPERATURE (F)   18        -6      1949
                                             1897


SUNRISE AND SUNSET
JANUARY 24 2017.......SUNRISE   711 AM MST   SUNSET   512 PM MST
JANUARY 25 2017.......SUNRISE   710 AM MST   SUNSET   513 PM MST


-  INDICATES NEGATIVE NUMBERS.
R  INDICATES RECORD WAS SET OR TIED.
MM INDICATES DATA IS MISSING.
T  INDICATES TRACE AMOUNT.




$$
