803
CDUS45 KPUB 281031
CLICOS


CLIMATE REPORT
NATIONAL WEATHER SERVICE PUEBLO
431 AM MDT FRI APR 28 2017


...................................

...THE COLORADO SPRINGS CO CLIMATE SUMMARY FOR APRIL 27 2017...

CLIMATE NORMAL PERIOD 1981 TO 2010
CLIMATE RECORD PERIOD 1872 TO 2017


WEATHER ITEM   OBSERVED TIME   RECORD YEAR NORMAL DEPARTURE LAST
                VALUE   (LST)  VALUE       VALUE  FROM      YEAR
                                                  NORMAL
..................................................................
TEMPERATURE (F)
 YESTERDAY
  MAXIMUM         57   1255 PM  82    1992  63     -6       53
  MINIMUM         37    536 AM  17    1984  37      0       28
  AVERAGE         47                        50     -3       41

PRECIPITATION (IN)
  YESTERDAY        T             1.55 1941   0.06  -0.06      T
  MONTH TO DATE    2.03                      1.24   0.79     1.16
  SINCE MAR 1      2.47                      2.24   0.23     1.89
  SINCE JAN 1      2.86                      2.90  -0.04     3.43

SNOWFALL (IN)
  YESTERDAY        0.0           4.1  1957   0.1   -0.1      0.0
  MONTH TO DATE    8.9                       4.5    4.4      5.1
  SINCE MAR 1     10.9                      12.6   -1.7     15.6
  SINCE JUL 1     24.3                      36.6  -12.3     42.7
  SNOW DEPTH       0

DEGREE DAYS
 HEATING
  YESTERDAY       18                        15      3       24
  MONTH TO DATE  401                       510   -109      451
  SINCE MAR 1    961                      1315   -354     1161
  SINCE JUL 1   4714                      5878  -1164     5064

 COOLING
  YESTERDAY        0                         0      0        0
  MONTH TO DATE    0                         0      0        0
  SINCE MAR 1      0                         0      0        0
  SINCE JAN 1      0                         0      0        0
..................................................................


WIND (MPH)
  HIGHEST WIND SPEED    29   HIGHEST WIND DIRECTION     N (10)
  HIGHEST GUST SPEED    35   HIGHEST GUST DIRECTION     N (20)
  AVERAGE WIND SPEED     9.6


SKY COVER
  POSSIBLE SUNSHINE  MM
  AVERAGE SKY COVER 0.7


WEATHER CONDITIONS
 THE FOLLOWING WEATHER WAS RECORDED YESTERDAY.
  THUNDERSTORM
  LIGHT RAIN


RELATIVE HUMIDITY (PERCENT)
 HIGHEST    79           100 AM
 LOWEST     35           100 PM
 AVERAGE    57

..........................................................


THE COLORADO SPRINGS CO CLIMATE NORMALS FOR TODAY
                         NORMAL    RECORD    YEAR
 MAXIMUM TEMPERATURE (F)   64        81      1910
 MINIMUM TEMPERATURE (F)   37        20      1984


SUNRISE AND SUNSET
APRIL 28 2017.........SUNRISE   605 AM MDT   SUNSET   749 PM MDT
APRIL 29 2017.........SUNRISE   603 AM MDT   SUNSET   750 PM MDT


-  INDICATES NEGATIVE NUMBERS.
R  INDICATES RECORD WAS SET OR TIED.
MM INDICATES DATA IS MISSING.
T  INDICATES TRACE AMOUNT.




$$
