000
CDUS45 KPUB 021032
CLICOS


CLIMATE REPORT
NATIONAL WEATHER SERVICE PUEBLO
432 AM MDT THU JUL 2 2015


...................................

...THE COLORADO SPRINGS CO CLIMATE SUMMARY FOR JULY 1 2015...

CLIMATE NORMAL PERIOD 1981 TO 2010
CLIMATE RECORD PERIOD 1872 TO 2015


WEATHER ITEM   OBSERVED TIME   RECORD YEAR NORMAL DEPARTURE LAST
                VALUE   (LST)  VALUE       VALUE  FROM      YEAR
                                                  NORMAL
..................................................................
TEMPERATURE (F)
 YESTERDAY
  MAXIMUM         87    122 PM  96    2012  84      3       73
                                      2002
                                      1990
  MINIMUM         62   1159 PM  43    1951  55      7       55
  AVERAGE         75                        70      5       64

PRECIPITATION (IN)
  YESTERDAY        0.09          0.60 1995   0.07   0.02      T
  MONTH TO DATE    0.09                      0.07   0.02      T
  SINCE JUN 1      5.81                      2.57   3.24     1.29
  SINCE JAN 1     18.04                      7.68  10.36     6.08

SNOWFALL (IN)
  YESTERDAY        0.0           0.0  2002   0.0    0.0      0.0
                                      2001
  MONTH TO DATE    0.0                       0.0    0.0      0.0
  SINCE JUN 1      T                         0.0    0.0       T
  SINCE JUL 1      0.0                       0.0    0.0      0.0
  SNOW DEPTH       0

DEGREE DAYS
 HEATING
  YESTERDAY        0                         1     -1        1
  MONTH TO DATE    0                         1     -1        1
  SINCE JUN 1     10                        80    -70       40
  SINCE JUL 1      0                         1     -1        1

 COOLING
  YESTERDAY       10                         5      5        0
  MONTH TO DATE   10                         5      5        0
  SINCE JUN 1    132                        88     44      104
  SINCE JAN 1    132                        98     34      117
..................................................................


WIND (MPH)
  HIGHEST WIND SPEED    28   HIGHEST WIND DIRECTION     N (340)
  HIGHEST GUST SPEED    32   HIGHEST GUST DIRECTION     N (340)
  AVERAGE WIND SPEED     8.4


SKY COVER
  POSSIBLE SUNSHINE  MM
  AVERAGE SKY COVER 0.7


WEATHER CONDITIONS
 THE FOLLOWING WEATHER WAS RECORDED YESTERDAY.
  THUNDERSTORM
  LIGHT RAIN
  FOG


RELATIVE HUMIDITY (PERCENT)
 HIGHEST    90          1100 PM
 LOWEST     29          1100 AM
 AVERAGE    60

..........................................................


THE COLORADO SPRINGS CO CLIMATE NORMALS FOR TODAY
                         NORMAL    RECORD    YEAR
 MAXIMUM TEMPERATURE (F)   84        96      2002
                                             1960
 MINIMUM TEMPERATURE (F)   55        43      1945


SUNRISE AND SUNSET
JULY  2 2015..........SUNRISE   538 AM MDT   SUNSET   828 PM MDT
JULY  3 2015..........SUNRISE   538 AM MDT   SUNSET   828 PM MDT


-  INDICATES NEGATIVE NUMBERS.
R  INDICATES RECORD WAS SET OR TIED.
MM INDICATES DATA IS MISSING.
T  INDICATES TRACE AMOUNT.




$$
