000
CDUS45 KPUB 080048
CLICOS


CLIMATE REPORT
NATIONAL WEATHER SERVICE PUEBLO
548 PM MST SAT JAN 7 2017


...................................

...THE COLORADO SPRINGS CO CLIMATE SUMMARY FOR JANUARY 7 2017...
VALID TODAY AS OF 0500 PM LOCAL TIME.

CLIMATE NORMAL PERIOD 1981 TO 2010
CLIMATE RECORD PERIOD 1872 TO 2017


WEATHER ITEM   OBSERVED TIME   RECORD YEAR NORMAL DEPARTURE LAST
                VALUE   (LST)  VALUE       VALUE  FROM      YEAR
                                                  NORMAL
..................................................................
TEMPERATURE (F)
 TODAY
  MAXIMUM         29    145 PM  67    2006  43    -14       35
  MINIMUM          0    146 AM -21    1913  18    -18       28
  AVERAGE         15                        30    -15       32

PRECIPITATION (IN)
  TODAY            0.00          0.16 2008   0.01  -0.01     0.14
  MONTH TO DATE    0.19                      0.07   0.12     0.14
  SINCE DEC 1      0.87                      0.41   0.46     0.39
  SINCE JAN 1      0.19                      0.07   0.12     0.14

SNOWFALL (IN)
  TODAY            0.0           2.5  2008   0.2   -0.2      1.1
  MONTH TO DATE    3.4                       1.3    2.1      1.1
  SINCE DEC 1      9.8                       7.0    2.8      5.4
  SINCE JUL 1      9.8                      14.8   -5.0     11.2
  SNOW DEPTH       1

DEGREE DAYS
 HEATING
  TODAY           50                        35     15       33
  MONTH TO DATE  327                       245     82      232
  SINCE DEC 1   1427                      1336     91     1233
  SINCE JUL 1   2330                      2817   -487     2336

 COOLING
  TODAY            0                         0      0        0
  MONTH TO DATE    0                         0      0        0
  SINCE DEC 1      0                         0      0        0
  SINCE JAN 1      0                         0      0        0
..................................................................


WIND (MPH)
  HIGHEST WIND SPEED    15   HIGHEST WIND DIRECTION    NE (30)
  HIGHEST GUST SPEED    15   HIGHEST GUST DIRECTION    NE (30)
  AVERAGE WIND SPEED     7.0


SKY COVER
  POSSIBLE SUNSHINE  MM
  AVERAGE SKY COVER 0.6


WEATHER CONDITIONS
 THE FOLLOWING WEATHER WAS RECORDED TODAY.
  NO SIGNIFICANT WEATHER WAS OBSERVED.


RELATIVE HUMIDITY (PERCENT)
 HIGHEST    69          1200 AM
 LOWEST     34           100 PM
 AVERAGE    52

..........................................................


THE COLORADO SPRINGS CO CLIMATE NORMALS FOR TOMORROW
                         NORMAL    RECORD    YEAR
 MAXIMUM TEMPERATURE (F)   43        70      2003
 MINIMUM TEMPERATURE (F)   18       -13      1937


SUNRISE AND SUNSET
JANUARY  7 2017.......SUNRISE   717 AM MST   SUNSET   453 PM MST
JANUARY  8 2017.......SUNRISE   717 AM MST   SUNSET   454 PM MST


-  INDICATES NEGATIVE NUMBERS.
R  INDICATES RECORD WAS SET OR TIED.
MM INDICATES DATA IS MISSING.
T  INDICATES TRACE AMOUNT.




$$
