000
CDUS45 KPUB 031132
CLICOS


CLIMATE REPORT
NATIONAL WEATHER SERVICE PUEBLO
432 AM MST SUN DEC 3 2017


...................................

...THE COLORADO SPRINGS CO CLIMATE SUMMARY FOR DECEMBER 2 2017...

CLIMATE NORMAL PERIOD 1981 TO 2010
CLIMATE RECORD PERIOD 1872 TO 2017


WEATHER ITEM   OBSERVED TIME   RECORD YEAR NORMAL DEPARTURE LAST
                VALUE   (LST)  VALUE       VALUE  FROM      YEAR
                                                  NORMAL
..................................................................
TEMPERATURE (F)
 YESTERDAY
  MAXIMUM         62    209 PM  68    1926  44     18       31
  MINIMUM         27    709 AM  -7    1929  19      8       15
  AVERAGE         45                        32     13       23

PRECIPITATION (IN)
  YESTERDAY        0.00          0.38 1933   0.02  -0.02     0.03
  MONTH TO DATE    0.00                      0.03  -0.03     0.03
  SINCE DEC 1      0.00                      0.03  -0.03     0.03
  SINCE JAN 1     18.43                     16.23   2.20    13.70

SNOWFALL (IN)
  YESTERDAY        0.0           4.6  1984   0.2   -0.2      0.2
  MONTH TO DATE    0.0                       0.4   -0.4      0.2
  SINCE DEC 1      0.0                       0.4   -0.4      0.2
  SINCE JUL 1      1.6                       8.2   -6.6      0.2
  SNOW DEPTH       0

DEGREE DAYS
 HEATING
  YESTERDAY       20                        33    -13       42
  MONTH TO DATE   35                        66    -31       80
  SINCE DEC 1     35                        66    -31       80
  SINCE JUL 1   1203                      1547   -344      983

 COOLING
  YESTERDAY        0                         0      0        0
  MONTH TO DATE    0                         0      0        0
  SINCE DEC 1      0                         0      0        0
  SINCE JAN 1    639                       455    184      710
..................................................................


WIND (MPH)
  HIGHEST WIND SPEED    18   HIGHEST WIND DIRECTION     S (190)
  HIGHEST GUST SPEED    23   HIGHEST GUST DIRECTION     S (190)
  AVERAGE WIND SPEED     8.7


SKY COVER
  POSSIBLE SUNSHINE  MM
  AVERAGE SKY COVER 0.4


WEATHER CONDITIONS
 THE FOLLOWING WEATHER WAS RECORDED YESTERDAY.
  NO SIGNIFICANT WEATHER WAS OBSERVED.


RELATIVE HUMIDITY (PERCENT)
 HIGHEST    63           700 AM
 LOWEST     20           200 PM
 AVERAGE    42

..........................................................


THE COLORADO SPRINGS CO CLIMATE NORMALS FOR TODAY
                         NORMAL    RECORD    YEAR
 MAXIMUM TEMPERATURE (F)   43        70      2010
 MINIMUM TEMPERATURE (F)   19        -2      2006


SUNRISE AND SUNSET
DECEMBER  3 2017......SUNRISE   700 AM MST   SUNSET   437 PM MST
DECEMBER  4 2017......SUNRISE   701 AM MST   SUNSET   437 PM MST


-  INDICATES NEGATIVE NUMBERS.
R  INDICATES RECORD WAS SET OR TIED.
MM INDICATES DATA IS MISSING.
T  INDICATES TRACE AMOUNT.




$$
