000
CDUS45 KPUB 141120
CLICOS


CLIMATE REPORT
NATIONAL WEATHER SERVICE PUEBLO
419 AM MST TUE FEB 14 2017


...................................

...THE COLORADO SPRINGS CO CLIMATE SUMMARY FOR FEBRUARY 13 2017...

CLIMATE NORMAL PERIOD 1981 TO 2010
CLIMATE RECORD PERIOD 1872 TO 2017


WEATHER ITEM   OBSERVED TIME   RECORD YEAR NORMAL DEPARTURE LAST
                VALUE   (LST)  VALUE       VALUE  FROM      YEAR
                                                  NORMAL
..................................................................
TEMPERATURE (F)
 YESTERDAY
  MAXIMUM         46   1132 AM  71    2011  44      2       67
                                      1954
  MINIMUM         24    106 AM -23    1905  19      5       27
  AVERAGE         35                        32      3       47

PRECIPITATION (IN)
  YESTERDAY        0.00          0.21 1931   0.01  -0.01     0.00
  MONTH TO DATE    0.05                      0.13  -0.08     1.00
  SINCE DEC 1      1.05                      0.79   0.26     1.79
  SINCE JAN 1      0.37                      0.45  -0.08     1.54

SNOWFALL (IN)
  YESTERDAY        0.0           2.5  1902   0.2   -0.2      0.0
  MONTH TO DATE    0.6                       2.3   -1.7     10.1
  SINCE DEC 1     13.3                      13.6   -0.3     21.3
  SINCE JUL 1     13.3                      21.4   -8.1     27.1
  SNOW DEPTH       0

DEGREE DAYS
 HEATING
  YESTERDAY       30                        33     -3       18
  MONTH TO DATE  313                       441   -128      458
  SINCE DEC 1   2464                      2603   -139     2452
  SINCE JUL 1   3367                      4084   -717     3555

 COOLING
  YESTERDAY        0                         0      0        0
  MONTH TO DATE    0                         0      0        0
  SINCE DEC 1      0                         0      0        0
  SINCE JAN 1      0                         0      0        0
..................................................................


WIND (MPH)
  HIGHEST WIND SPEED    28   HIGHEST WIND DIRECTION     N (350)
  HIGHEST GUST SPEED    34   HIGHEST GUST DIRECTION    NW (330)
  AVERAGE WIND SPEED    13.2


SKY COVER
  POSSIBLE SUNSHINE  MM
  AVERAGE SKY COVER 0.9


WEATHER CONDITIONS
 THE FOLLOWING WEATHER WAS RECORDED YESTERDAY.
  NO SIGNIFICANT WEATHER WAS OBSERVED.


RELATIVE HUMIDITY (PERCENT)
 HIGHEST    68           100 AM
 LOWEST     20           300 PM
 AVERAGE    44

..........................................................


THE COLORADO SPRINGS CO CLIMATE NORMALS FOR TODAY
                         NORMAL    RECORD    YEAR
 MAXIMUM TEMPERATURE (F)   44        70      1957
 MINIMUM TEMPERATURE (F)   19        -9      1895


SUNRISE AND SUNSET
FEBRUARY 14 2017......SUNRISE   651 AM MST   SUNSET   536 PM MST
FEBRUARY 15 2017......SUNRISE   650 AM MST   SUNSET   537 PM MST


-  INDICATES NEGATIVE NUMBERS.
R  INDICATES RECORD WAS SET OR TIED.
MM INDICATES DATA IS MISSING.
T  INDICATES TRACE AMOUNT.




$$
