000
CDUS45 KPUB 140024
CLICOS


CLIMATE REPORT
NATIONAL WEATHER SERVICE PUEBLO
624 PM MDT SAT SEP 13 2014


...................................

...THE COLORADO SPRINGS CO CLIMATE SUMMARY FOR SEPTEMBER 13 2014...
VALID TODAY AS OF 0500 PM LOCAL TIME.

CLIMATE NORMAL PERIOD 1981 TO 2010
CLIMATE RECORD PERIOD 1872 TO 2014


WEATHER ITEM   OBSERVED TIME   RECORD YEAR NORMAL DEPARTURE LAST
                VALUE   (LST)  VALUE       VALUE  FROM      YEAR
                                                  NORMAL
..................................................................
TEMPERATURE (F)
 TODAY
  MAXIMUM         77    256 PM  94    1990  76      1       70
  MINIMUM         38    552 AM  32    1993  49    -11       58
                                      1945
  AVERAGE         58                        62     -4       64

PRECIPITATION (IN)
  TODAY            0.00          1.17 1982   0.04  -0.04     0.27
  MONTH TO DATE    0.10                      0.67  -0.57     2.24
  SINCE SEP 1      0.10                      0.67  -0.57     2.24
  SINCE JAN 1     13.15                     14.46  -1.31    15.90

SNOWFALL (IN)
  TODAY            0.0           0.1  1993   0.0    0.0      0.0
  MONTH TO DATE    T                         0.0    0.0      0.0
  SINCE SEP 1      T                         0.0    0.0      0.0
  SINCE JUL 1      T                         0.0    0.0       T
  SNOW DEPTH       0

DEGREE DAYS
 HEATING
  TODAY            7                         4      3        1
  MONTH TO DATE   68                        37     31        2
  SINCE SEP 1     68                        37     31        2
  SINCE JUL 1     98                        68     30       12

 COOLING
  TODAY            0                         1     -1        0
  MONTH TO DATE   23                        26     -3       81
  SINCE SEP 1     23                        26     -3       81
  SINCE JAN 1    450                       444      6      683
..................................................................


WIND (MPH)
  HIGHEST WIND SPEED    17   HIGHEST WIND DIRECTION    SE (140)
  HIGHEST GUST SPEED    23   HIGHEST GUST DIRECTION     S (160)
  AVERAGE WIND SPEED     8.1


SKY COVER
  POSSIBLE SUNSHINE  MM
  AVERAGE SKY COVER 0.6


WEATHER CONDITIONS
 THE FOLLOWING WEATHER WAS RECORDED TODAY.
  NO SIGNIFICANT WEATHER WAS OBSERVED.


RELATIVE HUMIDITY (PERCENT)
 HIGHEST    92           300 AM
 LOWEST     18           300 PM
 AVERAGE    55

..........................................................


THE COLORADO SPRINGS CO CLIMATE NORMALS FOR TOMORROW
                         NORMAL    RECORD    YEAR
 MAXIMUM TEMPERATURE (F)   75        89      2010
                                             1956
                                             1955
 MINIMUM TEMPERATURE (F)   48        28      1993


SUNRISE AND SUNSET
SEPTEMBER 13 2014.....SUNRISE   639 AM MDT   SUNSET   710 PM MDT
SEPTEMBER 14 2014.....SUNRISE   639 AM MDT   SUNSET   709 PM MDT


-  INDICATES NEGATIVE NUMBERS.
R  INDICATES RECORD WAS SET OR TIED.
MM INDICATES DATA IS MISSING.
T  INDICATES TRACE AMOUNT.




$$
