000
CDUS45 KPUB 251049
CLICOS


CLIMATE REPORT
NATIONAL WEATHER SERVICE PUEBLO
449 AM MDT TUE AUG 25 2015


...................................

...THE COLORADO SPRINGS CO CLIMATE SUMMARY FOR AUGUST 24 2015...

CLIMATE NORMAL PERIOD 1981 TO 2010
CLIMATE RECORD PERIOD 1872 TO 2015


WEATHER ITEM   OBSERVED TIME   RECORD YEAR NORMAL DEPARTURE LAST
                VALUE   (LST)  VALUE       VALUE  FROM      YEAR
                                                  NORMAL
..................................................................
TEMPERATURE (F)
 YESTERDAY
  MAXIMUM         87    244 PM  94    1964  81      6       83
  MINIMUM         48    528 AM  41    1911  55     -7       52
  AVERAGE         68                        68      0       68

PRECIPITATION (IN)
  YESTERDAY        0.00          1.79 1992   0.09  -0.09      T
  MONTH TO DATE    1.66                      2.73  -1.07     1.67
  SINCE JUN 1     10.52                      8.07   2.45     7.59
  SINCE JAN 1     22.75                     13.18   9.57    12.38

SNOWFALL (IN)
  YESTERDAY        0.0           0.0  2002   0.0    0.0      0.0
  MONTH TO DATE    0.0                       0.0    0.0       T
  SINCE JUN 1      T                         0.0    0.0       T
  SINCE JUL 1      T                         0.0    0.0       T
  SNOW DEPTH       0

DEGREE DAYS
 HEATING
  YESTERDAY        0                         1     -1        0
  MONTH TO DATE    9                         9      0        5
  SINCE JUN 1     29                        98    -69       67
  SINCE JUL 1     19                        19      0       28

 COOLING
  YESTERDAY        3                         4     -1        3
  MONTH TO DATE  164                       113     51      104
  SINCE JUN 1    468                       387     81      402
  SINCE JAN 1    468                       397     71      415
..................................................................


WIND (MPH)
  HIGHEST WIND SPEED    16   HIGHEST WIND DIRECTION    SE (130)
  HIGHEST GUST SPEED    19   HIGHEST GUST DIRECTION     S (160)
  AVERAGE WIND SPEED     6.3


SKY COVER
  POSSIBLE SUNSHINE  MM
  AVERAGE SKY COVER 0.3


WEATHER CONDITIONS
 THE FOLLOWING WEATHER WAS RECORDED YESTERDAY.
  HAZE


RELATIVE HUMIDITY (PERCENT)
 HIGHEST    77           300 AM
 LOWEST     13           100 PM
 AVERAGE    45

..........................................................


THE COLORADO SPRINGS CO CLIMATE NORMALS FOR TODAY
                         NORMAL    RECORD    YEAR
 MAXIMUM TEMPERATURE (F)   81        94      2011
 MINIMUM TEMPERATURE (F)   55        38      1910


SUNRISE AND SUNSET
AUGUST 25 2015........SUNRISE   621 AM MDT   SUNSET   740 PM MDT
AUGUST 26 2015........SUNRISE   622 AM MDT   SUNSET   738 PM MDT


-  INDICATES NEGATIVE NUMBERS.
R  INDICATES RECORD WAS SET OR TIED.
MM INDICATES DATA IS MISSING.
T  INDICATES TRACE AMOUNT.




$$
