133
CDUS45 KPUB 272326
CLICOS


CLIMATE REPORT
NATIONAL WEATHER SERVICE PUEBLO
526 PM MDT TUE SEP 27 2016


...................................

...THE COLORADO SPRINGS CO CLIMATE SUMMARY FOR SEPTEMBER 27 2016...
VALID TODAY AS OF 0500 PM LOCAL TIME.

CLIMATE NORMAL PERIOD 1981 TO 2010
CLIMATE RECORD PERIOD 1872 TO 2016


WEATHER ITEM   OBSERVED TIME   RECORD YEAR NORMAL DEPARTURE LAST
                VALUE   (LST)  VALUE       VALUE  FROM      YEAR
                                                  NORMAL
..................................................................
TEMPERATURE (F)
 TODAY
  MAXIMUM         79    320 PM  88    2015  70      9       88
                                      1953
  MINIMUM         43    459 AM  20    1908  43      0       49
  AVERAGE         61                        56      5       69

PRECIPITATION (IN)
  TODAY            0.00          0.97 1935   0.03  -0.03     0.00
  MONTH TO DATE    0.05                      1.13  -1.08     0.29
  SINCE SEP 1      0.05                      1.13  -1.08     0.29
  SINCE JAN 1     13.49                     14.92  -1.43    23.11

SNOWFALL (IN)
  TODAY            0.0           8.0  1935   0.0    0.0      0.0
  MONTH TO DATE    0.0                       0.1   -0.1      0.0
  SINCE SEP 1      0.0                       0.1   -0.1      0.0
  SINCE JUL 1      T                         0.1   -0.1       T
  SNOW DEPTH       0

DEGREE DAYS
 HEATING
  TODAY            4                         9     -5        0
  MONTH TO DATE   57                       131    -74       18
  SINCE SEP 1     57                       131    -74       18
  SINCE JUL 1     78                       162    -84       37

 COOLING
  TODAY            0                         0      0        4
  MONTH TO DATE   74                        35     39       92
  SINCE SEP 1     74                        35     39       92
  SINCE JAN 1    700                       453    247      607
..................................................................


WIND (MPH)
  HIGHEST WIND SPEED    14   HIGHEST WIND DIRECTION    SE (150)
  HIGHEST GUST SPEED    17   HIGHEST GUST DIRECTION    SE (150)
  AVERAGE WIND SPEED     5.4


SKY COVER
  POSSIBLE SUNSHINE  MM
  AVERAGE SKY COVER 0.1


WEATHER CONDITIONS
 THE FOLLOWING WEATHER WAS RECORDED TODAY.
  NO SIGNIFICANT WEATHER WAS OBSERVED.


RELATIVE HUMIDITY (PERCENT)
 HIGHEST    58           300 AM
 LOWEST     15           300 PM
 AVERAGE    37

..........................................................


THE COLORADO SPRINGS CO CLIMATE NORMALS FOR TOMORROW
                         NORMAL    RECORD    YEAR
 MAXIMUM TEMPERATURE (F)   70        88      2010
 MINIMUM TEMPERATURE (F)   42        21      1936


SUNRISE AND SUNSET
SEPTEMBER 27 2016.....SUNRISE   652 AM MDT   SUNSET   647 PM MDT
SEPTEMBER 28 2016.....SUNRISE   652 AM MDT   SUNSET   645 PM MDT


-  INDICATES NEGATIVE NUMBERS.
R  INDICATES RECORD WAS SET OR TIED.
MM INDICATES DATA IS MISSING.
T  INDICATES TRACE AMOUNT.




$$
