000
CDUS45 KPUB 261038
CLICOS


CLIMATE REPORT
NATIONAL WEATHER SERVICE PUEBLO
437 AM MDT WED AUG 26 2015


...................................

...THE COLORADO SPRINGS CO CLIMATE SUMMARY FOR AUGUST 25 2015...

CLIMATE NORMAL PERIOD 1981 TO 2010
CLIMATE RECORD PERIOD 1872 TO 2015


WEATHER ITEM   OBSERVED TIME   RECORD YEAR NORMAL DEPARTURE LAST
                VALUE   (LST)  VALUE       VALUE  FROM      YEAR
                                                  NORMAL
..................................................................
TEMPERATURE (F)
 YESTERDAY
  MAXIMUM         91    131 PM  94    2011  81     10       79
  MINIMUM         59   1159 PM  38    1910  55      4       53
  AVERAGE         75                        68      7       66

PRECIPITATION (IN)
  YESTERDAY        0.00          1.02 1997   0.08  -0.08     0.65
  MONTH TO DATE    1.66                      2.81  -1.15     2.32
  SINCE JUN 1     10.52                      8.15   2.37     8.24
  SINCE JAN 1     22.75                     13.26   9.49    13.03

SNOWFALL (IN)
  YESTERDAY        0.0           T    2014   0.0    0.0       T
  MONTH TO DATE    0.0                       0.0    0.0       T
  SINCE JUN 1      T                         0.0    0.0       T
  SINCE JUL 1      T                         0.0    0.0       T
  SNOW DEPTH       0

DEGREE DAYS
 HEATING
  YESTERDAY        0                         1     -1        0
  MONTH TO DATE    9                        10     -1        5
  SINCE JUN 1     29                        99    -70       67
  SINCE JUL 1     19                        20     -1       28

 COOLING
  YESTERDAY       10                         3      7        1
  MONTH TO DATE  174                       116     58      105
  SINCE JUN 1    478                       390     88      403
  SINCE JAN 1    478                       400     78      416
..................................................................


WIND (MPH)
  HIGHEST WIND SPEED    26   HIGHEST WIND DIRECTION    SW (230)
  HIGHEST GUST SPEED    33   HIGHEST GUST DIRECTION    SW (230)
  AVERAGE WIND SPEED     8.4


SKY COVER
  POSSIBLE SUNSHINE  MM
  AVERAGE SKY COVER 0.4


WEATHER CONDITIONS
 THE FOLLOWING WEATHER WAS RECORDED YESTERDAY.
  THUNDERSTORM


RELATIVE HUMIDITY (PERCENT)
 HIGHEST    60           100 AM
 LOWEST     16           100 PM
 AVERAGE    38

..........................................................


THE COLORADO SPRINGS CO CLIMATE NORMALS FOR TODAY
                         NORMAL    RECORD    YEAR
 MAXIMUM TEMPERATURE (F)   80        95      2007
 MINIMUM TEMPERATURE (F)   54        34      1910


SUNRISE AND SUNSET
AUGUST 26 2015........SUNRISE   622 AM MDT   SUNSET   738 PM MDT
AUGUST 27 2015........SUNRISE   623 AM MDT   SUNSET   737 PM MDT


-  INDICATES NEGATIVE NUMBERS.
R  INDICATES RECORD WAS SET OR TIED.
MM INDICATES DATA IS MISSING.
T  INDICATES TRACE AMOUNT.




$$
