282
CDUS45 KPUB 252322
CLICOS


CLIMATE REPORT
NATIONAL WEATHER SERVICE PUEBLO
522 PM MDT MON APR 25 2016


...................................

...THE COLORADO SPRINGS CO CLIMATE SUMMARY FOR APRIL 25 2016...
VALID TODAY AS OF 0500 PM LOCAL TIME.

CLIMATE NORMAL PERIOD 1981 TO 2010
CLIMATE RECORD PERIOD 1872 TO 2016


WEATHER ITEM   OBSERVED TIME   RECORD YEAR NORMAL DEPARTURE LAST
                VALUE   (LST)  VALUE       VALUE  FROM      YEAR
                                                  NORMAL
..................................................................
TEMPERATURE (F)
 TODAY
  MAXIMUM         69    337 PM  81    2012  63      6       67
                                      1981
                                      1949
  MINIMUM         41    552 AM  20    1924  36      5       39
                                      1907
  AVERAGE         55                        49      6       53

PRECIPITATION (IN)
  TODAY            0.00          0.70 1922   0.06  -0.06      T
  MONTH TO DATE    1.16                      1.12   0.04     0.74
  SINCE MAR 1      1.89                      2.12  -0.23     1.55
  SINCE JAN 1      3.43                      2.78   0.65     3.87

SNOWFALL (IN)
  TODAY            0.0           1.5  1908   0.1   -0.1      0.0
  MONTH TO DATE    5.1                       4.3    0.8      1.7
  SINCE MAR 1     15.6                      12.4    3.2      5.6
  SINCE JUL 1     42.7                      36.4    6.3     46.5
  SNOW DEPTH       0

DEGREE DAYS
 HEATING
  TODAY           10                        16     -6       12
  MONTH TO DATE  409                       480    -71      412
  SINCE MAR 1   1119                      1285   -166     1081
  SINCE JUL 1   5022                      5848   -826     5302

 COOLING
  TODAY            0                         0      0        0
  MONTH TO DATE    0                         0      0        0
  SINCE MAR 1      0                         0      0        0
  SINCE JAN 1      0                         0      0        0
..................................................................


WIND (MPH)
  HIGHEST WIND SPEED    25   HIGHEST WIND DIRECTION    SE (130)
  HIGHEST GUST SPEED    31   HIGHEST GUST DIRECTION    SE (150)
  AVERAGE WIND SPEED    13.1


SKY COVER
  POSSIBLE SUNSHINE  MM
  AVERAGE SKY COVER 0.4


WEATHER CONDITIONS
 THE FOLLOWING WEATHER WAS RECORDED TODAY.
  NO SIGNIFICANT WEATHER WAS OBSERVED.


RELATIVE HUMIDITY (PERCENT)
 HIGHEST    62           600 AM
 LOWEST     20           400 PM
 AVERAGE    41

..........................................................


THE COLORADO SPRINGS CO CLIMATE NORMALS FOR TOMORROW
                         NORMAL    RECORD    YEAR
 MAXIMUM TEMPERATURE (F)   63        83      1981
 MINIMUM TEMPERATURE (F)   36        18      1924


SUNRISE AND SUNSET
APRIL 25 2016.........SUNRISE   608 AM MDT   SUNSET   746 PM MDT
APRIL 26 2016.........SUNRISE   607 AM MDT   SUNSET   747 PM MDT


-  INDICATES NEGATIVE NUMBERS.
R  INDICATES RECORD WAS SET OR TIED.
MM INDICATES DATA IS MISSING.
T  INDICATES TRACE AMOUNT.




$$
