000
CDUS45 KPUB 160021
CLICOS


CLIMATE REPORT
NATIONAL WEATHER SERVICE PUEBLO
521 PM MST SAT NOV 15 2014


...................................

...THE COLORADO SPRINGS CO CLIMATE SUMMARY FOR NOVEMBER 15 2014...
VALID TODAY AS OF 0500 PM LOCAL TIME.

CLIMATE NORMAL PERIOD 1981 TO 2010
CLIMATE RECORD PERIOD 1872 TO 2014


WEATHER ITEM   OBSERVED TIME   RECORD YEAR NORMAL DEPARTURE LAST
                VALUE   (LST)  VALUE       VALUE  FROM      YEAR
                                                  NORMAL
..................................................................
TEMPERATURE (F)
 TODAY
  MAXIMUM         46    924 AM  75    1990  51     -5       63
  MINIMUM         18    459 PM   0    1997  25     -7       24
  AVERAGE         32                        38     -6       44

PRECIPITATION (IN)
  TODAY            T             0.94 1909   0.01  -0.01     0.00
  MONTH TO DATE    0.11                      0.22  -0.11     0.01
  SINCE SEP 1      3.68                      2.23   1.45     5.23
  SINCE JAN 1     16.73                     16.02   0.71    18.89

SNOWFALL (IN)
  TODAY            T             9.9  1909   0.2   -0.2      0.0
  MONTH TO DATE    3.3                       2.1    1.2      0.1
  SINCE SEP 1      3.3                       5.2   -1.9      0.3
  SINCE JUL 1      3.3                       5.2   -1.9      0.3
  SNOW DEPTH       0

DEGREE DAYS
 HEATING
  TODAY           33                        27      6       21
  MONTH TO DATE  427                       355     72      332
  SINCE SEP 1    864                       998   -134      917
  SINCE JUL 1    894                      1029   -135      927

 COOLING
  TODAY            0                         0      0        0
  MONTH TO DATE    0                         0      0        0
  SINCE SEP 1     60                        37     23       92
  SINCE JAN 1    487                       455     32      694
..................................................................


WIND (MPH)
  HIGHEST WIND SPEED    21   HIGHEST WIND DIRECTION     N (350)
  HIGHEST GUST SPEED    26   HIGHEST GUST DIRECTION     N (340)
  AVERAGE WIND SPEED     8.9


SKY COVER
  POSSIBLE SUNSHINE  MM
  AVERAGE SKY COVER 0.4


WEATHER CONDITIONS
 THE FOLLOWING WEATHER WAS RECORDED TODAY.
  LIGHT SNOW


RELATIVE HUMIDITY (PERCENT)
 HIGHEST    81           100 AM
 LOWEST     46           800 AM
 AVERAGE    64

..........................................................


THE COLORADO SPRINGS CO CLIMATE NORMALS FOR TOMORROW
                         NORMAL    RECORD    YEAR
 MAXIMUM TEMPERATURE (F)   51        74      1941
 MINIMUM TEMPERATURE (F)   25        -8      1955


SUNRISE AND SUNSET
NOVEMBER 15 2014......SUNRISE   641 AM MST   SUNSET   445 PM MST
NOVEMBER 16 2014......SUNRISE   642 AM MST   SUNSET   444 PM MST


-  INDICATES NEGATIVE NUMBERS.
R  INDICATES RECORD WAS SET OR TIED.
MM INDICATES DATA IS MISSING.
T  INDICATES TRACE AMOUNT.




$$
