000
CDUS45 KPUB 182323
CLICOS


CLIMATE REPORT
NATIONAL WEATHER SERVICE PUEBLO
521 PM MDT SAT OCT 18 2014


...................................

...THE COLORADO SPRINGS CO CLIMATE SUMMARY FOR OCTOBER 18 2014...
VALID TODAY AS OF 0500 PM LOCAL TIME.

CLIMATE NORMAL PERIOD 1981 TO 2010
CLIMATE RECORD PERIOD 1872 TO 2014


WEATHER ITEM   OBSERVED TIME   RECORD YEAR NORMAL DEPARTURE LAST
                VALUE   (LST)  VALUE       VALUE  FROM      YEAR
                                                  NORMAL
..................................................................
TEMPERATURE (F)
 TODAY
  MAXIMUM         61    228 PM  82    2009  62     -1       43
  MINIMUM         38    632 AM  20    1996  35      3       28
  AVERAGE         50                        49      1       36

PRECIPITATION (IN)
  TODAY            0.00          1.54 1960   0.03  -0.03     0.07
  MONTH TO DATE    2.96                      0.51   2.45     0.36
  SINCE SEP 1      3.57                      1.70   1.87     5.16
  SINCE JAN 1     16.62                     15.49   1.13    18.82

SNOWFALL (IN)
  TODAY            0.0           0.3  1960   0.1   -0.1      0.2
  MONTH TO DATE    T                         1.3   -1.3      0.2
  SINCE SEP 1      T                         1.5   -1.5      0.2
  SINCE JUL 1      T                         1.5   -1.5      0.2
  SNOW DEPTH       0

DEGREE DAYS
 HEATING
  TODAY           15                        16     -1       29
  MONTH TO DATE  207                       242    -35      266
  SINCE SEP 1    294                       401   -107      339
  SINCE JUL 1    324                       432   -108      349

 COOLING
  TODAY            0                         0      0        0
  MONTH TO DATE    0                         0      0        0
  SINCE SEP 1     60                        36     24       92
  SINCE JAN 1    487                       454     33      694
..................................................................


WIND (MPH)
  HIGHEST WIND SPEED    13   HIGHEST WIND DIRECTION    SE (150)
  HIGHEST GUST SPEED    15   HIGHEST GUST DIRECTION    SE (130)
  AVERAGE WIND SPEED     5.3


SKY COVER
  POSSIBLE SUNSHINE  MM
  AVERAGE SKY COVER 0.8


WEATHER CONDITIONS
 THE FOLLOWING WEATHER WAS RECORDED TODAY.
  NO SIGNIFICANT WEATHER WAS OBSERVED.


RELATIVE HUMIDITY (PERCENT)
 HIGHEST    85           300 AM
 LOWEST     39           300 PM
 AVERAGE    62

..........................................................


THE COLORADO SPRINGS CO CLIMATE NORMALS FOR TOMORROW
                         NORMAL    RECORD    YEAR
 MAXIMUM TEMPERATURE (F)   62        84      2003
 MINIMUM TEMPERATURE (F)   35        16      1916


SUNRISE AND SUNSET
OCTOBER 18 2014.......SUNRISE   711 AM MDT   SUNSET   616 PM MDT
OCTOBER 19 2014.......SUNRISE   712 AM MDT   SUNSET   615 PM MDT


-  INDICATES NEGATIVE NUMBERS.
R  INDICATES RECORD WAS SET OR TIED.
MM INDICATES DATA IS MISSING.
T  INDICATES TRACE AMOUNT.




$$
