000
CDUS45 KPUB 061144
CLICOS


CLIMATE REPORT
NATIONAL WEATHER SERVICE PUEBLO
444 AM MST SAT FEB 6 2016


...................................

...THE COLORADO SPRINGS CO CLIMATE SUMMARY FOR FEBRUARY 5 2016...

CLIMATE NORMAL PERIOD 1981 TO 2010
CLIMATE RECORD PERIOD 1872 TO 2016


WEATHER ITEM   OBSERVED TIME   RECORD YEAR NORMAL DEPARTURE LAST
                VALUE   (LST)  VALUE       VALUE  FROM      YEAR
                                                  NORMAL
..................................................................
TEMPERATURE (F)
 YESTERDAY
  MAXIMUM         35    148 PM  76    1963  43     -8       66
  MINIMUM          7   1100 PM -19    1982  18    -11       22
  AVERAGE         21                        31    -10       44

PRECIPITATION (IN)
  YESTERDAY        0.03          0.15 1989   0.01   0.02      T
  MONTH TO DATE    1.00                      0.05   0.95      T
  SINCE DEC 1      1.79                      0.71   1.08     1.03
  SINCE JAN 1      1.54                      0.37   1.17     0.87

SNOWFALL (IN)
  YESTERDAY        0.4           2.1  2003   0.1    0.3       T
  MONTH TO DATE   10.3                       0.8    9.5       T
  SINCE DEC 1     20.6                      12.1    8.5     17.2
  SINCE JUL 1     26.4                      19.9    6.5     24.3
  SNOW DEPTH       9

DEGREE DAYS
 HEATING
  YESTERDAY       44                        34     10       21
  MONTH TO DATE  235                       170     65      141
  SINCE DEC 1   2229                      2332   -103     2160
  SINCE JUL 1   3332                      3813   -481     3485

 COOLING
  YESTERDAY        0                         0      0        0
  MONTH TO DATE    0                         0      0        0
  SINCE DEC 1      0                         0      0        0
  SINCE JAN 1      0                         0      0        0
..................................................................


WIND (MPH)
  HIGHEST WIND SPEED    22   HIGHEST WIND DIRECTION     N (10)
  HIGHEST GUST SPEED    26   HIGHEST GUST DIRECTION     N (360)
  AVERAGE WIND SPEED     7.6


SKY COVER
  POSSIBLE SUNSHINE  MM
  AVERAGE SKY COVER 0.5


WEATHER CONDITIONS
 THE FOLLOWING WEATHER WAS RECORDED YESTERDAY.
  LIGHT SNOW
  FOG


RELATIVE HUMIDITY (PERCENT)
 HIGHEST    92          1200 AM
 LOWEST     36          1200 PM
 AVERAGE    64

..........................................................


THE COLORADO SPRINGS CO CLIMATE NORMALS FOR TODAY
                         NORMAL    RECORD    YEAR
 MAXIMUM TEMPERATURE (F)   43        72      2015
 MINIMUM TEMPERATURE (F)   18       -16      1899


SUNRISE AND SUNSET
FEBRUARY  6 2016......SUNRISE   701 AM MST   SUNSET   526 PM MST
FEBRUARY  7 2016......SUNRISE   700 AM MST   SUNSET   527 PM MST


-  INDICATES NEGATIVE NUMBERS.
R  INDICATES RECORD WAS SET OR TIED.
MM INDICATES DATA IS MISSING.
T  INDICATES TRACE AMOUNT.




$$
