000
CDUS45 KPUB 152319
CLICOS


CLIMATE REPORT
NATIONAL WEATHER SERVICE PUEBLO
519 PM MDT SUN OCT 15 2017


...................................

...THE COLORADO SPRINGS CO CLIMATE SUMMARY FOR OCTOBER 15 2017...
VALID TODAY AS OF 0500 PM LOCAL TIME.

CLIMATE NORMAL PERIOD 1981 TO 2010
CLIMATE RECORD PERIOD 1872 TO 2017


WEATHER ITEM   OBSERVED TIME   RECORD YEAR NORMAL DEPARTURE LAST
                VALUE   (LST)  VALUE       VALUE  FROM      YEAR
                                                  NORMAL
..................................................................
TEMPERATURE (F)
 TODAY
  MAXIMUM         61    242 PM  86    2016  63     -2       86
  MINIMUM         24    615 AM  20    1952  36    -12       51
  AVERAGE         43                        50     -7       69

PRECIPITATION (IN)
  TODAY            0.00          0.98 1984   0.03  -0.03     0.00
  MONTH TO DATE    0.17                      0.42  -0.25      T
  SINCE SEP 1      2.94                      1.61   1.33     0.16
  SINCE JAN 1     18.22                     15.40   2.82    13.60

SNOWFALL (IN)
  TODAY            0.0           9.2  1984   0.1   -0.1      0.0
  MONTH TO DATE    0.3                       1.0   -0.7      0.0
  SINCE SEP 1      0.3                       1.2   -0.9      0.0
  SINCE JUL 1      0.3                       1.2   -0.9       T
  SNOW DEPTH      MM

DEGREE DAYS
 HEATING
  TODAY           22                        15      7        0
  MONTH TO DATE  197                       194      3      112
  SINCE SEP 1    329                       353    -24      175
  SINCE JUL 1    338                       384    -46      196

 COOLING
  TODAY            0                         0      0        4
  MONTH TO DATE    0                         0      0        4
  SINCE SEP 1     91                        36     55       79
  SINCE JAN 1    639                       454    185      705
..................................................................


WIND (MPH)
  HIGHEST WIND SPEED    12   HIGHEST WIND DIRECTION     S (160)
  HIGHEST GUST SPEED    16   HIGHEST GUST DIRECTION    SE (130)
  AVERAGE WIND SPEED     6.5


SKY COVER
  POSSIBLE SUNSHINE  MM
  AVERAGE SKY COVER 0.0


WEATHER CONDITIONS
 THE FOLLOWING WEATHER WAS RECORDED TODAY.
  NO SIGNIFICANT WEATHER WAS OBSERVED.


RELATIVE HUMIDITY (PERCENT)
 HIGHEST    68           600 AM
 LOWEST     17           300 PM
 AVERAGE    43

..........................................................


THE COLORADO SPRINGS CO CLIMATE NORMALS FOR TOMORROW
                         NORMAL    RECORD    YEAR
 MAXIMUM TEMPERATURE (F)   63        86      2016
 MINIMUM TEMPERATURE (F)   36        21      1984


SUNRISE AND SUNSET
OCTOBER 15 2017.......SUNRISE   708 AM MDT   SUNSET   620 PM MDT
OCTOBER 16 2017.......SUNRISE   709 AM MDT   SUNSET   619 PM MDT


-  INDICATES NEGATIVE NUMBERS.
R  INDICATES RECORD WAS SET OR TIED.
MM INDICATES DATA IS MISSING.
T  INDICATES TRACE AMOUNT.




$$
