000
CDUS45 KPUB 200033
CLICOS


CLIMATE REPORT
NATIONAL WEATHER SERVICE PUEBLO
633 PM MDT MON JUN 19 2017


...................................

...THE COLORADO SPRINGS CO CLIMATE SUMMARY FOR JUNE 19 2017...
VALID TODAY AS OF 0500 PM LOCAL TIME.

CLIMATE NORMAL PERIOD 1981 TO 2010
CLIMATE RECORD PERIOD 1872 TO 2017


WEATHER ITEM   OBSERVED TIME   RECORD YEAR NORMAL DEPARTURE LAST
                VALUE   (LST)  VALUE       VALUE  FROM      YEAR
                                                  NORMAL
..................................................................
TEMPERATURE (F)
 TODAY
  MAXIMUM         86    309 PM  97    2016  80      6       97
                                      2012
  MINIMUM         60    503 AM  38    1939  52      8       56
                                      1912
  AVERAGE         73                        66      7       77

PRECIPITATION (IN)
  TODAY            0.00          1.40 2003   0.08  -0.08     0.00
  MONTH TO DATE    0.09                      1.68  -1.59     0.55
  SINCE JUN 1      0.09                      1.68  -1.59     0.55
  SINCE JAN 1      6.21                      6.79  -0.58     7.48

SNOWFALL (IN)
  TODAY            0.0           0.0  2002   0.0    0.0      0.0
                                      2001
  MONTH TO DATE    0.0                       0.0    0.0       T
  SINCE JUN 1      0.0                       0.0    0.0       T
  SINCE JUL 1     25.2                      37.7  -12.5     50.7
  SNOW DEPTH       0

DEGREE DAYS
 HEATING
  TODAY            0                         2     -2        0
  MONTH TO DATE    8                        65    -57        8
  SINCE JUN 1      8                        65    -57        8
  SINCE JUL 1   5086                      6278  -1192     5484

 COOLING
  TODAY            8                         3      5       12
  MONTH TO DATE   90                        35     55       88
  SINCE JUN 1     90                        35     55       88
  SINCE JAN 1     92                        45     47       90
..................................................................


WIND (MPH)
  HIGHEST WIND SPEED    22   HIGHEST WIND DIRECTION     S (160)
  HIGHEST GUST SPEED    28   HIGHEST GUST DIRECTION     N (340)
  AVERAGE WIND SPEED    11.4


SKY COVER
  POSSIBLE SUNSHINE  MM
  AVERAGE SKY COVER 0.3


WEATHER CONDITIONS
 THE FOLLOWING WEATHER WAS RECORDED TODAY.
  NO SIGNIFICANT WEATHER WAS OBSERVED.


RELATIVE HUMIDITY (PERCENT)
 HIGHEST    56          1200 AM
 LOWEST     22           300 PM
 AVERAGE    39

..........................................................


THE COLORADO SPRINGS CO CLIMATE NORMALS FOR TOMORROW
                         NORMAL    RECORD    YEAR
 MAXIMUM TEMPERATURE (F)   81        97      1968
 MINIMUM TEMPERATURE (F)   53        39      1947


SUNRISE AND SUNSET
JUNE 19 2017..........SUNRISE   534 AM MDT   SUNSET   827 PM MDT
JUNE 20 2017..........SUNRISE   534 AM MDT   SUNSET   827 PM MDT


-  INDICATES NEGATIVE NUMBERS.
R  INDICATES RECORD WAS SET OR TIED.
MM INDICATES DATA IS MISSING.
T  INDICATES TRACE AMOUNT.




$$
