000
CDUS45 KPUB 211046
CLICOS


CLIMATE REPORT
NATIONAL WEATHER SERVICE PUEBLO
444 AM MDT SUN AUG 21 2016


...................................

...THE COLORADO SPRINGS CO CLIMATE SUMMARY FOR AUGUST 20 2016...

CLIMATE NORMAL PERIOD 1981 TO 2010
CLIMATE RECORD PERIOD 1872 TO 2016


WEATHER ITEM   OBSERVED TIME   RECORD YEAR NORMAL DEPARTURE LAST
                VALUE   (LST)  VALUE       VALUE  FROM      YEAR
                                                  NORMAL
..................................................................
TEMPERATURE (F)
 YESTERDAY
  MAXIMUM         69    238 PM  93    2003  81    -12       83
                                      1987
  MINIMUM         49    140 AM  44    1903  55     -6       45
  AVERAGE         59                        68     -9       64

PRECIPITATION (IN)
  YESTERDAY        T             2.98 1970   0.09  -0.09     0.00
  MONTH TO DATE    0.95                      2.37  -1.42     1.66
  SINCE JUN 1      5.03                      7.71  -2.68    10.52
  SINCE JAN 1     11.96                     12.82  -0.86    22.75

SNOWFALL (IN)
  YESTERDAY        0.0           0.0  2005   0.0    0.0      0.0
  MONTH TO DATE    0.0                       0.0    0.0      0.0
  SINCE JUN 1      T                         0.0    0.0       T
  SINCE JUL 1      T                         0.0    0.0       T
  SNOW DEPTH       0

DEGREE DAYS
 HEATING
  YESTERDAY        6                         1      5        1
  MONTH TO DATE    7                         5      2        8
  SINCE JUN 1     15                        94    -79       28
  SINCE JUL 1      7                        15     -8       18

 COOLING
  YESTERDAY        0                         4     -4        0
  MONTH TO DATE  123                        97     26      146
  SINCE JUN 1    603                       371    232      450
  SINCE JAN 1    605                       381    224      450
..................................................................


WIND (MPH)
  HIGHEST WIND SPEED    16   HIGHEST WIND DIRECTION     S (180)
  HIGHEST GUST SPEED    23   HIGHEST GUST DIRECTION     S (170)
  AVERAGE WIND SPEED     7.7


SKY COVER
  POSSIBLE SUNSHINE  MM
  AVERAGE SKY COVER 0.7


WEATHER CONDITIONS
 THE FOLLOWING WEATHER WAS RECORDED YESTERDAY.
  LIGHT RAIN


RELATIVE HUMIDITY (PERCENT)
 HIGHEST    80          1200 AM
 LOWEST     45           100 PM
 AVERAGE    63

..........................................................


THE COLORADO SPRINGS CO CLIMATE NORMALS FOR TODAY
                         NORMAL    RECORD    YEAR
 MAXIMUM TEMPERATURE (F)   81        94      2007
                                             2003
 MINIMUM TEMPERATURE (F)   55        42      1938


SUNRISE AND SUNSET
AUGUST 21 2016........SUNRISE   618 AM MDT   SUNSET   744 PM MDT
AUGUST 22 2016........SUNRISE   619 AM MDT   SUNSET   743 PM MDT


-  INDICATES NEGATIVE NUMBERS.
R  INDICATES RECORD WAS SET OR TIED.
MM INDICATES DATA IS MISSING.
T  INDICATES TRACE AMOUNT.




$$
