000
CDUS45 KPUB 181038
CLICOS


CLIMATE REPORT
NATIONAL WEATHER SERVICE PUEBLO
436 AM MDT SAT MAR 18 2017


...................................

...THE COLORADO SPRINGS CO CLIMATE SUMMARY FOR MARCH 17 2017...

CLIMATE NORMAL PERIOD 1981 TO 2010
CLIMATE RECORD PERIOD 1872 TO 2017


WEATHER ITEM   OBSERVED TIME   RECORD YEAR NORMAL DEPARTURE LAST
                VALUE   (LST)  VALUE       VALUE  FROM      YEAR
                                                  NORMAL
..................................................................
TEMPERATURE (F)
 YESTERDAY
  MAXIMUM         69    250 PM  74    1908  53     16       53
  MINIMUM         41   1152 PM  -4    1924  26     15       23
  AVERAGE         55                        39     16       38

PRECIPITATION (IN)
  YESTERDAY        0.00          0.38 2001   0.03  -0.03      T
  MONTH TO DATE    T                         0.50  -0.50      T
  SINCE MAR 1      T                         0.50  -0.50      T
  SINCE JAN 1      0.39                      1.16  -0.77     1.54

SNOWFALL (IN)
  YESTERDAY        0.0           5.2  1970   0.2   -0.2       T
  MONTH TO DATE    0.0                       4.2   -4.2       T
  SINCE MAR 1      0.0                       4.2   -4.2       T
  SINCE JUL 1     13.4                      28.2  -14.8     27.1
  SNOW DEPTH       0

DEGREE DAYS
 HEATING
  YESTERDAY       10                        26    -16       27
  MONTH TO DATE  328                       471   -143      331
  SINCE MAR 1    328                       471   -143      331
  SINCE JUL 1   4081                      5034   -953     4234

 COOLING
  YESTERDAY        0                         0      0        0
  MONTH TO DATE    0                         0      0        0
  SINCE MAR 1      0                         0      0        0
  SINCE JAN 1      0                         0      0        0
..................................................................


WIND (MPH)
  HIGHEST WIND SPEED    23   HIGHEST WIND DIRECTION     S (160)
  HIGHEST GUST SPEED    36   HIGHEST GUST DIRECTION     S (170)
  AVERAGE WIND SPEED    12.0


SKY COVER
  POSSIBLE SUNSHINE  MM
  AVERAGE SKY COVER 0.6


WEATHER CONDITIONS
 THE FOLLOWING WEATHER WAS RECORDED YESTERDAY.
  NO SIGNIFICANT WEATHER WAS OBSERVED.


RELATIVE HUMIDITY (PERCENT)
 HIGHEST    42          1000 PM
 LOWEST     16           300 PM
 AVERAGE    29

..........................................................


THE COLORADO SPRINGS CO CLIMATE NORMALS FOR TODAY
                         NORMAL    RECORD    YEAR
 MAXIMUM TEMPERATURE (F)   53        78      1907
 MINIMUM TEMPERATURE (F)   27        -6      1965


SUNRISE AND SUNSET
MARCH 18 2017.........SUNRISE   705 AM MDT   SUNSET   709 PM MDT
MARCH 19 2017.........SUNRISE   703 AM MDT   SUNSET   710 PM MDT


-  INDICATES NEGATIVE NUMBERS.
R  INDICATES RECORD WAS SET OR TIED.
MM INDICATES DATA IS MISSING.
T  INDICATES TRACE AMOUNT.




$$
