000
CDUS45 KPUB 202320
CLICOS


CLIMATE REPORT
NATIONAL WEATHER SERVICE PUEBLO
520 PM MDT WED MAY 20 2015


...................................

...THE COLORADO SPRINGS CO CLIMATE SUMMARY FOR MAY 20 2015...
VALID TODAY AS OF 0500 PM LOCAL TIME.

CLIMATE NORMAL PERIOD 1981 TO 2010
CLIMATE RECORD PERIOD 1872 TO 2015


WEATHER ITEM   OBSERVED TIME   RECORD YEAR NORMAL DEPARTURE LAST
                VALUE   (LST)  VALUE       VALUE  FROM      YEAR
                                                  NORMAL
..................................................................
TEMPERATURE (F)
 TODAY
  MAXIMUM         48    221 PM  88    2005  70    -22       78
                                      1954
  MINIMUM         30   1250 PM  27    1915  44    -14       50
  AVERAGE         39                        57    -18       64

PRECIPITATION (IN)
  TODAY            0.01          1.53 1900   0.07  -0.06     0.00
  MONTH TO DATE    6.01                      1.19   4.82     0.33
  SINCE MAR 1      7.79                      3.61   4.18     1.67
  SINCE JAN 1     10.11                      4.27   5.84     2.56

SNOWFALL (IN)
  TODAY            0.0           T    2001   0.0    0.0      0.0
                                      1983
  MONTH TO DATE    T                         0.7   -0.7      0.4
  SINCE MAR 1      5.6                      13.7   -8.1     10.7
  SINCE JUL 1     46.5                      37.7    8.8     34.8
  SNOW DEPTH       0

DEGREE DAYS
 HEATING
  TODAY           26                         8     18        1
  MONTH TO DATE  279                       217     62      231
  SINCE MAR 1   1437                      1576   -139     1529
  SINCE JUL 1   5658                      6139   -481     6016

 COOLING
  TODAY            0                         0      0        0
  MONTH TO DATE    0                         0      0        5
  SINCE MAR 1      0                         1     -1        5
  SINCE JAN 1      0                         1     -1        5
..................................................................


WIND (MPH)
  HIGHEST WIND SPEED    15   HIGHEST WIND DIRECTION    SE (140)
  HIGHEST GUST SPEED    17   HIGHEST GUST DIRECTION     S (160)
  AVERAGE WIND SPEED     7.8


SKY COVER
  POSSIBLE SUNSHINE  MM
  AVERAGE SKY COVER 1.0


WEATHER CONDITIONS
 THE FOLLOWING WEATHER WAS RECORDED TODAY.
  LIGHT RAIN
  FOG
  FOG W/VISIBILITY <= 1/4 MILE


RELATIVE HUMIDITY (PERCENT)
 HIGHEST   100          1200 AM
 LOWEST     76           200 PM
 AVERAGE    88

..........................................................


THE COLORADO SPRINGS CO CLIMATE NORMALS FOR TOMORROW
                         NORMAL    RECORD    YEAR
 MAXIMUM TEMPERATURE (F)   71        90      2005
 MINIMUM TEMPERATURE (F)   44        29      1931


SUNRISE AND SUNSET
MAY 20 2015...........SUNRISE   543 AM MDT   SUNSET   809 PM MDT
MAY 21 2015...........SUNRISE   542 AM MDT   SUNSET   809 PM MDT


-  INDICATES NEGATIVE NUMBERS.
R  INDICATES RECORD WAS SET OR TIED.
MM INDICATES DATA IS MISSING.
T  INDICATES TRACE AMOUNT.




$$
