000
CDUS45 KPUB 271038
CLICOS


CLIMATE REPORT
NATIONAL WEATHER SERVICE PUEBLO
437 AM MDT SAT SEP 27 2014


...................................

...THE COLORADO SPRINGS CO CLIMATE SUMMARY FOR SEPTEMBER 26 2014...

CLIMATE NORMAL PERIOD 1981 TO 2010
CLIMATE RECORD PERIOD 1872 TO 2014


WEATHER ITEM   OBSERVED TIME   RECORD YEAR NORMAL DEPARTURE LAST
                VALUE   (LST)  VALUE       VALUE  FROM      YEAR
                                                  NORMAL
..................................................................
TEMPERATURE (F)
 YESTERDAY
  MAXIMUM         83    312 PM  87    2001  70     13       78
  MINIMUM         49    528 AM  25    1930  43      6       57
  AVERAGE         66                        57      9       68

PRECIPITATION (IN)
  YESTERDAY        0.00          1.19 1906   0.02  -0.02     0.00
  MONTH TO DATE    0.11                      1.10  -0.99     4.80
  SINCE SEP 1      0.11                      1.10  -0.99     4.80
  SINCE JAN 1     13.16                     14.89  -1.73    18.46

SNOWFALL (IN)
  YESTERDAY        0.0           3.8  1996   0.0    0.0      0.0
  MONTH TO DATE    T                         0.1   -0.1       T
  SINCE SEP 1      T                         0.1   -0.1       T
  SINCE JUL 1      T                         0.1   -0.1       T
  SNOW DEPTH       0

DEGREE DAYS
 HEATING
  YESTERDAY        0                         9     -9        0
  MONTH TO DATE   71                       122    -51       46
  SINCE SEP 1     71                       122    -51       46
  SINCE JUL 1    101                       153    -52       56

 COOLING
  YESTERDAY        1                         0      1        3
  MONTH TO DATE   58                        35     23       90
  SINCE SEP 1     58                        35     23       90
  SINCE JAN 1    485                       453     32      692
..................................................................


WIND (MPH)
  HIGHEST WIND SPEED    17   HIGHEST WIND DIRECTION    SE (140)
  HIGHEST GUST SPEED    21   HIGHEST GUST DIRECTION    SE (120)
  AVERAGE WIND SPEED     7.8


SKY COVER
  POSSIBLE SUNSHINE  MM
  AVERAGE SKY COVER 0.1


WEATHER CONDITIONS
 THE FOLLOWING WEATHER WAS RECORDED YESTERDAY.
  NO SIGNIFICANT WEATHER WAS OBSERVED.


RELATIVE HUMIDITY (PERCENT)
 HIGHEST    74           400 AM
 LOWEST     22           300 PM
 AVERAGE    48

..........................................................


THE COLORADO SPRINGS CO CLIMATE NORMALS FOR TODAY
                         NORMAL    RECORD    YEAR
 MAXIMUM TEMPERATURE (F)   70        88      1953
 MINIMUM TEMPERATURE (F)   43        20      1908


SUNRISE AND SUNSET
SEPTEMBER 27 2014.....SUNRISE   651 AM MDT   SUNSET   648 PM MDT
SEPTEMBER 28 2014.....SUNRISE   652 AM MDT   SUNSET   646 PM MDT


-  INDICATES NEGATIVE NUMBERS.
R  INDICATES RECORD WAS SET OR TIED.
MM INDICATES DATA IS MISSING.
T  INDICATES TRACE AMOUNT.




$$
