000
CDUS45 KPUB 140022
CLICOS


CLIMATE REPORT
NATIONAL WEATHER SERVICE PUEBLO
522 PM MST FRI JAN 13 2017


...................................

...THE COLORADO SPRINGS CO CLIMATE SUMMARY FOR JANUARY 13 2017...
VALID TODAY AS OF 0500 PM LOCAL TIME.

CLIMATE NORMAL PERIOD 1981 TO 2010
CLIMATE RECORD PERIOD 1872 TO 2017


WEATHER ITEM   OBSERVED TIME   RECORD YEAR NORMAL DEPARTURE LAST
                VALUE   (LST)  VALUE       VALUE  FROM      YEAR
                                                  NORMAL
..................................................................
TEMPERATURE (F)
 TODAY
  MAXIMUM         41    105 PM  67    1996  43     -2       48
                                      1928
  MINIMUM         17    507 AM -12    1963  18     -1       21
  AVERAGE         29                        31     -2       35

PRECIPITATION (IN)
  TODAY            0.00          0.19 1984   0.01  -0.01     0.00
  MONTH TO DATE    0.19                      0.12   0.07     0.18
  SINCE DEC 1      0.87                      0.46   0.41     0.43
  SINCE JAN 1      0.19                      0.12   0.07     0.18

SNOWFALL (IN)
  TODAY            0.0           3.0  1918   0.2   -0.2      0.0
  MONTH TO DATE    3.4                       2.3    1.1      2.7
  SINCE DEC 1      9.8                       8.0    1.8      7.0
  SINCE JUL 1      9.8                      15.8   -6.0     12.8
  SNOW DEPTH       0

DEGREE DAYS
 HEATING
  TODAY           36                        34      2       30
  MONTH TO DATE  492                       452     40      463
  SINCE DEC 1   1592                      1543     49     1464
  SINCE JUL 1   2495                      3024   -529     2567

 COOLING
  TODAY            0                         0      0        0
  MONTH TO DATE    0                         0      0        0
  SINCE DEC 1      0                         0      0        0
  SINCE JAN 1      0                         0      0        0
..................................................................


WIND (MPH)
  HIGHEST WIND SPEED     9   HIGHEST WIND DIRECTION     S (160)
  HIGHEST GUST SPEED    14   HIGHEST GUST DIRECTION     E (90)
  AVERAGE WIND SPEED     4.6


SKY COVER
  POSSIBLE SUNSHINE  MM
  AVERAGE SKY COVER 0.9


WEATHER CONDITIONS
 THE FOLLOWING WEATHER WAS RECORDED TODAY.
  FOG


RELATIVE HUMIDITY (PERCENT)
 HIGHEST    92          1200 AM
 LOWEST     41           100 PM
 AVERAGE    67

..........................................................


THE COLORADO SPRINGS CO CLIMATE NORMALS FOR TOMORROW
                         NORMAL    RECORD    YEAR
 MAXIMUM TEMPERATURE (F)   43        66      2006
 MINIMUM TEMPERATURE (F)   18        -6      1997
                                             1930
                                             1917


SUNRISE AND SUNSET
JANUARY 13 2017.......SUNRISE   716 AM MST   SUNSET   459 PM MST
JANUARY 14 2017.......SUNRISE   716 AM MST   SUNSET   501 PM MST


-  INDICATES NEGATIVE NUMBERS.
R  INDICATES RECORD WAS SET OR TIED.
MM INDICATES DATA IS MISSING.
T  INDICATES TRACE AMOUNT.




$$
