000
CDUS45 KPUB 291026
CLICOS


CLIMATE REPORT
NATIONAL WEATHER SERVICE PUEBLO
425 AM MDT MON JUN 29 2015


...................................

...THE COLORADO SPRINGS CO CLIMATE SUMMARY FOR JUNE 28 2015...

CLIMATE NORMAL PERIOD 1981 TO 2010
CLIMATE RECORD PERIOD 1872 TO 2015


WEATHER ITEM   OBSERVED TIME   RECORD YEAR NORMAL DEPARTURE LAST
                VALUE   (LST)  VALUE       VALUE  FROM      YEAR
                                                  NORMAL
..................................................................
TEMPERATURE (F)
 YESTERDAY
  MAXIMUM         86   1227 PM  98    1990  83      3       86
                                      1963
  MINIMUM         59   1159 PM  42    1985  55      4       51
  AVERAGE         73                        69      4       69

PRECIPITATION (IN)
  YESTERDAY        0.54          1.62 1995   0.07   0.47     0.00
  MONTH TO DATE    5.72                      2.35   3.37     1.27
  SINCE JUN 1      5.72                      2.35   3.37     1.27
  SINCE JAN 1     17.95                      7.46  10.49     6.06

SNOWFALL (IN)
  YESTERDAY        T   R         0.0  2002   0.0    0.0      0.0
                                      2001
  MONTH TO DATE    T                         0.0    0.0       T
  SINCE JUN 1      T                         0.0    0.0       T
  SINCE JUL 1     46.5                      37.7    8.8     34.8
  SNOW DEPTH       0

DEGREE DAYS
 HEATING
  YESTERDAY        0                         1     -1        0
  MONTH TO DATE   10                        76    -66       39
  SINCE JUN 1     10                        76    -66       39
  SINCE JUL 1   5777                      6289   -512     6085

 COOLING
  YESTERDAY        8                         5      3        4
  MONTH TO DATE  111                        72     39       82
  SINCE JUN 1    111                        72     39       82
  SINCE JAN 1    111                        82     29       95
..................................................................


WIND (MPH)
  HIGHEST WIND SPEED    30   HIGHEST WIND DIRECTION     W (250)
  HIGHEST GUST SPEED    38   HIGHEST GUST DIRECTION    NW (300)
  AVERAGE WIND SPEED     7.6


SKY COVER
  POSSIBLE SUNSHINE  MM
  AVERAGE SKY COVER 0.6


WEATHER CONDITIONS
 THE FOLLOWING WEATHER WAS RECORDED YESTERDAY.
  THUNDERSTORM
  HEAVY RAIN
  RAIN
  LIGHT RAIN
  HAIL


RELATIVE HUMIDITY (PERCENT)
 HIGHEST    78          1100 PM
 LOWEST     25          1200 PM
 AVERAGE    52

..........................................................


THE COLORADO SPRINGS CO CLIMATE NORMALS FOR TODAY
                         NORMAL    RECORD    YEAR
 MAXIMUM TEMPERATURE (F)   84        99      1990
 MINIMUM TEMPERATURE (F)   55        44      1932


SUNRISE AND SUNSET
JUNE 29 2015..........SUNRISE   536 AM MDT   SUNSET   828 PM MDT
JUNE 30 2015..........SUNRISE   537 AM MDT   SUNSET   828 PM MDT


-  INDICATES NEGATIVE NUMBERS.
R  INDICATES RECORD WAS SET OR TIED.
MM INDICATES DATA IS MISSING.
T  INDICATES TRACE AMOUNT.




$$
