000
CDUS45 KPUB 232326
CLICOS


CLIMATE REPORT
NATIONAL WEATHER SERVICE PUEBLO
526 PM MDT MON MAY 23 2016


...................................

...THE COLORADO SPRINGS CO CLIMATE SUMMARY FOR MAY 23 2016...
VALID TODAY AS OF 0500 PM LOCAL TIME.

CLIMATE NORMAL PERIOD 1981 TO 2010
CLIMATE RECORD PERIOD 1872 TO 2016


WEATHER ITEM   OBSERVED TIME   RECORD YEAR NORMAL DEPARTURE LAST
                VALUE   (LST)  VALUE       VALUE  FROM      YEAR
                                                  NORMAL
..................................................................
TEMPERATURE (F)
 TODAY
  MAXIMUM         70    359 PM  91    1989  71     -1       59
  MINIMUM         45    443 AM  30    1930  45      0       45
  AVERAGE         58                        58      0       52

PRECIPITATION (IN)
  TODAY            0.00          1.13 1959   0.07  -0.07     0.39
  MONTH TO DATE    1.03                      1.40  -0.37     7.34
  SINCE MAR 1      4.04                      3.82   0.22     9.12
  SINCE JAN 1      5.58                      4.48   1.10    11.44

SNOWFALL (IN)
  TODAY            0.0           T    2015   0.0    0.0       T
                                      1975
  MONTH TO DATE    T                         0.7   -0.7       T
  SINCE MAR 1     23.6                      13.7    9.9      5.6
  SINCE JUL 1     50.7                      37.7   13.0     46.5
  SNOW DEPTH       0

DEGREE DAYS
 HEATING
  TODAY            7                         7      0       13
  MONTH TO DATE  263                       240     23      324
  SINCE MAR 1   1516                      1599    -83     1482
  SINCE JUL 1   5419                      6162   -743     5703

 COOLING
  TODAY            0                         0      0        0
  MONTH TO DATE    2                         0      2        0
  SINCE MAR 1      2                         1      1        0
  SINCE JAN 1      2                         1      1        0
..................................................................


WIND (MPH)
  HIGHEST WIND SPEED    22   HIGHEST WIND DIRECTION    SE (140)
  HIGHEST GUST SPEED    28   HIGHEST GUST DIRECTION    SE (150)
  AVERAGE WIND SPEED    11.5


SKY COVER
  POSSIBLE SUNSHINE  MM
  AVERAGE SKY COVER 0.4


WEATHER CONDITIONS
 THE FOLLOWING WEATHER WAS RECORDED TODAY.
  NO SIGNIFICANT WEATHER WAS OBSERVED.


RELATIVE HUMIDITY (PERCENT)
 HIGHEST    63          1200 AM
 LOWEST     21           200 PM
 AVERAGE    42

..........................................................


THE COLORADO SPRINGS CO CLIMATE NORMALS FOR TOMORROW
                         NORMAL    RECORD    YEAR
 MAXIMUM TEMPERATURE (F)   71        93      1984
 MINIMUM TEMPERATURE (F)   45        31      1943


SUNRISE AND SUNSET
MAY 23 2016...........SUNRISE   540 AM MDT   SUNSET   812 PM MDT
MAY 24 2016...........SUNRISE   539 AM MDT   SUNSET   813 PM MDT


-  INDICATES NEGATIVE NUMBERS.
R  INDICATES RECORD WAS SET OR TIED.
MM INDICATES DATA IS MISSING.
T  INDICATES TRACE AMOUNT.




$$
