912
CDUS45 KPUB 210031
CLICOS


CLIMATE REPORT
NATIONAL WEATHER SERVICE PUEBLO
631 PM MDT WED JUL 20 2016


...................................

...THE COLORADO SPRINGS CO CLIMATE SUMMARY FOR JULY 20 2016...
VALID TODAY AS OF 0500 PM LOCAL TIME.

CLIMATE NORMAL PERIOD 1981 TO 2010
CLIMATE RECORD PERIOD 1872 TO 2016


WEATHER ITEM   OBSERVED TIME   RECORD YEAR NORMAL DEPARTURE LAST
                VALUE   (LST)  VALUE       VALUE  FROM      YEAR
                                                  NORMAL
..................................................................
TEMPERATURE (F)
 TODAY
  MAXIMUM         96    256 PM  98    2005  85     11       80
  MINIMUM         61    412 AM  40    1897  57      4       58
  AVERAGE         79                        71      8       69

PRECIPITATION (IN)
  TODAY            0.16          1.18 2010   0.10   0.06      T
  MONTH TO DATE    1.61                      1.63  -0.02     2.61
  SINCE JUN 1      2.65                      4.13  -1.48     8.33
  SINCE JAN 1      9.58                      9.24   0.34    20.56

SNOWFALL (IN)
  TODAY            0.0           0.0  2010   0.0    0.0      0.0
  MONTH TO DATE    T                         0.0    0.0      0.0
  SINCE JUN 1      T                         0.0    0.0       T
  SINCE JUL 1      T                         0.0    0.0      0.0
  SNOW DEPTH      MM

DEGREE DAYS
 HEATING
  TODAY            0                         0      0        0
  MONTH TO DATE    0                         3     -3       10
  SINCE JUN 1      8                        82    -74       20
  SINCE JUL 1      0                         3     -3       10

 COOLING
  TODAY           14                         7      7        4
  MONTH TO DATE  190                       123     67      101
  SINCE JUN 1    371                       206    165      223
  SINCE JAN 1    373                       216    157      223
..................................................................


WIND (MPH)
  HIGHEST WIND SPEED    33   HIGHEST WIND DIRECTION     S (170)
  HIGHEST GUST SPEED    49   HIGHEST GUST DIRECTION     S (180)
  AVERAGE WIND SPEED     5.8


SKY COVER
  POSSIBLE SUNSHINE  MM
  AVERAGE SKY COVER 0.5


WEATHER CONDITIONS
 THE FOLLOWING WEATHER WAS RECORDED TODAY.
  THUNDERSTORM
  RAIN
  LIGHT RAIN


RELATIVE HUMIDITY (PERCENT)
 HIGHEST    67           400 AM
 LOWEST     17          1200 PM
 AVERAGE    42

..........................................................


THE COLORADO SPRINGS CO CLIMATE NORMALS FOR TOMORROW
                         NORMAL    RECORD    YEAR
 MAXIMUM TEMPERATURE (F)   85        98      1981
 MINIMUM TEMPERATURE (F)   58        47      1958
                                             1897


SUNRISE AND SUNSET
JULY 20 2016..........SUNRISE   550 AM MDT   SUNSET   820 PM MDT
JULY 21 2016..........SUNRISE   551 AM MDT   SUNSET   819 PM MDT


-  INDICATES NEGATIVE NUMBERS.
R  INDICATES RECORD WAS SET OR TIED.
MM INDICATES DATA IS MISSING.
T  INDICATES TRACE AMOUNT.




$$
