000
CDUS45 KPUB 081141
CLICOS


CLIMATE REPORT
NATIONAL WEATHER SERVICE PUEBLO
441 AM MST THU FEB 8 2018


...................................

...THE COLORADO SPRINGS CO CLIMATE SUMMARY FOR FEBRUARY 7 2018...

CLIMATE NORMAL PERIOD 1981 TO 2010
CLIMATE RECORD PERIOD 1872 TO 2018


WEATHER ITEM   OBSERVED TIME   RECORD YEAR NORMAL DEPARTURE LAST
                VALUE   (LST)  VALUE       VALUE  FROM      YEAR
                                                  NORMAL
..................................................................
TEMPERATURE (F)
 YESTERDAY
  MAXIMUM         49    421 PM  74    2015  43      6       63
  MINIMUM         19    207 AM -20    1899  18      1       31
  AVERAGE         34                        31      3       47

PRECIPITATION (IN)
  YESTERDAY        0.00          0.45 1905   0.01  -0.01     0.00
  MONTH TO DATE    0.03                      0.07  -0.04     0.03
  SINCE DEC 1      0.20                      0.73  -0.53     1.03
  SINCE JAN 1      0.19                      0.39  -0.20     0.35

SNOWFALL (IN)
  YESTERDAY        0.0           6.0  1905   0.2   -0.2      0.0
  MONTH TO DATE    0.3                       1.2   -0.9      0.3
  SINCE DEC 1      2.9                      12.5   -9.6     13.0
  SINCE JUL 1      4.5                      20.3  -15.8     13.0
  SNOW DEPTH       0

DEGREE DAYS
 HEATING
  YESTERDAY       31                        34     -3       18
  MONTH TO DATE  214                       238    -24      203
  SINCE DEC 1   2108                      2400   -292     2354
  SINCE JUL 1   3276                      3881   -605     3257

 COOLING
  YESTERDAY        0                         0      0        0
  MONTH TO DATE    0                         0      0        0
  SINCE DEC 1      0                         0      0        0
  SINCE JAN 1      0                         0      0        0
..................................................................


WIND (MPH)
  HIGHEST WIND SPEED    14   HIGHEST WIND DIRECTION     N (20)
  HIGHEST GUST SPEED    15   HIGHEST GUST DIRECTION     N (20)
  AVERAGE WIND SPEED     4.7


SKY COVER
  POSSIBLE SUNSHINE  MM
  AVERAGE SKY COVER 0.5


WEATHER CONDITIONS
 THE FOLLOWING WEATHER WAS RECORDED YESTERDAY.
  FOG


RELATIVE HUMIDITY (PERCENT)
 HIGHEST    92          1000 AM
 LOWEST     45           400 PM
 AVERAGE    69

..........................................................


THE COLORADO SPRINGS CO CLIMATE NORMALS FOR TODAY
                         NORMAL    RECORD    YEAR
 MAXIMUM TEMPERATURE (F)   44        70      1954
 MINIMUM TEMPERATURE (F)   18       -20      1933


SUNRISE AND SUNSET
FEBRUARY  8 2018......SUNRISE   658 AM MST   SUNSET   529 PM MST
FEBRUARY  9 2018......SUNRISE   657 AM MST   SUNSET   530 PM MST


-  INDICATES NEGATIVE NUMBERS.
R  INDICATES RECORD WAS SET OR TIED.
MM INDICATES DATA IS MISSING.
T  INDICATES TRACE AMOUNT.




$$
