000
CDUS45 KPUB 182324
CLICOS


CLIMATE REPORT
NATIONAL WEATHER SERVICE PUEBLO
524 PM MDT FRI JUL 18 2014


...................................

...THE COLORADO SPRINGS CO CLIMATE SUMMARY FOR JULY 18 2014...
VALID TODAY AS OF 0500 PM LOCAL TIME.

CLIMATE NORMAL PERIOD 1981 TO 2010
CLIMATE RECORD PERIOD 1872 TO 2014


WEATHER ITEM   OBSERVED TIME   RECORD YEAR NORMAL DEPARTURE LAST
                VALUE   (LST)  VALUE       VALUE  FROM      YEAR
                                                  NORMAL
..................................................................
TEMPERATURE (F)
 TODAY
  MAXIMUM         85   1219 PM  98    2003  85      0       91
  MINIMUM         55    442 AM  48    1907  57     -2       55
  AVERAGE         70                        71     -1       73

PRECIPITATION (IN)
  TODAY            T             1.30 1972   0.10  -0.10     0.00
  MONTH TO DATE    2.89                      1.44   1.45     2.28
  SINCE JUN 1      4.18                      3.94   0.24     2.88
  SINCE JAN 1      8.97                      9.05  -0.08     5.61

SNOWFALL (IN)
  TODAY            0.0           0.0  2002   0.0    0.0      0.0
                                      2001
  MONTH TO DATE    T                         0.0    0.0       T
  SINCE JUN 1      T                         0.0    0.0       T
  SINCE JUL 1      T                         0.0    0.0       T
  SNOW DEPTH       0

DEGREE DAYS
 HEATING
  TODAY            0                         0      0        0
  MONTH TO DATE   13                         3     10        5
  SINCE JUN 1     52                        82    -30       30
  SINCE JUL 1     13                         3     10        5

 COOLING
  TODAY            5                         7     -2        8
  MONTH TO DATE  102                       109     -7      129
  SINCE JUN 1    206                       192     14      311
  SINCE JAN 1    219                       202     17      333
..................................................................


WIND (MPH)
  HIGHEST WIND SPEED    21   HIGHEST WIND DIRECTION    NE (30)
  HIGHEST GUST SPEED    28   HIGHEST GUST DIRECTION     N (360)
  AVERAGE WIND SPEED     4.6


SKY COVER
  POSSIBLE SUNSHINE  MM
  AVERAGE SKY COVER 0.5


WEATHER CONDITIONS
 THE FOLLOWING WEATHER WAS RECORDED TODAY.
  THUNDERSTORM
  LIGHT RAIN
  FOG
  HAZE


RELATIVE HUMIDITY (PERCENT)
 HIGHEST    93           100 AM
 LOWEST     26           100 PM
 AVERAGE    60

..........................................................


THE COLORADO SPRINGS CO CLIMATE NORMALS FOR TOMORROW
                         NORMAL    RECORD    YEAR
 MAXIMUM TEMPERATURE (F)   85        97      2005
 MINIMUM TEMPERATURE (F)   57        43      1897


SUNRISE AND SUNSET
JULY 18 2014..........SUNRISE   548 AM MDT   SUNSET   821 PM MDT
JULY 19 2014..........SUNRISE   549 AM MDT   SUNSET   821 PM MDT


-  INDICATES NEGATIVE NUMBERS.
R  INDICATES RECORD WAS SET OR TIED.
MM INDICATES DATA IS MISSING.
T  INDICATES TRACE AMOUNT.




$$
