000
CDUS45 KPUB 270025
CLICOS


CLIMATE REPORT
NATIONAL WEATHER SERVICE PUEBLO
625 PM MDT SAT JUL 26 2014


...................................

...THE COLORADO SPRINGS CO CLIMATE SUMMARY FOR JULY 26 2014...
VALID TODAY AS OF 0500 PM LOCAL TIME.

CLIMATE NORMAL PERIOD 1981 TO 2010
CLIMATE RECORD PERIOD 1872 TO 2014


WEATHER ITEM   OBSERVED TIME   RECORD YEAR NORMAL DEPARTURE LAST
                VALUE   (LST)  VALUE       VALUE  FROM      YEAR
                                                  NORMAL
..................................................................
TEMPERATURE (F)
 TODAY
  MAXIMUM         91   1258 PM  97    1953  84      7       81
  MINIMUM         60    255 AM  46    1913  58      2       54
                                      1900
  AVERAGE         76                        71      5       68

PRECIPITATION (IN)
  TODAY            T             1.36 1955   0.11  -0.11     0.00
  MONTH TO DATE    2.89                      2.30   0.59     4.30
  SINCE JUN 1      4.18                      4.80  -0.62     4.90
  SINCE JAN 1      8.97                      9.91  -0.94     7.63

SNOWFALL (IN)
  TODAY            0.0           T    2002   0.0    0.0      0.0
  MONTH TO DATE    T                         0.0    0.0       T
  SINCE JUN 1      T                         0.0    0.0       T
  SINCE JUL 1      T                         0.0    0.0       T
  SNOW DEPTH       0

DEGREE DAYS
 HEATING
  TODAY            0                         0      0        0
  MONTH TO DATE   13                         3     10        5
  SINCE JUN 1     52                        82    -30       30
  SINCE JUL 1     13                         3     10        5

 COOLING
  TODAY           11                         6      5        3
  MONTH TO DATE  187                       159     28      181
  SINCE JUN 1    291                       242     49      363
  SINCE JAN 1    304                       252     52      385
..................................................................


WIND (MPH)
  HIGHEST WIND SPEED    35   HIGHEST WIND DIRECTION    NW (300)
  HIGHEST GUST SPEED    45   HIGHEST GUST DIRECTION    NW (300)
  AVERAGE WIND SPEED    11.0


SKY COVER
  POSSIBLE SUNSHINE  MM
  AVERAGE SKY COVER 0.5


WEATHER CONDITIONS
 THE FOLLOWING WEATHER WAS RECORDED TODAY.
  THUNDERSTORM
  LIGHT RAIN


RELATIVE HUMIDITY (PERCENT)
 HIGHEST    69           300 AM
 LOWEST     18           100 PM
 AVERAGE    44

..........................................................


THE COLORADO SPRINGS CO CLIMATE NORMALS FOR TOMORROW
                         NORMAL    RECORD    YEAR
 MAXIMUM TEMPERATURE (F)   84        97      1960
 MINIMUM TEMPERATURE (F)   58        46      1909


SUNRISE AND SUNSET
JULY 26 2014..........SUNRISE   555 AM MDT   SUNSET   815 PM MDT
JULY 27 2014..........SUNRISE   556 AM MDT   SUNSET   815 PM MDT


-  INDICATES NEGATIVE NUMBERS.
R  INDICATES RECORD WAS SET OR TIED.
MM INDICATES DATA IS MISSING.
T  INDICATES TRACE AMOUNT.




$$
