000
CDUS45 KPUB 101140
CLICOS


CLIMATE REPORT
NATIONAL WEATHER SERVICE PUEBLO
440 AM MST SAT FEB 10 2018


...................................

...THE COLORADO SPRINGS CO CLIMATE SUMMARY FOR FEBRUARY 9 2018...

CLIMATE NORMAL PERIOD 1981 TO 2010
CLIMATE RECORD PERIOD 1872 TO 2018


WEATHER ITEM   OBSERVED TIME   RECORD YEAR NORMAL DEPARTURE LAST
                VALUE   (LST)  VALUE       VALUE  FROM      YEAR
                                                  NORMAL
..................................................................
TEMPERATURE (F)
 YESTERDAY
  MAXIMUM         51   1233 AM  71    1996  44      7       69
  MINIMUM         18   1158 PM -22    1933  19     -1       35
  AVERAGE         35                        31      4       52

PRECIPITATION (IN)
  YESTERDAY        0.00          0.32 1966   0.01  -0.01     0.00
  MONTH TO DATE    0.03                      0.09  -0.06     0.03
  SINCE DEC 1      0.20                      0.75  -0.55     1.03
  SINCE JAN 1      0.19                      0.41  -0.22     0.35

SNOWFALL (IN)
  YESTERDAY        0.0           5.8  1966   0.2   -0.2      0.0
  MONTH TO DATE    0.3                       1.6   -1.3      0.3
  SINCE DEC 1      2.9                      12.9  -10.0     13.0
  SINCE JUL 1      4.5                      20.7  -16.2     13.0
  SNOW DEPTH       0

DEGREE DAYS
 HEATING
  YESTERDAY       30                        34     -4       13
  MONTH TO DATE  266                       306    -40      235
  SINCE DEC 1   2160                      2468   -308     2386
  SINCE JUL 1   3328                      3949   -621     3289

 COOLING
  YESTERDAY        0                         0      0        0
  MONTH TO DATE    0                         0      0        0
  SINCE DEC 1      0                         0      0        0
  SINCE JAN 1      0                         0      0        0
..................................................................


WIND (MPH)
  HIGHEST WIND SPEED    22   HIGHEST WIND DIRECTION     S (160)
  HIGHEST GUST SPEED    28   HIGHEST GUST DIRECTION     W (280)
  AVERAGE WIND SPEED     8.1


SKY COVER
  POSSIBLE SUNSHINE  MM
  AVERAGE SKY COVER 0.7


WEATHER CONDITIONS
 THE FOLLOWING WEATHER WAS RECORDED YESTERDAY.
  LIGHT SNOW
  FOG
  HAZE


RELATIVE HUMIDITY (PERCENT)
 HIGHEST    92          1100 PM
 LOWEST     24          1200 AM
 AVERAGE    58

..........................................................


THE COLORADO SPRINGS CO CLIMATE NORMALS FOR TODAY
                         NORMAL    RECORD    YEAR
 MAXIMUM TEMPERATURE (F)   44        77      2017
 MINIMUM TEMPERATURE (F)   19       -18      1933


SUNRISE AND SUNSET
FEBRUARY 10 2018......SUNRISE   656 AM MST   SUNSET   531 PM MST
FEBRUARY 11 2018......SUNRISE   655 AM MST   SUNSET   532 PM MST


-  INDICATES NEGATIVE NUMBERS.
R  INDICATES RECORD WAS SET OR TIED.
MM INDICATES DATA IS MISSING.
T  INDICATES TRACE AMOUNT.




$$
