000
CDUS45 KPUB 021333 CCA
CLICOS

CLIMATE REPORT...COR FOR SNOWFALL
NATIONAL WEATHER SERVICE PUEBLO
431 AM MST TUE FEB 2 2016


...................................

...THE COLORADO SPRINGS CO CLIMATE SUMMARY FOR FEBRUARY 1 2016...

CLIMATE NORMAL PERIOD 1981 TO 2010
CLIMATE RECORD PERIOD 1872 TO 2016


WEATHER ITEM   OBSERVED TIME   RECORD YEAR NORMAL DEPARTURE LAST
                VALUE   (LST)  VALUE       VALUE  FROM      YEAR
                                                  NORMAL
..................................................................
TEMPERATURE (F)
 YESTERDAY
  MAXIMUM         28    452 PM  70    1963  43    -15       31
  MINIMUM         21   1143 PM -27    1951  18      3       19
  AVERAGE         25                        30     -5       25

PRECIPITATION (IN)
  YESTERDAY        0.87R         0.19 1913   0.01   0.86      T
  MONTH TO DATE    0.87                      0.01   0.86      T
  SINCE DEC 1      1.66                      0.67   0.99     1.03
  SINCE JAN 1      1.41                      0.33   1.08     0.87

SNOWFALL (IN)
  YESTERDAY        7.9 R         3.4  1959   0.2    7.7       T
  MONTH TO DATE    7.9                       0.2    7.7       T
  SINCE DEC 1     18.2                      11.5    6.7     17.2
  SINCE JUL 1     24.0                      19.3    4.7     24.3
  SNOW DEPTH       2

DEGREE DAYS
 HEATING
  YESTERDAY       40                        34      6       40
  MONTH TO DATE   40                        34      6       40
  SINCE DEC 1   2034                      2196   -162     2059
  SINCE JUL 1   3137                      3677   -540     3384

 COOLING
  YESTERDAY        0                         0      0        0
  MONTH TO DATE    0                         0      0        0
  SINCE DEC 1      0                         0      0        0
  SINCE JAN 1      0                         0      0        0
..................................................................


WIND (MPH)
  HIGHEST WIND SPEED    26   HIGHEST WIND DIRECTION     N (20)
  HIGHEST GUST SPEED    32   HIGHEST GUST DIRECTION     N (20)
  AVERAGE WIND SPEED    10.4


SKY COVER
  POSSIBLE SUNSHINE  MM
  AVERAGE SKY COVER 1.0


WEATHER CONDITIONS
 THE FOLLOWING WEATHER WAS RECORDED YESTERDAY.
  LT FREEZING RAIN
  HEAVY SNOW
  SNOW
  LIGHT SNOW
  FOG
  FOG W/VISIBILITY <= 1/4 MILE
  BLOWING SNOW


RELATIVE HUMIDITY (PERCENT)
 HIGHEST    96          1200 AM
 LOWEST     81           600 PM
 AVERAGE    89

..........................................................


THE COLORADO SPRINGS CO CLIMATE NORMALS FOR TODAY
                         NORMAL    RECORD    YEAR
 MAXIMUM TEMPERATURE (F)   43        66      1934
 MINIMUM TEMPERATURE (F)   18       -16      1985


SUNRISE AND SUNSET
FEBRUARY  2 2016......SUNRISE   704 AM MST   SUNSET   521 PM MST
FEBRUARY  3 2016......SUNRISE   703 AM MST   SUNSET   522 PM MST


-  INDICATES NEGATIVE NUMBERS.
R  INDICATES RECORD WAS SET OR TIED.
MM INDICATES DATA IS MISSING.
T  INDICATES TRACE AMOUNT.




$$
