000
CDUS45 KPUB 221041
CLICOS


CLIMATE REPORT
NATIONAL WEATHER SERVICE PUEBLO
441 AM MDT TUE JUL 22 2014


...................................

...THE COLORADO SPRINGS CO CLIMATE SUMMARY FOR JULY 21 2014...

CLIMATE NORMAL PERIOD 1981 TO 2010
CLIMATE RECORD PERIOD 1872 TO 2014


WEATHER ITEM   OBSERVED TIME   RECORD YEAR NORMAL DEPARTURE LAST
                VALUE   (LST)  VALUE       VALUE  FROM      YEAR
                                                  NORMAL
..................................................................
TEMPERATURE (F)
 YESTERDAY
  MAXIMUM         89    223 PM  98    1981  85      4       89
  MINIMUM         63   1140 PM  47    1958  58      5       59
                                      1897
  AVERAGE         76                        71      5       74

PRECIPITATION (IN)
  YESTERDAY        0.00          1.00 1930   0.11  -0.11     0.02
  MONTH TO DATE    2.89                      1.74   1.15     4.27
  SINCE JUN 1      4.18                      4.24  -0.06     4.87
  SINCE JAN 1      8.97                      9.35  -0.38     7.60

SNOWFALL (IN)
  YESTERDAY        0.0           0.0  2002   0.0    0.0      0.0
                                      2001
  MONTH TO DATE    T                         0.0    0.0       T
  SINCE JUN 1      T                         0.0    0.0       T
  SINCE JUL 1      T                         0.0    0.0       T
  SNOW DEPTH       0

DEGREE DAYS
 HEATING
  YESTERDAY        0                         0      0        0
  MONTH TO DATE   13                         3     10        5
  SINCE JUN 1     52                        82    -30       30
  SINCE JUL 1     13                         3     10        5

 COOLING
  YESTERDAY       11                         6      5        9
  MONTH TO DATE  131                       129      2      150
  SINCE JUN 1    235                       212     23      332
  SINCE JAN 1    248                       222     26      354
..................................................................


WIND (MPH)
  HIGHEST WIND SPEED    21   HIGHEST WIND DIRECTION    SW (210)
  HIGHEST GUST SPEED    25   HIGHEST GUST DIRECTION    SW (210)
  AVERAGE WIND SPEED     7.4


SKY COVER
  POSSIBLE SUNSHINE  MM
  AVERAGE SKY COVER 0.6


WEATHER CONDITIONS
 THE FOLLOWING WEATHER WAS RECORDED YESTERDAY.
  NO SIGNIFICANT WEATHER WAS OBSERVED.


RELATIVE HUMIDITY (PERCENT)
 HIGHEST    60          1000 PM
 LOWEST     21           200 PM
 AVERAGE    41

..........................................................


THE COLORADO SPRINGS CO CLIMATE NORMALS FOR TODAY
                         NORMAL    RECORD    YEAR
 MAXIMUM TEMPERATURE (F)   85        99      1963
 MINIMUM TEMPERATURE (F)   58        44      1961
                                             1914


SUNRISE AND SUNSET
JULY 22 2014..........SUNRISE   552 AM MDT   SUNSET   819 PM MDT
JULY 23 2014..........SUNRISE   552 AM MDT   SUNSET   818 PM MDT


-  INDICATES NEGATIVE NUMBERS.
R  INDICATES RECORD WAS SET OR TIED.
MM INDICATES DATA IS MISSING.
T  INDICATES TRACE AMOUNT.




$$
