000
CDUS45 KPUB 221046
CLICOS


CLIMATE REPORT
NATIONAL WEATHER SERVICE PUEBLO
445 AM MDT MON AUG 22 2016


...................................

...THE COLORADO SPRINGS CO CLIMATE SUMMARY FOR AUGUST 21 2016...

CLIMATE NORMAL PERIOD 1981 TO 2010
CLIMATE RECORD PERIOD 1872 TO 2016


WEATHER ITEM   OBSERVED TIME   RECORD YEAR NORMAL DEPARTURE LAST
                VALUE   (LST)  VALUE       VALUE  FROM      YEAR
                                                  NORMAL
..................................................................
TEMPERATURE (F)
 YESTERDAY
  MAXIMUM         81    455 PM  94    2007  81      0       88
                                      2003
  MINIMUM         50    534 AM  42    1938  55     -5       53
  AVERAGE         66                        68     -2       71

PRECIPITATION (IN)
  YESTERDAY        0.00          1.15 1923   0.09  -0.09     0.00
  MONTH TO DATE    0.95                      2.46  -1.51     1.66
  SINCE JUN 1      5.03                      7.80  -2.77    10.52
  SINCE JAN 1     11.96                     12.91  -0.95    22.75

SNOWFALL (IN)
  YESTERDAY        0.0           0.0  2002   0.0    0.0      0.0
  MONTH TO DATE    0.0                       0.0    0.0      0.0
  SINCE JUN 1      T                         0.0    0.0       T
  SINCE JUL 1      T                         0.0    0.0       T
  SNOW DEPTH       0

DEGREE DAYS
 HEATING
  YESTERDAY        0                         1     -1        0
  MONTH TO DATE    7                         6      1        8
  SINCE JUN 1     15                        95    -80       28
  SINCE JUL 1      7                        16     -9       18

 COOLING
  YESTERDAY        1                         4     -3        6
  MONTH TO DATE  124                       101     23      152
  SINCE JUN 1    604                       375    229      456
  SINCE JAN 1    606                       385    221      456
..................................................................


WIND (MPH)
  HIGHEST WIND SPEED    18   HIGHEST WIND DIRECTION    SE (150)
  HIGHEST GUST SPEED    22   HIGHEST GUST DIRECTION    SE (150)
  AVERAGE WIND SPEED     7.1


SKY COVER
  POSSIBLE SUNSHINE  MM
  AVERAGE SKY COVER 0.5


WEATHER CONDITIONS
 THE FOLLOWING WEATHER WAS RECORDED YESTERDAY.
  NO SIGNIFICANT WEATHER WAS OBSERVED.


RELATIVE HUMIDITY (PERCENT)
 HIGHEST    83           600 AM
 LOWEST     28           400 PM
 AVERAGE    56

..........................................................


THE COLORADO SPRINGS CO CLIMATE NORMALS FOR TODAY
                         NORMAL    RECORD    YEAR
 MAXIMUM TEMPERATURE (F)   81        93      2011
 MINIMUM TEMPERATURE (F)   55        41      1920


SUNRISE AND SUNSET
AUGUST 22 2016........SUNRISE   619 AM MDT   SUNSET   743 PM MDT
AUGUST 23 2016........SUNRISE   620 AM MDT   SUNSET   742 PM MDT


-  INDICATES NEGATIVE NUMBERS.
R  INDICATES RECORD WAS SET OR TIED.
MM INDICATES DATA IS MISSING.
T  INDICATES TRACE AMOUNT.




$$
