000
CDUS45 KPUB 141155
CLICOS


CLIMATE REPORT
NATIONAL WEATHER SERVICE PUEBLO
447 AM MST FRI NOV 14 2014


...................................

...THE COLORADO SPRINGS CO CLIMATE SUMMARY FOR NOVEMBER 13 2014...

CLIMATE NORMAL PERIOD 1981 TO 2010
CLIMATE RECORD PERIOD 1872 TO 2014


WEATHER ITEM   OBSERVED TIME   RECORD YEAR NORMAL DEPARTURE LAST
                VALUE   (LST)  VALUE       VALUE  FROM      YEAR
                                                  NORMAL
..................................................................
TEMPERATURE (F)
 YESTERDAY
  MAXIMUM          7    216 PM  75    2007  52    -45       68
                                      1999
  MINIMUM         -4    407 AM -12    1916  26    -30       25
  AVERAGE          2                        39    -37       47

PRECIPITATION (IN)
  YESTERDAY        T             0.25 2004   0.02  -0.02     0.00
  MONTH TO DATE    0.11                      0.20  -0.09     0.01
  SINCE SEP 1      3.68                      2.21   1.47     5.23
  SINCE JAN 1     16.73                     16.00   0.73    18.89

SNOWFALL (IN)
  YESTERDAY        T             2.5  2004   0.1   -0.1      0.0
  MONTH TO DATE    3.3                       1.8    1.5      0.1
  SINCE SEP 1      3.3                       4.9   -1.6      0.3
  SINCE JUL 1      3.3                       4.9   -1.6      0.3
  SNOW DEPTH       3

DEGREE DAYS
 HEATING
  YESTERDAY       63                        26     37       18
  MONTH TO DATE  348                       302     46      293
  SINCE SEP 1    785                       945   -160      878
  SINCE JUL 1    815                       976   -161      888

 COOLING
  YESTERDAY        0                         0      0        0
  MONTH TO DATE    0                         0      0        0
  SINCE SEP 1     60                        37     23       92
  SINCE JAN 1    487                       455     32      694
..................................................................


WIND (MPH)
  HIGHEST WIND SPEED    15   HIGHEST WIND DIRECTION    SE (150)
  HIGHEST GUST SPEED    17   HIGHEST GUST DIRECTION    SE (150)
  AVERAGE WIND SPEED     7.1


SKY COVER
  POSSIBLE SUNSHINE  MM
  AVERAGE SKY COVER 0.8


WEATHER CONDITIONS
 THE FOLLOWING WEATHER WAS RECORDED YESTERDAY.
  LIGHT SNOW
  FOG
  HAZE


RELATIVE HUMIDITY (PERCENT)
 HIGHEST    95           600 PM
 LOWEST     79          1200 AM
 AVERAGE    87

..........................................................


THE COLORADO SPRINGS CO CLIMATE NORMALS FOR TODAY
                         NORMAL    RECORD    YEAR
 MAXIMUM TEMPERATURE (F)   52        77      1936
 MINIMUM TEMPERATURE (F)   26       -12      1916


SUNRISE AND SUNSET
NOVEMBER 14 2014......SUNRISE   640 AM MST   SUNSET   446 PM MST
NOVEMBER 15 2014......SUNRISE   641 AM MST   SUNSET   445 PM MST


-  INDICATES NEGATIVE NUMBERS.
R  INDICATES RECORD WAS SET OR TIED.
MM INDICATES DATA IS MISSING.
T  INDICATES TRACE AMOUNT.




$$
