000
CDUS45 KPUB 212322
CLICOS


CLIMATE REPORT
NATIONAL WEATHER SERVICE PUEBLO
522 PM MDT THU JUL 21 2016


...................................

...THE COLORADO SPRINGS CO CLIMATE SUMMARY FOR JULY 21 2016...
VALID TODAY AS OF 0500 PM LOCAL TIME.

CLIMATE NORMAL PERIOD 1981 TO 2010
CLIMATE RECORD PERIOD 1872 TO 2016


WEATHER ITEM   OBSERVED TIME   RECORD YEAR NORMAL DEPARTURE LAST
                VALUE   (LST)  VALUE       VALUE  FROM      YEAR
                                                  NORMAL
..................................................................
TEMPERATURE (F)
 TODAY
  MAXIMUM         93    326 PM  98    1981  85      8       79
  MINIMUM         61    459 AM  47    1958  58      3       60
                                      1897
  AVERAGE         77                        71      6       70

PRECIPITATION (IN)
  TODAY            0.00          1.00 1930   0.11  -0.11     0.12
  MONTH TO DATE    1.70                      1.74  -0.04     2.73
  SINCE JUN 1      2.74                      4.24  -1.50     8.45
  SINCE JAN 1      9.67                      9.35   0.32    20.68

SNOWFALL (IN)
  TODAY            0.0           0.0  2002   0.0    0.0      0.0
                                      2001
  MONTH TO DATE    T                         0.0    0.0      0.0
  SINCE JUN 1      T                         0.0    0.0       T
  SINCE JUL 1      T                         0.0    0.0      0.0
  SNOW DEPTH       0

DEGREE DAYS
 HEATING
  TODAY            0                         0      0        0
  MONTH TO DATE    0                         3     -3       10
  SINCE JUN 1      8                        82    -74       20
  SINCE JUL 1      0                         3     -3       10

 COOLING
  TODAY           12                         6      6        5
  MONTH TO DATE  202                       129     73      106
  SINCE JUN 1    383                       212    171      228
  SINCE JAN 1    385                       222    163      228
..................................................................


WIND (MPH)
  HIGHEST WIND SPEED    22   HIGHEST WIND DIRECTION     N (20)
  HIGHEST GUST SPEED    25   HIGHEST GUST DIRECTION    NE (30)
  AVERAGE WIND SPEED     7.0


SKY COVER
  POSSIBLE SUNSHINE  MM
  AVERAGE SKY COVER 0.4


WEATHER CONDITIONS
 THE FOLLOWING WEATHER WAS RECORDED TODAY.
  THUNDERSTORM


RELATIVE HUMIDITY (PERCENT)
 HIGHEST    72           500 AM
 LOWEST     20           300 PM
 AVERAGE    46

..........................................................


THE COLORADO SPRINGS CO CLIMATE NORMALS FOR TOMORROW
                         NORMAL    RECORD    YEAR
 MAXIMUM TEMPERATURE (F)   85        99      1963
 MINIMUM TEMPERATURE (F)   58        44      1961
                                             1914


SUNRISE AND SUNSET
JULY 21 2016..........SUNRISE   551 AM MDT   SUNSET   819 PM MDT
JULY 22 2016..........SUNRISE   552 AM MDT   SUNSET   818 PM MDT


-  INDICATES NEGATIVE NUMBERS.
R  INDICATES RECORD WAS SET OR TIED.
MM INDICATES DATA IS MISSING.
T  INDICATES TRACE AMOUNT.




$$
