000
CDUS45 KPUB 171114
CLICOS


CLIMATE REPORT
NATIONAL WEATHER SERVICE PUEBLO
513 AM MDT THU APR 17 2014


...................................

...THE COLORADO SPRINGS CO CLIMATE SUMMARY FOR APRIL 16 2014...

CLIMATE NORMAL PERIOD 1981 TO 2010
CLIMATE RECORD PERIOD 1872 TO 2014


WEATHER ITEM   OBSERVED TIME   RECORD YEAR NORMAL DEPARTURE LAST
                VALUE   (LST)  VALUE       VALUE  FROM      YEAR
                                                  NORMAL
..................................................................
TEMPERATURE (F)
 YESTERDAY
  MAXIMUM         56   1112 AM  80    1985  60     -4       45
  MINIMUM         34   1159 PM  17    1904  33      1       26
  AVERAGE         45                        46     -1       36

PRECIPITATION (IN)
  YESTERDAY        0.16          0.72 2007   0.05   0.11      T
  MONTH TO DATE    0.90                      0.63   0.27     0.06
  SINCE MAR 1      1.32                      1.63  -0.31     0.24
  SINCE JAN 1      2.21                      2.29  -0.08     1.32

SNOWFALL (IN)
  YESTERDAY        T             3.5  1947   0.1   -0.1       T
                                      1944
  MONTH TO DATE    7.5                       2.9    4.6       T
  SINCE MAR 1     10.3                      11.0   -0.7      4.2
  SINCE JUL 1     34.4                      35.0   -0.6     24.2
  SNOW DEPTH       0

DEGREE DAYS
 HEATING
  YESTERDAY       20                        18      2       29
  MONTH TO DATE  329                       327      2      370
  SINCE MAR 1   1110                      1132    -22     1182
  SINCE JUL 1   5597                      5695    -98     5526

 COOLING
  YESTERDAY        0                         0      0        0
  MONTH TO DATE    0                         0      0        0
  SINCE MAR 1      0                         0      0        0
  SINCE JAN 1      0                         0      0        0
..................................................................


WIND (MPH)
  HIGHEST WIND SPEED    28   HIGHEST WIND DIRECTION     N (20)
  HIGHEST GUST SPEED    32   HIGHEST GUST DIRECTION     N (10)
  AVERAGE WIND SPEED    11.6


SKY COVER
  POSSIBLE SUNSHINE  MM
  AVERAGE SKY COVER 0.8


WEATHER CONDITIONS
 THE FOLLOWING WEATHER WAS RECORDED YESTERDAY.
  RAIN
  LIGHT RAIN
  LIGHT SNOW
  FOG


RELATIVE HUMIDITY (PERCENT)
 HIGHEST    96           800 PM
 LOWEST     17           200 AM
 AVERAGE    57

..........................................................


THE COLORADO SPRINGS CO CLIMATE NORMALS FOR TODAY
                         NORMAL    RECORD    YEAR
 MAXIMUM TEMPERATURE (F)   60        80      1994
 MINIMUM TEMPERATURE (F)   34        12      1901


SUNRISE AND SUNSET
APRIL 17 2014.........SUNRISE   620 AM MDT   SUNSET   738 PM MDT
APRIL 18 2014.........SUNRISE   618 AM MDT   SUNSET   739 PM MDT


-  INDICATES NEGATIVE NUMBERS.
R  INDICATES RECORD WAS SET OR TIED.
MM INDICATES DATA IS MISSING.
T  INDICATES TRACE AMOUNT.




$$
