000
CDUS45 KPUB 031042
CLICOS


CLIMATE REPORT
NATIONAL WEATHER SERVICE PUEBLO
441 AM MDT FRI JUL 3 2015


...................................

...THE COLORADO SPRINGS CO CLIMATE SUMMARY FOR JULY 2 2015...

CLIMATE NORMAL PERIOD 1981 TO 2010
CLIMATE RECORD PERIOD 1872 TO 2015


WEATHER ITEM   OBSERVED TIME   RECORD YEAR NORMAL DEPARTURE LAST
                VALUE   (LST)  VALUE       VALUE  FROM      YEAR
                                                  NORMAL
..................................................................
TEMPERATURE (F)
 YESTERDAY
  MAXIMUM         76   1156 AM  96    2002  84     -8       67
                                      1960
  MINIMUM         57    504 AM  43    1945  55      2       56
  AVERAGE         67                        70     -3       62

PRECIPITATION (IN)
  YESTERDAY        T             0.89 1980   0.07  -0.07     0.00
  MONTH TO DATE    0.09                      0.14  -0.05      T
  SINCE JUN 1      5.81                      2.64   3.17     1.29
  SINCE JAN 1     18.04                      7.75  10.29     6.08

SNOWFALL (IN)
  YESTERDAY        0.0           0.0  2002   0.0    0.0      0.0
                                      2001
  MONTH TO DATE    0.0                       0.0    0.0      0.0
  SINCE JUN 1      T                         0.0    0.0       T
  SINCE JUL 1      0.0                       0.0    0.0      0.0
  SNOW DEPTH       0

DEGREE DAYS
 HEATING
  YESTERDAY        0                         1     -1        3
  MONTH TO DATE    0                         2     -2        4
  SINCE JUN 1     10                        81    -71       43
  SINCE JUL 1      0                         2     -2        4

 COOLING
  YESTERDAY        2                         5     -3        0
  MONTH TO DATE   12                        10      2        0
  SINCE JUN 1    134                        93     41      104
  SINCE JAN 1    134                       103     31      117
..................................................................


WIND (MPH)
  HIGHEST WIND SPEED    26   HIGHEST WIND DIRECTION     N (360)
  HIGHEST GUST SPEED    32   HIGHEST GUST DIRECTION     N (360)
  AVERAGE WIND SPEED     8.6


SKY COVER
  POSSIBLE SUNSHINE  MM
  AVERAGE SKY COVER 0.7


WEATHER CONDITIONS
 THE FOLLOWING WEATHER WAS RECORDED YESTERDAY.
  THUNDERSTORM
  LIGHT RAIN


RELATIVE HUMIDITY (PERCENT)
 HIGHEST    90           100 AM
 LOWEST     43          1200 PM
 AVERAGE    67

..........................................................


THE COLORADO SPRINGS CO CLIMATE NORMALS FOR TODAY
                         NORMAL    RECORD    YEAR
 MAXIMUM TEMPERATURE (F)   84        98      1957
 MINIMUM TEMPERATURE (F)   56        45      1908


SUNRISE AND SUNSET
JULY  3 2015..........SUNRISE   538 AM MDT   SUNSET   828 PM MDT
JULY  4 2015..........SUNRISE   539 AM MDT   SUNSET   827 PM MDT


-  INDICATES NEGATIVE NUMBERS.
R  INDICATES RECORD WAS SET OR TIED.
MM INDICATES DATA IS MISSING.
T  INDICATES TRACE AMOUNT.




$$
