000
CDUS45 KPUB 261709
CLICOS


CLIMATE REPORT
NATIONAL WEATHER SERVICE PUEBLO
1108 AM MDT FRI AUG 26 2016


...................................

...THE COLORADO SPRINGS CO CLIMATE SUMMARY FOR AUGUST 25 2016...

CLIMATE NORMAL PERIOD 1981 TO 2010
CLIMATE RECORD PERIOD 1872 TO 2016


WEATHER ITEM   OBSERVED TIME   RECORD YEAR NORMAL DEPARTURE LAST
                VALUE   (LST)  VALUE       VALUE  FROM      YEAR
                                                  NORMAL
..................................................................
TEMPERATURE (F)
 YESTERDAY
  MAXIMUM         73    113 PM  94    2011  81     -8       91
  MINIMUM         43    514 AM  38    1910  55    -12       59
  AVERAGE         58                        68    -10       75

PRECIPITATION (IN)
  YESTERDAY        T             1.02 1997   0.08  -0.08     0.00
  MONTH TO DATE    0.96                      2.81  -1.85     1.66
  SINCE JUN 1      5.04                      8.15  -3.11    10.52
  SINCE JAN 1     11.97                     13.26  -1.29    22.75

SNOWFALL (IN)
  YESTERDAY        0.0           0.0  2014   0.0    0.0      0.0
  MONTH TO DATE    0.0                       0.0    0.0      0.0
  SINCE JUN 1      T                         0.0    0.0       T
  SINCE JUL 1      T                         0.0    0.0       T
  SNOW DEPTH       0

DEGREE DAYS
 HEATING
  YESTERDAY        7                         1      6        0
  MONTH TO DATE   18                        10      8        9
  SINCE JUN 1     26                        99    -73       29
  SINCE JUL 1     18                        20     -2       19

 COOLING
  YESTERDAY        0                         3     -3       10
  MONTH TO DATE  138                       116     22      174
  SINCE JUN 1    618                       390    228      478
  SINCE JAN 1    620                       400    220      478
..................................................................


WIND (MPH)
  HIGHEST WIND SPEED    29   HIGHEST WIND DIRECTION    NW (310)
  HIGHEST GUST SPEED    37   HIGHEST GUST DIRECTION    NW (310)
  AVERAGE WIND SPEED     6.7


SKY COVER
  POSSIBLE SUNSHINE  MM
  AVERAGE SKY COVER 0.6


WEATHER CONDITIONS
 THE FOLLOWING WEATHER WAS RECORDED YESTERDAY.
  LIGHT RAIN


RELATIVE HUMIDITY (PERCENT)
 HIGHEST    80           900 PM
 LOWEST     35           100 PM
 AVERAGE    58

..........................................................


THE COLORADO SPRINGS CO CLIMATE NORMALS FOR TODAY
                         NORMAL    RECORD    YEAR
 MAXIMUM TEMPERATURE (F)   80        95      2007
 MINIMUM TEMPERATURE (F)   54        34      1910


SUNRISE AND SUNSET
AUGUST 26 2016........SUNRISE   623 AM MDT   SUNSET   737 PM MDT
AUGUST 27 2016........SUNRISE   624 AM MDT   SUNSET   736 PM MDT


-  INDICATES NEGATIVE NUMBERS.
R  INDICATES RECORD WAS SET OR TIED.
MM INDICATES DATA IS MISSING.
T  INDICATES TRACE AMOUNT.




$$
