000
CDUS45 KPUB 252321
CLICOS


CLIMATE REPORT
NATIONAL WEATHER SERVICE PUEBLO
521 PM MDT MON AUG 25 2014


...................................

...THE COLORADO SPRINGS CO CLIMATE SUMMARY FOR AUGUST 25 2014...
VALID TODAY AS OF 0500 PM LOCAL TIME.

CLIMATE NORMAL PERIOD 1981 TO 2010
CLIMATE RECORD PERIOD 1872 TO 2014


WEATHER ITEM   OBSERVED TIME   RECORD YEAR NORMAL DEPARTURE LAST
                VALUE   (LST)  VALUE       VALUE  FROM      YEAR
                                                  NORMAL
..................................................................
TEMPERATURE (F)
 TODAY
  MAXIMUM         79    242 PM  94    2011  81     -2       85
  MINIMUM         53    236 AM  38    1910  55     -2       58
  AVERAGE         66                        68     -2       72

PRECIPITATION (IN)
  TODAY            0.00          1.02 1997   0.08  -0.08     0.00
  MONTH TO DATE    1.67                      2.81  -1.14     5.65
  SINCE JUN 1      7.59                      8.15  -0.56    10.86
  SINCE JAN 1     12.38                     13.26  -0.88    13.59

SNOWFALL (IN)
  TODAY            0.0           0.0  2002   0.0    0.0      0.0
  MONTH TO DATE    0.0                       0.0    0.0       T
  SINCE JUN 1      T                         0.0    0.0       T
  SINCE JUL 1      T                         0.0    0.0       T
  SNOW DEPTH       0

DEGREE DAYS
 HEATING
  TODAY            0                         1     -1        0
  MONTH TO DATE    5                        10     -5        5
  SINCE JUN 1     67                        99    -32       35
  SINCE JUL 1     28                        20      8       10

 COOLING
  TODAY            1                         3     -2        7
  MONTH TO DATE  105                       116    -11      129
  SINCE JUN 1    403                       390     13      517
  SINCE JAN 1    416                       400     16      539
..................................................................


WIND (MPH)
  HIGHEST WIND SPEED    29   HIGHEST WIND DIRECTION     N (350)
  HIGHEST GUST SPEED    37   HIGHEST GUST DIRECTION     N (340)
  AVERAGE WIND SPEED    10.8


SKY COVER
  POSSIBLE SUNSHINE  MM
  AVERAGE SKY COVER 0.3


WEATHER CONDITIONS
 THE FOLLOWING WEATHER WAS RECORDED TODAY.
  NO SIGNIFICANT WEATHER WAS OBSERVED.


RELATIVE HUMIDITY (PERCENT)
 HIGHEST    72           100 AM
 LOWEST     36          1200 PM
 AVERAGE    54

..........................................................


THE COLORADO SPRINGS CO CLIMATE NORMALS FOR TOMORROW
                         NORMAL    RECORD    YEAR
 MAXIMUM TEMPERATURE (F)   80        95      2007
 MINIMUM TEMPERATURE (F)   54        34      1910


SUNRISE AND SUNSET
AUGUST 25 2014........SUNRISE   622 AM MDT   SUNSET   740 PM MDT
AUGUST 26 2014........SUNRISE   623 AM MDT   SUNSET   738 PM MDT


-  INDICATES NEGATIVE NUMBERS.
R  INDICATES RECORD WAS SET OR TIED.
MM INDICATES DATA IS MISSING.
T  INDICATES TRACE AMOUNT.




$$
