000
CDUS45 KPUB 051154
CLICOS


CLIMATE REPORT
NATIONAL WEATHER SERVICE PUEBLO
451 AM MST FRI JAN 5 2018


...................................

...THE COLORADO SPRINGS CO CLIMATE SUMMARY FOR JANUARY 4 2018...

CLIMATE NORMAL PERIOD 1981 TO 2010
CLIMATE RECORD PERIOD 1872 TO 2018


WEATHER ITEM   OBSERVED TIME   RECORD YEAR NORMAL DEPARTURE LAST
                VALUE   (LST)  VALUE       VALUE  FROM      YEAR
                                                  NORMAL
..................................................................
TEMPERATURE (F)
 YESTERDAY
  MAXIMUM         52    115 PM  70    2001  43      9       28
  MINIMUM         22    140 AM -18    1959  17      5        7
                                      1942
  AVERAGE         37                        30      7       18

PRECIPITATION (IN)
  YESTERDAY        0.00          0.20 1913   0.01  -0.01      T
  MONTH TO DATE    0.00                      0.04  -0.04     0.02
  SINCE DEC 1      0.01                      0.38  -0.37     0.70
  SINCE JAN 1      0.00                      0.04  -0.04     0.02

SNOWFALL (IN)
  YESTERDAY        0.0           3.5  2014   0.2   -0.2       T
  MONTH TO DATE    0.0                       0.8   -0.8      0.3
  SINCE DEC 1      0.9                       6.5   -5.6      6.7
  SINCE JUL 1      2.5                      14.3  -11.8      6.7
  SNOW DEPTH       0

DEGREE DAYS
 HEATING
  YESTERDAY       28                        35     -7       47
  MONTH TO DATE  148                       140      8      158
  SINCE DEC 1   1118                      1231   -113     1258
  SINCE JUL 1   2286                      2712   -426     2161

 COOLING
  YESTERDAY        0                         0      0        0
  MONTH TO DATE    0                         0      0        0
  SINCE DEC 1      0                         0      0        0
  SINCE JAN 1      0                         0      0        0
..................................................................


WIND (MPH)
  HIGHEST WIND SPEED    15   HIGHEST WIND DIRECTION     N (340)
  HIGHEST GUST SPEED    20   HIGHEST GUST DIRECTION    SE (140)
  AVERAGE WIND SPEED     7.9


SKY COVER
  POSSIBLE SUNSHINE  MM
  AVERAGE SKY COVER 0.3


WEATHER CONDITIONS
 THE FOLLOWING WEATHER WAS RECORDED YESTERDAY.
  NO SIGNIFICANT WEATHER WAS OBSERVED.


RELATIVE HUMIDITY (PERCENT)
 HIGHEST    40           200 AM
 LOWEST     14          1200 PM
 AVERAGE    27

..........................................................


THE COLORADO SPRINGS CO CLIMATE NORMALS FOR TODAY
                         NORMAL    RECORD    YEAR
 MAXIMUM TEMPERATURE (F)   43        70      1927
 MINIMUM TEMPERATURE (F)   18       -16      1971


SUNRISE AND SUNSET
JANUARY  5 2018.......SUNRISE   718 AM MST   SUNSET   451 PM MST
JANUARY  6 2018.......SUNRISE   717 AM MST   SUNSET   452 PM MST


-  INDICATES NEGATIVE NUMBERS.
R  INDICATES RECORD WAS SET OR TIED.
MM INDICATES DATA IS MISSING.
T  INDICATES TRACE AMOUNT.




$$
