000
CDUS45 KPUB 121046
CLICOS


CLIMATE REPORT
NATIONAL WEATHER SERVICE PUEBLO
445 AM MDT FRI SEP 12 2014


...................................

...THE COLORADO SPRINGS CO CLIMATE SUMMARY FOR SEPTEMBER 11 2014...

CLIMATE NORMAL PERIOD 1981 TO 2010
CLIMATE RECORD PERIOD 1872 TO 2014


WEATHER ITEM   OBSERVED TIME   RECORD YEAR NORMAL DEPARTURE LAST
                VALUE   (LST)  VALUE       VALUE  FROM      YEAR
                                                  NORMAL
..................................................................
TEMPERATURE (F)
 YESTERDAY
  MAXIMUM         68   1204 PM  89    1895  77     -9       68
  MINIMUM         42   1159 PM  30    1898  49     -7       59
  AVERAGE         55                        63     -8       64

PRECIPITATION (IN)
  YESTERDAY        T             4.29 2008   0.05  -0.05     0.19
  MONTH TO DATE    0.10                      0.60  -0.50     0.36
  SINCE SEP 1      0.10                      0.60  -0.50     0.36
  SINCE JAN 1     13.15                     14.39  -1.24    14.02

SNOWFALL (IN)
  YESTERDAY        0.0           0.0  2002   0.0    0.0      0.0
  MONTH TO DATE    0.0                       0.0    0.0      0.0
  SINCE SEP 1      0.0                       0.0    0.0      0.0
  SINCE JUL 1      T                         0.0    0.0       T
  SNOW DEPTH       0

DEGREE DAYS
 HEATING
  YESTERDAY       10                         4      6        1
  MONTH TO DATE   35                        29      6        1
  SINCE SEP 1     35                        29      6        1
  SINCE JUL 1     65                        60      5       11

 COOLING
  YESTERDAY        0                         2     -2        0
  MONTH TO DATE   23                        24     -1       81
  SINCE SEP 1     23                        24     -1       81
  SINCE JAN 1    450                       442      8      683
..................................................................


WIND (MPH)
  HIGHEST WIND SPEED    23   HIGHEST WIND DIRECTION     S (170)
  HIGHEST GUST SPEED    29   HIGHEST GUST DIRECTION     S (170)
  AVERAGE WIND SPEED    10.6


SKY COVER
  POSSIBLE SUNSHINE  MM
  AVERAGE SKY COVER 0.5


WEATHER CONDITIONS
 THE FOLLOWING WEATHER WAS RECORDED YESTERDAY.
  LIGHT RAIN
  FOG
  HAZE


RELATIVE HUMIDITY (PERCENT)
 HIGHEST    89           400 AM
 LOWEST     45          1200 PM
 AVERAGE    67

..........................................................


THE COLORADO SPRINGS CO CLIMATE NORMALS FOR TODAY
                         NORMAL    RECORD    YEAR
 MAXIMUM TEMPERATURE (F)   76        90      1956
 MINIMUM TEMPERATURE (F)   49        27      1902


SUNRISE AND SUNSET
SEPTEMBER 12 2014.....SUNRISE   638 AM MDT   SUNSET   712 PM MDT
SEPTEMBER 13 2014.....SUNRISE   639 AM MDT   SUNSET   710 PM MDT


-  INDICATES NEGATIVE NUMBERS.
R  INDICATES RECORD WAS SET OR TIED.
MM INDICATES DATA IS MISSING.
T  INDICATES TRACE AMOUNT.




$$
