000
CDUS45 KPUB 221109
CLICOS


CLIMATE REPORT
NATIONAL WEATHER SERVICE PUEBLO
509 AM MDT SAT APR 22 2017


...................................

...THE COLORADO SPRINGS CO CLIMATE SUMMARY FOR APRIL 21 2017...

CLIMATE NORMAL PERIOD 1981 TO 2010
CLIMATE RECORD PERIOD 1872 TO 2017


WEATHER ITEM   OBSERVED TIME   RECORD YEAR NORMAL DEPARTURE LAST
                VALUE   (LST)  VALUE       VALUE  FROM      YEAR
                                                  NORMAL
..................................................................
TEMPERATURE (F)
 YESTERDAY
  MAXIMUM         53   1151 AM  83    1989  61     -8       67
  MINIMUM         37   1159 PM  12    1907  35      2       37
  AVERAGE         45                        48     -3       52

PRECIPITATION (IN)
  YESTERDAY        0.33          0.52 1999   0.05   0.28     0.00
  MONTH TO DATE    1.82                      0.89   0.93     1.16
  SINCE MAR 1      2.26                      1.89   0.37     1.89
  SINCE JAN 1      2.65                      2.55   0.10     3.43

SNOWFALL (IN)
  YESTERDAY        0.0           4.0  1933   0.2   -0.2      0.0
  MONTH TO DATE    8.9                       3.7    5.2      5.1
  SINCE MAR 1     10.9                      11.8   -0.9     15.6
  SINCE JUL 1     24.3                      35.8  -11.5     42.7
  SNOW DEPTH       0

DEGREE DAYS
 HEATING
  YESTERDAY       20                        17      3       13
  MONTH TO DATE  302                       415   -113      377
  SINCE MAR 1    862                      1220   -358     1087
  SINCE JUL 1   4615                      5783  -1168     4990

 COOLING
  YESTERDAY        0                         0      0        0
  MONTH TO DATE    0                         0      0        0
  SINCE MAR 1      0                         0      0        0
  SINCE JAN 1      0                         0      0        0
..................................................................


WIND (MPH)
  HIGHEST WIND SPEED    31   HIGHEST WIND DIRECTION    NW (330)
  HIGHEST GUST SPEED    37   HIGHEST GUST DIRECTION    NW (330)
  AVERAGE WIND SPEED    12.5


SKY COVER
  POSSIBLE SUNSHINE  MM
  AVERAGE SKY COVER 0.9


WEATHER CONDITIONS
 THE FOLLOWING WEATHER WAS RECORDED YESTERDAY.
  THUNDERSTORM
  HEAVY RAIN
  RAIN
  LIGHT RAIN
  FOG


RELATIVE HUMIDITY (PERCENT)
 HIGHEST   100           500 AM
 LOWEST     58           400 PM
 AVERAGE    79

..........................................................


THE COLORADO SPRINGS CO CLIMATE NORMALS FOR TODAY
                         NORMAL    RECORD    YEAR
 MAXIMUM TEMPERATURE (F)   62        83      1989
 MINIMUM TEMPERATURE (F)   35        21      1982


SUNRISE AND SUNSET
APRIL 22 2017.........SUNRISE   612 AM MDT   SUNSET   743 PM MDT
APRIL 23 2017.........SUNRISE   611 AM MDT   SUNSET   744 PM MDT


-  INDICATES NEGATIVE NUMBERS.
R  INDICATES RECORD WAS SET OR TIED.
MM INDICATES DATA IS MISSING.
T  INDICATES TRACE AMOUNT.




$$
