000
CDUS45 KPUB 151154
CLICOS


CLIMATE REPORT
NATIONAL WEATHER SERVICE PUEBLO
454 AM MST WED FEB 15 2017


...................................

...THE COLORADO SPRINGS CO CLIMATE SUMMARY FOR FEBRUARY 14 2017...

CLIMATE NORMAL PERIOD 1981 TO 2010
CLIMATE RECORD PERIOD 1872 TO 2017


WEATHER ITEM   OBSERVED TIME   RECORD YEAR NORMAL DEPARTURE LAST
                VALUE   (LST)  VALUE       VALUE  FROM      YEAR
                                                  NORMAL
..................................................................
TEMPERATURE (F)
 YESTERDAY
  MAXIMUM         47    225 PM  70    1957  44      3       51
  MINIMUM         27   1159 PM  -9    1895  19      8       27
  AVERAGE         37                        32      5       39

PRECIPITATION (IN)
  YESTERDAY        0.00          0.26 1987   0.01  -0.01     0.00
  MONTH TO DATE    0.05                      0.14  -0.09     1.00
  SINCE DEC 1      1.05                      0.80   0.25     1.79
  SINCE JAN 1      0.37                      0.46  -0.09     1.54

SNOWFALL (IN)
  YESTERDAY        0.0           3.3  1942   0.2   -0.2      0.0
  MONTH TO DATE    0.6                       2.5   -1.9     10.1
  SINCE DEC 1     13.3                      13.8   -0.5     21.3
  SINCE JUL 1     13.3                      21.6   -8.3     27.1
  SNOW DEPTH       0

DEGREE DAYS
 HEATING
  YESTERDAY       28                        33     -5       26
  MONTH TO DATE  341                       474   -133      484
  SINCE DEC 1   2492                      2636   -144     2478
  SINCE JUL 1   3395                      4117   -722     3581

 COOLING
  YESTERDAY        0                         0      0        0
  MONTH TO DATE    0                         0      0        0
  SINCE DEC 1      0                         0      0        0
  SINCE JAN 1      0                         0      0        0
..................................................................


WIND (MPH)
  HIGHEST WIND SPEED    28   HIGHEST WIND DIRECTION     N (360)
  HIGHEST GUST SPEED    34   HIGHEST GUST DIRECTION     N (10)
  AVERAGE WIND SPEED    14.1


SKY COVER
  POSSIBLE SUNSHINE  MM
  AVERAGE SKY COVER 0.3


WEATHER CONDITIONS
 THE FOLLOWING WEATHER WAS RECORDED YESTERDAY.
  NO SIGNIFICANT WEATHER WAS OBSERVED.


RELATIVE HUMIDITY (PERCENT)
 HIGHEST    47          1000 PM
 LOWEST     23           200 PM
 AVERAGE    35

..........................................................


THE COLORADO SPRINGS CO CLIMATE NORMALS FOR TODAY
                         NORMAL    RECORD    YEAR
 MAXIMUM TEMPERATURE (F)   45        74      1945
 MINIMUM TEMPERATURE (F)   19        -8      1895


SUNRISE AND SUNSET
FEBRUARY 15 2017......SUNRISE   650 AM MST   SUNSET   537 PM MST
FEBRUARY 16 2017......SUNRISE   648 AM MST   SUNSET   538 PM MST


-  INDICATES NEGATIVE NUMBERS.
R  INDICATES RECORD WAS SET OR TIED.
MM INDICATES DATA IS MISSING.
T  INDICATES TRACE AMOUNT.




$$
