000
CDUS45 KPUB 161158
CLICOS


CLIMATE REPORT
NATIONAL WEATHER SERVICE PUEBLO
458 AM MST THU FEB 16 2017


...................................

...THE COLORADO SPRINGS CO CLIMATE SUMMARY FOR FEBRUARY 15 2017...

CLIMATE NORMAL PERIOD 1981 TO 2010
CLIMATE RECORD PERIOD 1872 TO 2017


WEATHER ITEM   OBSERVED TIME   RECORD YEAR NORMAL DEPARTURE LAST
                VALUE   (LST)  VALUE       VALUE  FROM      YEAR
                                                  NORMAL
..................................................................
TEMPERATURE (F)
 YESTERDAY
  MAXIMUM         60    330 PM  74    1945  45     15       61
  MINIMUM         21    455 AM  -8    1895  19      2       26
  AVERAGE         41                        32      9       44

PRECIPITATION (IN)
  YESTERDAY        0.00          0.31 1910   0.01  -0.01     0.00
  MONTH TO DATE    0.05                      0.15  -0.10     1.00
  SINCE DEC 1      1.05                      0.81   0.24     1.79
  SINCE JAN 1      0.37                      0.47  -0.10     1.54

SNOWFALL (IN)
  YESTERDAY        0.0           5.5  1910   0.1   -0.1      0.0
  MONTH TO DATE    0.6                       2.6   -2.0     10.1
  SINCE DEC 1     13.3                      13.9   -0.6     21.3
  SINCE JUL 1     13.3                      21.7   -8.4     27.1
  SNOW DEPTH       0

DEGREE DAYS
 HEATING
  YESTERDAY       24                        33     -9       21
  MONTH TO DATE  365                       507   -142      505
  SINCE DEC 1   2516                      2669   -153     2499
  SINCE JUL 1   3419                      4150   -731     3602

 COOLING
  YESTERDAY        0                         0      0        0
  MONTH TO DATE    0                         0      0        0
  SINCE DEC 1      0                         0      0        0
  SINCE JAN 1      0                         0      0        0
..................................................................


WIND (MPH)
  HIGHEST WIND SPEED    14   HIGHEST WIND DIRECTION     N (20)
  HIGHEST GUST SPEED    17   HIGHEST GUST DIRECTION    SE (150)
  AVERAGE WIND SPEED     5.8


SKY COVER
  POSSIBLE SUNSHINE  MM
  AVERAGE SKY COVER 0.1


WEATHER CONDITIONS
 THE FOLLOWING WEATHER WAS RECORDED YESTERDAY.
  NO SIGNIFICANT WEATHER WAS OBSERVED.


RELATIVE HUMIDITY (PERCENT)
 HIGHEST    65           700 AM
 LOWEST     12           200 PM
 AVERAGE    39

..........................................................


THE COLORADO SPRINGS CO CLIMATE NORMALS FOR TODAY
                         NORMAL    RECORD    YEAR
 MAXIMUM TEMPERATURE (F)   45        68      1970
 MINIMUM TEMPERATURE (F)   20       -12      1903


SUNRISE AND SUNSET
FEBRUARY 16 2017......SUNRISE   648 AM MST   SUNSET   538 PM MST
FEBRUARY 17 2017......SUNRISE   647 AM MST   SUNSET   539 PM MST


-  INDICATES NEGATIVE NUMBERS.
R  INDICATES RECORD WAS SET OR TIED.
MM INDICATES DATA IS MISSING.
T  INDICATES TRACE AMOUNT.




$$
