000
CDUS45 KPUB 240021
CLICOS


CLIMATE REPORT
NATIONAL WEATHER SERVICE PUEBLO
520 PM MST WED NOV 23 2016


...................................

...THE COLORADO SPRINGS CO CLIMATE SUMMARY FOR NOVEMBER 23 2016...
VALID TODAY AS OF 0500 PM LOCAL TIME.

CLIMATE NORMAL PERIOD 1981 TO 2010
CLIMATE RECORD PERIOD 1872 TO 2016


WEATHER ITEM   OBSERVED TIME   RECORD YEAR NORMAL DEPARTURE LAST
                VALUE   (LST)  VALUE       VALUE  FROM      YEAR
                                                  NORMAL
..................................................................
TEMPERATURE (F)
 TODAY
  MAXIMUM         46    228 PM  69    1925  47     -1       64
  MINIMUM         28    709 AM  -8    1918  22      6       29
  AVERAGE         37                        35      2       47

PRECIPITATION (IN)
  TODAY            0.00          0.16 1905   0.01  -0.01     0.00
  MONTH TO DATE    0.07                      0.31  -0.24     0.34
  SINCE SEP 1      0.23                      2.32  -2.09     2.04
  SINCE JAN 1     13.67                     16.11  -2.44    24.86

SNOWFALL (IN)
  TODAY            0.0           1.5  1899   0.2   -0.2      0.0
  MONTH TO DATE    T                         3.4   -3.4      3.3
  SINCE SEP 1      T                         6.5   -6.5      3.3
  SINCE JUL 1      T                         6.5   -6.5      3.3
  SNOW DEPTH       0

DEGREE DAYS
 HEATING
  TODAY           28                        30     -2       18
  MONTH TO DATE  392                       584   -192      501
  SINCE SEP 1    675                      1227   -552      815
  SINCE JUL 1    696                      1258   -562      834

 COOLING
  TODAY            0                         0      0        0
  MONTH TO DATE    0                         0      0        0
  SINCE SEP 1     84                        37     47      102
  SINCE JAN 1    710                       455    255      617
..................................................................


WIND (MPH)
  HIGHEST WIND SPEED    20   HIGHEST WIND DIRECTION     S (160)
  HIGHEST GUST SPEED    23   HIGHEST GUST DIRECTION     S (170)
  AVERAGE WIND SPEED     7.9


SKY COVER
  POSSIBLE SUNSHINE  MM
  AVERAGE SKY COVER 0.5


WEATHER CONDITIONS
 THE FOLLOWING WEATHER WAS RECORDED TODAY.
  FOG


RELATIVE HUMIDITY (PERCENT)
 HIGHEST    85           700 AM
 LOWEST     45           100 PM
 AVERAGE    65

..........................................................


THE COLORADO SPRINGS CO CLIMATE NORMALS FOR TOMORROW
                         NORMAL    RECORD    YEAR
 MAXIMUM TEMPERATURE (F)   47        77      1990
 MINIMUM TEMPERATURE (F)   22        -3      1918


SUNRISE AND SUNSET
NOVEMBER 23 2016......SUNRISE   651 AM MST   SUNSET   440 PM MST
NOVEMBER 24 2016......SUNRISE   652 AM MST   SUNSET   440 PM MST


-  INDICATES NEGATIVE NUMBERS.
R  INDICATES RECORD WAS SET OR TIED.
MM INDICATES DATA IS MISSING.
T  INDICATES TRACE AMOUNT.




$$
