946
CDUS45 KPUB 240038
CLICOS


CLIMATE REPORT
NATIONAL WEATHER SERVICE PUEBLO
637 PM MDT FRI JUN 23 2017


...................................

...THE COLORADO SPRINGS CO CLIMATE SUMMARY FOR JUNE 23 2017...
VALID TODAY AS OF 0500 PM LOCAL TIME.

CLIMATE NORMAL PERIOD 1981 TO 2010
CLIMATE RECORD PERIOD 1872 TO 2017


WEATHER ITEM   OBSERVED TIME   RECORD YEAR NORMAL DEPARTURE LAST
                VALUE   (LST)  VALUE       VALUE  FROM      YEAR
                                                  NORMAL
..................................................................
TEMPERATURE (F)
 TODAY
  MAXIMUM         64   1247 AM 100    2012  82    -18       90
                                      1954
  MINIMUM         50    807 AM  40    1947  53     -3       56
  AVERAGE         57                        68    -11       73

PRECIPITATION (IN)
  TODAY            T             0.69 1976   0.07  -0.07     0.06
  MONTH TO DATE    0.14                      1.97  -1.83     0.61
  SINCE JUN 1      0.14                      1.97  -1.83     0.61
  SINCE JAN 1      6.26                      7.08  -0.82     7.54

SNOWFALL (IN)
  TODAY            0.0           0.0  2002   0.0    0.0      0.0
                                      2001
  MONTH TO DATE    0.0                       0.0    0.0       T
  SINCE JUN 1      0.0                       0.0    0.0       T
  SINCE JUL 1     25.2                      37.7  -12.5     50.7
  SNOW DEPTH       0

DEGREE DAYS
 HEATING
  TODAY            8                         1      7        0
  MONTH TO DATE   16                        71    -55        8
  SINCE JUN 1     16                        71    -55        8
  SINCE JUL 1   5094                      6284  -1190     5484

 COOLING
  TODAY            0                         4     -4        8
  MONTH TO DATE  127                        50     77      132
  SINCE JUN 1    127                        50     77      132
  SINCE JAN 1    129                        60     69      134
..................................................................


WIND (MPH)
  HIGHEST WIND SPEED    29   HIGHEST WIND DIRECTION    NE (40)
  HIGHEST GUST SPEED    35   HIGHEST GUST DIRECTION    NE (40)
  AVERAGE WIND SPEED    11.4


SKY COVER
  POSSIBLE SUNSHINE  MM
  AVERAGE SKY COVER 0.7


WEATHER CONDITIONS
 THE FOLLOWING WEATHER WAS RECORDED TODAY.
  LIGHT RAIN
  FOG
  HAZE


RELATIVE HUMIDITY (PERCENT)
 HIGHEST    87           400 AM
 LOWEST     55           100 PM
 AVERAGE    71

..........................................................


THE COLORADO SPRINGS CO CLIMATE NORMALS FOR TOMORROW
                         NORMAL    RECORD    YEAR
 MAXIMUM TEMPERATURE (F)   82       100      2012
                                             1954
 MINIMUM TEMPERATURE (F)   54        43      1993


SUNRISE AND SUNSET
JUNE 23 2017..........SUNRISE   535 AM MDT   SUNSET   828 PM MDT
JUNE 24 2017..........SUNRISE   535 AM MDT   SUNSET   828 PM MDT


-  INDICATES NEGATIVE NUMBERS.
R  INDICATES RECORD WAS SET OR TIED.
MM INDICATES DATA IS MISSING.
T  INDICATES TRACE AMOUNT.




$$
