000
CDUS45 KPUB 151141
CLICOS


CLIMATE REPORT
NATIONAL WEATHER SERVICE PUEBLO
441 AM MST SAT NOV 15 2014


...................................

...THE COLORADO SPRINGS CO CLIMATE SUMMARY FOR NOVEMBER 14 2014...

CLIMATE NORMAL PERIOD 1981 TO 2010
CLIMATE RECORD PERIOD 1872 TO 2014


WEATHER ITEM   OBSERVED TIME   RECORD YEAR NORMAL DEPARTURE LAST
                VALUE   (LST)  VALUE       VALUE  FROM      YEAR
                                                  NORMAL
..................................................................
TEMPERATURE (F)
 YESTERDAY
  MAXIMUM         34    321 PM  77    1936  52    -18       57
  MINIMUM          3    548 AM -12    1916  26    -23       36
  AVERAGE         19                        39    -20       47

PRECIPITATION (IN)
  YESTERDAY        T             0.40 1993   0.01  -0.01     0.00
  MONTH TO DATE    0.11                      0.21  -0.10     0.01
  SINCE SEP 1      3.68                      2.22   1.46     5.23
  SINCE JAN 1     16.73                     16.01   0.72    18.89

SNOWFALL (IN)
  YESTERDAY        T             5.7  1993   0.1   -0.1      0.0
  MONTH TO DATE    3.3                       1.9    1.4      0.1
  SINCE SEP 1      3.3                       5.0   -1.7      0.3
  SINCE JUL 1      3.3                       5.0   -1.7      0.3
  SNOW DEPTH       2

DEGREE DAYS
 HEATING
  YESTERDAY       46                        26     20       18
  MONTH TO DATE  394                       328     66      311
  SINCE SEP 1    831                       971   -140      896
  SINCE JUL 1    861                      1002   -141      906

 COOLING
  YESTERDAY        0                         0      0        0
  MONTH TO DATE    0                         0      0        0
  SINCE SEP 1     60                        37     23       92
  SINCE JAN 1    487                       455     32      694
..................................................................


WIND (MPH)
  HIGHEST WIND SPEED    15   HIGHEST WIND DIRECTION    SW (230)
  HIGHEST GUST SPEED    21   HIGHEST GUST DIRECTION    SW (230)
  AVERAGE WIND SPEED     5.1


SKY COVER
  POSSIBLE SUNSHINE  MM
  AVERAGE SKY COVER 0.6


WEATHER CONDITIONS
 THE FOLLOWING WEATHER WAS RECORDED YESTERDAY.
  LIGHT SNOW
  FOG
  HAZE


RELATIVE HUMIDITY (PERCENT)
 HIGHEST    88          1100 PM
 LOWEST     69          1200 PM
 AVERAGE    79

..........................................................


THE COLORADO SPRINGS CO CLIMATE NORMALS FOR TODAY
                         NORMAL    RECORD    YEAR
 MAXIMUM TEMPERATURE (F)   51        75      1990
 MINIMUM TEMPERATURE (F)   25         0      1997


SUNRISE AND SUNSET
NOVEMBER 15 2014......SUNRISE   641 AM MST   SUNSET   445 PM MST
NOVEMBER 16 2014......SUNRISE   642 AM MST   SUNSET   444 PM MST


-  INDICATES NEGATIVE NUMBERS.
R  INDICATES RECORD WAS SET OR TIED.
MM INDICATES DATA IS MISSING.
T  INDICATES TRACE AMOUNT.




$$
