000
CDUS45 KPUB 241128
CLICOS


CLIMATE REPORT
NATIONAL WEATHER SERVICE PUEBLO
427 AM MST TUE FEB 24 2015


...................................

...THE COLORADO SPRINGS CO CLIMATE SUMMARY FOR FEBRUARY 23 2015...

CLIMATE NORMAL PERIOD 1981 TO 2010
CLIMATE RECORD PERIOD 1872 TO 2015


WEATHER ITEM   OBSERVED TIME   RECORD YEAR NORMAL DEPARTURE LAST
                VALUE   (LST)  VALUE       VALUE  FROM      YEAR
                                                  NORMAL
..................................................................
TEMPERATURE (F)
 YESTERDAY
  MAXIMUM         24   1153 PM  72    2002  46    -22       44
  MINIMUM          4    737 PM  -7    1913  21    -17       20
  AVERAGE         14                        34    -20       32

PRECIPITATION (IN)
  YESTERDAY        0.05          0.21 1965   0.02   0.03      T
  MONTH TO DATE    1.25                      0.26   0.99     0.22
  SINCE DEC 1      2.28                      0.92   1.36     0.96
  SINCE JAN 1      2.12                      0.58   1.54     0.89

SNOWFALL (IN)
  YESTERDAY        1.5           2.3  1997   0.1    1.4       T
  MONTH TO DATE   13.2                       4.0    9.2      3.4
  SINCE DEC 1     30.4                      15.3   15.1     19.9
  SINCE JUL 1     37.5                      23.1   14.4     24.1
  SNOW DEPTH       7

DEGREE DAYS
 HEATING
  YESTERDAY       51                        31     20       33
  MONTH TO DATE  637                       765   -128      813
  SINCE DEC 1   2656                      2927   -271     2988
  SINCE JUL 1   3981                      4408   -427     4349

 COOLING
  YESTERDAY        0                         0      0        0
  MONTH TO DATE    0                         0      0        0
  SINCE DEC 1      0                         0      0        0
  SINCE JAN 1      0                         0      0        0
..................................................................


WIND (MPH)
  HIGHEST WIND SPEED    14   HIGHEST WIND DIRECTION    SE (150)
  HIGHEST GUST SPEED    16   HIGHEST GUST DIRECTION     S (160)
  AVERAGE WIND SPEED     6.4


SKY COVER
  POSSIBLE SUNSHINE  MM
  AVERAGE SKY COVER 0.7


WEATHER CONDITIONS
 THE FOLLOWING WEATHER WAS RECORDED YESTERDAY.
  LIGHT SNOW
  FOG


RELATIVE HUMIDITY (PERCENT)
 HIGHEST    96          1200 AM
 LOWEST     56          1100 PM
 AVERAGE    76

..........................................................


THE COLORADO SPRINGS CO CLIMATE NORMALS FOR TODAY
                         NORMAL    RECORD    YEAR
 MAXIMUM TEMPERATURE (F)   47        71      1986
 MINIMUM TEMPERATURE (F)   21        -5      1955


SUNRISE AND SUNSET
FEBRUARY 24 2015......SUNRISE   639 AM MST   SUNSET   546 PM MST
FEBRUARY 25 2015......SUNRISE   637 AM MST   SUNSET   547 PM MST


-  INDICATES NEGATIVE NUMBERS.
R  INDICATES RECORD WAS SET OR TIED.
MM INDICATES DATA IS MISSING.
T  INDICATES TRACE AMOUNT.




$$
