000
CDUS45 KPUB 200001
CLICOS


CLIMATE REPORT
NATIONAL WEATHER SERVICE PUEBLO
601 PM MDT SAT JUL 19 2014


...................................

...THE COLORADO SPRINGS CO CLIMATE SUMMARY FOR JULY 19 2014...
VALID TODAY AS OF 0500 PM LOCAL TIME.

CLIMATE NORMAL PERIOD 1981 TO 2010
CLIMATE RECORD PERIOD 1872 TO 2014


WEATHER ITEM   OBSERVED TIME   RECORD YEAR NORMAL DEPARTURE LAST
                VALUE   (LST)  VALUE       VALUE  FROM      YEAR
                                                  NORMAL
..................................................................
TEMPERATURE (F)
 TODAY
  MAXIMUM         88   1230 PM  97    2005  85      3       84
  MINIMUM         56    511 AM  43    1897  57     -1       61
  AVERAGE         72                        71      1       73

PRECIPITATION (IN)
  TODAY            T             1.97 2013   0.09  -0.09     1.97
  MONTH TO DATE    2.89                      1.53   1.36     4.25
  SINCE JUN 1      4.18                      4.03   0.15     4.85
  SINCE JAN 1      8.97                      9.14  -0.17     7.58

SNOWFALL (IN)
  TODAY            0.0           0.0  2002   0.0    0.0      0.0
                                      2001
  MONTH TO DATE    T                         0.0    0.0       T
  SINCE JUN 1      T                         0.0    0.0       T
  SINCE JUL 1      T                         0.0    0.0       T
  SNOW DEPTH       0

DEGREE DAYS
 HEATING
  TODAY            0                         0      0        0
  MONTH TO DATE   13                         3     10        5
  SINCE JUN 1     52                        82    -30       30
  SINCE JUL 1     13                         3     10        5

 COOLING
  TODAY            7                         7      0        8
  MONTH TO DATE  109                       116     -7      137
  SINCE JUN 1    213                       199     14      319
  SINCE JAN 1    226                       209     17      341
..................................................................


WIND (MPH)
  HIGHEST WIND SPEED    29   HIGHEST WIND DIRECTION    NE (60)
  HIGHEST GUST SPEED    38   HIGHEST GUST DIRECTION     E (70)
  AVERAGE WIND SPEED     9.1


SKY COVER
  POSSIBLE SUNSHINE  MM
  AVERAGE SKY COVER 0.4


WEATHER CONDITIONS
 THE FOLLOWING WEATHER WAS RECORDED TODAY.
  THUNDERSTORM
  LIGHT RAIN


RELATIVE HUMIDITY (PERCENT)
 HIGHEST    72           500 AM
 LOWEST     17          1200 PM
 AVERAGE    45

..........................................................


THE COLORADO SPRINGS CO CLIMATE NORMALS FOR TOMORROW
                         NORMAL    RECORD    YEAR
 MAXIMUM TEMPERATURE (F)   85        98      2005
 MINIMUM TEMPERATURE (F)   57        40      1897


SUNRISE AND SUNSET
JULY 19 2014..........SUNRISE   549 AM MDT   SUNSET   821 PM MDT
JULY 20 2014..........SUNRISE   550 AM MDT   SUNSET   820 PM MDT


-  INDICATES NEGATIVE NUMBERS.
R  INDICATES RECORD WAS SET OR TIED.
MM INDICATES DATA IS MISSING.
T  INDICATES TRACE AMOUNT.




$$
