000
CDUS45 KPUB 242325
CLICOS


CLIMATE REPORT
NATIONAL WEATHER SERVICE PUEBLO
525 PM MDT SUN MAY 24 2015


...................................

...THE COLORADO SPRINGS CO CLIMATE SUMMARY FOR MAY 24 2015...
VALID TODAY AS OF 0500 PM LOCAL TIME.

CLIMATE NORMAL PERIOD 1981 TO 2010
CLIMATE RECORD PERIOD 1872 TO 2015


WEATHER ITEM   OBSERVED TIME   RECORD YEAR NORMAL DEPARTURE LAST
                VALUE   (LST)  VALUE       VALUE  FROM      YEAR
                                                  NORMAL
..................................................................
TEMPERATURE (F)
 TODAY
  MAXIMUM         59   1117 AM  93    1984  71    -12       69
  MINIMUM         42    539 AM  31    1943  45     -3       50
  AVERAGE         51                        58     -7       60

PRECIPITATION (IN)
  TODAY            0.02          1.76 1908   0.08  -0.06     0.53
  MONTH TO DATE    7.36                      1.48   5.88     1.49
  SINCE MAR 1      9.14                      3.90   5.24     2.83
  SINCE JAN 1     11.46                      4.56   6.90     3.72

SNOWFALL (IN)
  TODAY            0.0           T    2012   0.0    0.0      0.0
                                      2002
                                      1950
  MONTH TO DATE    T                         0.7   -0.7      0.4
  SINCE MAR 1      5.6                      13.7   -8.1     10.7
  SINCE JUL 1     46.5                      37.7    8.8     34.8
  SNOW DEPTH       0

DEGREE DAYS
 HEATING
  TODAY           14                         7      7        5
  MONTH TO DATE  338                       247     91      250
  SINCE MAR 1   1496                      1606   -110     1548
  SINCE JUL 1   5717                      6169   -452     6035

 COOLING
  TODAY            0                         0      0        0
  MONTH TO DATE    0                         0      0        5
  SINCE MAR 1      0                         1     -1        5
  SINCE JAN 1      0                         1     -1        5
..................................................................


WIND (MPH)
  HIGHEST WIND SPEED    24   HIGHEST WIND DIRECTION     W (270)
  HIGHEST GUST SPEED    31   HIGHEST GUST DIRECTION     W (270)
  AVERAGE WIND SPEED     4.9


SKY COVER
  POSSIBLE SUNSHINE  MM
  AVERAGE SKY COVER 0.8


WEATHER CONDITIONS
 THE FOLLOWING WEATHER WAS RECORDED TODAY.
  THUNDERSTORM
  LIGHT RAIN


RELATIVE HUMIDITY (PERCENT)
 HIGHEST    89           200 AM
 LOWEST     59          1000 AM
 AVERAGE    74

..........................................................


THE COLORADO SPRINGS CO CLIMATE NORMALS FOR TOMORROW
                         NORMAL    RECORD    YEAR
 MAXIMUM TEMPERATURE (F)   72        92      1964
 MINIMUM TEMPERATURE (F)   45        30      1950


SUNRISE AND SUNSET
MAY 24 2015...........SUNRISE   540 AM MDT   SUNSET   812 PM MDT
MAY 25 2015...........SUNRISE   539 AM MDT   SUNSET   813 PM MDT


-  INDICATES NEGATIVE NUMBERS.
R  INDICATES RECORD WAS SET OR TIED.
MM INDICATES DATA IS MISSING.
T  INDICATES TRACE AMOUNT.




$$
