000
CDUS45 KPUB 121035
CLICOS


CLIMATE REPORT
NATIONAL WEATHER SERVICE PUEBLO
435 AM MDT SAT APR 12 2014


...................................

...THE COLORADO SPRINGS CO CLIMATE SUMMARY FOR APRIL 11 2014...

CLIMATE NORMAL PERIOD 1981 TO 2010
CLIMATE RECORD PERIOD 1872 TO 2014


WEATHER ITEM   OBSERVED TIME   RECORD YEAR NORMAL DEPARTURE LAST
                VALUE   (LST)  VALUE       VALUE  FROM      YEAR
                                                  NORMAL
..................................................................
TEMPERATURE (F)
 YESTERDAY
  MAXIMUM         78    319 PM  80    1982  58     20       57
  MINIMUM         36    524 AM   8    1997  32      4       13
                                      1900
  AVERAGE         57                        45     12       35

PRECIPITATION (IN)
  YESTERDAY        0.00          1.39 1901   0.04  -0.04      T
  MONTH TO DATE    0.54                      0.40   0.14     0.01
  SINCE MAR 1      0.96                      1.40  -0.44     0.19
  SINCE JAN 1      1.85                      2.06  -0.21     1.27

SNOWFALL (IN)
  YESTERDAY        0.0          16.0  1901   0.2   -0.2      0.0
  MONTH TO DATE    6.0                       2.1    3.9       T
  SINCE MAR 1      8.8                      10.2   -1.4      4.2
  SINCE JUL 1     32.9                      34.2   -1.3     24.2
  SNOW DEPTH       0

DEGREE DAYS
 HEATING
  YESTERDAY        8                        20    -12       30
  MONTH TO DATE  215                       232    -17      264
  SINCE MAR 1    996                      1037    -41     1076
  SINCE JUL 1   5483                      5600   -117     5420

 COOLING
  YESTERDAY        0                         0      0        0
  MONTH TO DATE    0                         0      0        0
  SINCE MAR 1      0                         0      0        0
  SINCE JAN 1      0                         0      0        0
..................................................................


WIND (MPH)
  HIGHEST WIND SPEED    25   HIGHEST WIND DIRECTION    SW (240)
  HIGHEST GUST SPEED    30   HIGHEST GUST DIRECTION     W (250)
  AVERAGE WIND SPEED     9.8


SKY COVER
  POSSIBLE SUNSHINE  MM
  AVERAGE SKY COVER 0.3


WEATHER CONDITIONS
 THE FOLLOWING WEATHER WAS RECORDED YESTERDAY.
  NO SIGNIFICANT WEATHER WAS OBSERVED.


RELATIVE HUMIDITY (PERCENT)
 HIGHEST    76           300 AM
 LOWEST      6           400 PM
 AVERAGE    41

..........................................................


THE COLORADO SPRINGS CO CLIMATE NORMALS FOR TODAY
                         NORMAL    RECORD    YEAR
 MAXIMUM TEMPERATURE (F)   59        77      2010
 MINIMUM TEMPERATURE (F)   32         4      1959


SUNRISE AND SUNSET
APRIL 12 2014.........SUNRISE   627 AM MDT   SUNSET   733 PM MDT
APRIL 13 2014.........SUNRISE   625 AM MDT   SUNSET   734 PM MDT


-  INDICATES NEGATIVE NUMBERS.
R  INDICATES RECORD WAS SET OR TIED.
MM INDICATES DATA IS MISSING.
T  INDICATES TRACE AMOUNT.




$$
