000
CDUS45 KPUB 230028
CLICOS


CLIMATE REPORT
NATIONAL WEATHER SERVICE PUEBLO
628 PM MDT FRI APR 22 2016


...................................

...THE COLORADO SPRINGS CO CLIMATE SUMMARY FOR APRIL 22 2016...
VALID TODAY AS OF 0500 PM LOCAL TIME.

CLIMATE NORMAL PERIOD 1981 TO 2010
CLIMATE RECORD PERIOD 1872 TO 2016


WEATHER ITEM   OBSERVED TIME   RECORD YEAR NORMAL DEPARTURE LAST
                VALUE   (LST)  VALUE       VALUE  FROM      YEAR
                                                  NORMAL
..................................................................
TEMPERATURE (F)
 TODAY
  MAXIMUM         75    424 PM  83    1989  62     13       61
  MINIMUM         37    519 AM  21    1982  35      2       37
  AVERAGE         56                        48      8       49

PRECIPITATION (IN)
  TODAY            0.00          0.89 1999   0.06  -0.06     0.00
  MONTH TO DATE    1.16                      0.95   0.21     0.74
  SINCE MAR 1      1.89                      1.95  -0.06     1.55
  SINCE JAN 1      3.43                      2.61   0.82     3.87

SNOWFALL (IN)
  TODAY            0.0           1.8  1909   0.2   -0.2      0.0
  MONTH TO DATE    5.1                       3.9    1.2      1.7
  SINCE MAR 1     15.6                      12.0    3.6      5.6
  SINCE JUL 1     42.7                      36.0    6.7     46.5
  SNOW DEPTH       0

DEGREE DAYS
 HEATING
  TODAY            9                        17     -8       16
  MONTH TO DATE  386                       432    -46      374
  SINCE MAR 1   1096                      1237   -141     1043
  SINCE JUL 1   4999                      5800   -801     5264

 COOLING
  TODAY            0                         0      0        0
  MONTH TO DATE    0                         0      0        0
  SINCE MAR 1      0                         0      0        0
  SINCE JAN 1      0                         0      0        0
..................................................................


WIND (MPH)
  HIGHEST WIND SPEED    24   HIGHEST WIND DIRECTION    SE (140)
  HIGHEST GUST SPEED    32   HIGHEST GUST DIRECTION    SE (140)
  AVERAGE WIND SPEED     8.8


SKY COVER
  POSSIBLE SUNSHINE  MM
  AVERAGE SKY COVER 0.3


WEATHER CONDITIONS
 THE FOLLOWING WEATHER WAS RECORDED TODAY.
  NO SIGNIFICANT WEATHER WAS OBSERVED.


RELATIVE HUMIDITY (PERCENT)
 HIGHEST    76           500 AM
 LOWEST     17           400 PM
 AVERAGE    47

..........................................................


THE COLORADO SPRINGS CO CLIMATE NORMALS FOR TOMORROW
                         NORMAL    RECORD    YEAR
 MAXIMUM TEMPERATURE (F)   62        81      2006
                                             1989
 MINIMUM TEMPERATURE (F)   35        20      2013
                                             1995
                                             1909


SUNRISE AND SUNSET
APRIL 22 2016.........SUNRISE   612 AM MDT   SUNSET   743 PM MDT
APRIL 23 2016.........SUNRISE   611 AM MDT   SUNSET   744 PM MDT


-  INDICATES NEGATIVE NUMBERS.
R  INDICATES RECORD WAS SET OR TIED.
MM INDICATES DATA IS MISSING.
T  INDICATES TRACE AMOUNT.




$$
