000
CDUS45 KPUB 092355
CLICOS


CLIMATE REPORT
NATIONAL WEATHER SERVICE PUEBLO
554 PM MDT WED AUG 9 2017


...................................

...THE COLORADO SPRINGS CO CLIMATE SUMMARY FOR AUGUST 9 2017...
VALID TODAY AS OF 0500 PM LOCAL TIME.

CLIMATE NORMAL PERIOD 1981 TO 2010
CLIMATE RECORD PERIOD 1872 TO 2017


WEATHER ITEM   OBSERVED TIME   RECORD YEAR NORMAL DEPARTURE LAST
                VALUE   (LST)  VALUE       VALUE  FROM      YEAR
                                                  NORMAL
..................................................................
TEMPERATURE (F)
 TODAY
  MAXIMUM         77   1150 AM  95    1962  82     -5       90
  MINIMUM         54    415 AM  44    1912  57     -3       56
  AVERAGE         66                        70     -4       73

PRECIPITATION (IN)
  TODAY            0.05          1.33 1924   0.13  -0.08     0.01
  MONTH TO DATE    1.99                      1.10   0.89     0.41
  SINCE JUN 1      8.72                      6.44   2.28     4.49
  SINCE JAN 1     14.84                     11.55   3.29    11.42

SNOWFALL (IN)
  TODAY            0.0           0.0  2002   0.0    0.0      0.0
  MONTH TO DATE    0.0                       0.0    0.0      0.0
  SINCE JUN 1      T                         0.0    0.0       T
  SINCE JUL 1      T                         0.0    0.0       T
  SNOW DEPTH       0

DEGREE DAYS
 HEATING
  TODAY            0                         0      0        0
  MONTH TO DATE    6                         0      6        0
  SINCE JUN 1     27                        89    -62        8
  SINCE JUL 1      6                        10     -4        0

 COOLING
  TODAY            1                         5     -4        8
  MONTH TO DATE   19                        48    -29       64
  SINCE JUN 1    444                       322    122      544
  SINCE JAN 1    446                       332    114      546
..................................................................


WIND (MPH)
  HIGHEST WIND SPEED    15   HIGHEST WIND DIRECTION    NE (30)
  HIGHEST GUST SPEED    20   HIGHEST GUST DIRECTION    NE (30)
  AVERAGE WIND SPEED     8.2


SKY COVER
  POSSIBLE SUNSHINE  MM
  AVERAGE SKY COVER 0.4


WEATHER CONDITIONS
 THE FOLLOWING WEATHER WAS RECORDED TODAY.
  THUNDERSTORM
  LIGHT RAIN


RELATIVE HUMIDITY (PERCENT)
 HIGHEST    93          1200 AM
 LOWEST     43          1100 AM
 AVERAGE    68

..........................................................


THE COLORADO SPRINGS CO CLIMATE NORMALS FOR TOMORROW
                         NORMAL    RECORD    YEAR
 MAXIMUM TEMPERATURE (F)   82        96      1962
 MINIMUM TEMPERATURE (F)   57        41      1903


SUNRISE AND SUNSET
AUGUST  9 2017........SUNRISE   607 AM MDT   SUNSET   801 PM MDT
AUGUST 10 2017........SUNRISE   608 AM MDT   SUNSET   759 PM MDT


-  INDICATES NEGATIVE NUMBERS.
R  INDICATES RECORD WAS SET OR TIED.
MM INDICATES DATA IS MISSING.
T  INDICATES TRACE AMOUNT.




$$
