000
CDUS45 KPUB 141054
CLICOS


CLIMATE REPORT
NATIONAL WEATHER SERVICE PUEBLO
454 AM MDT SAT OCT 14 2017


...................................

...THE COLORADO SPRINGS CO CLIMATE SUMMARY FOR OCTOBER 13 2017...

CLIMATE NORMAL PERIOD 1981 TO 2010
CLIMATE RECORD PERIOD 1872 TO 2017


WEATHER ITEM   OBSERVED TIME   RECORD YEAR NORMAL DEPARTURE LAST
                VALUE   (LST)  VALUE       VALUE  FROM      YEAR
                                                  NORMAL
..................................................................
TEMPERATURE (F)
 YESTERDAY
  MAXIMUM         64    223 PM  83    1992  64      0       75
                                      1950
  MINIMUM         41    619 AM   5    1969  37      4       37
  AVERAGE         53                        50      3       56

PRECIPITATION (IN)
  YESTERDAY        0.00          0.51 1906   0.03  -0.03     0.00
  MONTH TO DATE    0.17                      0.36  -0.19      T
  SINCE SEP 1      2.94                      1.55   1.39     0.16
  SINCE JAN 1     18.22                     15.34   2.88    13.60

SNOWFALL (IN)
  YESTERDAY        0.0           0.9  1985   0.1   -0.1      0.0
  MONTH TO DATE    0.3                       0.8   -0.5      0.0
  SINCE SEP 1      0.3                       1.0   -0.7      0.0
  SINCE JUL 1      0.3                       1.0   -0.7       T
  SNOW DEPTH       0

DEGREE DAYS
 HEATING
  YESTERDAY       12                        15     -3        9
  MONTH TO DATE  164                       164      0      110
  SINCE SEP 1    296                       323    -27      173
  SINCE JUL 1    305                       354    -49      194

 COOLING
  YESTERDAY        0                         0      0        0
  MONTH TO DATE    0                         0      0        0
  SINCE SEP 1     91                        36     55       75
  SINCE JAN 1    639                       454    185      701
..................................................................


WIND (MPH)
  HIGHEST WIND SPEED    21   HIGHEST WIND DIRECTION     S (170)
  HIGHEST GUST SPEED    25   HIGHEST GUST DIRECTION    SE (150)
  AVERAGE WIND SPEED     9.7


SKY COVER
  POSSIBLE SUNSHINE  MM
  AVERAGE SKY COVER 0.2


WEATHER CONDITIONS
 THE FOLLOWING WEATHER WAS RECORDED YESTERDAY.
  NO SIGNIFICANT WEATHER WAS OBSERVED.


RELATIVE HUMIDITY (PERCENT)
 HIGHEST    82           700 AM
 LOWEST     43           200 PM
 AVERAGE    63

..........................................................


THE COLORADO SPRINGS CO CLIMATE NORMALS FOR TODAY
                         NORMAL    RECORD    YEAR
 MAXIMUM TEMPERATURE (F)   64        84      2016
                                             1962
 MINIMUM TEMPERATURE (F)   36         9      1969


SUNRISE AND SUNSET
OCTOBER 14 2017.......SUNRISE   707 AM MDT   SUNSET   621 PM MDT
OCTOBER 15 2017.......SUNRISE   708 AM MDT   SUNSET   620 PM MDT


-  INDICATES NEGATIVE NUMBERS.
R  INDICATES RECORD WAS SET OR TIED.
MM INDICATES DATA IS MISSING.
T  INDICATES TRACE AMOUNT.




$$
