000
CDUS45 KPUB 130041
CLICOS


CLIMATE REPORT
NATIONAL WEATHER SERVICE PUEBLO
541 PM MST FRI DEC 12 2014


...................................

...THE COLORADO SPRINGS CO CLIMATE SUMMARY FOR DECEMBER 12 2014...
VALID TODAY AS OF 0500 PM LOCAL TIME.

CLIMATE NORMAL PERIOD 1981 TO 2010
CLIMATE RECORD PERIOD 1872 TO 2014


WEATHER ITEM   OBSERVED TIME   RECORD YEAR NORMAL DEPARTURE LAST
                VALUE   (LST)  VALUE       VALUE  FROM      YEAR
                                                  NORMAL
..................................................................
TEMPERATURE (F)
 TODAY
  MAXIMUM         60    152 PM  67    1934  42     18       57
  MINIMUM         26   1258 AM -24    1932  17      9       19
  AVERAGE         43                        30     13       38

PRECIPITATION (IN)
  TODAY            0.00          0.20 1926   0.01  -0.01     0.00
  MONTH TO DATE    0.02                      0.14  -0.12     0.07
  SINCE DEC 1      0.02                      0.14  -0.12     0.07
  SINCE JAN 1     16.90                     16.34   0.56    19.22

SNOWFALL (IN)
  TODAY            0.0           3.0  1926   0.2   -0.2      0.0
  MONTH TO DATE    T                         2.3   -2.3      2.9
  SINCE DEC 1      T                         2.3   -2.3      2.9
  SINCE JUL 1      7.1                      10.1   -3.0      7.1
  SNOW DEPTH       0

DEGREE DAYS
 HEATING
  TODAY           22                        36    -14       27
  MONTH TO DATE  311                       414   -103      529
  SINCE DEC 1    311                       414   -103      529
  SINCE JUL 1   1636                      1895   -259     1890

 COOLING
  TODAY            0                         0      0        0
  MONTH TO DATE    0                         0      0        0
  SINCE DEC 1      0                         0      0        0
  SINCE JAN 1    487                       455     32      694
..................................................................


WIND (MPH)
  HIGHEST WIND SPEED    14   HIGHEST WIND DIRECTION    SE (150)
  HIGHEST GUST SPEED    15   HIGHEST GUST DIRECTION    SE (150)
  AVERAGE WIND SPEED     7.5


SKY COVER
  POSSIBLE SUNSHINE  MM
  AVERAGE SKY COVER 0.4


WEATHER CONDITIONS
 THE FOLLOWING WEATHER WAS RECORDED TODAY.
  NO SIGNIFICANT WEATHER WAS OBSERVED.


RELATIVE HUMIDITY (PERCENT)
 HIGHEST    50           100 AM
 LOWEST     13           200 PM
 AVERAGE    32

..........................................................


THE COLORADO SPRINGS CO CLIMATE NORMALS FOR TOMORROW
                         NORMAL    RECORD    YEAR
 MAXIMUM TEMPERATURE (F)   42        69      1988
 MINIMUM TEMPERATURE (F)   17       -12      1919


SUNRISE AND SUNSET
DECEMBER 12 2014......SUNRISE   708 AM MST   SUNSET   437 PM MST
DECEMBER 13 2014......SUNRISE   709 AM MST   SUNSET   438 PM MST


-  INDICATES NEGATIVE NUMBERS.
R  INDICATES RECORD WAS SET OR TIED.
MM INDICATES DATA IS MISSING.
T  INDICATES TRACE AMOUNT.




$$
