000
CDUS45 KPUB 011056
CLICOS


CLIMATE REPORT
NATIONAL WEATHER SERVICE PUEBLO
456 AM MDT SAT AUG 1 2015


...................................

...THE COLORADO SPRINGS CO CLIMATE SUMMARY FOR JULY 31 2015...

CLIMATE NORMAL PERIOD 1981 TO 2010
CLIMATE RECORD PERIOD 1872 TO 2015


WEATHER ITEM   OBSERVED TIME   RECORD YEAR NORMAL DEPARTURE LAST
                VALUE   (LST)  VALUE       VALUE  FROM      YEAR
                                                  NORMAL
..................................................................
TEMPERATURE (F)
 YESTERDAY
  MAXIMUM         84    258 PM  96    2002  84      0       67
  MINIMUM         56    514 AM  45    1913  57     -1       56
  AVERAGE         70                        70      0       62

PRECIPITATION (IN)
  YESTERDAY        0.00          2.36 1999   0.11  -0.11     0.11
  MONTH TO DATE    3.14                      2.84   0.30     4.63
  SINCE JUN 1      8.86                      5.34   3.52     5.92
  SINCE JAN 1     21.09                     10.45  10.64    10.71

SNOWFALL (IN)
  YESTERDAY        0.0           0.0  2002   0.0    0.0      0.0
                                      2001
  MONTH TO DATE    T                         0.0    0.0       T
  SINCE JUN 1      T                         0.0    0.0       T
  SINCE JUL 1      T                         0.0    0.0       T
  SNOW DEPTH       0

DEGREE DAYS
 HEATING
  YESTERDAY        0                         0      0        3
  MONTH TO DATE   10                         3      7       23
  SINCE JUN 1     20                        89    -69       62
  SINCE JUL 1     10                        10      0       23

 COOLING
  YESTERDAY        5                         6     -1        0
  MONTH TO DATE  182                       191     -9      194
  SINCE JUN 1    304                       274     30      298
  SINCE JAN 1    304                       284     20      311
..................................................................


WIND (MPH)
  HIGHEST WIND SPEED    21   HIGHEST WIND DIRECTION     S (190)
  HIGHEST GUST SPEED    25   HIGHEST GUST DIRECTION     W (290)
  AVERAGE WIND SPEED     6.1


SKY COVER
  POSSIBLE SUNSHINE  MM
  AVERAGE SKY COVER 0.5


WEATHER CONDITIONS
 THE FOLLOWING WEATHER WAS RECORDED YESTERDAY.
  NO SIGNIFICANT WEATHER WAS OBSERVED.


RELATIVE HUMIDITY (PERCENT)
 HIGHEST    87           400 AM
 LOWEST     27           300 PM
 AVERAGE    57

..........................................................


THE COLORADO SPRINGS CO CLIMATE NORMALS FOR TODAY
                         NORMAL    RECORD    YEAR
 MAXIMUM TEMPERATURE (F)   84        99      2008
 MINIMUM TEMPERATURE (F)   57        45      1965


SUNRISE AND SUNSET
AUGUST  1 2015........SUNRISE   600 AM MDT   SUNSET   810 PM MDT
AUGUST  2 2015........SUNRISE   601 AM MDT   SUNSET   809 PM MDT


-  INDICATES NEGATIVE NUMBERS.
R  INDICATES RECORD WAS SET OR TIED.
MM INDICATES DATA IS MISSING.
T  INDICATES TRACE AMOUNT.




$$
