000
CDUS45 KPUB 221042
CLICOS


CLIMATE REPORT
NATIONAL WEATHER SERVICE PUEBLO
439 AM MDT THU SEP 22 2016


...................................

...THE COLORADO SPRINGS CO CLIMATE SUMMARY FOR SEPTEMBER 21 2016...

CLIMATE NORMAL PERIOD 1981 TO 2010
CLIMATE RECORD PERIOD 1872 TO 2016


WEATHER ITEM   OBSERVED TIME   RECORD YEAR NORMAL DEPARTURE LAST
                VALUE   (LST)  VALUE       VALUE  FROM      YEAR
                                                  NORMAL
..................................................................
TEMPERATURE (F)
 YESTERDAY
  MAXIMUM         83    236 PM  86    2015  73     10       86
                                      2010
                                      2007
  MINIMUM         58   1108 PM  24    1912  45     13       47
  AVERAGE         71                        59     12       67

PRECIPITATION (IN)
  YESTERDAY        T             1.30 1902   0.04  -0.04     0.00
  MONTH TO DATE    0.05                      0.95  -0.90     0.21
  SINCE SEP 1      0.05                      0.95  -0.90     0.21
  SINCE JAN 1     13.49                     14.74  -1.25    23.03

SNOWFALL (IN)
  YESTERDAY        0.0           0.8  1951   0.0    0.0      0.0
  MONTH TO DATE    0.0                       0.1   -0.1      0.0
  SINCE SEP 1      0.0                       0.1   -0.1      0.0
  SINCE JUL 1      T                         0.1   -0.1       T
  SNOW DEPTH       0

DEGREE DAYS
 HEATING
  YESTERDAY        0                         7     -7        0
  MONTH TO DATE   27                        82    -55       15
  SINCE SEP 1     27                        82    -55       15
  SINCE JUL 1     48                       113    -65       34

 COOLING
  YESTERDAY        6                         1      5        2
  MONTH TO DATE   66                        34     32       82
  SINCE SEP 1     66                        34     32       82
  SINCE JAN 1    692                       452    240      597
..................................................................


WIND (MPH)
  HIGHEST WIND SPEED    23   HIGHEST WIND DIRECTION     W (260)
  HIGHEST GUST SPEED    27   HIGHEST GUST DIRECTION    SW (240)
  AVERAGE WIND SPEED     8.4


SKY COVER
  POSSIBLE SUNSHINE  MM
  AVERAGE SKY COVER 0.7


WEATHER CONDITIONS
 THE FOLLOWING WEATHER WAS RECORDED YESTERDAY.
  NO SIGNIFICANT WEATHER WAS OBSERVED.


RELATIVE HUMIDITY (PERCENT)
 HIGHEST    56          1000 PM
 LOWEST     22           100 AM
 AVERAGE    39

..........................................................


THE COLORADO SPRINGS CO CLIMATE NORMALS FOR TODAY
                         NORMAL    RECORD    YEAR
 MAXIMUM TEMPERATURE (F)   72        88      1944
 MINIMUM TEMPERATURE (F)   45        26      1895


SUNRISE AND SUNSET
SEPTEMBER 22 2016.....SUNRISE   647 AM MDT   SUNSET   655 PM MDT
SEPTEMBER 23 2016.....SUNRISE   648 AM MDT   SUNSET   653 PM MDT


-  INDICATES NEGATIVE NUMBERS.
R  INDICATES RECORD WAS SET OR TIED.
MM INDICATES DATA IS MISSING.
T  INDICATES TRACE AMOUNT.




$$
