000
CDUS45 KPUB 202322
CLICOS


CLIMATE REPORT
NATIONAL WEATHER SERVICE PUEBLO
522 PM MDT THU APR 20 2017


...................................

...THE COLORADO SPRINGS CO CLIMATE SUMMARY FOR APRIL 20 2017...
VALID TODAY AS OF 0500 PM LOCAL TIME.

CLIMATE NORMAL PERIOD 1981 TO 2010
CLIMATE RECORD PERIOD 1872 TO 2017


WEATHER ITEM   OBSERVED TIME   RECORD YEAR NORMAL DEPARTURE LAST
                VALUE   (LST)  VALUE       VALUE  FROM      YEAR
                                                  NORMAL
..................................................................
TEMPERATURE (F)
 TODAY
  MAXIMUM         58   1234 PM  81    1989  61     -3       59
  MINIMUM         40    624 AM  13    1966  34      6       30
  AVERAGE         49                        48      1       45

PRECIPITATION (IN)
  TODAY            T             0.72 1933   0.06  -0.06      T
  MONTH TO DATE    0.97                      0.84   0.13     1.16
  SINCE MAR 1      1.41                      1.84  -0.43     1.89
  SINCE JAN 1      1.80                      2.50  -0.70     3.43

SNOWFALL (IN)
  TODAY            0.0           8.0  1933   0.1   -0.1      0.0
  MONTH TO DATE    8.9                       3.5    5.4      5.1
  SINCE MAR 1     10.9                      11.6   -0.7     15.6
  SINCE JUL 1     24.3                      35.6  -11.3     42.7
  SNOW DEPTH       0

DEGREE DAYS
 HEATING
  TODAY           16                        17     -1       20
  MONTH TO DATE  282                       398   -116      364
  SINCE MAR 1    842                      1203   -361     1074
  SINCE JUL 1   4595                      5766  -1171     4977

 COOLING
  TODAY            0                         0      0        0
  MONTH TO DATE    0                         0      0        0
  SINCE MAR 1      0                         0      0        0
  SINCE JAN 1      0                         0      0        0
..................................................................


WIND (MPH)
  HIGHEST WIND SPEED    32   HIGHEST WIND DIRECTION     S (170)
  HIGHEST GUST SPEED    38   HIGHEST GUST DIRECTION     S (160)
  AVERAGE WIND SPEED    12.3


SKY COVER
  POSSIBLE SUNSHINE  MM
  AVERAGE SKY COVER 0.8


WEATHER CONDITIONS
 THE FOLLOWING WEATHER WAS RECORDED TODAY.
  LIGHT RAIN


RELATIVE HUMIDITY (PERCENT)
 HIGHEST    70           600 AM
 LOWEST     35           100 PM
 AVERAGE    53

..........................................................


THE COLORADO SPRINGS CO CLIMATE NORMALS FOR TOMORROW
                         NORMAL    RECORD    YEAR
 MAXIMUM TEMPERATURE (F)   61        83      1989
 MINIMUM TEMPERATURE (F)   35        12      1907


SUNRISE AND SUNSET
APRIL 20 2017.........SUNRISE   615 AM MDT   SUNSET   741 PM MDT
APRIL 21 2017.........SUNRISE   614 AM MDT   SUNSET   742 PM MDT


-  INDICATES NEGATIVE NUMBERS.
R  INDICATES RECORD WAS SET OR TIED.
MM INDICATES DATA IS MISSING.
T  INDICATES TRACE AMOUNT.




$$
