000
CDUS45 KPUB 221132
CLICOS


CLIMATE REPORT
NATIONAL WEATHER SERVICE PUEBLO
432 AM MST THU JAN 22 2015


...................................

...THE COLORADO SPRINGS CO CLIMATE SUMMARY FOR JANUARY 21 2015...

CLIMATE NORMAL PERIOD 1981 TO 2010
CLIMATE RECORD PERIOD 1872 TO 2015


WEATHER ITEM   OBSERVED TIME   RECORD YEAR NORMAL DEPARTURE LAST
                VALUE   (LST)  VALUE       VALUE  FROM      YEAR
                                                  NORMAL
..................................................................
TEMPERATURE (F)
 YESTERDAY
  MAXIMUM         30   1226 AM  70    2009  43    -13       64
  MINIMUM         10   1159 PM -20    1930  18     -8       16
  AVERAGE         20                        31    -11       40

PRECIPITATION (IN)
  YESTERDAY        0.23R         0.13 1898   0.01   0.22     0.00
  MONTH TO DATE    0.80                      0.21   0.59     0.18
  SINCE DEC 1      0.96                      0.55   0.41     0.25
  SINCE JAN 1      0.80                      0.21   0.59     0.18

SNOWFALL (IN)
  YESTERDAY        4.5 R         2.5  2008   0.1    4.4      0.0
  MONTH TO DATE   14.4                       3.7   10.7      3.5
  SINCE DEC 1     18.1                       9.4    8.7      6.4
  SINCE JUL 1     25.2                      17.2    8.0     10.6
  SNOW DEPTH       1

DEGREE DAYS
 HEATING
  YESTERDAY       45                        34     11       25
  MONTH TO DATE  721                       724     -3      696
  SINCE DEC 1   1751                      1815    -64     1799
  SINCE JUL 1   3076                      3296   -220     3160

 COOLING
  YESTERDAY        0                         0      0        0
  MONTH TO DATE    0                         0      0        0
  SINCE DEC 1      0                         0      0        0
  SINCE JAN 1      0                         0      0        0
..................................................................


WIND (MPH)
  HIGHEST WIND SPEED    16   HIGHEST WIND DIRECTION    NE (50)
  HIGHEST GUST SPEED    20   HIGHEST GUST DIRECTION    NE (50)
  AVERAGE WIND SPEED     7.0


SKY COVER
  POSSIBLE SUNSHINE  MM
  AVERAGE SKY COVER 1.0


WEATHER CONDITIONS
 THE FOLLOWING WEATHER WAS RECORDED YESTERDAY.
  SNOW
  LIGHT SNOW
  FOG


RELATIVE HUMIDITY (PERCENT)
 HIGHEST    92          1200 AM
 LOWEST     74           300 PM
 AVERAGE    83

..........................................................


THE COLORADO SPRINGS CO CLIMATE NORMALS FOR TODAY
                         NORMAL    RECORD    YEAR
 MAXIMUM TEMPERATURE (F)   43        70      1943
 MINIMUM TEMPERATURE (F)   18       -10      1917


SUNRISE AND SUNSET
JANUARY 22 2015.......SUNRISE   712 AM MST   SUNSET   509 PM MST
JANUARY 23 2015.......SUNRISE   712 AM MST   SUNSET   510 PM MST


-  INDICATES NEGATIVE NUMBERS.
R  INDICATES RECORD WAS SET OR TIED.
MM INDICATES DATA IS MISSING.
T  INDICATES TRACE AMOUNT.




$$
