000
CDUS45 KPUB 170027
CLICOS


CLIMATE REPORT
NATIONAL WEATHER SERVICE PUEBLO
627 PM MDT THU OCT 16 2014


...................................

...THE COLORADO SPRINGS CO CLIMATE SUMMARY FOR OCTOBER 16 2014...
VALID TODAY AS OF 0500 PM LOCAL TIME.

CLIMATE NORMAL PERIOD 1981 TO 2010
CLIMATE RECORD PERIOD 1872 TO 2014


WEATHER ITEM   OBSERVED TIME   RECORD YEAR NORMAL DEPARTURE LAST
                VALUE   (LST)  VALUE       VALUE  FROM      YEAR
                                                  NORMAL
..................................................................
TEMPERATURE (F)
 TODAY
  MAXIMUM         73    303 PM  85    1991  63     10       51
  MINIMUM         51   1212 AM  21    1984  36     15       31
  AVERAGE         62                        49     13       41

PRECIPITATION (IN)
  TODAY            0.00          0.50 1984   0.03  -0.03     0.00
  MONTH TO DATE    2.96                      0.45   2.51     0.29
  SINCE SEP 1      3.57                      1.64   1.93     5.09
  SINCE JAN 1     16.62                     15.43   1.19    18.75

SNOWFALL (IN)
  TODAY            0.0           5.8  1984   0.1   -0.1      0.0
  MONTH TO DATE    T                         1.1   -1.1       T
  SINCE SEP 1      T                         1.3   -1.3       T
  SINCE JUL 1      T                         1.3   -1.3       T
  SNOW DEPTH       0

DEGREE DAYS
 HEATING
  TODAY            3                        16    -13       24
  MONTH TO DATE  172                       210    -38      214
  SINCE SEP 1    259                       369   -110      287
  SINCE JUL 1    289                       400   -111      297

 COOLING
  TODAY            0                         0      0        0
  MONTH TO DATE    0                         0      0        0
  SINCE SEP 1     60                        36     24       92
  SINCE JAN 1    487                       454     33      694
..................................................................


WIND (MPH)
  HIGHEST WIND SPEED    23   HIGHEST WIND DIRECTION     S (160)
  HIGHEST GUST SPEED    29   HIGHEST GUST DIRECTION    SE (150)
  AVERAGE WIND SPEED    11.0


SKY COVER
  POSSIBLE SUNSHINE  MM
  AVERAGE SKY COVER 0.6


WEATHER CONDITIONS
 THE FOLLOWING WEATHER WAS RECORDED TODAY.
  NO SIGNIFICANT WEATHER WAS OBSERVED.


RELATIVE HUMIDITY (PERCENT)
 HIGHEST    41          1200 AM
 LOWEST     15           200 PM
 AVERAGE    28

..........................................................


THE COLORADO SPRINGS CO CLIMATE NORMALS FOR TOMORROW
                         NORMAL    RECORD    YEAR
 MAXIMUM TEMPERATURE (F)   63        83      1991
 MINIMUM TEMPERATURE (F)   35        17      1948


SUNRISE AND SUNSET
OCTOBER 16 2014.......SUNRISE   709 AM MDT   SUNSET   619 PM MDT
OCTOBER 17 2014.......SUNRISE   710 AM MDT   SUNSET   618 PM MDT


-  INDICATES NEGATIVE NUMBERS.
R  INDICATES RECORD WAS SET OR TIED.
MM INDICATES DATA IS MISSING.
T  INDICATES TRACE AMOUNT.




$$
