000
CDUS45 KPUB 141054
CLICOS


CLIMATE REPORT
NATIONAL WEATHER SERVICE PUEBLO
454 AM MDT WED JUN 14 2017


...................................

...THE COLORADO SPRINGS CO CLIMATE SUMMARY FOR JUNE 13 2017...

CLIMATE NORMAL PERIOD 1981 TO 2010
CLIMATE RECORD PERIOD 1872 TO 2017


WEATHER ITEM   OBSERVED TIME   RECORD YEAR NORMAL DEPARTURE LAST
                VALUE   (LST)  VALUE       VALUE  FROM      YEAR
                                                  NORMAL
..................................................................
TEMPERATURE (F)
 YESTERDAY
  MAXIMUM         83    332 PM  92    2006  78      5       74
                                      1956
                                      1952
  MINIMUM         59    610 AM  36    1969  51      8       52
  AVERAGE         71                        64      7       63

PRECIPITATION (IN)
  YESTERDAY        0.00          2.19 1997   0.09  -0.09     0.27
  MONTH TO DATE    0.09                      1.18  -1.09     0.55
  SINCE JUN 1      0.09                      1.18  -1.09     0.55
  SINCE JAN 1      6.21                      6.29  -0.08     7.48

SNOWFALL (IN)
  YESTERDAY        0.0           0.0  2002   0.0    0.0       T
                                      2001
  MONTH TO DATE    0.0                       0.0    0.0       T
  SINCE JUN 1      0.0                       0.0    0.0       T
  SINCE JUL 1     25.2                      37.7  -12.5     50.7
  SNOW DEPTH       0

DEGREE DAYS
 HEATING
  YESTERDAY        0                         3     -3        2
  MONTH TO DATE    8                        52    -44        8
  SINCE JUN 1      8                        52    -44        8
  SINCE JUL 1   5086                      6265  -1179     5484

 COOLING
  YESTERDAY        6                         2      4        0
  MONTH TO DATE   45                        19     26       44
  SINCE JUN 1     45                        19     26       44
  SINCE JAN 1     47                        29     18       46
..................................................................


WIND (MPH)
  HIGHEST WIND SPEED    35   HIGHEST WIND DIRECTION    SW (230)
  HIGHEST GUST SPEED    46   HIGHEST GUST DIRECTION    SW (240)
  AVERAGE WIND SPEED    15.8


SKY COVER
  POSSIBLE SUNSHINE  MM
  AVERAGE SKY COVER 0.2


WEATHER CONDITIONS
 THE FOLLOWING WEATHER WAS RECORDED YESTERDAY.
  NO SIGNIFICANT WEATHER WAS OBSERVED.


RELATIVE HUMIDITY (PERCENT)
 HIGHEST    20           700 AM
 LOWEST      4           300 PM
 AVERAGE    12

..........................................................


THE COLORADO SPRINGS CO CLIMATE NORMALS FOR TODAY
                         NORMAL    RECORD    YEAR
 MAXIMUM TEMPERATURE (F)   79        94      2006
                                             1994
 MINIMUM TEMPERATURE (F)   51        36      1969


SUNRISE AND SUNSET
JUNE 14 2017..........SUNRISE   533 AM MDT   SUNSET   825 PM MDT
JUNE 15 2017..........SUNRISE   533 AM MDT   SUNSET   826 PM MDT


-  INDICATES NEGATIVE NUMBERS.
R  INDICATES RECORD WAS SET OR TIED.
MM INDICATES DATA IS MISSING.
T  INDICATES TRACE AMOUNT.




$$
