000
CDUS45 KPUB 051921 CCA
CLICOS

CLIMATE REPORT...CORRECTION
NATIONAL WEATHER SERVICE PUEBLO
520 AM MST THU JAN 5 2017


...................................

...THE COLORADO SPRINGS CO CLIMATE SUMMARY FOR JANUARY 4 2017...

CLIMATE NORMAL PERIOD 1981 TO 2010
CLIMATE RECORD PERIOD 1872 TO 2017


WEATHER ITEM   OBSERVED TIME   RECORD YEAR NORMAL DEPARTURE LAST
                VALUE   (LST)  VALUE       VALUE  FROM      YEAR
                                                  NORMAL
..................................................................
TEMPERATURE (F)
 YESTERDAY
  MAXIMUM         28    231 PM  70    2001  43    -15       45
  MINIMUM          7    458 AM -18    1959  17    -10       18
                                      1942
  AVERAGE         18                        30    -12       32

PRECIPITATION (IN)
  YESTERDAY        T             0.20 1913   0.01  -0.01     0.00
  MONTH TO DATE    0.02                      0.04  -0.02      T
  SINCE DEC 1      0.70                      0.38   0.32     0.25
  SINCE JAN 1      0.02                      0.04  -0.02      T

SNOWFALL (IN)
  YESTERDAY        T             3.5  2014   0.2    0.2      0.0
  MONTH TO DATE    0.3                       0.8   -0.5       T
  SINCE DEC 1      6.7                       6.5    0.2      4.3
  SINCE JUL 1      6.7                      14.3   -7.6     10.1
  SNOW DEPTH       T

DEGREE DAYS
 HEATING
  YESTERDAY       47                        35     12       33
  MONTH TO DATE  158                       140     18      144
  SINCE DEC 1   1258                      1231     27     1145
  SINCE JUL 1   2161                      2712   -551     2248

 COOLING
  YESTERDAY        0                         0      0        0
  MONTH TO DATE    0                         0      0        0
  SINCE DEC 1      0                         0      0        0
  SINCE JAN 1      0                         0      0        0
..................................................................


WIND (MPH)
  HIGHEST WIND SPEED    25   HIGHEST WIND DIRECTION     N (350)
  HIGHEST GUST SPEED    32   HIGHEST GUST DIRECTION     N (350)
  AVERAGE WIND SPEED     6.7


SKY COVER
  POSSIBLE SUNSHINE  MM
  AVERAGE SKY COVER 0.6


WEATHER CONDITIONS
 THE FOLLOWING WEATHER WAS RECORDED YESTERDAY.
  LIGHT SNOW
  FOG
  HAZE


RELATIVE HUMIDITY (PERCENT)
 HIGHEST    80           200 AM
 LOWEST     50           300 PM
 AVERAGE    65

..........................................................


THE COLORADO SPRINGS CO CLIMATE NORMALS FOR TODAY
                         NORMAL    RECORD    YEAR
 MAXIMUM TEMPERATURE (F)   43        70      1927
 MINIMUM TEMPERATURE (F)   18       -16      1971


SUNRISE AND SUNSET
JANUARY  5 2017.......SUNRISE   718 AM MST   SUNSET   452 PM MST
JANUARY  6 2017.......SUNRISE   717 AM MST   SUNSET   453 PM MST


-  INDICATES NEGATIVE NUMBERS.
R  INDICATES RECORD WAS SET OR TIED.
MM INDICATES DATA IS MISSING.
T  INDICATES TRACE AMOUNT.




$$
