000
CDUS45 KPUB 041135
CLICOS


CLIMATE REPORT
NATIONAL WEATHER SERVICE PUEBLO
435 AM MST THU FEB 4 2016


...................................

...THE COLORADO SPRINGS CO CLIMATE SUMMARY FOR FEBRUARY 3 2016...

CLIMATE NORMAL PERIOD 1981 TO 2010
CLIMATE RECORD PERIOD 1872 TO 2016


WEATHER ITEM   OBSERVED TIME   RECORD YEAR NORMAL DEPARTURE LAST
                VALUE   (LST)  VALUE       VALUE  FROM      YEAR
                                                  NORMAL
..................................................................
TEMPERATURE (F)
 YESTERDAY
  MAXIMUM         24    944 AM  69    1925  43    -19       60
  MINIMUM          0   1007 PM -18    1996  18    -18       28
  AVERAGE         12                        31    -19       44

PRECIPITATION (IN)
  YESTERDAY        0.00          0.21 1955   0.01  -0.01     0.00
  MONTH TO DATE    0.87                      0.03   0.84      T
  SINCE DEC 1      1.66                      0.69   0.97     1.03
  SINCE JAN 1      1.41                      0.35   1.06     0.87

SNOWFALL (IN)
  YESTERDAY        0.0           4.7  1955   0.2   -0.2      0.0
  MONTH TO DATE    8.3                       0.5    7.8       T
  SINCE DEC 1     18.6                      11.8    6.8     17.2
  SINCE JUL 1     24.4                      19.6    4.8     24.3
  SNOW DEPTH      10

DEGREE DAYS
 HEATING
  YESTERDAY       53                        34     19       21
  MONTH TO DATE  142                       102     40       90
  SINCE DEC 1   2136                      2264   -128     2109
  SINCE JUL 1   3239                      3745   -506     3434

 COOLING
  YESTERDAY        0                         0      0        0
  MONTH TO DATE    0                         0      0        0
  SINCE DEC 1      0                         0      0        0
  SINCE JAN 1      0                         0      0        0
..................................................................


WIND (MPH)
  HIGHEST WIND SPEED    17   HIGHEST WIND DIRECTION    NW (330)
  HIGHEST GUST SPEED    21   HIGHEST GUST DIRECTION     N (350)
  AVERAGE WIND SPEED     7.4


SKY COVER
  POSSIBLE SUNSHINE  MM
  AVERAGE SKY COVER 0.5


WEATHER CONDITIONS
 THE FOLLOWING WEATHER WAS RECORDED YESTERDAY.
  NO SIGNIFICANT WEATHER WAS OBSERVED.


RELATIVE HUMIDITY (PERCENT)
 HIGHEST    83           200 AM
 LOWEST     43           400 PM
 AVERAGE    63

..........................................................


THE COLORADO SPRINGS CO CLIMATE NORMALS FOR TODAY
                         NORMAL    RECORD    YEAR
 MAXIMUM TEMPERATURE (F)   43        69      1935
                                             1925
 MINIMUM TEMPERATURE (F)   18       -15      1989


SUNRISE AND SUNSET
FEBRUARY  4 2016......SUNRISE   703 AM MST   SUNSET   523 PM MST
FEBRUARY  5 2016......SUNRISE   702 AM MST   SUNSET   525 PM MST


-  INDICATES NEGATIVE NUMBERS.
R  INDICATES RECORD WAS SET OR TIED.
MM INDICATES DATA IS MISSING.
T  INDICATES TRACE AMOUNT.




$$
