000
CDUS45 KPUB 161046
CLICOS


CLIMATE REPORT
NATIONAL WEATHER SERVICE PUEBLO
445 AM MDT WED APR 16 2014


...................................

...THE COLORADO SPRINGS CO CLIMATE SUMMARY FOR APRIL 15 2014...

CLIMATE NORMAL PERIOD 1981 TO 2010
CLIMATE RECORD PERIOD 1872 TO 2014


WEATHER ITEM   OBSERVED TIME   RECORD YEAR NORMAL DEPARTURE LAST
                VALUE   (LST)  VALUE       VALUE  FROM      YEAR
                                                  NORMAL
..................................................................
TEMPERATURE (F)
 YESTERDAY
  MAXIMUM         64    434 PM  81    2002  60      4       55
  MINIMUM         22    419 AM  15    1961  33    -11       29
                                      1945
                                      1902
  AVERAGE         43                        46     -3       42

PRECIPITATION (IN)
  YESTERDAY        0.00          4.27 1921   0.05  -0.05      T
  MONTH TO DATE    0.74                      0.58   0.16     0.06
  SINCE MAR 1      1.16                      1.58  -0.42     0.24
  SINCE JAN 1      2.05                      2.24  -0.19     1.32

SNOWFALL (IN)
  YESTERDAY        0.0           6.7  1998   0.2   -0.2       T
  MONTH TO DATE    7.5                       2.8    4.7       T
  SINCE MAR 1     10.3                      10.9   -0.6      4.2
  SINCE JUL 1     34.4                      34.9   -0.5     24.2
  SNOW DEPTH       0

DEGREE DAYS
 HEATING
  YESTERDAY       22                        19      3       23
  MONTH TO DATE  309                       309      0      341
  SINCE MAR 1   1090                      1114    -24     1153
  SINCE JUL 1   5577                      5677   -100     5497

 COOLING
  YESTERDAY        0                         0      0        0
  MONTH TO DATE    0                         0      0        0
  SINCE MAR 1      0                         0      0        0
  SINCE JAN 1      0                         0      0        0
..................................................................


WIND (MPH)
  HIGHEST WIND SPEED    22   HIGHEST WIND DIRECTION     S (200)
  HIGHEST GUST SPEED    28   HIGHEST GUST DIRECTION    NW (320)
  AVERAGE WIND SPEED     7.6


SKY COVER
  POSSIBLE SUNSHINE  MM
  AVERAGE SKY COVER 0.5


WEATHER CONDITIONS
 THE FOLLOWING WEATHER WAS RECORDED YESTERDAY.
  NO SIGNIFICANT WEATHER WAS OBSERVED.


RELATIVE HUMIDITY (PERCENT)
 HIGHEST    81          1200 AM
 LOWEST     11           600 PM
 AVERAGE    46

..........................................................


THE COLORADO SPRINGS CO CLIMATE NORMALS FOR TODAY
                         NORMAL    RECORD    YEAR
 MAXIMUM TEMPERATURE (F)   60        80      1985
 MINIMUM TEMPERATURE (F)   33        17      1904


SUNRISE AND SUNSET
APRIL 16 2014.........SUNRISE   621 AM MDT   SUNSET   737 PM MDT
APRIL 17 2014.........SUNRISE   620 AM MDT   SUNSET   738 PM MDT


-  INDICATES NEGATIVE NUMBERS.
R  INDICATES RECORD WAS SET OR TIED.
MM INDICATES DATA IS MISSING.
T  INDICATES TRACE AMOUNT.




$$
