000
CDUS45 KPUB 151034
CLICOS


CLIMATE REPORT
NATIONAL WEATHER SERVICE PUEBLO
434 AM MDT FRI AUG 15 2014


...................................

...THE COLORADO SPRINGS CO CLIMATE SUMMARY FOR AUGUST 14 2014...

CLIMATE NORMAL PERIOD 1981 TO 2010
CLIMATE RECORD PERIOD 1872 TO 2014


WEATHER ITEM   OBSERVED TIME   RECORD YEAR NORMAL DEPARTURE LAST
                VALUE   (LST)  VALUE       VALUE  FROM      YEAR
                                                  NORMAL
..................................................................
TEMPERATURE (F)
 YESTERDAY
  MAXIMUM         84   1235 PM  96    1962  82      2       78
  MINIMUM         61   1028 PM  47    1920  56      5       53
  AVERAGE         73                        69      4       66

PRECIPITATION (IN)
  YESTERDAY        0.03          2.78 1977   0.12  -0.09     0.08
  MONTH TO DATE    1.38                      1.72  -0.34     3.25
  SINCE JUN 1      7.30                      7.06   0.24     8.46
  SINCE JAN 1     12.09                     12.17  -0.08    11.19

SNOWFALL (IN)
  YESTERDAY        0.0           T    2013   0.0    0.0       T
                                      2004
  MONTH TO DATE    0.0                       0.0    0.0       T
  SINCE JUN 1      T                         0.0    0.0       T
  SINCE JUL 1      T                         0.0    0.0       T
  SNOW DEPTH       0

DEGREE DAYS
 HEATING
  YESTERDAY        0                         0      0        0
  MONTH TO DATE    5                         0      5        5
  SINCE JUN 1     67                        89    -22       35
  SINCE JUL 1     28                        10     18       10

 COOLING
  YESTERDAY        8                         5      3        1
  MONTH TO DATE   45                        73    -28       50
  SINCE JUN 1    343                       347     -4      438
  SINCE JAN 1    356                       357     -1      460
..................................................................


WIND (MPH)
  HIGHEST WIND SPEED    30   HIGHEST WIND DIRECTION    NW (320)
  HIGHEST GUST SPEED    38   HIGHEST GUST DIRECTION    NW (310)
  AVERAGE WIND SPEED    10.1


SKY COVER
  POSSIBLE SUNSHINE  MM
  AVERAGE SKY COVER 0.8


WEATHER CONDITIONS
 THE FOLLOWING WEATHER WAS RECORDED YESTERDAY.
  THUNDERSTORM
  LIGHT RAIN


RELATIVE HUMIDITY (PERCENT)
 HIGHEST    73           700 PM
 LOWEST     34          1000 AM
 AVERAGE    54

..........................................................


THE COLORADO SPRINGS CO CLIMATE NORMALS FOR TODAY
                         NORMAL    RECORD    YEAR
 MAXIMUM TEMPERATURE (F)   82        93      1937
 MINIMUM TEMPERATURE (F)   56        43      1915


SUNRISE AND SUNSET
AUGUST 15 2014........SUNRISE   613 AM MDT   SUNSET   753 PM MDT
AUGUST 16 2014........SUNRISE   614 AM MDT   SUNSET   752 PM MDT


-  INDICATES NEGATIVE NUMBERS.
R  INDICATES RECORD WAS SET OR TIED.
MM INDICATES DATA IS MISSING.
T  INDICATES TRACE AMOUNT.




$$
