130
CDUS45 KPUB 141134
CLICOS


CLIMATE REPORT
NATIONAL WEATHER SERVICE PUEBLO
434 AM MST SUN JAN 14 2018


...................................

...THE COLORADO SPRINGS CO CLIMATE SUMMARY FOR JANUARY 13 2018...

CLIMATE NORMAL PERIOD 1981 TO 2010
CLIMATE RECORD PERIOD 1872 TO 2018


WEATHER ITEM   OBSERVED TIME   RECORD YEAR NORMAL DEPARTURE LAST
                VALUE   (LST)  VALUE       VALUE  FROM      YEAR
                                                  NORMAL
..................................................................
TEMPERATURE (F)
 YESTERDAY
  MAXIMUM         47    305 PM  67    1996  43      4       41
                                      1928
  MINIMUM         21    722 AM -12    1963  18      3       17
  AVERAGE         34                        31      3       29

PRECIPITATION (IN)
  YESTERDAY        0.00          0.19 1984   0.01  -0.01     0.00
  MONTH TO DATE    0.08                      0.12  -0.04     0.19
  SINCE DEC 1      0.09                      0.46  -0.37     0.87
  SINCE JAN 1      0.08                      0.12  -0.04     0.19

SNOWFALL (IN)
  YESTERDAY        0.0           3.0  1918   0.2   -0.2      0.0
  MONTH TO DATE    0.0                       2.3   -2.3      3.4
  SINCE DEC 1      0.9                       8.0   -7.1      9.8
  SINCE JUL 1      2.5                      15.8  -13.3      9.8
  SNOW DEPTH       0

DEGREE DAYS
 HEATING
  YESTERDAY       31                        34     -3       36
  MONTH TO DATE  381                       452    -71      492
  SINCE DEC 1   1351                      1543   -192     1592
  SINCE JUL 1   2519                      3024   -505     2495

 COOLING
  YESTERDAY        0                         0      0        0
  MONTH TO DATE    0                         0      0        0
  SINCE DEC 1      0                         0      0        0
  SINCE JAN 1      0                         0      0        0
..................................................................


WIND (MPH)
  HIGHEST WIND SPEED    17   HIGHEST WIND DIRECTION     S (160)
  HIGHEST GUST SPEED    22   HIGHEST GUST DIRECTION    SE (140)
  AVERAGE WIND SPEED     5.8


SKY COVER
  POSSIBLE SUNSHINE  MM
  AVERAGE SKY COVER 0.6


WEATHER CONDITIONS
 THE FOLLOWING WEATHER WAS RECORDED YESTERDAY.
  FOG


RELATIVE HUMIDITY (PERCENT)
 HIGHEST    96           500 AM
 LOWEST     26           200 PM
 AVERAGE    61

..........................................................


THE COLORADO SPRINGS CO CLIMATE NORMALS FOR TODAY
                         NORMAL    RECORD    YEAR
 MAXIMUM TEMPERATURE (F)   43        66      2006
 MINIMUM TEMPERATURE (F)   18        -6      1997
                                             1930
                                             1917


SUNRISE AND SUNSET
JANUARY 14 2018.......SUNRISE   716 AM MST   SUNSET   500 PM MST
JANUARY 15 2018.......SUNRISE   716 AM MST   SUNSET   501 PM MST


-  INDICATES NEGATIVE NUMBERS.
R  INDICATES RECORD WAS SET OR TIED.
MM INDICATES DATA IS MISSING.
T  INDICATES TRACE AMOUNT.




$$
