000
CDUS45 KPUB 151040
CLICOS


CLIMATE REPORT
NATIONAL WEATHER SERVICE PUEBLO
440 AM MDT SUN OCT 15 2017


...................................

...THE COLORADO SPRINGS CO CLIMATE SUMMARY FOR OCTOBER 14 2017...

CLIMATE NORMAL PERIOD 1981 TO 2010
CLIMATE RECORD PERIOD 1872 TO 2017


WEATHER ITEM   OBSERVED TIME   RECORD YEAR NORMAL DEPARTURE LAST
                VALUE   (LST)  VALUE       VALUE  FROM      YEAR
                                                  NORMAL
..................................................................
TEMPERATURE (F)
 YESTERDAY
  MAXIMUM         71   1111 AM  84    2016  64      7       84
                                      1962
  MINIMUM         37   1159 PM   9    1969  36      1       42
  AVERAGE         54                        50      4       63

PRECIPITATION (IN)
  YESTERDAY        0.00          1.63 1945   0.03  -0.03     0.00
  MONTH TO DATE    0.17                      0.39  -0.22      T
  SINCE SEP 1      2.94                      1.58   1.36     0.16
  SINCE JAN 1     18.22                     15.37   2.85    13.60

SNOWFALL (IN)
  YESTERDAY        0.0           3.5  1984   0.1   -0.1      0.0
  MONTH TO DATE    0.3                       0.9   -0.6      0.0
  SINCE SEP 1      0.3                       1.1   -0.8      0.0
  SINCE JUL 1      0.3                       1.1   -0.8       T
  SNOW DEPTH       0

DEGREE DAYS
 HEATING
  YESTERDAY       11                        15     -4        2
  MONTH TO DATE  175                       179     -4      112
  SINCE SEP 1    307                       338    -31      175
  SINCE JUL 1    316                       369    -53      196

 COOLING
  YESTERDAY        0                         0      0        0
  MONTH TO DATE    0                         0      0        0
  SINCE SEP 1     91                        36     55       75
  SINCE JAN 1    639                       454    185      701
..................................................................


WIND (MPH)
  HIGHEST WIND SPEED    37   HIGHEST WIND DIRECTION     N (20)
  HIGHEST GUST SPEED    45   HIGHEST GUST DIRECTION    NE (30)
  AVERAGE WIND SPEED    14.7


SKY COVER
  POSSIBLE SUNSHINE  MM
  AVERAGE SKY COVER 0.1


WEATHER CONDITIONS
 THE FOLLOWING WEATHER WAS RECORDED YESTERDAY.
  NO SIGNIFICANT WEATHER WAS OBSERVED.


RELATIVE HUMIDITY (PERCENT)
 HIGHEST    89          1200 AM
 LOWEST     16          1100 AM
 AVERAGE    53

..........................................................


THE COLORADO SPRINGS CO CLIMATE NORMALS FOR TODAY
                         NORMAL    RECORD    YEAR
 MAXIMUM TEMPERATURE (F)   63        86      2016
 MINIMUM TEMPERATURE (F)   36        20      1952


SUNRISE AND SUNSET
OCTOBER 15 2017.......SUNRISE   708 AM MDT   SUNSET   620 PM MDT
OCTOBER 16 2017.......SUNRISE   709 AM MDT   SUNSET   619 PM MDT


-  INDICATES NEGATIVE NUMBERS.
R  INDICATES RECORD WAS SET OR TIED.
MM INDICATES DATA IS MISSING.
T  INDICATES TRACE AMOUNT.




$$
