000
CDUS45 KPUB 081043
CLICOS


CLIMATE REPORT
NATIONAL WEATHER SERVICE PUEBLO
443 AM MDT TUE AUG 8 2017


...................................

...THE COLORADO SPRINGS CO CLIMATE SUMMARY FOR AUGUST 7 2017...

CLIMATE NORMAL PERIOD 1981 TO 2010
CLIMATE RECORD PERIOD 1872 TO 2017


WEATHER ITEM   OBSERVED TIME   RECORD YEAR NORMAL DEPARTURE LAST
                VALUE   (LST)  VALUE       VALUE  FROM      YEAR
                                                  NORMAL
..................................................................
TEMPERATURE (F)
 YESTERDAY
  MAXIMUM         63    537 PM  97    1980  83    -20       83
  MINIMUM         56    954 AM  45    1954  57     -1       57
  AVERAGE         60                        70    -10       70

PRECIPITATION (IN)
  YESTERDAY        0.78          1.10 1903   0.13   0.65     0.06
  MONTH TO DATE    1.63                      0.85   0.78     0.36
  SINCE JUN 1      8.36                      6.19   2.17     4.44
  SINCE JAN 1     14.48                     11.30   3.18    11.37

SNOWFALL (IN)
  YESTERDAY        0.0           0.0  2014   0.0    0.0      0.0
                                      2004
  MONTH TO DATE    0.0                       0.0    0.0      0.0
  SINCE JUN 1      T                         0.0    0.0       T
  SINCE JUL 1      T                         0.0    0.0       T
  SNOW DEPTH       0

DEGREE DAYS
 HEATING
  YESTERDAY        5                         0      5        0
  MONTH TO DATE    6                         0      6        0
  SINCE JUN 1     27                        89    -62        8
  SINCE JUL 1      6                        10     -4        0

 COOLING
  YESTERDAY        0                         5     -5        5
  MONTH TO DATE   18                        38    -20       48
  SINCE JUN 1    443                       312    131      528
  SINCE JAN 1    445                       322    123      530
..................................................................


WIND (MPH)
  HIGHEST WIND SPEED    16   HIGHEST WIND DIRECTION     E (110)
  HIGHEST GUST SPEED    26   HIGHEST GUST DIRECTION     N (360)
  AVERAGE WIND SPEED     7.8


SKY COVER
  POSSIBLE SUNSHINE  MM
  AVERAGE SKY COVER 0.9


WEATHER CONDITIONS
 THE FOLLOWING WEATHER WAS RECORDED YESTERDAY.
  HEAVY RAIN
  RAIN
  LIGHT RAIN
  FOG
  HAZE


RELATIVE HUMIDITY (PERCENT)
 HIGHEST   100          1000 AM
 LOWEST     72           100 AM
 AVERAGE    86

..........................................................


THE COLORADO SPRINGS CO CLIMATE NORMALS FOR TODAY
                         NORMAL    RECORD    YEAR
 MAXIMUM TEMPERATURE (F)   83        96      1969
 MINIMUM TEMPERATURE (F)   57        43      1912


SUNRISE AND SUNSET
AUGUST  8 2017........SUNRISE   607 AM MDT   SUNSET   802 PM MDT
AUGUST  9 2017........SUNRISE   607 AM MDT   SUNSET   801 PM MDT


-  INDICATES NEGATIVE NUMBERS.
R  INDICATES RECORD WAS SET OR TIED.
MM INDICATES DATA IS MISSING.
T  INDICATES TRACE AMOUNT.




$$
