000
CDUS45 KPUB 261141
CLICOS


CLIMATE REPORT
NATIONAL WEATHER SERVICE PUEBLO
441 AM MST THU FEB 26 2015


...................................

...THE COLORADO SPRINGS CO CLIMATE SUMMARY FOR FEBRUARY 25 2015...

CLIMATE NORMAL PERIOD 1981 TO 2010
CLIMATE RECORD PERIOD 1872 TO 2015


WEATHER ITEM   OBSERVED TIME   RECORD YEAR NORMAL DEPARTURE LAST
                VALUE   (LST)  VALUE       VALUE  FROM      YEAR
                                                  NORMAL
..................................................................
TEMPERATURE (F)
 YESTERDAY
  MAXIMUM         43   1136 AM  71    1986  47     -4       51
  MINIMUM         17    102 AM  -4    1960  21     -4       13
  AVERAGE         30                        34     -4       32

PRECIPITATION (IN)
  YESTERDAY        0.01          0.50 1947   0.02  -0.01      T
  MONTH TO DATE    1.26                      0.29   0.97     0.22
  SINCE DEC 1      2.29                      0.95   1.34     0.96
  SINCE JAN 1      2.13                      0.61   1.52     0.89

SNOWFALL (IN)
  YESTERDAY        0.1           5.5  1947   0.2   -0.1       T
  MONTH TO DATE   13.3                       4.4    8.9      3.4
  SINCE DEC 1     30.5                      15.7   14.8     19.9
  SINCE JUL 1     37.6                      23.5   14.1     24.1
  SNOW DEPTH       3

DEGREE DAYS
 HEATING
  YESTERDAY       35                        31      4       33
  MONTH TO DATE  713                       827   -114      869
  SINCE DEC 1   2732                      2989   -257     3044
  SINCE JUL 1   4057                      4470   -413     4405

 COOLING
  YESTERDAY        0                         0      0        0
  MONTH TO DATE    0                         0      0        0
  SINCE DEC 1      0                         0      0        0
  SINCE JAN 1      0                         0      0        0
..................................................................


WIND (MPH)
  HIGHEST WIND SPEED    28   HIGHEST WIND DIRECTION     N (20)
  HIGHEST GUST SPEED    34   HIGHEST GUST DIRECTION     N (20)
  AVERAGE WIND SPEED    13.2


SKY COVER
  POSSIBLE SUNSHINE  MM
  AVERAGE SKY COVER 0.8


WEATHER CONDITIONS
 THE FOLLOWING WEATHER WAS RECORDED YESTERDAY.
  LIGHT SNOW
  FOG


RELATIVE HUMIDITY (PERCENT)
 HIGHEST    75           500 PM
 LOWEST     39          1000 AM
 AVERAGE    57

..........................................................


THE COLORADO SPRINGS CO CLIMATE NORMALS FOR TODAY
                         NORMAL    RECORD    YEAR
 MAXIMUM TEMPERATURE (F)   47        72      1986
 MINIMUM TEMPERATURE (F)   22        -5      1964
                                             1962


SUNRISE AND SUNSET
FEBRUARY 26 2015......SUNRISE   636 AM MST   SUNSET   548 PM MST
FEBRUARY 27 2015......SUNRISE   634 AM MST   SUNSET   549 PM MST


-  INDICATES NEGATIVE NUMBERS.
R  INDICATES RECORD WAS SET OR TIED.
MM INDICATES DATA IS MISSING.
T  INDICATES TRACE AMOUNT.




$$
