000
CDUS45 KPUB 271132
CLICOS


CLIMATE REPORT
NATIONAL WEATHER SERVICE PUEBLO
431 AM MST SUN NOV 27 2016


...................................

...THE COLORADO SPRINGS CO CLIMATE SUMMARY FOR NOVEMBER 26 2016...

CLIMATE NORMAL PERIOD 1981 TO 2010
CLIMATE RECORD PERIOD 1872 TO 2016


WEATHER ITEM   OBSERVED TIME   RECORD YEAR NORMAL DEPARTURE LAST
                VALUE   (LST)  VALUE       VALUE  FROM      YEAR
                                                  NORMAL
..................................................................
TEMPERATURE (F)
 YESTERDAY
  MAXIMUM         60    109 PM  70    1950  46     14       27
  MINIMUM         25    211 AM  -4    1952  21      4       16
  AVERAGE         43                        34      9       22

PRECIPITATION (IN)
  YESTERDAY        0.00          0.39 1987   0.01  -0.01     0.04
  MONTH TO DATE    0.07                      0.35  -0.28     0.38
  SINCE SEP 1      0.23                      2.36  -2.13     2.08
  SINCE JAN 1     13.67                     16.15  -2.48    24.90

SNOWFALL (IN)
  YESTERDAY        0.0           4.7  1987   0.2   -0.2      0.4
  MONTH TO DATE    T                         3.9   -3.9      3.7
  SINCE SEP 1      T                         7.0   -7.0      3.7
  SINCE JUL 1      T                         7.0   -7.0      3.7
  SNOW DEPTH       0

DEGREE DAYS
 HEATING
  YESTERDAY       22                        31     -9       43
  MONTH TO DATE  472                       677   -205      584
  SINCE SEP 1    755                      1320   -565      898
  SINCE JUL 1    776                      1351   -575      917

 COOLING
  YESTERDAY        0                         0      0        0
  MONTH TO DATE    0                         0      0        0
  SINCE SEP 1     84                        37     47      102
  SINCE JAN 1    710                       455    255      617
..................................................................


WIND (MPH)
  HIGHEST WIND SPEED    16   HIGHEST WIND DIRECTION     N (10)
  HIGHEST GUST SPEED    18   HIGHEST GUST DIRECTION     S (160)
  AVERAGE WIND SPEED     7.4


SKY COVER
  POSSIBLE SUNSHINE  MM
  AVERAGE SKY COVER 0.4


WEATHER CONDITIONS
 THE FOLLOWING WEATHER WAS RECORDED YESTERDAY.
  NO SIGNIFICANT WEATHER WAS OBSERVED.


RELATIVE HUMIDITY (PERCENT)
 HIGHEST    42          1200 AM
 LOWEST      4          1100 AM
 AVERAGE    23

..........................................................


THE COLORADO SPRINGS CO CLIMATE NORMALS FOR TODAY
                         NORMAL    RECORD    YEAR
 MAXIMUM TEMPERATURE (F)   46        72      1998
 MINIMUM TEMPERATURE (F)   21       -10      1896


SUNRISE AND SUNSET
NOVEMBER 27 2016......SUNRISE   655 AM MST   SUNSET   438 PM MST
NOVEMBER 28 2016......SUNRISE   656 AM MST   SUNSET   438 PM MST


-  INDICATES NEGATIVE NUMBERS.
R  INDICATES RECORD WAS SET OR TIED.
MM INDICATES DATA IS MISSING.
T  INDICATES TRACE AMOUNT.




$$
