000
CDUS45 KPUB 090021
CLICOS


CLIMATE REPORT
NATIONAL WEATHER SERVICE PUEBLO
521 PM MST WED FEB 8 2017


...................................

...THE COLORADO SPRINGS CO CLIMATE SUMMARY FOR FEBRUARY 8 2017...
VALID TODAY AS OF 0500 PM LOCAL TIME.

CLIMATE NORMAL PERIOD 1981 TO 2010
CLIMATE RECORD PERIOD 1872 TO 2017


WEATHER ITEM   OBSERVED TIME   RECORD YEAR NORMAL DEPARTURE LAST
                VALUE   (LST)  VALUE       VALUE  FROM      YEAR
                                                  NORMAL
..................................................................
TEMPERATURE (F)
 TODAY
  MAXIMUM         59    240 PM  70    1954  44     15       38
  MINIMUM         43    302 AM -20    1933  18     25       20
  AVERAGE         51                        31     20       29

PRECIPITATION (IN)
  TODAY            0.00          0.24 1927   0.01  -0.01     0.00
  MONTH TO DATE    0.03                      0.08  -0.05     1.00
  SINCE DEC 1      1.03                      0.74   0.29     1.79
  SINCE JAN 1      0.35                      0.40  -0.05     1.54

SNOWFALL (IN)
  TODAY            0.0           2.4  2001   0.2   -0.2      0.0
  MONTH TO DATE    0.3                       1.4   -1.1     10.1
  SINCE DEC 1     13.0                      12.7    0.3     21.3
  SINCE JUL 1     13.0                      20.5   -7.5     27.1
  SNOW DEPTH       0

DEGREE DAYS
 HEATING
  TODAY           14                        34    -20       36
  MONTH TO DATE  217                       272    -55      344
  SINCE DEC 1   2368                      2434    -66     2338
  SINCE JUL 1   3271                      3915   -644     3441

 COOLING
  TODAY            0                         0      0        0
  MONTH TO DATE    0                         0      0        0
  SINCE DEC 1      0                         0      0        0
  SINCE JAN 1      0                         0      0        0
..................................................................


WIND (MPH)
  HIGHEST WIND SPEED    32   HIGHEST WIND DIRECTION    NW (330)
  HIGHEST GUST SPEED    43   HIGHEST GUST DIRECTION    NW (330)
  AVERAGE WIND SPEED    19.8


SKY COVER
  POSSIBLE SUNSHINE  MM
  AVERAGE SKY COVER 0.5


WEATHER CONDITIONS
 THE FOLLOWING WEATHER WAS RECORDED TODAY.
  NO SIGNIFICANT WEATHER WAS OBSERVED.


RELATIVE HUMIDITY (PERCENT)
 HIGHEST    45           200 AM
 LOWEST     14           200 PM
 AVERAGE    30

..........................................................


THE COLORADO SPRINGS CO CLIMATE NORMALS FOR TOMORROW
                         NORMAL    RECORD    YEAR
 MAXIMUM TEMPERATURE (F)   44        71      1996
 MINIMUM TEMPERATURE (F)   19       -22      1933


SUNRISE AND SUNSET
FEBRUARY  8 2017......SUNRISE   658 AM MST   SUNSET   529 PM MST
FEBRUARY  9 2017......SUNRISE   657 AM MST   SUNSET   530 PM MST


-  INDICATES NEGATIVE NUMBERS.
R  INDICATES RECORD WAS SET OR TIED.
MM INDICATES DATA IS MISSING.
T  INDICATES TRACE AMOUNT.




$$
