000
CDUS45 KPUB 221044
CLICOS


CLIMATE REPORT
NATIONAL WEATHER SERVICE PUEBLO
444 AM MDT FRI AUG 22 2014


...................................

...THE COLORADO SPRINGS CO CLIMATE SUMMARY FOR AUGUST 21 2014...

CLIMATE NORMAL PERIOD 1981 TO 2010
CLIMATE RECORD PERIOD 1872 TO 2014


WEATHER ITEM   OBSERVED TIME   RECORD YEAR NORMAL DEPARTURE LAST
                VALUE   (LST)  VALUE       VALUE  FROM      YEAR
                                                  NORMAL
..................................................................
TEMPERATURE (F)
 YESTERDAY
  MAXIMUM         84    409 PM  94    2007  81      3       90
                                      2003
  MINIMUM         59    457 AM  42    1938  55      4       64
  AVERAGE         72                        68      4       77

PRECIPITATION (IN)
  YESTERDAY        T             1.15 1923   0.09  -0.09      T
  MONTH TO DATE    1.67                      2.46  -0.79     3.25
  SINCE JUN 1      7.59                      7.80  -0.21     8.46
  SINCE JAN 1     12.38                     12.91  -0.53    11.19

SNOWFALL (IN)
  YESTERDAY        0.0           0.0  2002   0.0    0.0      0.0
  MONTH TO DATE    0.0                       0.0    0.0       T
  SINCE JUN 1      T                         0.0    0.0       T
  SINCE JUL 1      T                         0.0    0.0       T
  SNOW DEPTH       0

DEGREE DAYS
 HEATING
  YESTERDAY        0                         1     -1        0
  MONTH TO DATE    5                         6     -1        5
  SINCE JUN 1     67                        95    -28       35
  SINCE JUL 1     28                        16     12       10

 COOLING
  YESTERDAY        7                         4      3       12
  MONTH TO DATE   96                       101     -5      103
  SINCE JUN 1    394                       375     19      491
  SINCE JAN 1    407                       385     22      513
..................................................................


WIND (MPH)
  HIGHEST WIND SPEED    18   HIGHEST WIND DIRECTION     N (340)
  HIGHEST GUST SPEED    23   HIGHEST GUST DIRECTION     N (340)
  AVERAGE WIND SPEED     8.0


SKY COVER
  POSSIBLE SUNSHINE  MM
  AVERAGE SKY COVER 0.5


WEATHER CONDITIONS
 THE FOLLOWING WEATHER WAS RECORDED YESTERDAY.
  LIGHT RAIN


RELATIVE HUMIDITY (PERCENT)
 HIGHEST    67           500 AM
 LOWEST     20           400 PM
 AVERAGE    44

..........................................................


THE COLORADO SPRINGS CO CLIMATE NORMALS FOR TODAY
                         NORMAL    RECORD    YEAR
 MAXIMUM TEMPERATURE (F)   81        93      2011
 MINIMUM TEMPERATURE (F)   55        41      1920


SUNRISE AND SUNSET
AUGUST 22 2014........SUNRISE   619 AM MDT   SUNSET   744 PM MDT
AUGUST 23 2014........SUNRISE   620 AM MDT   SUNSET   742 PM MDT


-  INDICATES NEGATIVE NUMBERS.
R  INDICATES RECORD WAS SET OR TIED.
MM INDICATES DATA IS MISSING.
T  INDICATES TRACE AMOUNT.




$$
