000
CDUS45 KPUB 160026
CLICOS


CLIMATE REPORT
NATIONAL WEATHER SERVICE PUEBLO
626 PM MDT WED MAR 15 2017


...................................

...THE COLORADO SPRINGS CO CLIMATE SUMMARY FOR MARCH 15 2017...
VALID TODAY AS OF 0500 PM LOCAL TIME.

CLIMATE NORMAL PERIOD 1981 TO 2010
CLIMATE RECORD PERIOD 1872 TO 2017


WEATHER ITEM   OBSERVED TIME   RECORD YEAR NORMAL DEPARTURE LAST
                VALUE   (LST)  VALUE       VALUE  FROM      YEAR
                                                  NORMAL
..................................................................
TEMPERATURE (F)
 TODAY
  MAXIMUM         78R   340 PM  74    2015  52     26       49
  MINIMUM         32    131 AM   2    1956  26      6       31
  AVERAGE         55                        39     16       40

PRECIPITATION (IN)
  TODAY            0.00          1.28 1928   0.03  -0.03     0.00
  MONTH TO DATE    T                         0.43  -0.43      T
  SINCE MAR 1      T                         0.43  -0.43      T
  SINCE JAN 1      0.39                      1.09  -0.70     1.54

SNOWFALL (IN)
  TODAY            0.0          18.0  1928   0.3   -0.3      0.0
  MONTH TO DATE    0.0                       3.7   -3.7      0.0
  SINCE MAR 1      0.0                       3.7   -3.7      0.0
  SINCE JUL 1     13.4                      27.7  -14.3     27.1
  SNOW DEPTH       0

DEGREE DAYS
 HEATING
  TODAY           10                        26    -16       25
  MONTH TO DATE  315                       419   -104      278
  SINCE MAR 1    315                       419   -104      278
  SINCE JUL 1   4068                      4982   -914     4181

 COOLING
  TODAY            0                         0      0        0
  MONTH TO DATE    0                         0      0        0
  SINCE MAR 1      0                         0      0        0
  SINCE JAN 1      0                         0      0        0
..................................................................


WIND (MPH)
  HIGHEST WIND SPEED    25   HIGHEST WIND DIRECTION     W (270)
  HIGHEST GUST SPEED    30   HIGHEST GUST DIRECTION     W (260)
  AVERAGE WIND SPEED     9.5


SKY COVER
  POSSIBLE SUNSHINE  MM
  AVERAGE SKY COVER 0.4


WEATHER CONDITIONS
 THE FOLLOWING WEATHER WAS RECORDED TODAY.
  NO SIGNIFICANT WEATHER WAS OBSERVED.


RELATIVE HUMIDITY (PERCENT)
 HIGHEST    56           100 AM
 LOWEST      4           400 PM
 AVERAGE    30

..........................................................


THE COLORADO SPRINGS CO CLIMATE NORMALS FOR TOMORROW
                         NORMAL    RECORD    YEAR
 MAXIMUM TEMPERATURE (F)   52        80      2015
 MINIMUM TEMPERATURE (F)   26        -2      1906


SUNRISE AND SUNSET
MARCH 15 2017.........SUNRISE   710 AM MDT   SUNSET   706 PM MDT
MARCH 16 2017.........SUNRISE   708 AM MDT   SUNSET   707 PM MDT


-  INDICATES NEGATIVE NUMBERS.
R  INDICATES RECORD WAS SET OR TIED.
MM INDICATES DATA IS MISSING.
T  INDICATES TRACE AMOUNT.




$$
