000
CDUS45 KPUB 111151
CLICOS


CLIMATE REPORT
NATIONAL WEATHER SERVICE PUEBLO
451 AM MST WED JAN 11 2017


...................................

...THE COLORADO SPRINGS CO CLIMATE SUMMARY FOR JANUARY 10 2017...

CLIMATE NORMAL PERIOD 1981 TO 2010
CLIMATE RECORD PERIOD 1872 TO 2017


WEATHER ITEM   OBSERVED TIME   RECORD YEAR NORMAL DEPARTURE LAST
                VALUE   (LST)  VALUE       VALUE  FROM      YEAR
                                                  NORMAL
..................................................................
TEMPERATURE (F)
 YESTERDAY
  MAXIMUM         52    115 PM  70    1990  43      9       36
  MINIMUM         34   1039 PM -20    1962  18     16        6
  AVERAGE         43                        30     13       21

PRECIPITATION (IN)
  YESTERDAY        T             0.31 1963   0.01  -0.01     0.00
  MONTH TO DATE    0.19                      0.10   0.09     0.18
  SINCE DEC 1      0.87                      0.44   0.43     0.43
  SINCE JAN 1      0.19                      0.10   0.09     0.18

SNOWFALL (IN)
  YESTERDAY        0.0           2.3  1997   0.2   -0.2      0.0
                                      1963
  MONTH TO DATE    3.4                       1.8    1.6      2.7
  SINCE DEC 1      9.8                       7.5    2.3      7.0
  SINCE JUL 1      9.8                      15.3   -5.5     12.8
  SNOW DEPTH       0

DEGREE DAYS
 HEATING
  YESTERDAY       22                        35    -13       44
  MONTH TO DATE  404                       350     54      360
  SINCE DEC 1   1504                      1441     63     1361
  SINCE JUL 1   2407                      2922   -515     2464

 COOLING
  YESTERDAY        0                         0      0        0
  MONTH TO DATE    0                         0      0        0
  SINCE DEC 1      0                         0      0        0
  SINCE JAN 1      0                         0      0        0
..................................................................


WIND (MPH)
  HIGHEST WIND SPEED    45   HIGHEST WIND DIRECTION     W (260)
  HIGHEST GUST SPEED    58   HIGHEST GUST DIRECTION    NW (310)
  AVERAGE WIND SPEED    20.7


SKY COVER
  POSSIBLE SUNSHINE  MM
  AVERAGE SKY COVER 0.5


WEATHER CONDITIONS
 THE FOLLOWING WEATHER WAS RECORDED YESTERDAY.
  LIGHT RAIN


RELATIVE HUMIDITY (PERCENT)
 HIGHEST    70           200 AM
 LOWEST     19           100 PM
 AVERAGE    45

..........................................................


THE COLORADO SPRINGS CO CLIMATE NORMALS FOR TODAY
                         NORMAL    RECORD    YEAR
 MAXIMUM TEMPERATURE (F)   43        67      1953
 MINIMUM TEMPERATURE (F)   18       -18      1963


SUNRISE AND SUNSET
JANUARY 11 2017.......SUNRISE   717 AM MST   SUNSET   457 PM MST
JANUARY 12 2017.......SUNRISE   717 AM MST   SUNSET   458 PM MST


-  INDICATES NEGATIVE NUMBERS.
R  INDICATES RECORD WAS SET OR TIED.
MM INDICATES DATA IS MISSING.
T  INDICATES TRACE AMOUNT.




$$
