000
CDUS45 KPUB 180022
CLICOS


CLIMATE REPORT
NATIONAL WEATHER SERVICE PUEBLO
622 PM MDT FRI OCT 17 2014


...................................

...THE COLORADO SPRINGS CO CLIMATE SUMMARY FOR OCTOBER 17 2014...
VALID TODAY AS OF 0500 PM LOCAL TIME.

CLIMATE NORMAL PERIOD 1981 TO 2010
CLIMATE RECORD PERIOD 1872 TO 2014


WEATHER ITEM   OBSERVED TIME   RECORD YEAR NORMAL DEPARTURE LAST
                VALUE   (LST)  VALUE       VALUE  FROM      YEAR
                                                  NORMAL
..................................................................
TEMPERATURE (F)
 TODAY
  MAXIMUM         60    317 PM  83    1991  63     -3       54
  MINIMUM         37    629 AM  17    1948  35      2       30
  AVERAGE         49                        49      0       42

PRECIPITATION (IN)
  TODAY            0.00          0.65 1994   0.03  -0.03     0.00
  MONTH TO DATE    2.96                      0.48   2.48     0.29
  SINCE SEP 1      3.57                      1.67   1.90     5.09
  SINCE JAN 1     16.62                     15.46   1.16    18.75

SNOWFALL (IN)
  TODAY            0.0           1.5  2006   0.1   -0.1      0.0
  MONTH TO DATE    T                         1.2   -1.2       T
  SINCE SEP 1      T                         1.4   -1.4       T
  SINCE JUL 1      T                         1.4   -1.4       T
  SNOW DEPTH       0

DEGREE DAYS
 HEATING
  TODAY           16                        16      0       23
  MONTH TO DATE  192                       226    -34      237
  SINCE SEP 1    279                       385   -106      310
  SINCE JUL 1    309                       416   -107      320

 COOLING
  TODAY            0                         0      0        0
  MONTH TO DATE    0                         0      0        0
  SINCE SEP 1     60                        36     24       92
  SINCE JAN 1    487                       454     33      694
..................................................................


WIND (MPH)
  HIGHEST WIND SPEED    15   HIGHEST WIND DIRECTION     S (160)
  HIGHEST GUST SPEED    22   HIGHEST GUST DIRECTION     S (160)
  AVERAGE WIND SPEED     6.7


SKY COVER
  POSSIBLE SUNSHINE  MM
  AVERAGE SKY COVER 0.4


WEATHER CONDITIONS
 THE FOLLOWING WEATHER WAS RECORDED TODAY.
  NO SIGNIFICANT WEATHER WAS OBSERVED.


RELATIVE HUMIDITY (PERCENT)
 HIGHEST    70          1200 AM
 LOWEST     29          1000 AM
 AVERAGE    50

..........................................................


THE COLORADO SPRINGS CO CLIMATE NORMALS FOR TOMORROW
                         NORMAL    RECORD    YEAR
 MAXIMUM TEMPERATURE (F)   62        82      2009
 MINIMUM TEMPERATURE (F)   35        20      1996


SUNRISE AND SUNSET
OCTOBER 17 2014.......SUNRISE   710 AM MDT   SUNSET   618 PM MDT
OCTOBER 18 2014.......SUNRISE   711 AM MDT   SUNSET   616 PM MDT


-  INDICATES NEGATIVE NUMBERS.
R  INDICATES RECORD WAS SET OR TIED.
MM INDICATES DATA IS MISSING.
T  INDICATES TRACE AMOUNT.




$$
