000
CDUS45 KPUB 162331
CLICOS


CLIMATE REPORT
NATIONAL WEATHER SERVICE PUEBLO
527 PM MDT SAT SEP 16 2017


...................................

...THE COLORADO SPRINGS CO CLIMATE SUMMARY FOR SEPTEMBER 16 2017...
VALID TODAY AS OF 0500 PM LOCAL TIME.

CLIMATE NORMAL PERIOD 1981 TO 2010
CLIMATE RECORD PERIOD 1872 TO 2017


WEATHER ITEM   OBSERVED TIME   RECORD YEAR NORMAL DEPARTURE LAST
                VALUE   (LST)  VALUE       VALUE  FROM      YEAR
                                                  NORMAL
..................................................................
TEMPERATURE (F)
 TODAY
  MAXIMUM         73    238 PM  91    2000  75     -2       71
                                      1914
  MINIMUM         52    600 AM  29    1965  47      5       45
  AVERAGE         63                        61      2       58

PRECIPITATION (IN)
  TODAY            0.00          0.35 1897   0.04  -0.04     0.00
  MONTH TO DATE    0.17                      0.78  -0.61     0.05
  SINCE SEP 1      0.17                      0.78  -0.61     0.05
  SINCE JAN 1     15.45                     14.57   0.88    13.49

SNOWFALL (IN)
  TODAY            0.0           0.1  1971   0.0    0.0      0.0
  MONTH TO DATE    0.0                       0.0    0.0      0.0
  SINCE SEP 1      0.0                       0.0    0.0      0.0
  SINCE JUL 1      T                         0.0    0.0       T
  SNOW DEPTH       0

DEGREE DAYS
 HEATING
  TODAY            2                         5     -3        7
  MONTH TO DATE    8                        52    -44       24
  SINCE SEP 1      8                        52    -44       24
  SINCE JUL 1     17                        83    -66       45

 COOLING
  TODAY            0                         1     -1        0
  MONTH TO DATE   86                        29     57       44
  SINCE SEP 1     86                        29     57       44
  SINCE JAN 1    634                       447    187      670
..................................................................


WIND (MPH)
  HIGHEST WIND SPEED    24   HIGHEST WIND DIRECTION     N (360)
  HIGHEST GUST SPEED    28   HIGHEST GUST DIRECTION     N (10)
  AVERAGE WIND SPEED    11.4


SKY COVER
  POSSIBLE SUNSHINE  MM
  AVERAGE SKY COVER 0.6


WEATHER CONDITIONS
 THE FOLLOWING WEATHER WAS RECORDED TODAY.
  NO SIGNIFICANT WEATHER WAS OBSERVED.


RELATIVE HUMIDITY (PERCENT)
 HIGHEST    77           400 AM
 LOWEST     37           300 PM
 AVERAGE    57

..........................................................


THE COLORADO SPRINGS CO CLIMATE NORMALS FOR TOMORROW
                         NORMAL    RECORD    YEAR
 MAXIMUM TEMPERATURE (F)   74        95      1936
 MINIMUM TEMPERATURE (F)   47        26      1903


SUNRISE AND SUNSET
SEPTEMBER 16 2017.....SUNRISE   641 AM MDT   SUNSET   705 PM MDT
SEPTEMBER 17 2017.....SUNRISE   642 AM MDT   SUNSET   703 PM MDT


-  INDICATES NEGATIVE NUMBERS.
R  INDICATES RECORD WAS SET OR TIED.
MM INDICATES DATA IS MISSING.
T  INDICATES TRACE AMOUNT.




$$
