000
CDUS45 KPUB 181041
CLICOS


CLIMATE REPORT
NATIONAL WEATHER SERVICE PUEBLO
438 AM MDT WED MAY 18 2016


...................................

...THE COLORADO SPRINGS CO CLIMATE SUMMARY FOR MAY 17 2016...

CLIMATE NORMAL PERIOD 1981 TO 2010
CLIMATE RECORD PERIOD 1872 TO 2016


WEATHER ITEM   OBSERVED TIME   RECORD YEAR NORMAL DEPARTURE LAST
                VALUE   (LST)  VALUE       VALUE  FROM      YEAR
                                                  NORMAL
..................................................................
TEMPERATURE (F)
 YESTERDAY
  MAXIMUM         49   1237 PM  88    1970  69    -20       69
  MINIMUM         39    547 AM  23    1910  43     -4       41
  AVERAGE         44                        56    -12       55

PRECIPITATION (IN)
  YESTERDAY        0.19          1.85 1995   0.06   0.13     0.02
  MONTH TO DATE    1.03                      0.99   0.04     4.07
  SINCE MAR 1      4.04                      3.41   0.63     5.85
  SINCE JAN 1      5.58                      4.07   1.51     8.17

SNOWFALL (IN)
  YESTERDAY       MM             1.0  1930   0.0   MM        0.0
  MONTH TO DATE    T                         0.7   -0.7       T
  SINCE MAR 1     23.6                      13.7    9.9      5.6
  SINCE JUL 1     50.7                      37.7   13.0     46.5
  SNOW DEPTH       0

DEGREE DAYS
 HEATING
  YESTERDAY       21                         9     12       10
  MONTH TO DATE  223                       192     31      214
  SINCE MAR 1   1476                      1551    -75     1372
  SINCE JUL 1   5379                      6114   -735     5593

 COOLING
  YESTERDAY        0                         0      0        0
  MONTH TO DATE    0                         0      0        0
  SINCE MAR 1      0                         1     -1        0
  SINCE JAN 1      0                         1     -1        0
..................................................................


WIND (MPH)
  HIGHEST WIND SPEED    16   HIGHEST WIND DIRECTION    SE (150)
  HIGHEST GUST SPEED    20   HIGHEST GUST DIRECTION    SE (140)
  AVERAGE WIND SPEED     7.5


SKY COVER
  POSSIBLE SUNSHINE  MM
  AVERAGE SKY COVER 1.0


WEATHER CONDITIONS
 THE FOLLOWING WEATHER WAS RECORDED YESTERDAY.
  RAIN
  LIGHT RAIN
  FOG


RELATIVE HUMIDITY (PERCENT)
 HIGHEST   100           100 AM
 LOWEST     76           800 AM
 AVERAGE    88

..........................................................


THE COLORADO SPRINGS CO CLIMATE NORMALS FOR TODAY
                         NORMAL    RECORD    YEAR
 MAXIMUM TEMPERATURE (F)   70        91      1996
 MINIMUM TEMPERATURE (F)   43        30      1930
                                             1915


SUNRISE AND SUNSET
MAY 18 2016...........SUNRISE   544 AM MDT   SUNSET   808 PM MDT
MAY 19 2016...........SUNRISE   543 AM MDT   SUNSET   808 PM MDT


-  INDICATES NEGATIVE NUMBERS.
R  INDICATES RECORD WAS SET OR TIED.
MM INDICATES DATA IS MISSING.
T  INDICATES TRACE AMOUNT.




$$
