000
CDUS45 KPUB 241030
CLICOS


CLIMATE REPORT
NATIONAL WEATHER SERVICE PUEBLO
429 AM MDT SUN APR 24 2016


...................................

...THE COLORADO SPRINGS CO CLIMATE SUMMARY FOR APRIL 23 2016...

CLIMATE NORMAL PERIOD 1981 TO 2010
CLIMATE RECORD PERIOD 1872 TO 2016


WEATHER ITEM   OBSERVED TIME   RECORD YEAR NORMAL DEPARTURE LAST
                VALUE   (LST)  VALUE       VALUE  FROM      YEAR
                                                  NORMAL
..................................................................
TEMPERATURE (F)
 YESTERDAY
  MAXIMUM         78    332 PM  81    2006  62     16       70
                                      1989
  MINIMUM         44    150 AM  20    2013  35      9       36
                                      1995
                                      1909
  AVERAGE         61                        49     12       53

PRECIPITATION (IN)
  YESTERDAY        0.00          0.90 1997   0.06  -0.06      T
  MONTH TO DATE    1.16                      1.01   0.15     0.74
  SINCE MAR 1      1.89                      2.01  -0.12     1.55
  SINCE JAN 1      3.43                      2.67   0.76     3.87

SNOWFALL (IN)
  YESTERDAY        0.0           5.0  1999   0.1   -0.1      0.0
  MONTH TO DATE    5.1                       4.0    1.1      1.7
  SINCE MAR 1     15.6                      12.1    3.5      5.6
  SINCE JUL 1     42.7                      36.1    6.6     46.5
  SNOW DEPTH       0

DEGREE DAYS
 HEATING
  YESTERDAY        4                        16    -12       12
  MONTH TO DATE  390                       448    -58      386
  SINCE MAR 1   1100                      1253   -153     1055
  SINCE JUL 1   5003                      5816   -813     5276

 COOLING
  YESTERDAY        0                         0      0        0
  MONTH TO DATE    0                         0      0        0
  SINCE MAR 1      0                         0      0        0
  SINCE JAN 1      0                         0      0        0
..................................................................


WIND (MPH)
  HIGHEST WIND SPEED    37   HIGHEST WIND DIRECTION    SW (220)
  HIGHEST GUST SPEED    45   HIGHEST GUST DIRECTION    SW (230)
  AVERAGE WIND SPEED    16.0


SKY COVER
  POSSIBLE SUNSHINE  MM
  AVERAGE SKY COVER 0.7


WEATHER CONDITIONS
 THE FOLLOWING WEATHER WAS RECORDED YESTERDAY.
  NO SIGNIFICANT WEATHER WAS OBSERVED.


RELATIVE HUMIDITY (PERCENT)
 HIGHEST    76           100 AM
 LOWEST     11           400 PM
 AVERAGE    44

..........................................................


THE COLORADO SPRINGS CO CLIMATE NORMALS FOR TODAY
                         NORMAL    RECORD    YEAR
 MAXIMUM TEMPERATURE (F)   62        84      2012
                                             1996
 MINIMUM TEMPERATURE (F)   36        18      2013


SUNRISE AND SUNSET
APRIL 24 2016.........SUNRISE   609 AM MDT   SUNSET   745 PM MDT
APRIL 25 2016.........SUNRISE   608 AM MDT   SUNSET   746 PM MDT


-  INDICATES NEGATIVE NUMBERS.
R  INDICATES RECORD WAS SET OR TIED.
MM INDICATES DATA IS MISSING.
T  INDICATES TRACE AMOUNT.




$$
