000
CDUS45 KPUB 060021
CLICOS


CLIMATE REPORT
NATIONAL WEATHER SERVICE PUEBLO
621 PM MDT SUN JUL 5 2015


...................................

...THE COLORADO SPRINGS CO CLIMATE SUMMARY FOR JULY 5 2015...
VALID TODAY AS OF 0500 PM LOCAL TIME.

CLIMATE NORMAL PERIOD 1981 TO 2010
CLIMATE RECORD PERIOD 1872 TO 2015


WEATHER ITEM   OBSERVED TIME   RECORD YEAR NORMAL DEPARTURE LAST
                VALUE   (LST)  VALUE       VALUE  FROM      YEAR
                                                  NORMAL
..................................................................
TEMPERATURE (F)
 TODAY
  MAXIMUM         88    342 PM  97    2008  85      3       92
                                      1989
                                      1985
  MINIMUM         59    508 AM  41    1903  56      3       56
                                      1900
  AVERAGE         74                        70      4       74

PRECIPITATION (IN)
  TODAY            0.00          1.24 1977   0.08  -0.08     0.00
  MONTH TO DATE    0.41                      0.36   0.05     0.56
  SINCE JUN 1      6.13                      2.86   3.27     1.85
  SINCE JAN 1     18.36                      7.97  10.39     6.64

SNOWFALL (IN)
  TODAY            0.0           0.0  2002   0.0    0.0      0.0
                                      2001
  MONTH TO DATE    0.0                       0.0    0.0       T
  SINCE JUN 1      T                         0.0    0.0       T
  SINCE JUL 1      0.0                       0.0    0.0       T
  SNOW DEPTH       0

DEGREE DAYS
 HEATING
  TODAY            0                         0      0        0
  MONTH TO DATE    0                         3     -3        4
  SINCE JUN 1     10                        82    -72       43
  SINCE JUL 1      0                         3     -3        4

 COOLING
  TODAY            9                         6      3        9
  MONTH TO DATE   32                        28      4       24
  SINCE JUN 1    154                       111     43      128
  SINCE JAN 1    154                       121     33      141
..................................................................


WIND (MPH)
  HIGHEST WIND SPEED    10   HIGHEST WIND DIRECTION     S (200)
  HIGHEST GUST SPEED    14   HIGHEST GUST DIRECTION     S (180)
  AVERAGE WIND SPEED     5.7


SKY COVER
  POSSIBLE SUNSHINE  MM
  AVERAGE SKY COVER 0.7


WEATHER CONDITIONS
 THE FOLLOWING WEATHER WAS RECORDED TODAY.
  NO SIGNIFICANT WEATHER WAS OBSERVED.


RELATIVE HUMIDITY (PERCENT)
 HIGHEST    69           500 AM
 LOWEST     27           200 PM
 AVERAGE    48

..........................................................


THE COLORADO SPRINGS CO CLIMATE NORMALS FOR TOMORROW
                         NORMAL    RECORD    YEAR
 MAXIMUM TEMPERATURE (F)   85        98      1964
 MINIMUM TEMPERATURE (F)   56        40      1902


SUNRISE AND SUNSET
JULY  5 2015..........SUNRISE   539 AM MDT   SUNSET   827 PM MDT
JULY  6 2015..........SUNRISE   540 AM MDT   SUNSET   827 PM MDT


-  INDICATES NEGATIVE NUMBERS.
R  INDICATES RECORD WAS SET OR TIED.
MM INDICATES DATA IS MISSING.
T  INDICATES TRACE AMOUNT.




$$
