000
CDUS45 KPUB 111123
CLICOS


CLIMATE REPORT
NATIONAL WEATHER SERVICE PUEBLO
423 AM MST THU FEB 11 2016


...................................

...THE COLORADO SPRINGS CO CLIMATE SUMMARY FOR FEBRUARY 10 2016...

CLIMATE NORMAL PERIOD 1981 TO 2010
CLIMATE RECORD PERIOD 1872 TO 2016


WEATHER ITEM   OBSERVED TIME   RECORD YEAR NORMAL DEPARTURE LAST
                VALUE   (LST)  VALUE       VALUE  FROM      YEAR
                                                  NORMAL
..................................................................
TEMPERATURE (F)
 YESTERDAY
  MAXIMUM         64    247 PM  70    1962  44     20       61
  MINIMUM         28   1212 AM -18    1933  19      9       36
  AVERAGE         46                        31     15       49

PRECIPITATION (IN)
  YESTERDAY        0.00          1.67 1934   0.01  -0.01     0.29
  MONTH TO DATE    1.00                      0.10   0.90     0.29
  SINCE DEC 1      1.79                      0.76   1.03     1.32
  SINCE JAN 1      1.54                      0.42   1.12     1.16

SNOWFALL (IN)
  YESTERDAY        0.0          16.2  1934   0.2   -0.2       T
  MONTH TO DATE   10.3                       1.8    8.5       T
  SINCE DEC 1     20.6                      13.1    7.5     17.2
  SINCE JUL 1     26.4                      20.9    5.5     24.3
  SNOW DEPTH       3

DEGREE DAYS
 HEATING
  YESTERDAY       19                        34    -15       16
  MONTH TO DATE  395                       340     55      208
  SINCE DEC 1   2389                      2502   -113     2227
  SINCE JUL 1   3492                      3983   -491     3552

 COOLING
  YESTERDAY        0                         0      0        0
  MONTH TO DATE    0                         0      0        0
  SINCE DEC 1      0                         0      0        0
  SINCE JAN 1      0                         0      0        0
..................................................................


WIND (MPH)
  HIGHEST WIND SPEED    22   HIGHEST WIND DIRECTION    NW (310)
  HIGHEST GUST SPEED    29   HIGHEST GUST DIRECTION    NW (310)
  AVERAGE WIND SPEED    11.3


SKY COVER
  POSSIBLE SUNSHINE  MM
  AVERAGE SKY COVER 0.3


WEATHER CONDITIONS
 THE FOLLOWING WEATHER WAS RECORDED YESTERDAY.
  NO SIGNIFICANT WEATHER WAS OBSERVED.


RELATIVE HUMIDITY (PERCENT)
 HIGHEST    58          1200 AM
 LOWEST      7          1200 PM
 AVERAGE    33

..........................................................


THE COLORADO SPRINGS CO CLIMATE NORMALS FOR TODAY
                         NORMAL    RECORD    YEAR
 MAXIMUM TEMPERATURE (F)   44        72      1951
 MINIMUM TEMPERATURE (F)   19       -19      1899


SUNRISE AND SUNSET
FEBRUARY 11 2016......SUNRISE   655 AM MST   SUNSET   531 PM MST
FEBRUARY 12 2016......SUNRISE   654 AM MST   SUNSET   533 PM MST


-  INDICATES NEGATIVE NUMBERS.
R  INDICATES RECORD WAS SET OR TIED.
MM INDICATES DATA IS MISSING.
T  INDICATES TRACE AMOUNT.




$$
