000
CDUS45 KPUB 271034
CLICOS


CLIMATE REPORT
NATIONAL WEATHER SERVICE PUEBLO
433 AM MDT THU JUL 27 2017


...................................

...THE COLORADO SPRINGS CO CLIMATE SUMMARY FOR JULY 26 2017...

CLIMATE NORMAL PERIOD 1981 TO 2010
CLIMATE RECORD PERIOD 1872 TO 2017


WEATHER ITEM   OBSERVED TIME   RECORD YEAR NORMAL DEPARTURE LAST
                VALUE   (LST)  VALUE       VALUE  FROM      YEAR
                                                  NORMAL
..................................................................
TEMPERATURE (F)
 YESTERDAY
  MAXIMUM         84    155 PM  97    1953  84      0       86
  MINIMUM         63    956 PM  46    1913  58      5       58
                                      1900
  AVERAGE         74                        71      3       72

PRECIPITATION (IN)
  YESTERDAY        1.66R         1.36 1955   0.11   1.55     0.00
  MONTH TO DATE    4.45                      2.30   2.15     1.86
  SINCE JUN 1      4.95                      4.80   0.15     2.90
  SINCE JAN 1     11.07                      9.91   1.16     9.83

SNOWFALL (IN)
  YESTERDAY        0.0           0.0  2015   0.0    0.0      0.0
                                      2002
  MONTH TO DATE    T                         0.0    0.0       T
  SINCE JUN 1      T                         0.0    0.0       T
  SINCE JUL 1      T                         0.0    0.0       T
  SNOW DEPTH       0

DEGREE DAYS
 HEATING
  YESTERDAY        0                         0      0        0
  MONTH TO DATE    0                         3     -3        0
  SINCE JUN 1     21                        82    -61        8
  SINCE JUL 1      0                         3     -3        0

 COOLING
  YESTERDAY        9                         6      3        7
  MONTH TO DATE  238                       159     79      256
  SINCE JUN 1    395                       242    153      437
  SINCE JAN 1    397                       252    145      439
..................................................................


WIND (MPH)
  HIGHEST WIND SPEED    29   HIGHEST WIND DIRECTION     N (10)
  HIGHEST GUST SPEED    35   HIGHEST GUST DIRECTION     N (10)
  AVERAGE WIND SPEED     9.0


SKY COVER
  POSSIBLE SUNSHINE  MM
  AVERAGE SKY COVER 0.7


WEATHER CONDITIONS
 THE FOLLOWING WEATHER WAS RECORDED YESTERDAY.
  THUNDERSTORM
  HEAVY RAIN
  RAIN
  LIGHT RAIN
  FOG


RELATIVE HUMIDITY (PERCENT)
 HIGHEST    93           800 PM
 LOWEST     45          1100 AM
 AVERAGE    69

..........................................................


THE COLORADO SPRINGS CO CLIMATE NORMALS FOR TODAY
                         NORMAL    RECORD    YEAR
 MAXIMUM TEMPERATURE (F)   84        97      1960
 MINIMUM TEMPERATURE (F)   58        46      1909


SUNRISE AND SUNSET
JULY 27 2017..........SUNRISE   556 AM MDT   SUNSET   814 PM MDT
JULY 28 2017..........SUNRISE   557 AM MDT   SUNSET   813 PM MDT


-  INDICATES NEGATIVE NUMBERS.
R  INDICATES RECORD WAS SET OR TIED.
MM INDICATES DATA IS MISSING.
T  INDICATES TRACE AMOUNT.




$$
