000
CDUS45 KPUB 251032
CLICOS


CLIMATE REPORT
NATIONAL WEATHER SERVICE PUEBLO
432 AM MDT THU MAY 25 2017


...................................

...THE COLORADO SPRINGS CO CLIMATE SUMMARY FOR MAY 24 2017...

CLIMATE NORMAL PERIOD 1981 TO 2010
CLIMATE RECORD PERIOD 1872 TO 2017


WEATHER ITEM   OBSERVED TIME   RECORD YEAR NORMAL DEPARTURE LAST
                VALUE   (LST)  VALUE       VALUE  FROM      YEAR
                                                  NORMAL
..................................................................
TEMPERATURE (F)
 YESTERDAY
  MAXIMUM         82    307 PM  93    1984  71     11       75
  MINIMUM         39    503 AM  31    1943  45     -6       47
  AVERAGE         61                        58      3       61

PRECIPITATION (IN)
  YESTERDAY        0.00          1.76 1908   0.08  -0.08     0.00
  MONTH TO DATE    2.54                      1.48   1.06     1.03
  SINCE MAR 1      5.12                      3.90   1.22     4.04
  SINCE JAN 1      5.51                      4.56   0.95     5.58

SNOWFALL (IN)
  YESTERDAY        0.0           T    2012   0.0    0.0      0.0
                                      2002
                                      1950
  MONTH TO DATE    0.1                       0.7   -0.6       T
  SINCE MAR 1     11.8                      13.7   -1.9     23.6
  SINCE JUL 1     25.2                      37.7  -12.5     50.7
  SNOW DEPTH       0

DEGREE DAYS
 HEATING
  YESTERDAY        4                         7     -3        4
  MONTH TO DATE  239                       247     -8      270
  SINCE MAR 1   1280                      1606   -326     1523
  SINCE JUL 1   5033                      6169  -1136     5426

 COOLING
  YESTERDAY        0                         0      0        0
  MONTH TO DATE    0                         0      0        2
  SINCE MAR 1      0                         1     -1        2
  SINCE JAN 1      0                         1     -1        2
..................................................................


WIND (MPH)
  HIGHEST WIND SPEED    20   HIGHEST WIND DIRECTION     S (170)
  HIGHEST GUST SPEED    24   HIGHEST GUST DIRECTION     S (170)
  AVERAGE WIND SPEED     7.3


SKY COVER
  POSSIBLE SUNSHINE  MM
  AVERAGE SKY COVER 0.2


WEATHER CONDITIONS
 THE FOLLOWING WEATHER WAS RECORDED YESTERDAY.
  NO SIGNIFICANT WEATHER WAS OBSERVED.


RELATIVE HUMIDITY (PERCENT)
 HIGHEST    76           400 AM
 LOWEST     16           700 PM
 AVERAGE    46

..........................................................


THE COLORADO SPRINGS CO CLIMATE NORMALS FOR TODAY
                         NORMAL    RECORD    YEAR
 MAXIMUM TEMPERATURE (F)   72        92      1964
 MINIMUM TEMPERATURE (F)   45        30      1950


SUNRISE AND SUNSET
MAY 25 2017...........SUNRISE   539 AM MDT   SUNSET   813 PM MDT
MAY 26 2017...........SUNRISE   538 AM MDT   SUNSET   814 PM MDT


-  INDICATES NEGATIVE NUMBERS.
R  INDICATES RECORD WAS SET OR TIED.
MM INDICATES DATA IS MISSING.
T  INDICATES TRACE AMOUNT.




$$
