000
CDUS45 KPUB 280029
CLICOS


CLIMATE REPORT
NATIONAL WEATHER SERVICE PUEBLO
529 PM MST SAT DEC 27 2014


...................................

...THE COLORADO SPRINGS CO CLIMATE SUMMARY FOR DECEMBER 27 2014...
VALID TODAY AS OF 0500 PM LOCAL TIME.

CLIMATE NORMAL PERIOD 1981 TO 2010
CLIMATE RECORD PERIOD 1872 TO 2014


WEATHER ITEM   OBSERVED TIME   RECORD YEAR NORMAL DEPARTURE LAST
                VALUE   (LST)  VALUE       VALUE  FROM      YEAR
                                                  NORMAL
..................................................................
TEMPERATURE (F)
 TODAY
  MAXIMUM         28    300 PM  65    1980  42    -14       57
                                      1955
  MINIMUM          5    443 AM  -8    1894  17    -12       19
  AVERAGE         17                        30    -13       38

PRECIPITATION (IN)
  TODAY            T             0.58 1979   0.01  -0.01     0.00
  MONTH TO DATE    0.10                      0.31  -0.21     0.07
  SINCE DEC 1      0.10                      0.31  -0.21     0.07
  SINCE JAN 1     16.98                     16.51   0.47    19.22

SNOWFALL (IN)
  TODAY            T             9.1  1979   0.2   -0.2      0.0
  MONTH TO DATE    1.4                       5.1   -3.7      2.9
  SINCE DEC 1      1.4                       5.1   -3.7      2.9
  SINCE JUL 1      8.5                      12.9   -4.4      7.1
  SNOW DEPTH       T

DEGREE DAYS
 HEATING
  TODAY           48                        35     13       27
  MONTH TO DATE  820                       953   -133      977
  SINCE DEC 1    820                       953   -133      977
  SINCE JUL 1   2145                      2434   -289     2338

 COOLING
  TODAY            0                         0      0        0
  MONTH TO DATE    0                         0      0        0
  SINCE DEC 1      0                         0      0        0
  SINCE JAN 1    487                       455     32      694
..................................................................


WIND (MPH)
  HIGHEST WIND SPEED    15   HIGHEST WIND DIRECTION     S (170)
  HIGHEST GUST SPEED    19   HIGHEST GUST DIRECTION     S (200)
  AVERAGE WIND SPEED     6.4


SKY COVER
  POSSIBLE SUNSHINE  MM
  AVERAGE SKY COVER 0.3


WEATHER CONDITIONS
 THE FOLLOWING WEATHER WAS RECORDED TODAY.
  LIGHT SNOW
  FOG


RELATIVE HUMIDITY (PERCENT)
 HIGHEST    96           100 AM
 LOWEST     39           300 PM
 AVERAGE    68

..........................................................


THE COLORADO SPRINGS CO CLIMATE NORMALS FOR TOMORROW
                         NORMAL    RECORD    YEAR
 MAXIMUM TEMPERATURE (F)   42        62      2013
                                             1999
                                             1898
 MINIMUM TEMPERATURE (F)   17       -10      1983


SUNRISE AND SUNSET
DECEMBER 27 2014......SUNRISE   716 AM MST   SUNSET   444 PM MST
DECEMBER 28 2014......SUNRISE   716 AM MST   SUNSET   445 PM MST


-  INDICATES NEGATIVE NUMBERS.
R  INDICATES RECORD WAS SET OR TIED.
MM INDICATES DATA IS MISSING.
T  INDICATES TRACE AMOUNT.




$$
