000
CDUS45 KPUB 151036
CLICOS


CLIMATE REPORT
NATIONAL WEATHER SERVICE PUEBLO
436 AM MDT THU JUN 15 2017


...................................

...THE COLORADO SPRINGS CO CLIMATE SUMMARY FOR JUNE 14 2017...

CLIMATE NORMAL PERIOD 1981 TO 2010
CLIMATE RECORD PERIOD 1872 TO 2017


WEATHER ITEM   OBSERVED TIME   RECORD YEAR NORMAL DEPARTURE LAST
                VALUE   (LST)  VALUE       VALUE  FROM      YEAR
                                                  NORMAL
..................................................................
TEMPERATURE (F)
 YESTERDAY
  MAXIMUM         85    505 PM  94    2006  79      6       82
                                      1994
  MINIMUM         53    410 AM  36    1969  51      2       47
  AVERAGE         69                        65      4       65

PRECIPITATION (IN)
  YESTERDAY        0.00          2.48 1965   0.08  -0.08     0.00
  MONTH TO DATE    0.09                      1.26  -1.17     0.55
  SINCE JUN 1      0.09                      1.26  -1.17     0.55
  SINCE JAN 1      6.21                      6.37  -0.16     7.48

SNOWFALL (IN)
  YESTERDAY        0.0           0.0  2002   0.0    0.0      0.0
  MONTH TO DATE    0.0                       0.0    0.0       T
  SINCE JUN 1      0.0                       0.0    0.0       T
  SINCE JUL 1     25.2                      37.7  -12.5     50.7
  SNOW DEPTH       0

DEGREE DAYS
 HEATING
  YESTERDAY        0                         3     -3        0
  MONTH TO DATE    8                        55    -47        8
  SINCE JUN 1      8                        55    -47        8
  SINCE JUL 1   5086                      6268  -1182     5484

 COOLING
  YESTERDAY        4                         2      2        0
  MONTH TO DATE   49                        21     28       44
  SINCE JUN 1     49                        21     28       44
  SINCE JAN 1     51                        31     20       46
..................................................................


WIND (MPH)
  HIGHEST WIND SPEED    28   HIGHEST WIND DIRECTION     S (180)
  HIGHEST GUST SPEED    38   HIGHEST GUST DIRECTION     S (180)
  AVERAGE WIND SPEED    11.2


SKY COVER
  POSSIBLE SUNSHINE  MM
  AVERAGE SKY COVER 0.1


WEATHER CONDITIONS
 THE FOLLOWING WEATHER WAS RECORDED YESTERDAY.
  NO SIGNIFICANT WEATHER WAS OBSERVED.


RELATIVE HUMIDITY (PERCENT)
 HIGHEST    39          1100 PM
 LOWEST     10           200 PM
 AVERAGE    25

..........................................................


THE COLORADO SPRINGS CO CLIMATE NORMALS FOR TODAY
                         NORMAL    RECORD    YEAR
 MAXIMUM TEMPERATURE (F)   79        94      1978
 MINIMUM TEMPERATURE (F)   51        35      1901


SUNRISE AND SUNSET
JUNE 15 2017..........SUNRISE   533 AM MDT   SUNSET   826 PM MDT
JUNE 16 2017..........SUNRISE   533 AM MDT   SUNSET   826 PM MDT


-  INDICATES NEGATIVE NUMBERS.
R  INDICATES RECORD WAS SET OR TIED.
MM INDICATES DATA IS MISSING.
T  INDICATES TRACE AMOUNT.




$$
