000
CDUS45 KPUB 081048
CLICOS


CLIMATE REPORT
NATIONAL WEATHER SERVICE PUEBLO
448 AM MDT SUN OCT 8 2017


...................................

...THE COLORADO SPRINGS CO CLIMATE SUMMARY FOR OCTOBER 7 2017...

CLIMATE NORMAL PERIOD 1981 TO 2010
CLIMATE RECORD PERIOD 1872 TO 2017


WEATHER ITEM   OBSERVED TIME   RECORD YEAR NORMAL DEPARTURE LAST
                VALUE   (LST)  VALUE       VALUE  FROM      YEAR
                                                  NORMAL
..................................................................
TEMPERATURE (F)
 YESTERDAY
  MAXIMUM         77    313 PM  86    1979  66     11       62
  MINIMUM         35    431 AM  21    1946  39     -4       30
  AVERAGE         56                        52      4       46

PRECIPITATION (IN)
  YESTERDAY        0.00          1.15 1946   0.03  -0.03     0.00
  MONTH TO DATE    0.08                      0.20  -0.12      T
  SINCE SEP 1      2.85                      1.39   1.46     0.16
  SINCE JAN 1     18.13                     15.18   2.95    13.60

SNOWFALL (IN)
  YESTERDAY        0.0           5.5  1946   0.1   -0.1      0.0
  MONTH TO DATE    0.0                       0.4   -0.4      0.0
  SINCE SEP 1      0.0                       0.6   -0.6      0.0
  SINCE JUL 1      T                         0.6   -0.6       T
  SNOW DEPTH       0

DEGREE DAYS
 HEATING
  YESTERDAY        9                        13     -4       19
  MONTH TO DATE   75                        81     -6       62
  SINCE SEP 1    207                       240    -33      125
  SINCE JUL 1    216                       271    -55      146

 COOLING
  YESTERDAY        0                         0      0        0
  MONTH TO DATE    0                         0      0        0
  SINCE SEP 1     91                        36     55       75
  SINCE JAN 1    639                       454    185      701
..................................................................


WIND (MPH)
  HIGHEST WIND SPEED    21   HIGHEST WIND DIRECTION     S (170)
  HIGHEST GUST SPEED    23   HIGHEST GUST DIRECTION     S (160)
  AVERAGE WIND SPEED     7.8


SKY COVER
  POSSIBLE SUNSHINE  MM
  AVERAGE SKY COVER 0.2


WEATHER CONDITIONS
 THE FOLLOWING WEATHER WAS RECORDED YESTERDAY.
  NO SIGNIFICANT WEATHER WAS OBSERVED.


RELATIVE HUMIDITY (PERCENT)
 HIGHEST    70           100 AM
 LOWEST     15          1200 PM
 AVERAGE    43

..........................................................


THE COLORADO SPRINGS CO CLIMATE NORMALS FOR TODAY
                         NORMAL    RECORD    YEAR
 MAXIMUM TEMPERATURE (F)   66        83      1979
                                             1958
 MINIMUM TEMPERATURE (F)   38        21      1946


SUNRISE AND SUNSET
OCTOBER  8 2017.......SUNRISE   702 AM MDT   SUNSET   630 PM MDT
OCTOBER  9 2017.......SUNRISE   703 AM MDT   SUNSET   629 PM MDT


-  INDICATES NEGATIVE NUMBERS.
R  INDICATES RECORD WAS SET OR TIED.
MM INDICATES DATA IS MISSING.
T  INDICATES TRACE AMOUNT.




$$
