000
CDUS45 KPUB 260027
CLICOS


CLIMATE REPORT
NATIONAL WEATHER SERVICE PUEBLO
527 PM MST FRI NOV 25 2016


...................................

...THE COLORADO SPRINGS CO CLIMATE SUMMARY FOR NOVEMBER 25 2016...
VALID TODAY AS OF 0500 PM LOCAL TIME.

CLIMATE NORMAL PERIOD 1981 TO 2010
CLIMATE RECORD PERIOD 1872 TO 2016


WEATHER ITEM   OBSERVED TIME   RECORD YEAR NORMAL DEPARTURE LAST
                VALUE   (LST)  VALUE       VALUE  FROM      YEAR
                                                  NORMAL
..................................................................
TEMPERATURE (F)
 TODAY
  MAXIMUM         54    155 PM  74    1990  47      7       62
  MINIMUM         17    624 AM  -4    1993  22     -5       27
  AVERAGE         36                        34      2       45

PRECIPITATION (IN)
  TODAY            0.00          0.29 1978   0.01  -0.01      T
  MONTH TO DATE    0.07                      0.34  -0.27     0.34
  SINCE SEP 1      0.23                      2.35  -2.12     2.04
  SINCE JAN 1     13.67                     16.14  -2.47    24.86

SNOWFALL (IN)
  TODAY            0.0           3.2  1978   0.2   -0.2       T
  MONTH TO DATE    T                         3.7   -3.7      3.3
  SINCE SEP 1      T                         6.8   -6.8      3.3
  SINCE JUL 1      T                         6.8   -6.8      3.3
  SNOW DEPTH       0

DEGREE DAYS
 HEATING
  TODAY           29                        31     -2       20
  MONTH TO DATE  450                       646   -196      541
  SINCE SEP 1    733                      1289   -556      855
  SINCE JUL 1    754                      1320   -566      874

 COOLING
  TODAY            0                         0      0        0
  MONTH TO DATE    0                         0      0        0
  SINCE SEP 1     84                        37     47      102
  SINCE JAN 1    710                       455    255      617
..................................................................


WIND (MPH)
  HIGHEST WIND SPEED    14   HIGHEST WIND DIRECTION     S (170)
  HIGHEST GUST SPEED    17   HIGHEST GUST DIRECTION    SE (150)
  AVERAGE WIND SPEED     6.2


SKY COVER
  POSSIBLE SUNSHINE  MM
  AVERAGE SKY COVER 0.0


WEATHER CONDITIONS
 THE FOLLOWING WEATHER WAS RECORDED TODAY.
  NO SIGNIFICANT WEATHER WAS OBSERVED.


RELATIVE HUMIDITY (PERCENT)
 HIGHEST    73           400 AM
 LOWEST     14          1100 AM
 AVERAGE    44

..........................................................


THE COLORADO SPRINGS CO CLIMATE NORMALS FOR TOMORROW
                         NORMAL    RECORD    YEAR
 MAXIMUM TEMPERATURE (F)   46        70      1950
 MINIMUM TEMPERATURE (F)   21        -4      1952


SUNRISE AND SUNSET
NOVEMBER 25 2016......SUNRISE   653 AM MST   SUNSET   439 PM MST
NOVEMBER 26 2016......SUNRISE   654 AM MST   SUNSET   439 PM MST


-  INDICATES NEGATIVE NUMBERS.
R  INDICATES RECORD WAS SET OR TIED.
MM INDICATES DATA IS MISSING.
T  INDICATES TRACE AMOUNT.




$$
