000
CDUS45 KPUB 181028
CLICOS


CLIMATE REPORT
NATIONAL WEATHER SERVICE PUEBLO
428 AM MDT MON JUL 18 2016


...................................

...THE COLORADO SPRINGS CO CLIMATE SUMMARY FOR JULY 17 2016...

CLIMATE NORMAL PERIOD 1981 TO 2010
CLIMATE RECORD PERIOD 1872 TO 2016


WEATHER ITEM   OBSERVED TIME   RECORD YEAR NORMAL DEPARTURE LAST
                VALUE   (LST)  VALUE       VALUE  FROM      YEAR
                                                  NORMAL
..................................................................
TEMPERATURE (F)
 YESTERDAY
  MAXIMUM         94    129 PM  96    2010  85      9       87
                                      2003
  MINIMUM         64   1053 PM  48    1900  57      7       57
  AVERAGE         79                        71      8       72

PRECIPITATION (IN)
  YESTERDAY        T             1.42 1931   0.09  -0.09     0.02
  MONTH TO DATE    1.30                      1.34  -0.04     2.58
  SINCE JUN 1      2.34                      3.84  -1.50     8.30
  SINCE JAN 1      9.27                      8.95   0.32    20.53

SNOWFALL (IN)
  YESTERDAY        0.0           0.0  2002   0.0    0.0      0.0
                                      2001
  MONTH TO DATE    T                         0.0    0.0      0.0
  SINCE JUN 1      T                         0.0    0.0       T
  SINCE JUL 1      T                         0.0    0.0      0.0
  SNOW DEPTH       0

DEGREE DAYS
 HEATING
  YESTERDAY        0                         0      0        0
  MONTH TO DATE    0                         3     -3       10
  SINCE JUN 1      8                        82    -74       20
  SINCE JUL 1      0                         3     -3       10

 COOLING
  YESTERDAY       14                         7      7        7
  MONTH TO DATE  151                       102     49       84
  SINCE JUN 1    332                       185    147      206
  SINCE JAN 1    334                       195    139      206
..................................................................


WIND (MPH)
  HIGHEST WIND SPEED    29   HIGHEST WIND DIRECTION    NE (60)
  HIGHEST GUST SPEED    35   HIGHEST GUST DIRECTION     E (70)
  AVERAGE WIND SPEED    10.1


SKY COVER
  POSSIBLE SUNSHINE  MM
  AVERAGE SKY COVER 0.5


WEATHER CONDITIONS
 THE FOLLOWING WEATHER WAS RECORDED YESTERDAY.
  THUNDERSTORM
  LIGHT RAIN


RELATIVE HUMIDITY (PERCENT)
 HIGHEST    68           800 PM
 LOWEST     12           100 PM
 AVERAGE    40

..........................................................


THE COLORADO SPRINGS CO CLIMATE NORMALS FOR TODAY
                         NORMAL    RECORD    YEAR
 MAXIMUM TEMPERATURE (F)   85        98      2003
 MINIMUM TEMPERATURE (F)   57        48      1907


SUNRISE AND SUNSET
JULY 18 2016..........SUNRISE   549 AM MDT   SUNSET   821 PM MDT
JULY 19 2016..........SUNRISE   550 AM MDT   SUNSET   820 PM MDT


-  INDICATES NEGATIVE NUMBERS.
R  INDICATES RECORD WAS SET OR TIED.
MM INDICATES DATA IS MISSING.
T  INDICATES TRACE AMOUNT.




$$
