000
CDUS45 KPUB 211123
CLICOS


CLIMATE REPORT
NATIONAL WEATHER SERVICE PUEBLO
423 AM MST FRI NOV 21 2014


...................................

...THE COLORADO SPRINGS CO CLIMATE SUMMARY FOR NOVEMBER 20 2014...

CLIMATE NORMAL PERIOD 1981 TO 2010
CLIMATE RECORD PERIOD 1872 TO 2014


WEATHER ITEM   OBSERVED TIME   RECORD YEAR NORMAL DEPARTURE LAST
                VALUE   (LST)  VALUE       VALUE  FROM      YEAR
                                                  NORMAL
..................................................................
TEMPERATURE (F)
 YESTERDAY
  MAXIMUM         53    135 PM  72    1955  49      4       57
                                      1897
  MINIMUM         26   1204 AM  -6    1906  23      3       30
  AVERAGE         40                        36      4       44

PRECIPITATION (IN)
  YESTERDAY        0.00          0.64 1979   0.01  -0.01     0.00
  MONTH TO DATE    0.19                      0.28  -0.09     0.01
  SINCE SEP 1      3.76                      2.29   1.47     5.23
  SINCE JAN 1     16.81                     16.08   0.73    18.89

SNOWFALL (IN)
  YESTERDAY        0.0           8.0  1992   0.2   -0.2      0.0
  MONTH TO DATE    5.8                       2.9    2.9      0.1
  SINCE SEP 1      5.8                       6.0   -0.2      0.3
  SINCE JUL 1      5.8                       6.0   -0.2      0.3
  SNOW DEPTH       0

DEGREE DAYS
 HEATING
  YESTERDAY       25                        29     -4       21
  MONTH TO DATE  605                       495    110      444
  SINCE SEP 1   1042                      1138    -96     1029
  SINCE JUL 1   1072                      1169    -97     1039

 COOLING
  YESTERDAY        0                         0      0        0
  MONTH TO DATE    0                         0      0        0
  SINCE SEP 1     60                        37     23       92
  SINCE JAN 1    487                       455     32      694
..................................................................


WIND (MPH)
  HIGHEST WIND SPEED    15   HIGHEST WIND DIRECTION    SE (140)
  HIGHEST GUST SPEED    18   HIGHEST GUST DIRECTION    SE (140)
  AVERAGE WIND SPEED     6.8


SKY COVER
  POSSIBLE SUNSHINE  MM
  AVERAGE SKY COVER 0.7


WEATHER CONDITIONS
 THE FOLLOWING WEATHER WAS RECORDED YESTERDAY.
  NO SIGNIFICANT WEATHER WAS OBSERVED.


RELATIVE HUMIDITY (PERCENT)
 HIGHEST    69          1100 PM
 LOWEST     16          1100 AM
 AVERAGE    43

..........................................................


THE COLORADO SPRINGS CO CLIMATE NORMALS FOR TODAY
                         NORMAL    RECORD    YEAR
 MAXIMUM TEMPERATURE (F)   48        73      1989
 MINIMUM TEMPERATURE (F)   23        -1      1957


SUNRISE AND SUNSET
NOVEMBER 21 2014......SUNRISE   648 AM MST   SUNSET   441 PM MST
NOVEMBER 22 2014......SUNRISE   649 AM MST   SUNSET   441 PM MST


-  INDICATES NEGATIVE NUMBERS.
R  INDICATES RECORD WAS SET OR TIED.
MM INDICATES DATA IS MISSING.
T  INDICATES TRACE AMOUNT.




$$
