467
CDUS45 KPUB 120021
CLICOS


CLIMATE REPORT
NATIONAL WEATHER SERVICE PUEBLO
521 PM MST MON DEC 11 2017


...................................

...THE COLORADO SPRINGS CO CLIMATE SUMMARY FOR DECEMBER 11 2017...
VALID TODAY AS OF 0500 PM LOCAL TIME.

CLIMATE NORMAL PERIOD 1981 TO 2010
CLIMATE RECORD PERIOD 1872 TO 2017


WEATHER ITEM   OBSERVED TIME   RECORD YEAR NORMAL DEPARTURE LAST
                VALUE   (LST)  VALUE       VALUE  FROM      YEAR
                                                  NORMAL
..................................................................
TEMPERATURE (F)
 TODAY
  MAXIMUM         58   1239 PM  72    1939  42     16       50
  MINIMUM         32    308 AM -21    1932  17     15       21
  AVERAGE         45                        30     15       36

PRECIPITATION (IN)
  TODAY            0.00          0.32 1991   0.01  -0.01      T
  MONTH TO DATE    0.00                      0.13  -0.13     0.13
  SINCE DEC 1      0.00                      0.13  -0.13     0.13
  SINCE JAN 1     18.43                     16.33   2.10    13.80

SNOWFALL (IN)
  TODAY            0.0           3.0  1932   0.2   -0.2       T
  MONTH TO DATE    0.0                       2.1   -2.1      2.4
  SINCE DEC 1      0.0                       2.1   -2.1      2.4
  SINCE JUL 1      1.6                       9.9   -8.3      2.4
  SNOW DEPTH       0

DEGREE DAYS
 HEATING
  TODAY           20                        35    -15       29
  MONTH TO DATE  287                       378    -91      422
  SINCE DEC 1    287                       378    -91      422
  SINCE JUL 1   1455                      1859   -404     1325

 COOLING
  TODAY            0                         0      0        0
  MONTH TO DATE    0                         0      0        0
  SINCE DEC 1      0                         0      0        0
  SINCE JAN 1    639                       455    184      710
..................................................................


WIND (MPH)
  HIGHEST WIND SPEED    14   HIGHEST WIND DIRECTION    NE (40)
  HIGHEST GUST SPEED    18   HIGHEST GUST DIRECTION    NW (330)
  AVERAGE WIND SPEED     8.4


SKY COVER
  POSSIBLE SUNSHINE  MM
  AVERAGE SKY COVER 0.1


WEATHER CONDITIONS
 THE FOLLOWING WEATHER WAS RECORDED TODAY.
  NO SIGNIFICANT WEATHER WAS OBSERVED.


RELATIVE HUMIDITY (PERCENT)
 HIGHEST    20           200 AM
 LOWEST      9          1100 AM
 AVERAGE    15

..........................................................


THE COLORADO SPRINGS CO CLIMATE NORMALS FOR TOMORROW
                         NORMAL    RECORD    YEAR
 MAXIMUM TEMPERATURE (F)   42        67      1934
 MINIMUM TEMPERATURE (F)   17       -24      1932


SUNRISE AND SUNSET
DECEMBER 11 2017......SUNRISE   707 AM MST   SUNSET   437 PM MST
DECEMBER 12 2017......SUNRISE   708 AM MST   SUNSET   437 PM MST


-  INDICATES NEGATIVE NUMBERS.
R  INDICATES RECORD WAS SET OR TIED.
MM INDICATES DATA IS MISSING.
T  INDICATES TRACE AMOUNT.




$$
