000
CDUS45 KPUB 121132
CLICOS


CLIMATE REPORT
NATIONAL WEATHER SERVICE PUEBLO
432 AM MST MON FEB 12 2018


...................................

...THE COLORADO SPRINGS CO CLIMATE SUMMARY FOR FEBRUARY 11 2018...

CLIMATE NORMAL PERIOD 1981 TO 2010
CLIMATE RECORD PERIOD 1872 TO 2018


WEATHER ITEM   OBSERVED TIME   RECORD YEAR NORMAL DEPARTURE LAST
                VALUE   (LST)  VALUE       VALUE  FROM      YEAR
                                                  NORMAL
..................................................................
TEMPERATURE (F)
 YESTERDAY
  MAXIMUM         27    420 PM  72    1951  44    -17       70
  MINIMUM          1    659 AM -19    1899  19    -18       34
  AVERAGE         14                        31    -17       52

PRECIPITATION (IN)
  YESTERDAY        0.00          0.11 2015   0.01  -0.01      T
  MONTH TO DATE    0.22                      0.11   0.11     0.03
  SINCE DEC 1      0.39                      0.77  -0.38     1.03
  SINCE JAN 1      0.38                      0.43  -0.05     0.35

SNOWFALL (IN)
  YESTERDAY        0.0           3.8  1995   0.1   -0.1       T
  MONTH TO DATE    4.3                       1.9    2.4      0.3
  SINCE DEC 1      6.9                      13.2   -6.3     13.0
  SINCE JUL 1      8.5                      21.0  -12.5     13.0
  SNOW DEPTH       3

DEGREE DAYS
 HEATING
  YESTERDAY       51                        34     17       13
  MONTH TO DATE  366                       374     -8      252
  SINCE DEC 1   2260                      2536   -276     2403
  SINCE JUL 1   3428                      4017   -589     3306

 COOLING
  YESTERDAY        0                         0      0        0
  MONTH TO DATE    0                         0      0        0
  SINCE DEC 1      0                         0      0        0
  SINCE JAN 1      0                         0      0        0
..................................................................


WIND (MPH)
  HIGHEST WIND SPEED    13   HIGHEST WIND DIRECTION     N (350)
  HIGHEST GUST SPEED    14   HIGHEST GUST DIRECTION     N (340)
  AVERAGE WIND SPEED     5.5


SKY COVER
  POSSIBLE SUNSHINE  MM
  AVERAGE SKY COVER 0.3


WEATHER CONDITIONS
 THE FOLLOWING WEATHER WAS RECORDED YESTERDAY.
  FOG
  FOG W/VISIBILITY <= 1/4 MILE
  HAZE


RELATIVE HUMIDITY (PERCENT)
 HIGHEST    95           700 AM
 LOWEST     59           600 PM
 AVERAGE    77

..........................................................


THE COLORADO SPRINGS CO CLIMATE NORMALS FOR TODAY
                         NORMAL    RECORD    YEAR
 MAXIMUM TEMPERATURE (F)   44        70      1962
 MINIMUM TEMPERATURE (F)   19       -24      1899


SUNRISE AND SUNSET
FEBRUARY 12 2018......SUNRISE   653 AM MST   SUNSET   533 PM MST
FEBRUARY 13 2018......SUNRISE   652 AM MST   SUNSET   534 PM MST


-  INDICATES NEGATIVE NUMBERS.
R  INDICATES RECORD WAS SET OR TIED.
MM INDICATES DATA IS MISSING.
T  INDICATES TRACE AMOUNT.




$$
