700
CDUS45 KPUB 011657 CCA
CLICOS

CLIMATE REPORT...COR SNOW DEPTH
NATIONAL WEATHER SERVICE PUEBLO
456 AM MDT SUN MAY 1 2016


...................................

...THE COLORADO SPRINGS CO CLIMATE SUMMARY FOR APRIL 30 2016...

CLIMATE NORMAL PERIOD 1981 TO 2010
CLIMATE RECORD PERIOD 1872 TO 2016


WEATHER ITEM   OBSERVED TIME   RECORD YEAR NORMAL DEPARTURE LAST
                VALUE   (LST)  VALUE       VALUE  FROM      YEAR
                                                  NORMAL
..................................................................
TEMPERATURE (F)
 YESTERDAY
  MAXIMUM         37    316 PM  87    1992  64    -27       79
  MINIMUM         30    140 AM  16    1909  38     -8       41
  AVERAGE         34                        51    -17       60

PRECIPITATION (IN)
  YESTERDAY        T             2.63 1999   0.06  -0.06      T
  MONTH TO DATE    2.28                      1.42   0.86     0.97
  SINCE MAR 1      3.01                      2.42   0.59     1.78
  SINCE JAN 1      4.55                      3.08   1.47     4.10

SNOWFALL (IN)
  YESTERDAY        T             6.0  1916   0.1   -0.1      0.0
  MONTH TO DATE   13.1                       4.9    8.2      1.7
  SINCE MAR 1     23.6                      13.0   10.6      5.6
  SINCE JUL 1     50.7                      37.0   13.7     46.5
  SNOW DEPTH       4

DEGREE DAYS
 HEATING
  YESTERDAY       31                        14     17        5
  MONTH TO DATE  543                       553    -10      489
  SINCE MAR 1   1253                      1359   -106     1158
  SINCE JUL 1   5156                      5922   -766     5379

 COOLING
  YESTERDAY        0                         0      0        0
  MONTH TO DATE    0                         1     -1        0
  SINCE MAR 1      0                         1     -1        0
  SINCE JAN 1      0                         1     -1        0
..................................................................


WIND (MPH)
  HIGHEST WIND SPEED    31   HIGHEST WIND DIRECTION     N (340)
  HIGHEST GUST SPEED    40   HIGHEST GUST DIRECTION     N (340)
  AVERAGE WIND SPEED    17.7


SKY COVER
  POSSIBLE SUNSHINE  MM
  AVERAGE SKY COVER 0.9


WEATHER CONDITIONS
 THE FOLLOWING WEATHER WAS RECORDED YESTERDAY.
  LIGHT SNOW
  FOG
  HAZE


RELATIVE HUMIDITY (PERCENT)
 HIGHEST    92          1200 AM
 LOWEST     64           900 AM
 AVERAGE    78

..........................................................


THE COLORADO SPRINGS CO CLIMATE NORMALS FOR TODAY
                         NORMAL    RECORD    YEAR
 MAXIMUM TEMPERATURE (F)   65        85      2001
                                             1992
 MINIMUM TEMPERATURE (F)   38        15      1916


SUNRISE AND SUNSET
MAY  1 2016...........SUNRISE   601 AM MDT   SUNSET   752 PM MDT
MAY  2 2016...........SUNRISE   559 AM MDT   SUNSET   753 PM MDT


-  INDICATES NEGATIVE NUMBERS.
R  INDICATES RECORD WAS SET OR TIED.
MM INDICATES DATA IS MISSING.
T  INDICATES TRACE AMOUNT.




$$
