000
CDUS45 KPUB 080030
CLICOS


CLIMATE REPORT
NATIONAL WEATHER SERVICE PUEBLO
629 PM MDT MON JUL 7 2014


...................................

...THE COLORADO SPRINGS CO CLIMATE SUMMARY FOR JULY 7 2014...
VALID TODAY AS OF 0500 PM LOCAL TIME.

CLIMATE NORMAL PERIOD 1981 TO 2010
CLIMATE RECORD PERIOD 1872 TO 2014


WEATHER ITEM   OBSERVED TIME   RECORD YEAR NORMAL DEPARTURE LAST
                VALUE   (LST)  VALUE       VALUE  FROM      YEAR
                                                  NORMAL
..................................................................
TEMPERATURE (F)
 TODAY
  MAXIMUM         95   1218 PM  96    1985  85     10       88
                                      1951
  MINIMUM         61    348 AM  43    1904  56      5       58
  AVERAGE         78                        71      7       73

PRECIPITATION (IN)
  TODAY            0.00          3.64 1947   0.07  -0.07     0.01
  MONTH TO DATE    0.56                      0.51   0.05     0.88
  SINCE JUN 1      1.85                      3.01  -1.16     1.48
  SINCE JAN 1      6.64                      8.12  -1.48     4.21

SNOWFALL (IN)
  TODAY            0.0           0.0  2002   0.0    0.0      0.0
                                      2001
  MONTH TO DATE    T                         0.0    0.0      0.0
  SINCE JUN 1      T                         0.0    0.0      0.0
  SINCE JUL 1      T                         0.0    0.0      0.0
  SNOW DEPTH       0

DEGREE DAYS
 HEATING
  TODAY            0                         0      0        0
  MONTH TO DATE    4                         3      1        2
  SINCE JUN 1     43                        82    -39       27
  SINCE JUL 1      4                         3      1        2

 COOLING
  TODAY           13                         6      7        8
  MONTH TO DATE   50                        40     10       44
  SINCE JUN 1    154                       123     31      226
  SINCE JAN 1    167                       133     34      248
..................................................................


WIND (MPH)
  HIGHEST WIND SPEED    30   HIGHEST WIND DIRECTION     N (360)
  HIGHEST GUST SPEED    37   HIGHEST GUST DIRECTION     N (10)
  AVERAGE WIND SPEED     6.5


SKY COVER
  POSSIBLE SUNSHINE  MM
  AVERAGE SKY COVER 0.5


WEATHER CONDITIONS
 THE FOLLOWING WEATHER WAS RECORDED TODAY.
  NO SIGNIFICANT WEATHER WAS OBSERVED.


RELATIVE HUMIDITY (PERCENT)
 HIGHEST    56           500 AM
 LOWEST     11          1200 PM
 AVERAGE    34

..........................................................


THE COLORADO SPRINGS CO CLIMATE NORMALS FOR TOMORROW
                         NORMAL    RECORD    YEAR
 MAXIMUM TEMPERATURE (F)   85        97      1989
 MINIMUM TEMPERATURE (F)   56        41      1905


SUNRISE AND SUNSET
JULY  7 2014..........SUNRISE   541 AM MDT   SUNSET   827 PM MDT
JULY  8 2014..........SUNRISE   541 AM MDT   SUNSET   826 PM MDT


-  INDICATES NEGATIVE NUMBERS.
R  INDICATES RECORD WAS SET OR TIED.
MM INDICATES DATA IS MISSING.
T  INDICATES TRACE AMOUNT.




$$
