000
CDUS45 KPUB 150033
CLICOS


CLIMATE REPORT
NATIONAL WEATHER SERVICE PUEBLO
532 PM MST SAT JAN 14 2017


...................................

...THE COLORADO SPRINGS CO CLIMATE SUMMARY FOR JANUARY 14 2017...
VALID TODAY AS OF 0500 PM LOCAL TIME.

CLIMATE NORMAL PERIOD 1981 TO 2010
CLIMATE RECORD PERIOD 1872 TO 2017


WEATHER ITEM   OBSERVED TIME   RECORD YEAR NORMAL DEPARTURE LAST
                VALUE   (LST)  VALUE       VALUE  FROM      YEAR
                                                  NORMAL
..................................................................
TEMPERATURE (F)
 TODAY
  MAXIMUM         48    301 PM  66    2006  43      5       47
  MINIMUM         22    137 AM  -6    1997  18      4       27
                                      1930
                                      1917
  AVERAGE         35                        31      4       37

PRECIPITATION (IN)
  TODAY            0.00          0.20 1959   0.01  -0.01     0.00
  MONTH TO DATE    0.19                      0.13   0.06     0.18
  SINCE DEC 1      0.87                      0.47   0.40     0.43
  SINCE JAN 1      0.19                      0.13   0.06     0.18

SNOWFALL (IN)
  TODAY            0.0           3.7  1984   0.2   -0.2      0.0
  MONTH TO DATE    3.4                       2.5    0.9      2.7
  SINCE DEC 1      9.8                       8.2    1.6      7.0
  SINCE JUL 1      9.8                      16.0   -6.2     12.8
  SNOW DEPTH       0

DEGREE DAYS
 HEATING
  TODAY           30                        34     -4       28
  MONTH TO DATE  522                       486     36      491
  SINCE DEC 1   1622                      1577     45     1492
  SINCE JUL 1   2525                      3058   -533     2595

 COOLING
  TODAY            0                         0      0        0
  MONTH TO DATE    0                         0      0        0
  SINCE DEC 1      0                         0      0        0
  SINCE JAN 1      0                         0      0        0
..................................................................


WIND (MPH)
  HIGHEST WIND SPEED    15   HIGHEST WIND DIRECTION    SE (150)
  HIGHEST GUST SPEED    16   HIGHEST GUST DIRECTION    SE (150)
  AVERAGE WIND SPEED     6.5


SKY COVER
  POSSIBLE SUNSHINE  MM
  AVERAGE SKY COVER 0.7


WEATHER CONDITIONS
 THE FOLLOWING WEATHER WAS RECORDED TODAY.
  FOG
  HAZE


RELATIVE HUMIDITY (PERCENT)
 HIGHEST    81           100 AM
 LOWEST     37           100 PM
 AVERAGE    59

..........................................................


THE COLORADO SPRINGS CO CLIMATE NORMALS FOR TOMORROW
                         NORMAL    RECORD    YEAR
 MAXIMUM TEMPERATURE (F)   43        68      1974
 MINIMUM TEMPERATURE (F)   18       -14      1984


SUNRISE AND SUNSET
JANUARY 14 2017.......SUNRISE   716 AM MST   SUNSET   501 PM MST
JANUARY 15 2017.......SUNRISE   716 AM MST   SUNSET   502 PM MST


-  INDICATES NEGATIVE NUMBERS.
R  INDICATES RECORD WAS SET OR TIED.
MM INDICATES DATA IS MISSING.
T  INDICATES TRACE AMOUNT.




$$
