000
CDUS45 KPUB 112328
CLICOS


CLIMATE REPORT
NATIONAL WEATHER SERVICE PUEBLO
528 PM MDT WED OCT 11 2017


...................................

...THE COLORADO SPRINGS CO CLIMATE SUMMARY FOR OCTOBER 11 2017...
VALID TODAY AS OF 0500 PM LOCAL TIME.

CLIMATE NORMAL PERIOD 1981 TO 2010
CLIMATE RECORD PERIOD 1872 TO 2017


WEATHER ITEM   OBSERVED TIME   RECORD YEAR NORMAL DEPARTURE LAST
                VALUE   (LST)  VALUE       VALUE  FROM      YEAR
                                                  NORMAL
..................................................................
TEMPERATURE (F)
 TODAY
  MAXIMUM         75    334 PM  87    2015  65     10       77
  MINIMUM         30    351 AM  14    1946  37     -7       50
  AVERAGE         53                        51      2       64

PRECIPITATION (IN)
  TODAY            0.00          1.14 1969   0.03  -0.03     0.00
  MONTH TO DATE    0.17                      0.31  -0.14      T
  SINCE SEP 1      2.94                      1.50   1.44     0.16
  SINCE JAN 1     18.22                     15.29   2.93    13.60

SNOWFALL (IN)
  TODAY            0.0          12.8  1969   0.1   -0.1      0.0
  MONTH TO DATE    0.3                       0.6   -0.3      0.0
  SINCE SEP 1      0.3                       0.8   -0.5      0.0
  SINCE JUL 1      0.3                       0.8   -0.5       T
  SNOW DEPTH       0

DEGREE DAYS
 HEATING
  TODAY           12                        14     -2        1
  MONTH TO DATE  148                       135     13       83
  SINCE SEP 1    280                       294    -14      146
  SINCE JUL 1    289                       325    -36      167

 COOLING
  TODAY            0                         0      0        0
  MONTH TO DATE    0                         0      0        0
  SINCE SEP 1     91                        36     55       75
  SINCE JAN 1    639                       454    185      701
..................................................................


WIND (MPH)
  HIGHEST WIND SPEED    13   HIGHEST WIND DIRECTION    SE (140)
  HIGHEST GUST SPEED    17   HIGHEST GUST DIRECTION    SE (140)
  AVERAGE WIND SPEED     5.9


SKY COVER
  POSSIBLE SUNSHINE  MM
  AVERAGE SKY COVER 0.3


WEATHER CONDITIONS
 THE FOLLOWING WEATHER WAS RECORDED TODAY.
  NO SIGNIFICANT WEATHER WAS OBSERVED.


RELATIVE HUMIDITY (PERCENT)
 HIGHEST    78           200 AM
 LOWEST     15          1200 PM
 AVERAGE    47

..........................................................


THE COLORADO SPRINGS CO CLIMATE NORMALS FOR TOMORROW
                         NORMAL    RECORD    YEAR
 MAXIMUM TEMPERATURE (F)   64        84      1991
 MINIMUM TEMPERATURE (F)   37        12      1969


SUNRISE AND SUNSET
OCTOBER 11 2017.......SUNRISE   705 AM MDT   SUNSET   626 PM MDT
OCTOBER 12 2017.......SUNRISE   706 AM MDT   SUNSET   624 PM MDT


-  INDICATES NEGATIVE NUMBERS.
R  INDICATES RECORD WAS SET OR TIED.
MM INDICATES DATA IS MISSING.
T  INDICATES TRACE AMOUNT.




$$
