000
CDUS45 KPUB 261145
CLICOS


CLIMATE REPORT
NATIONAL WEATHER SERVICE PUEBLO
445 AM MST SUN NOV 26 2017


...................................

...THE COLORADO SPRINGS CO CLIMATE SUMMARY FOR NOVEMBER 25 2017...

CLIMATE NORMAL PERIOD 1981 TO 2010
CLIMATE RECORD PERIOD 1872 TO 2017


WEATHER ITEM   OBSERVED TIME   RECORD YEAR NORMAL DEPARTURE LAST
                VALUE   (LST)  VALUE       VALUE  FROM      YEAR
                                                  NORMAL
..................................................................
TEMPERATURE (F)
 YESTERDAY
  MAXIMUM         63    218 PM  74    1990  47     16       54
  MINIMUM         35   1137 PM  -4    1993  22     13       17
  AVERAGE         49                        34     15       36

PRECIPITATION (IN)
  YESTERDAY        0.00          0.29 1978   0.01  -0.01     0.00
  MONTH TO DATE    0.15                      0.34  -0.19     0.07
  SINCE SEP 1      3.15                      2.35   0.80     0.23
  SINCE JAN 1     18.43                     16.14   2.29    13.67

SNOWFALL (IN)
  YESTERDAY        0.0           3.2  1978   0.2   -0.2      0.0
  MONTH TO DATE    0.7                       3.7   -3.0       T
  SINCE SEP 1      1.6                       6.8   -5.2       T
  SINCE JUL 1      1.6                       6.8   -5.2       T
  SNOW DEPTH       0

DEGREE DAYS
 HEATING
  YESTERDAY       16                        31    -15       29
  MONTH TO DATE  489                       646   -157      450
  SINCE SEP 1   1071                      1289   -218      733
  SINCE JUL 1   1080                      1320   -240      754

 COOLING
  YESTERDAY        0                         0      0        0
  MONTH TO DATE    0                         0      0        0
  SINCE SEP 1     91                        37     54       84
  SINCE JAN 1    639                       455    184      710
..................................................................


WIND (MPH)
  HIGHEST WIND SPEED    16   HIGHEST WIND DIRECTION     S (170)
  HIGHEST GUST SPEED    19   HIGHEST GUST DIRECTION    SE (140)
  AVERAGE WIND SPEED     6.7


SKY COVER
  POSSIBLE SUNSHINE  MM
  AVERAGE SKY COVER 0.4


WEATHER CONDITIONS
 THE FOLLOWING WEATHER WAS RECORDED YESTERDAY.
  NO SIGNIFICANT WEATHER WAS OBSERVED.


RELATIVE HUMIDITY (PERCENT)
 HIGHEST    76           300 AM
 LOWEST     20           300 PM
 AVERAGE    48

..........................................................


THE COLORADO SPRINGS CO CLIMATE NORMALS FOR TODAY
                         NORMAL    RECORD    YEAR
 MAXIMUM TEMPERATURE (F)   46        70      1950
 MINIMUM TEMPERATURE (F)   21        -4      1952


SUNRISE AND SUNSET
NOVEMBER 26 2017......SUNRISE   653 AM MST   SUNSET   439 PM MST
NOVEMBER 27 2017......SUNRISE   654 AM MST   SUNSET   438 PM MST


-  INDICATES NEGATIVE NUMBERS.
R  INDICATES RECORD WAS SET OR TIED.
MM INDICATES DATA IS MISSING.
T  INDICATES TRACE AMOUNT.




$$
