000
CDUS45 KPUB 192327
CLICOS


CLIMATE REPORT
NATIONAL WEATHER SERVICE PUEBLO
527 PM MDT MON SEP 19 2016


...................................

...THE COLORADO SPRINGS CO CLIMATE SUMMARY FOR SEPTEMBER 19 2016...
VALID TODAY AS OF 0500 PM LOCAL TIME.

CLIMATE NORMAL PERIOD 1981 TO 2010
CLIMATE RECORD PERIOD 1872 TO 2016


WEATHER ITEM   OBSERVED TIME   RECORD YEAR NORMAL DEPARTURE LAST
                VALUE   (LST)  VALUE       VALUE  FROM      YEAR
                                                  NORMAL
..................................................................
TEMPERATURE (F)
 TODAY
  MAXIMUM         87    347 PM  90    2010  73     14       72
  MINIMUM         55    112 AM  25    1971  46      9       42
  AVERAGE         71                        60     11       57

PRECIPITATION (IN)
  TODAY            0.00          0.72 1910   0.03  -0.03     0.00
  MONTH TO DATE    0.05                      0.88  -0.83     0.21
  SINCE SEP 1      0.05                      0.88  -0.83     0.21
  SINCE JAN 1     13.49                     14.67  -1.18    23.03

SNOWFALL (IN)
  TODAY            0.0           0.0  2002   0.0    0.0      0.0
  MONTH TO DATE    0.0                       0.0    0.0      0.0
  SINCE SEP 1      0.0                       0.0    0.0      0.0
  SINCE JUL 1      T                         0.0    0.0       T
  SNOW DEPTH       0

DEGREE DAYS
 HEATING
  TODAY            0                         6     -6        8
  MONTH TO DATE   27                        69    -42       15
  SINCE SEP 1     27                        69    -42       15
  SINCE JUL 1     48                       100    -52       34

 COOLING
  TODAY            6                         1      5        0
  MONTH TO DATE   52                        32     20       80
  SINCE SEP 1     52                        32     20       80
  SINCE JAN 1    678                       450    228      595
..................................................................


WIND (MPH)
  HIGHEST WIND SPEED    17   HIGHEST WIND DIRECTION     E (110)
  HIGHEST GUST SPEED    21   HIGHEST GUST DIRECTION    SE (120)
  AVERAGE WIND SPEED     8.1


SKY COVER
  POSSIBLE SUNSHINE  MM
  AVERAGE SKY COVER 0.1


WEATHER CONDITIONS
 THE FOLLOWING WEATHER WAS RECORDED TODAY.
  NO SIGNIFICANT WEATHER WAS OBSERVED.


RELATIVE HUMIDITY (PERCENT)
 HIGHEST    36           100 AM
 LOWEST     11          1100 AM
 AVERAGE    24

..........................................................


THE COLORADO SPRINGS CO CLIMATE NORMALS FOR TOMORROW
                         NORMAL    RECORD    YEAR
 MAXIMUM TEMPERATURE (F)   73        90      2010
                                             1956
 MINIMUM TEMPERATURE (F)   46        28      1901


SUNRISE AND SUNSET
SEPTEMBER 19 2016.....SUNRISE   644 AM MDT   SUNSET   700 PM MDT
SEPTEMBER 20 2016.....SUNRISE   645 AM MDT   SUNSET   658 PM MDT


-  INDICATES NEGATIVE NUMBERS.
R  INDICATES RECORD WAS SET OR TIED.
MM INDICATES DATA IS MISSING.
T  INDICATES TRACE AMOUNT.




$$
