000
CDUS45 KPUB 160023
CLICOS


CLIMATE REPORT
NATIONAL WEATHER SERVICE PUEBLO
623 PM MDT FRI AUG 15 2014


...................................

...THE COLORADO SPRINGS CO CLIMATE SUMMARY FOR AUGUST 15 2014...
VALID TODAY AS OF 0500 PM LOCAL TIME.

CLIMATE NORMAL PERIOD 1981 TO 2010
CLIMATE RECORD PERIOD 1872 TO 2014


WEATHER ITEM   OBSERVED TIME   RECORD YEAR NORMAL DEPARTURE LAST
                VALUE   (LST)  VALUE       VALUE  FROM      YEAR
                                                  NORMAL
..................................................................
TEMPERATURE (F)
 TODAY
  MAXIMUM         84    159 PM  93    1937  82      2       84
  MINIMUM         58    530 AM  43    1915  56      2       52
  AVERAGE         71                        69      2       68

PRECIPITATION (IN)
  TODAY            0.04          1.50 1944   0.12  -0.08      T
  MONTH TO DATE    1.42                      1.84  -0.42     3.25
  SINCE JUN 1      7.34                      7.18   0.16     8.46
  SINCE JAN 1     12.13                     12.29  -0.16    11.19

SNOWFALL (IN)
  TODAY            0.0           0.0  2002   0.0    0.0      0.0
  MONTH TO DATE    0.0                       0.0    0.0       T
  SINCE JUN 1      T                         0.0    0.0       T
  SINCE JUL 1      T                         0.0    0.0       T
  SNOW DEPTH       0

DEGREE DAYS
 HEATING
  TODAY            0                         0      0        0
  MONTH TO DATE    5                         0      5        5
  SINCE JUN 1     67                        89    -22       35
  SINCE JUL 1     28                        10     18       10

 COOLING
  TODAY            6                         4      2        3
  MONTH TO DATE   51                        77    -26       53
  SINCE JUN 1    349                       351     -2      441
  SINCE JAN 1    362                       361      1      463
..................................................................


WIND (MPH)
  HIGHEST WIND SPEED    23   HIGHEST WIND DIRECTION     N (360)
  HIGHEST GUST SPEED    31   HIGHEST GUST DIRECTION     N (360)
  AVERAGE WIND SPEED     8.6


SKY COVER
  POSSIBLE SUNSHINE  MM
  AVERAGE SKY COVER 0.5


WEATHER CONDITIONS
 THE FOLLOWING WEATHER WAS RECORDED TODAY.
  THUNDERSTORM
  RAIN


RELATIVE HUMIDITY (PERCENT)
 HIGHEST    65           200 AM
 LOWEST     28          1000 AM
 AVERAGE    47

..........................................................


THE COLORADO SPRINGS CO CLIMATE NORMALS FOR TOMORROW
                         NORMAL    RECORD    YEAR
 MAXIMUM TEMPERATURE (F)   82        98      2002
 MINIMUM TEMPERATURE (F)   56        43      1915


SUNRISE AND SUNSET
AUGUST 15 2014........SUNRISE   613 AM MDT   SUNSET   753 PM MDT
AUGUST 16 2014........SUNRISE   614 AM MDT   SUNSET   752 PM MDT


-  INDICATES NEGATIVE NUMBERS.
R  INDICATES RECORD WAS SET OR TIED.
MM INDICATES DATA IS MISSING.
T  INDICATES TRACE AMOUNT.




$$
