000
CDUS45 KPUB 241026
CLICOS


CLIMATE REPORT
NATIONAL WEATHER SERVICE PUEBLO
426 AM MDT WED JUN 24 2015


...................................

...THE COLORADO SPRINGS CO CLIMATE SUMMARY FOR JUNE 23 2015...

CLIMATE NORMAL PERIOD 1981 TO 2010
CLIMATE RECORD PERIOD 1872 TO 2015


WEATHER ITEM   OBSERVED TIME   RECORD YEAR NORMAL DEPARTURE LAST
                VALUE   (LST)  VALUE       VALUE  FROM      YEAR
                                                  NORMAL
..................................................................
TEMPERATURE (F)
 YESTERDAY
  MAXIMUM         83    455 PM 100    2012  82      1       74
                                      1954
  MINIMUM         58    343 AM  40    1947  53      5       50
  AVERAGE         71                        68      3       62

PRECIPITATION (IN)
  YESTERDAY        0.01          0.69 1976   0.07  -0.06     0.03
  MONTH TO DATE    5.13                      1.97   3.16     1.27
  SINCE JUN 1      5.13                      1.97   3.16     1.27
  SINCE JAN 1     17.36                      7.08  10.28     6.06

SNOWFALL (IN)
  YESTERDAY        0.0           0.0  2002   0.0    0.0      0.0
                                      2001
  MONTH TO DATE    T                         0.0    0.0       T
  SINCE JUN 1      T                         0.0    0.0       T
  SINCE JUL 1     46.5                      37.7    8.8     34.8
  SNOW DEPTH       0

DEGREE DAYS
 HEATING
  YESTERDAY        0                         1     -1        3
  MONTH TO DATE   10                        71    -61       39
  SINCE JUN 1     10                        71    -61       39
  SINCE JUL 1   5777                      6284   -507     6085

 COOLING
  YESTERDAY        6                         4      2        0
  MONTH TO DATE   78                        50     28       59
  SINCE JUN 1     78                        50     28       59
  SINCE JAN 1     78                        60     18       72
..................................................................


WIND (MPH)
  HIGHEST WIND SPEED    32   HIGHEST WIND DIRECTION     S (190)
  HIGHEST GUST SPEED    42   HIGHEST GUST DIRECTION     S (180)
  AVERAGE WIND SPEED     9.4


SKY COVER
  POSSIBLE SUNSHINE  MM
  AVERAGE SKY COVER 0.6


WEATHER CONDITIONS
 THE FOLLOWING WEATHER WAS RECORDED YESTERDAY.
  THUNDERSTORM
  LIGHT RAIN


RELATIVE HUMIDITY (PERCENT)
 HIGHEST    90           700 AM
 LOWEST     41           700 PM
 AVERAGE    66

..........................................................


THE COLORADO SPRINGS CO CLIMATE NORMALS FOR TODAY
                         NORMAL    RECORD    YEAR
 MAXIMUM TEMPERATURE (F)   82       100      2012
                                             1954
 MINIMUM TEMPERATURE (F)   54        43      1993


SUNRISE AND SUNSET
JUNE 24 2015..........SUNRISE   535 AM MDT   SUNSET   828 PM MDT
JUNE 25 2015..........SUNRISE   535 AM MDT   SUNSET   828 PM MDT


-  INDICATES NEGATIVE NUMBERS.
R  INDICATES RECORD WAS SET OR TIED.
MM INDICATES DATA IS MISSING.
T  INDICATES TRACE AMOUNT.




$$
