000
CDUS45 KPUB 050028
CLICOS


CLIMATE REPORT
NATIONAL WEATHER SERVICE PUEBLO
528 PM MST SUN FEB 4 2018


...................................

...THE COLORADO SPRINGS CO CLIMATE SUMMARY FOR FEBRUARY 4 2018...
VALID TODAY AS OF 0500 PM LOCAL TIME.

CLIMATE NORMAL PERIOD 1981 TO 2010
CLIMATE RECORD PERIOD 1872 TO 2018


WEATHER ITEM   OBSERVED TIME   RECORD YEAR NORMAL DEPARTURE LAST
                VALUE   (LST)  VALUE       VALUE  FROM      YEAR
                                                  NORMAL
..................................................................
TEMPERATURE (F)
 TODAY
  MAXIMUM         37    946 AM  69    1935  43     -6       60
                                      1925
  MINIMUM         17    227 PM -15    1989  18     -1       28
  AVERAGE         27                        31     -4       44

PRECIPITATION (IN)
  TODAY            T             0.63 1989   0.01  -0.01     0.00
  MONTH TO DATE    T                         0.04  -0.04     0.03
  SINCE DEC 1      0.17                      0.70  -0.53     1.03
  SINCE JAN 1      0.16                      0.36  -0.20     0.35

SNOWFALL (IN)
  TODAY            T            12.3  1989   0.2   -0.2      0.0
  MONTH TO DATE    T                         0.7   -0.7      0.3
  SINCE DEC 1      2.6                      12.0   -9.4     13.0
  SINCE JUL 1      4.2                      19.8  -15.6     13.0
  SNOW DEPTH       0

DEGREE DAYS
 HEATING
  TODAY           38                        34      4       21
  MONTH TO DATE  126                       136    -10      146
  SINCE DEC 1   2020                      2298   -278     2297
  SINCE JUL 1   3188                      3779   -591     3200

 COOLING
  TODAY            0                         0      0        0
  MONTH TO DATE    0                         0      0        0
  SINCE DEC 1      0                         0      0        0
  SINCE JAN 1      0                         0      0        0
..................................................................


WIND (MPH)
  HIGHEST WIND SPEED    30   HIGHEST WIND DIRECTION     S (180)
  HIGHEST GUST SPEED    35   HIGHEST GUST DIRECTION     S (190)
  AVERAGE WIND SPEED     8.1


SKY COVER
  POSSIBLE SUNSHINE  MM
  AVERAGE SKY COVER 0.7


WEATHER CONDITIONS
 THE FOLLOWING WEATHER WAS RECORDED TODAY.
  LIGHT SNOW
  FOG
  FOG W/VISIBILITY <= 1/4 MILE
  HAZE


RELATIVE HUMIDITY (PERCENT)
 HIGHEST   100           300 PM
 LOWEST     59          1000 AM
 AVERAGE    80

..........................................................


THE COLORADO SPRINGS CO CLIMATE NORMALS FOR TOMORROW
                         NORMAL    RECORD    YEAR
 MAXIMUM TEMPERATURE (F)   43        76      1963
 MINIMUM TEMPERATURE (F)   18       -19      1982


SUNRISE AND SUNSET
FEBRUARY  4 2018......SUNRISE   702 AM MST   SUNSET   524 PM MST
FEBRUARY  5 2018......SUNRISE   701 AM MST   SUNSET   525 PM MST


-  INDICATES NEGATIVE NUMBERS.
R  INDICATES RECORD WAS SET OR TIED.
MM INDICATES DATA IS MISSING.
T  INDICATES TRACE AMOUNT.




$$
