000
CDUS45 KPUB 091026
CLICOS


CLIMATE REPORT
NATIONAL WEATHER SERVICE PUEBLO
426 AM MDT WED APR 9 2014


...................................

...THE COLORADO SPRINGS CO CLIMATE SUMMARY FOR APRIL 8 2014...

CLIMATE NORMAL PERIOD 1981 TO 2010
CLIMATE RECORD PERIOD 1872 TO 2014


WEATHER ITEM   OBSERVED TIME   RECORD YEAR NORMAL DEPARTURE LAST
                VALUE   (LST)  VALUE       VALUE  FROM      YEAR
                                                  NORMAL
..................................................................
TEMPERATURE (F)
 YESTERDAY
  MAXIMUM         66    358 PM  78    1963  58      8       69
  MINIMUM         28    525 AM   0    1957  31     -3       29
  AVERAGE         47                        44      3       49

PRECIPITATION (IN)
  YESTERDAY        0.00          0.91 1959   0.03  -0.03     0.00
  MONTH TO DATE    0.54                      0.27   0.27     0.01
  SINCE MAR 1      0.96                      1.27  -0.31     0.19
  SINCE JAN 1      1.85                      1.93  -0.08     1.27

SNOWFALL (IN)
  YESTERDAY        0.0          11.6  1959   0.1   -0.1      0.0
  MONTH TO DATE    6.0                       1.5    4.5       T
  SINCE MAR 1      8.8                       9.6   -0.8      4.2
  SINCE JUL 1     32.9                      33.6   -0.7     24.2
  SNOW DEPTH       0

DEGREE DAYS
 HEATING
  YESTERDAY       18                        21     -3       16
  MONTH TO DATE  190                       172     18      146
  SINCE MAR 1    971                       977     -6      958
  SINCE JUL 1   5458                      5540    -82     5302

 COOLING
  YESTERDAY        0                         0      0        0
  MONTH TO DATE    0                         0      0        0
  SINCE MAR 1      0                         0      0        0
  SINCE JAN 1      0                         0      0        0
..................................................................


WIND (MPH)
  HIGHEST WIND SPEED    16   HIGHEST WIND DIRECTION     S (190)
  HIGHEST GUST SPEED    21   HIGHEST GUST DIRECTION     S (200)
  AVERAGE WIND SPEED     5.8


SKY COVER
  POSSIBLE SUNSHINE  MM
  AVERAGE SKY COVER 0.2


WEATHER CONDITIONS
 THE FOLLOWING WEATHER WAS RECORDED YESTERDAY.
  NO SIGNIFICANT WEATHER WAS OBSERVED.


RELATIVE HUMIDITY (PERCENT)
 HIGHEST    75           300 AM
 LOWEST     18           300 PM
 AVERAGE    47

..........................................................


THE COLORADO SPRINGS CO CLIMATE NORMALS FOR TODAY
                         NORMAL    RECORD    YEAR
 MAXIMUM TEMPERATURE (F)   58        80      1977
 MINIMUM TEMPERATURE (F)   31         5      1959


SUNRISE AND SUNSET
APRIL  9 2014.........SUNRISE   631 AM MDT   SUNSET   730 PM MDT
APRIL 10 2014.........SUNRISE   630 AM MDT   SUNSET   731 PM MDT


-  INDICATES NEGATIVE NUMBERS.
R  INDICATES RECORD WAS SET OR TIED.
MM INDICATES DATA IS MISSING.
T  INDICATES TRACE AMOUNT.




$$
