000
CDUS45 KPUB 070037
CLICOS


CLIMATE REPORT
NATIONAL WEATHER SERVICE PUEBLO
537 PM MST MON FEB 6 2017


...................................

...THE COLORADO SPRINGS CO CLIMATE SUMMARY FOR FEBRUARY 6 2017...
VALID TODAY AS OF 0500 PM LOCAL TIME.

CLIMATE NORMAL PERIOD 1981 TO 2010
CLIMATE RECORD PERIOD 1872 TO 2017


WEATHER ITEM   OBSERVED TIME   RECORD YEAR NORMAL DEPARTURE LAST
                VALUE   (LST)  VALUE       VALUE  FROM      YEAR
                                                  NORMAL
..................................................................
TEMPERATURE (F)
 TODAY
  MAXIMUM         61   1240 PM  72    2015  43     18       46
  MINIMUM         34    122 AM -16    1899  18     16        6
  AVERAGE         48                        31     17       26

PRECIPITATION (IN)
  TODAY            0.00          0.13 2013   0.01  -0.01     0.00
  MONTH TO DATE    0.03                      0.06  -0.03     1.00
  SINCE DEC 1      1.03                      0.72   0.31     1.79
  SINCE JAN 1      0.35                      0.38  -0.03     1.54

SNOWFALL (IN)
  TODAY            0.0           2.5  1971   0.2   -0.2      0.0
  MONTH TO DATE    0.3                       1.0   -0.7     10.1
  SINCE DEC 1     13.0                      12.3    0.7     21.3
  SINCE JUL 1     13.0                      20.1   -7.1     27.1
  SNOW DEPTH       0

DEGREE DAYS
 HEATING
  TODAY           17                        34    -17       39
  MONTH TO DATE  185                       204    -19      274
  SINCE DEC 1   2336                      2366    -30     2268
  SINCE JUL 1   3239                      3847   -608     3371

 COOLING
  TODAY            0                         0      0        0
  MONTH TO DATE    0                         0      0        0
  SINCE DEC 1      0                         0      0        0
  SINCE JAN 1      0                         0      0        0
..................................................................


WIND (MPH)
  HIGHEST WIND SPEED    33   HIGHEST WIND DIRECTION    NW (310)
  HIGHEST GUST SPEED    46   HIGHEST GUST DIRECTION    NW (330)
  AVERAGE WIND SPEED    11.7


SKY COVER
  POSSIBLE SUNSHINE  MM
  AVERAGE SKY COVER 0.6


WEATHER CONDITIONS
 THE FOLLOWING WEATHER WAS RECORDED TODAY.
  NO SIGNIFICANT WEATHER WAS OBSERVED.


RELATIVE HUMIDITY (PERCENT)
 HIGHEST    56          1200 AM
 LOWEST     13          1200 PM
 AVERAGE    35

..........................................................


THE COLORADO SPRINGS CO CLIMATE NORMALS FOR TOMORROW
                         NORMAL    RECORD    YEAR
 MAXIMUM TEMPERATURE (F)   43        74      2015
 MINIMUM TEMPERATURE (F)   18       -20      1899


SUNRISE AND SUNSET
FEBRUARY  6 2017......SUNRISE   700 AM MST   SUNSET   527 PM MST
FEBRUARY  7 2017......SUNRISE   659 AM MST   SUNSET   528 PM MST


-  INDICATES NEGATIVE NUMBERS.
R  INDICATES RECORD WAS SET OR TIED.
MM INDICATES DATA IS MISSING.
T  INDICATES TRACE AMOUNT.




$$
