306
CDUS45 KPUB 301052
CLICOS


CLIMATE REPORT
NATIONAL WEATHER SERVICE PUEBLO
451 AM MDT SAT APR 30 2016


...................................

...THE COLORADO SPRINGS CO CLIMATE SUMMARY FOR APRIL 29 2016...

CLIMATE NORMAL PERIOD 1981 TO 2010
CLIMATE RECORD PERIOD 1872 TO 2016


WEATHER ITEM   OBSERVED TIME   RECORD YEAR NORMAL DEPARTURE LAST
                VALUE   (LST)  VALUE       VALUE  FROM      YEAR
                                                  NORMAL
..................................................................
TEMPERATURE (F)
 YESTERDAY
  MAXIMUM         35   1141 AM  81    2007  64    -29       71
  MINIMUM         31   1159 PM  17    1908  37     -6       34
  AVERAGE         33                        51    -18       53

PRECIPITATION (IN)
  YESTERDAY        0.82          1.75 1999   0.06   0.76     0.00
  MONTH TO DATE    2.28                      1.36   0.92     0.97
  SINCE MAR 1      3.01                      2.36   0.65     1.78
  SINCE JAN 1      4.55                      3.02   1.53     4.10

SNOWFALL (IN)
  YESTERDAY        6.2           7.2  1990   0.1    6.1      0.0
  MONTH TO DATE   12.7                       4.8    7.9      1.7
  SINCE MAR 1     23.2                      12.9   10.3      5.6
  SINCE JUL 1     50.3                      36.9   13.4     46.5
  SNOW DEPTH       1

DEGREE DAYS
 HEATING
  YESTERDAY       32                        14     18       12
  MONTH TO DATE  512                       539    -27      484
  SINCE MAR 1   1222                      1344   -122     1153
  SINCE JUL 1   5125                      5907   -782     5374

 COOLING
  YESTERDAY        0                         0      0        0
  MONTH TO DATE    0                         0      0        0
  SINCE MAR 1      0                         0      0        0
  SINCE JAN 1      0                         0      0        0
..................................................................


WIND (MPH)
  HIGHEST WIND SPEED    17   HIGHEST WIND DIRECTION    NE (30)
  HIGHEST GUST SPEED    21   HIGHEST GUST DIRECTION    NE (40)
  AVERAGE WIND SPEED     5.8


SKY COVER
  POSSIBLE SUNSHINE  MM
  AVERAGE SKY COVER 1.0


WEATHER CONDITIONS
 THE FOLLOWING WEATHER WAS RECORDED YESTERDAY.
  MIXED PRECIP
  LIGHT RAIN
  HEAVY SNOW
  SNOW
  LIGHT SNOW
  FOG
  FOG W/VISIBILITY <= 1/4 MILE
  HAZE


RELATIVE HUMIDITY (PERCENT)
 HIGHEST   100           300 PM
 LOWEST     82           500 PM
 AVERAGE    91

..........................................................


THE COLORADO SPRINGS CO CLIMATE NORMALS FOR TODAY
                         NORMAL    RECORD    YEAR
 MAXIMUM TEMPERATURE (F)   64        87      1992
 MINIMUM TEMPERATURE (F)   38        16      1909


SUNRISE AND SUNSET
APRIL 30 2016.........SUNRISE   602 AM MDT   SUNSET   751 PM MDT
MAY  1 2016...........SUNRISE   601 AM MDT   SUNSET   752 PM MDT


-  INDICATES NEGATIVE NUMBERS.
R  INDICATES RECORD WAS SET OR TIED.
MM INDICATES DATA IS MISSING.
T  INDICATES TRACE AMOUNT.




$$
