000
CDUS45 KPUB 130021
CLICOS


CLIMATE REPORT
NATIONAL WEATHER SERVICE PUEBLO
621 PM MDT MON JUN 12 2017


...................................

...THE COLORADO SPRINGS CO CLIMATE SUMMARY FOR JUNE 12 2017...
VALID TODAY AS OF 0500 PM LOCAL TIME.

CLIMATE NORMAL PERIOD 1981 TO 2010
CLIMATE RECORD PERIOD 1872 TO 2017


WEATHER ITEM   OBSERVED TIME   RECORD YEAR NORMAL DEPARTURE LAST
                VALUE   (LST)  VALUE       VALUE  FROM      YEAR
                                                  NORMAL
..................................................................
TEMPERATURE (F)
 TODAY
  MAXIMUM         90    424 PM  94    1956  78     12       87
                                      1952
  MINIMUM         57    404 AM  32    1947  50      7       61
  AVERAGE         74                        64     10       74

PRECIPITATION (IN)
  TODAY            0.00          0.69 1989   0.09  -0.09     0.08
  MONTH TO DATE    0.09                      1.09  -1.00     0.28
  SINCE JUN 1      0.09                      1.09  -1.00     0.28
  SINCE JAN 1      6.21                      6.20   0.01     7.21

SNOWFALL (IN)
  TODAY            0.0           0.0  2002   0.0    0.0      0.0
                                      2001
  MONTH TO DATE    0.0                       0.0    0.0       T
  SINCE JUN 1      0.0                       0.0    0.0       T
  SINCE JUL 1     25.2                      37.7  -12.5     50.7
  SNOW DEPTH       0

DEGREE DAYS
 HEATING
  TODAY            0                         3     -3        0
  MONTH TO DATE    8                        49    -41        6
  SINCE JUN 1      8                        49    -41        6
  SINCE JUL 1   5086                      6262  -1176     5482

 COOLING
  TODAY            9                         2      7        9
  MONTH TO DATE   39                        17     22       44
  SINCE JUN 1     39                        17     22       44
  SINCE JAN 1     41                        27     14       46
..................................................................


WIND (MPH)
  HIGHEST WIND SPEED    36   HIGHEST WIND DIRECTION     S (160)
  HIGHEST GUST SPEED    53   HIGHEST GUST DIRECTION     S (180)
  AVERAGE WIND SPEED    12.7


SKY COVER
  POSSIBLE SUNSHINE  MM
  AVERAGE SKY COVER 0.1


WEATHER CONDITIONS
 THE FOLLOWING WEATHER WAS RECORDED TODAY.
  FOG
  HAZE


RELATIVE HUMIDITY (PERCENT)
 HIGHEST    93           400 AM
 LOWEST      8           400 PM
 AVERAGE    51

..........................................................


THE COLORADO SPRINGS CO CLIMATE NORMALS FOR TOMORROW
                         NORMAL    RECORD    YEAR
 MAXIMUM TEMPERATURE (F)   78        92      2006
                                             1956
                                             1952
 MINIMUM TEMPERATURE (F)   51        36      1969


SUNRISE AND SUNSET
JUNE 12 2017..........SUNRISE   533 AM MDT   SUNSET   825 PM MDT
JUNE 13 2017..........SUNRISE   533 AM MDT   SUNSET   825 PM MDT


-  INDICATES NEGATIVE NUMBERS.
R  INDICATES RECORD WAS SET OR TIED.
MM INDICATES DATA IS MISSING.
T  INDICATES TRACE AMOUNT.




$$
