000
CDUS45 KPUB 161206
CLICOS


CLIMATE REPORT
NATIONAL WEATHER SERVICE PUEBLO
506 AM MST MON JAN 16 2017


...................................

...THE COLORADO SPRINGS CO CLIMATE SUMMARY FOR JANUARY 15 2017...

CLIMATE NORMAL PERIOD 1981 TO 2010
CLIMATE RECORD PERIOD 1872 TO 2017


WEATHER ITEM   OBSERVED TIME   RECORD YEAR NORMAL DEPARTURE LAST
                VALUE   (LST)  VALUE       VALUE  FROM      YEAR
                                                  NORMAL
..................................................................
TEMPERATURE (F)
 YESTERDAY
  MAXIMUM         37    242 PM  68    1974  43     -6       36
  MINIMUM         24    122 AM -14    1984  18      6       20
  AVERAGE         31                        31      0       28

PRECIPITATION (IN)
  YESTERDAY        0.04          0.77 1987   0.01   0.03     0.00
  MONTH TO DATE    0.23                      0.14   0.09     0.18
  SINCE DEC 1      0.91                      0.48   0.43     0.43
  SINCE JAN 1      0.23                      0.14   0.09     0.18

SNOWFALL (IN)
  YESTERDAY        0.5          22.0  1987   0.2    0.3      0.0
  MONTH TO DATE    3.9                       2.7    1.2      2.7
  SINCE DEC 1     10.3                       8.4    1.9      7.0
  SINCE JUL 1     10.3                      16.2   -5.9     12.8
  SNOW DEPTH       0

DEGREE DAYS
 HEATING
  YESTERDAY       34                        34      0       37
  MONTH TO DATE  556                       520     36      528
  SINCE DEC 1   1656                      1611     45     1529
  SINCE JUL 1   2559                      3092   -533     2632

 COOLING
  YESTERDAY        0                         0      0        0
  MONTH TO DATE    0                         0      0        0
  SINCE DEC 1      0                         0      0        0
  SINCE JAN 1      0                         0      0        0
..................................................................


WIND (MPH)
  HIGHEST WIND SPEED    18   HIGHEST WIND DIRECTION    NW (330)
  HIGHEST GUST SPEED    23   HIGHEST GUST DIRECTION    NW (330)
  AVERAGE WIND SPEED     5.2


SKY COVER
  POSSIBLE SUNSHINE  MM
  AVERAGE SKY COVER 1.0


WEATHER CONDITIONS
 THE FOLLOWING WEATHER WAS RECORDED YESTERDAY.
  LIGHT SNOW
  FOG
  FOG W/VISIBILITY <= 1/4 MILE
  HAZE


RELATIVE HUMIDITY (PERCENT)
 HIGHEST   100           700 PM
 LOWEST     72           600 AM
 AVERAGE    86

..........................................................


THE COLORADO SPRINGS CO CLIMATE NORMALS FOR TODAY
                         NORMAL    RECORD    YEAR
 MAXIMUM TEMPERATURE (F)   43        72      1974
 MINIMUM TEMPERATURE (F)   18        -8      1917


SUNRISE AND SUNSET
JANUARY 16 2017.......SUNRISE   715 AM MST   SUNSET   503 PM MST
JANUARY 17 2017.......SUNRISE   715 AM MST   SUNSET   504 PM MST


-  INDICATES NEGATIVE NUMBERS.
R  INDICATES RECORD WAS SET OR TIED.
MM INDICATES DATA IS MISSING.
T  INDICATES TRACE AMOUNT.




$$
