000
CDUS45 KPUB 242337
CLICOS


CLIMATE REPORT
NATIONAL WEATHER SERVICE PUEBLO
537 PM MDT SUN APR 24 2016


...................................

...THE COLORADO SPRINGS CO CLIMATE SUMMARY FOR APRIL 24 2016...
VALID TODAY AS OF 0500 PM LOCAL TIME.

CLIMATE NORMAL PERIOD 1981 TO 2010
CLIMATE RECORD PERIOD 1872 TO 2016


WEATHER ITEM   OBSERVED TIME   RECORD YEAR NORMAL DEPARTURE LAST
                VALUE   (LST)  VALUE       VALUE  FROM      YEAR
                                                  NORMAL
..................................................................
TEMPERATURE (F)
 TODAY
  MAXIMUM         70    258 PM  84    2012  62      8       65
                                      1996
  MINIMUM         41    544 AM  18    2013  36      5       37
  AVERAGE         56                        49      7       51

PRECIPITATION (IN)
  TODAY            0.00          2.00 1997   0.05  -0.05      T
  MONTH TO DATE    1.16                      1.06   0.10     0.74
  SINCE MAR 1      1.89                      2.06  -0.17     1.55
  SINCE JAN 1      3.43                      2.72   0.71     3.87

SNOWFALL (IN)
  TODAY            0.0          11.1  1997   0.2   -0.2      0.0
  MONTH TO DATE    5.1                       4.2    0.9      1.7
  SINCE MAR 1     15.6                      12.3    3.3      5.6
  SINCE JUL 1     42.7                      36.3    6.4     46.5
  SNOW DEPTH       0

DEGREE DAYS
 HEATING
  TODAY            9                        16     -7       14
  MONTH TO DATE  399                       464    -65      400
  SINCE MAR 1   1109                      1269   -160     1069
  SINCE JUL 1   5012                      5832   -820     5290

 COOLING
  TODAY            0                         0      0        0
  MONTH TO DATE    0                         0      0        0
  SINCE MAR 1      0                         0      0        0
  SINCE JAN 1      0                         0      0        0
..................................................................


WIND (MPH)
  HIGHEST WIND SPEED    24   HIGHEST WIND DIRECTION    NW (300)
  HIGHEST GUST SPEED    35   HIGHEST GUST DIRECTION    NW (310)
  AVERAGE WIND SPEED    11.1


SKY COVER
  POSSIBLE SUNSHINE  MM
  AVERAGE SKY COVER 0.3


WEATHER CONDITIONS
 THE FOLLOWING WEATHER WAS RECORDED TODAY.
  NO SIGNIFICANT WEATHER WAS OBSERVED.


RELATIVE HUMIDITY (PERCENT)
 HIGHEST    31           300 AM
 LOWEST     14           200 PM
 AVERAGE    23

..........................................................


THE COLORADO SPRINGS CO CLIMATE NORMALS FOR TOMORROW
                         NORMAL    RECORD    YEAR
 MAXIMUM TEMPERATURE (F)   63        81      2012
                                             1981
                                             1949
 MINIMUM TEMPERATURE (F)   36        20      1924
                                             1907


SUNRISE AND SUNSET
APRIL 24 2016.........SUNRISE   609 AM MDT   SUNSET   745 PM MDT
APRIL 25 2016.........SUNRISE   608 AM MDT   SUNSET   746 PM MDT


-  INDICATES NEGATIVE NUMBERS.
R  INDICATES RECORD WAS SET OR TIED.
MM INDICATES DATA IS MISSING.
T  INDICATES TRACE AMOUNT.




$$
