257
CDUS45 KPUB 201044
CLICOS


CLIMATE REPORT
NATIONAL WEATHER SERVICE PUEBLO
442 AM MDT FRI MAY 20 2016


...................................

...THE COLORADO SPRINGS CO CLIMATE SUMMARY FOR MAY 19 2016...

CLIMATE NORMAL PERIOD 1981 TO 2010
CLIMATE RECORD PERIOD 1872 TO 2016


WEATHER ITEM   OBSERVED TIME   RECORD YEAR NORMAL DEPARTURE LAST
                VALUE   (LST)  VALUE       VALUE  FROM      YEAR
                                                  NORMAL
..................................................................
TEMPERATURE (F)
 YESTERDAY
  MAXIMUM         69    307 PM  88    2009  70     -1       47
  MINIMUM         36    257 AM  26    1915  44     -8       39
  AVERAGE         53                        57     -4       43

PRECIPITATION (IN)
  YESTERDAY        0.00          1.66 2015   0.07  -0.07     1.66
  MONTH TO DATE    1.03                      1.12  -0.09     6.00
  SINCE MAR 1      4.04                      3.54   0.50     7.78
  SINCE JAN 1      5.58                      4.20   1.38    10.10

SNOWFALL (IN)
  YESTERDAY        0.0           2.7  1960   0.0    0.0      0.0
  MONTH TO DATE    T                         0.7   -0.7       T
  SINCE MAR 1     23.6                      13.7    9.9      5.6
  SINCE JUL 1     50.7                      37.7   13.0     46.5
  SNOW DEPTH       0

DEGREE DAYS
 HEATING
  YESTERDAY       12                         8      4       22
  MONTH TO DATE  251                       209     42      253
  SINCE MAR 1   1504                      1568    -64     1411
  SINCE JUL 1   5407                      6131   -724     5632

 COOLING
  YESTERDAY        0                         0      0        0
  MONTH TO DATE    0                         0      0        0
  SINCE MAR 1      0                         1     -1        0
  SINCE JAN 1      0                         1     -1        0
..................................................................


WIND (MPH)
  HIGHEST WIND SPEED    17   HIGHEST WIND DIRECTION    SE (150)
  HIGHEST GUST SPEED    23   HIGHEST GUST DIRECTION     S (160)
  AVERAGE WIND SPEED     7.4


SKY COVER
  POSSIBLE SUNSHINE  MM
  AVERAGE SKY COVER 0.4


WEATHER CONDITIONS
 THE FOLLOWING WEATHER WAS RECORDED YESTERDAY.
  THUNDERSTORM
  FOG


RELATIVE HUMIDITY (PERCENT)
 HIGHEST    92           300 AM
 LOWEST     31           500 PM
 AVERAGE    62

..........................................................


THE COLORADO SPRINGS CO CLIMATE NORMALS FOR TODAY
                         NORMAL    RECORD    YEAR
 MAXIMUM TEMPERATURE (F)   70        88      2005
                                             1954
 MINIMUM TEMPERATURE (F)   44        27      1915


SUNRISE AND SUNSET
MAY 20 2016...........SUNRISE   542 AM MDT   SUNSET   809 PM MDT
MAY 21 2016...........SUNRISE   541 AM MDT   SUNSET   810 PM MDT


-  INDICATES NEGATIVE NUMBERS.
R  INDICATES RECORD WAS SET OR TIED.
MM INDICATES DATA IS MISSING.
T  INDICATES TRACE AMOUNT.




$$
