000
CDUS45 KPUB 231141
CLICOS


CLIMATE REPORT
NATIONAL WEATHER SERVICE PUEBLO
441 AM MST MON FEB 23 2015


...................................

...THE COLORADO SPRINGS CO CLIMATE SUMMARY FOR FEBRUARY 22 2015...

CLIMATE NORMAL PERIOD 1981 TO 2010
CLIMATE RECORD PERIOD 1872 TO 2015


WEATHER ITEM   OBSERVED TIME   RECORD YEAR NORMAL DEPARTURE LAST
                VALUE   (LST)  VALUE       VALUE  FROM      YEAR
                                                  NORMAL
..................................................................
TEMPERATURE (F)
 YESTERDAY
  MAXIMUM         16   1210 AM  70    1958  46    -30       54
  MINIMUM          5   1159 PM -10    1911  21    -16       26
  AVERAGE         11                        33    -22       40

PRECIPITATION (IN)
  YESTERDAY        0.24          0.61 1909   0.01   0.23     0.00
  MONTH TO DATE    1.20                      0.24   0.96     0.22
  SINCE DEC 1      2.23                      0.90   1.33     0.96
  SINCE JAN 1      2.07                      0.56   1.51     0.89

SNOWFALL (IN)
  YESTERDAY        2.5           6.1  1909   0.2    2.3      0.0
  MONTH TO DATE   11.7                       3.9    7.8      3.4
  SINCE DEC 1     28.9                      15.2   13.7     19.9
  SINCE JUL 1     36.0                      23.0   13.0     24.1
  SNOW DEPTH       6

DEGREE DAYS
 HEATING
  YESTERDAY       54                        32     22       25
  MONTH TO DATE  586                       734   -148      780
  SINCE DEC 1   2605                      2896   -291     2955
  SINCE JUL 1   3930                      4377   -447     4316

 COOLING
  YESTERDAY        0                         0      0        0
  MONTH TO DATE    0                         0      0        0
  SINCE DEC 1      0                         0      0        0
  SINCE JAN 1      0                         0      0        0
..................................................................


WIND (MPH)
  HIGHEST WIND SPEED    17   HIGHEST WIND DIRECTION     N (350)
  HIGHEST GUST SPEED    20   HIGHEST GUST DIRECTION     N (350)
  AVERAGE WIND SPEED    10.4


SKY COVER
  POSSIBLE SUNSHINE  MM
  AVERAGE SKY COVER 1.0


WEATHER CONDITIONS
 THE FOLLOWING WEATHER WAS RECORDED YESTERDAY.
  LIGHT SNOW
  FOG


RELATIVE HUMIDITY (PERCENT)
 HIGHEST    92           600 AM
 LOWEST     67           100 AM
 AVERAGE    80

..........................................................


THE COLORADO SPRINGS CO CLIMATE NORMALS FOR TODAY
                         NORMAL    RECORD    YEAR
 MAXIMUM TEMPERATURE (F)   46        72      2002
 MINIMUM TEMPERATURE (F)   21        -7      1913


SUNRISE AND SUNSET
FEBRUARY 23 2015......SUNRISE   640 AM MST   SUNSET   545 PM MST
FEBRUARY 24 2015......SUNRISE   639 AM MST   SUNSET   546 PM MST


-  INDICATES NEGATIVE NUMBERS.
R  INDICATES RECORD WAS SET OR TIED.
MM INDICATES DATA IS MISSING.
T  INDICATES TRACE AMOUNT.




$$
