000
CDUS45 KPUB 070033
CLICOS


CLIMATE REPORT
NATIONAL WEATHER SERVICE PUEBLO
633 PM MDT SUN APR 6 2014


...................................

...THE COLORADO SPRINGS CO CLIMATE SUMMARY FOR APRIL 6 2014...
VALID TODAY AS OF 0500 PM LOCAL TIME.

CLIMATE NORMAL PERIOD 1981 TO 2010
CLIMATE RECORD PERIOD 1872 TO 2014


WEATHER ITEM   OBSERVED TIME   RECORD YEAR NORMAL DEPARTURE LAST
                VALUE   (LST)  VALUE       VALUE  FROM      YEAR
                                                  NORMAL
..................................................................
TEMPERATURE (F)
 TODAY
  MAXIMUM         53   1220 PM  82    1991  57     -4       64
  MINIMUM         31    543 AM   8    1945  31      0       37
  AVERAGE         42                        44     -2       51

PRECIPITATION (IN)
  TODAY            0.02          0.54 1916   0.03  -0.01      T
                                      1900
  MONTH TO DATE    0.53                      0.20   0.33     0.01
  SINCE MAR 1      0.95                      1.20  -0.25     0.19
  SINCE JAN 1      1.84                      1.86  -0.02     1.27

SNOWFALL (IN)
  TODAY            T             4.4  1916   0.2   -0.2      0.0
  MONTH TO DATE    6.0                       1.2    4.8       T
  SINCE MAR 1      8.8                       9.3   -0.5      4.2
  SINCE JUL 1     32.9                      33.3   -0.4     24.2
  SNOW DEPTH       0

DEGREE DAYS
 HEATING
  TODAY           23                        21      2       14
  MONTH TO DATE  150                       130     20      117
  SINCE MAR 1    931                       935     -4      929
  SINCE JUL 1   5418                      5498    -80     5273

 COOLING
  TODAY            0                         0      0        0
  MONTH TO DATE    0                         0      0        0
  SINCE MAR 1      0                         0      0        0
  SINCE JAN 1      0                         0      0        0
..................................................................


WIND (MPH)
  HIGHEST WIND SPEED    26   HIGHEST WIND DIRECTION    NW (320)
  HIGHEST GUST SPEED    37   HIGHEST GUST DIRECTION     W (280)
  AVERAGE WIND SPEED     9.3


SKY COVER
  POSSIBLE SUNSHINE  MM
  AVERAGE SKY COVER 0.6


WEATHER CONDITIONS
 THE FOLLOWING WEATHER WAS RECORDED TODAY.
  LIGHT RAIN
  SNOW


RELATIVE HUMIDITY (PERCENT)
 HIGHEST    82           100 AM
 LOWEST     32          1100 AM
 AVERAGE    57

..........................................................


THE COLORADO SPRINGS CO CLIMATE NORMALS FOR TOMORROW
                         NORMAL    RECORD    YEAR
 MAXIMUM TEMPERATURE (F)   57        79      1988
                                             1978
 MINIMUM TEMPERATURE (F)   31         2      1957


SUNRISE AND SUNSET
APRIL  6 2014.........SUNRISE   636 AM MDT   SUNSET   727 PM MDT
APRIL  7 2014.........SUNRISE   634 AM MDT   SUNSET   728 PM MDT


-  INDICATES NEGATIVE NUMBERS.
R  INDICATES RECORD WAS SET OR TIED.
MM INDICATES DATA IS MISSING.
T  INDICATES TRACE AMOUNT.




$$
