000
CDUS45 KPUB 192332
CLICOS


CLIMATE REPORT
NATIONAL WEATHER SERVICE PUEBLO
532 PM MDT TUE SEP 19 2017


...................................

...THE COLORADO SPRINGS CO CLIMATE SUMMARY FOR SEPTEMBER 19 2017...
VALID TODAY AS OF 0500 PM LOCAL TIME.

CLIMATE NORMAL PERIOD 1981 TO 2010
CLIMATE RECORD PERIOD 1872 TO 2017


WEATHER ITEM   OBSERVED TIME   RECORD YEAR NORMAL DEPARTURE LAST
                VALUE   (LST)  VALUE       VALUE  FROM      YEAR
                                                  NORMAL
..................................................................
TEMPERATURE (F)
 TODAY
  MAXIMUM         83    242 PM  90    2010  73     10       87
  MINIMUM         50    102 AM  25    1971  46      4       55
  AVERAGE         67                        60      7       71

PRECIPITATION (IN)
  TODAY            0.00          0.72 1910   0.03  -0.03     0.00
  MONTH TO DATE    0.19                      0.88  -0.69     0.05
  SINCE SEP 1      0.19                      0.88  -0.69     0.05
  SINCE JAN 1     15.47                     14.67   0.80    13.49

SNOWFALL (IN)
  TODAY            0.0           0.0  2002   0.0    0.0      0.0
  MONTH TO DATE    0.0                       0.0    0.0      0.0
  SINCE SEP 1      0.0                       0.0    0.0      0.0
  SINCE JUL 1      T                         0.0    0.0       T
  SNOW DEPTH       0

DEGREE DAYS
 HEATING
  TODAY            0                         6     -6        0
  MONTH TO DATE   14                        69    -55       27
  SINCE SEP 1     14                        69    -55       27
  SINCE JUL 1     23                       100    -77       48

 COOLING
  TODAY            2                         1      1        6
  MONTH TO DATE   88                        32     56       52
  SINCE SEP 1     88                        32     56       52
  SINCE JAN 1    636                       450    186      678
..................................................................


WIND (MPH)
  HIGHEST WIND SPEED    36   HIGHEST WIND DIRECTION     S (200)
  HIGHEST GUST SPEED    43   HIGHEST GUST DIRECTION     S (200)
  AVERAGE WIND SPEED    17.2


SKY COVER
  POSSIBLE SUNSHINE  MM
  AVERAGE SKY COVER 0.6


WEATHER CONDITIONS
 THE FOLLOWING WEATHER WAS RECORDED TODAY.
  NO SIGNIFICANT WEATHER WAS OBSERVED.


RELATIVE HUMIDITY (PERCENT)
 HIGHEST    51          1200 AM
 LOWEST     10           100 PM
 AVERAGE    31

..........................................................


THE COLORADO SPRINGS CO CLIMATE NORMALS FOR TOMORROW
                         NORMAL    RECORD    YEAR
 MAXIMUM TEMPERATURE (F)   73        90      2016
                                             2010
                                             1956
 MINIMUM TEMPERATURE (F)   46        28      1901


SUNRISE AND SUNSET
SEPTEMBER 19 2017.....SUNRISE   644 AM MDT   SUNSET   700 PM MDT
SEPTEMBER 20 2017.....SUNRISE   645 AM MDT   SUNSET   659 PM MDT


-  INDICATES NEGATIVE NUMBERS.
R  INDICATES RECORD WAS SET OR TIED.
MM INDICATES DATA IS MISSING.
T  INDICATES TRACE AMOUNT.




$$
