000
CDUS45 KPUB 251046
CLICOS


CLIMATE REPORT
NATIONAL WEATHER SERVICE PUEBLO
446 AM MDT SAT JUL 25 2015


...................................

...THE COLORADO SPRINGS CO CLIMATE SUMMARY FOR JULY 24 2015...

CLIMATE NORMAL PERIOD 1981 TO 2010
CLIMATE RECORD PERIOD 1872 TO 2015


WEATHER ITEM   OBSERVED TIME   RECORD YEAR NORMAL DEPARTURE LAST
                VALUE   (LST)  VALUE       VALUE  FROM      YEAR
                                                  NORMAL
..................................................................
TEMPERATURE (F)
 YESTERDAY
  MAXIMUM         87    334 PM 100    2003  85      2       95
  MINIMUM         64    103 AM  49    1950  58      6       59
                                      1932
                                      1928
  AVERAGE         76                        71      5       77

PRECIPITATION (IN)
  YESTERDAY        T             1.54 1904   0.11  -0.11      T
  MONTH TO DATE    2.73                      2.08   0.65     2.89
  SINCE JUN 1      8.45                      4.58   3.87     4.18
  SINCE JAN 1     20.68                      9.69  10.99     8.97

SNOWFALL (IN)
  YESTERDAY        0.0           0.0  2002   0.0    0.0      0.0
                                      2001
  MONTH TO DATE    0.0                       0.0    0.0       T
  SINCE JUN 1      T                         0.0    0.0       T
  SINCE JUL 1      0.0                       0.0    0.0       T
  SNOW DEPTH       0

DEGREE DAYS
 HEATING
  YESTERDAY        0                         0      0        0
  MONTH TO DATE   10                         3      7       13
  SINCE JUN 1     20                        82    -62       52
  SINCE JUL 1     10                         3      7       13

 COOLING
  YESTERDAY       11                         6      5       12
  MONTH TO DATE  131                       147    -16      163
  SINCE JUN 1    253                       230     23      267
  SINCE JAN 1    253                       240     13      280
..................................................................


WIND (MPH)
  HIGHEST WIND SPEED    21   HIGHEST WIND DIRECTION     N (350)
  HIGHEST GUST SPEED    26   HIGHEST GUST DIRECTION     N (340)
  AVERAGE WIND SPEED    12.1


SKY COVER
  POSSIBLE SUNSHINE  MM
  AVERAGE SKY COVER 0.6


WEATHER CONDITIONS
 THE FOLLOWING WEATHER WAS RECORDED YESTERDAY.
  LIGHT RAIN


RELATIVE HUMIDITY (PERCENT)
 HIGHEST    63          1200 AM
 LOWEST     18           200 PM
 AVERAGE    41

..........................................................


THE COLORADO SPRINGS CO CLIMATE NORMALS FOR TODAY
                         NORMAL    RECORD    YEAR
 MAXIMUM TEMPERATURE (F)   85        98      2003
 MINIMUM TEMPERATURE (F)   58        47      1942
                                             1924


SUNRISE AND SUNSET
JULY 25 2015..........SUNRISE   554 AM MDT   SUNSET   816 PM MDT
JULY 26 2015..........SUNRISE   555 AM MDT   SUNSET   816 PM MDT


-  INDICATES NEGATIVE NUMBERS.
R  INDICATES RECORD WAS SET OR TIED.
MM INDICATES DATA IS MISSING.
T  INDICATES TRACE AMOUNT.




$$
