000
CDUS45 KPUB 120038
CLICOS


CLIMATE REPORT
NATIONAL WEATHER SERVICE PUEBLO
537 PM MST THU DEC 11 2014


...................................

...THE COLORADO SPRINGS CO CLIMATE SUMMARY FOR DECEMBER 11 2014...
VALID TODAY AS OF 0500 PM LOCAL TIME.

CLIMATE NORMAL PERIOD 1981 TO 2010
CLIMATE RECORD PERIOD 1872 TO 2014


WEATHER ITEM   OBSERVED TIME   RECORD YEAR NORMAL DEPARTURE LAST
                VALUE   (LST)  VALUE       VALUE  FROM      YEAR
                                                  NORMAL
..................................................................
TEMPERATURE (F)
 TODAY
  MAXIMUM         61    210 PM  72    1939  42     19       28
  MINIMUM         26    647 AM -21    1932  17      9       12
  AVERAGE         44                        30     14       20

PRECIPITATION (IN)
  TODAY            0.00          0.32 1991   0.01  -0.01     0.00
  MONTH TO DATE    0.02                      0.13  -0.11     0.07
  SINCE DEC 1      0.02                      0.13  -0.11     0.07
  SINCE JAN 1     16.90                     16.33   0.57    19.22

SNOWFALL (IN)
  TODAY            0.0           3.0  1932   0.2   -0.2      0.0
  MONTH TO DATE    T                         2.1   -2.1      2.9
  SINCE DEC 1      T                         2.1   -2.1      2.9
  SINCE JUL 1      7.1                       9.9   -2.8      7.1
  SNOW DEPTH       0

DEGREE DAYS
 HEATING
  TODAY           21                        35    -14       45
  MONTH TO DATE  289                       378    -89      502
  SINCE DEC 1    289                       378    -89      502
  SINCE JUL 1   1614                      1859   -245     1863

 COOLING
  TODAY            0                         0      0        0
  MONTH TO DATE    0                         0      0        0
  SINCE DEC 1      0                         0      0        0
  SINCE JAN 1    487                       455     32      694
..................................................................


WIND (MPH)
  HIGHEST WIND SPEED    14   HIGHEST WIND DIRECTION    NE (30)
  HIGHEST GUST SPEED    14   HIGHEST GUST DIRECTION    NE (30)
  AVERAGE WIND SPEED     6.0


SKY COVER
  POSSIBLE SUNSHINE  MM
  AVERAGE SKY COVER 0.2


WEATHER CONDITIONS
 THE FOLLOWING WEATHER WAS RECORDED TODAY.
  NO SIGNIFICANT WEATHER WAS OBSERVED.


RELATIVE HUMIDITY (PERCENT)
 HIGHEST    46           300 AM
 LOWEST     14          1100 AM
 AVERAGE    30

..........................................................


THE COLORADO SPRINGS CO CLIMATE NORMALS FOR TOMORROW
                         NORMAL    RECORD    YEAR
 MAXIMUM TEMPERATURE (F)   42        67      1934
 MINIMUM TEMPERATURE (F)   17       -24      1932


SUNRISE AND SUNSET
DECEMBER 11 2014......SUNRISE   707 AM MST   SUNSET   437 PM MST
DECEMBER 12 2014......SUNRISE   708 AM MST   SUNSET   437 PM MST


-  INDICATES NEGATIVE NUMBERS.
R  INDICATES RECORD WAS SET OR TIED.
MM INDICATES DATA IS MISSING.
T  INDICATES TRACE AMOUNT.




$$
