000
CDUS45 KPUB 181036
CLICOS


CLIMATE REPORT
NATIONAL WEATHER SERVICE PUEBLO
434 AM MDT THU AUG 18 2016


...................................

...THE COLORADO SPRINGS CO CLIMATE SUMMARY FOR AUGUST 17 2016...

CLIMATE NORMAL PERIOD 1981 TO 2010
CLIMATE RECORD PERIOD 1872 TO 2016


WEATHER ITEM   OBSERVED TIME   RECORD YEAR NORMAL DEPARTURE LAST
                VALUE   (LST)  VALUE       VALUE  FROM      YEAR
                                                  NORMAL
..................................................................
TEMPERATURE (F)
 YESTERDAY
  MAXIMUM         85    254 PM  95    1962  82      3       84
  MINIMUM         55    449 AM  42    1920  56     -1       58
  AVERAGE         70                        69      1       71

PRECIPITATION (IN)
  YESTERDAY        0.00          1.44 1932   0.12  -0.12      T
  MONTH TO DATE    0.75                      2.07  -1.32     1.66
  SINCE JUN 1      4.83                      7.41  -2.58    10.52
  SINCE JAN 1     11.76                     12.52  -0.76    22.75

SNOWFALL (IN)
  YESTERDAY        0.0           0.0  2007   0.0    0.0      0.0
  MONTH TO DATE    0.0                       0.0    0.0      0.0
  SINCE JUN 1      T                         0.0    0.0       T
  SINCE JUL 1      T                         0.0    0.0       T
  SNOW DEPTH       0

DEGREE DAYS
 HEATING
  YESTERDAY        0                         1     -1        0
  MONTH TO DATE    0                         2     -2        0
  SINCE JUN 1      8                        91    -83       20
  SINCE JUL 1      0                        12    -12       10

 COOLING
  YESTERDAY        5                         4      1        6
  MONTH TO DATE  117                        85     32      146
  SINCE JUN 1    597                       359    238      450
  SINCE JAN 1    599                       369    230      450
..................................................................


WIND (MPH)
  HIGHEST WIND SPEED    23   HIGHEST WIND DIRECTION     S (200)
  HIGHEST GUST SPEED    28   HIGHEST GUST DIRECTION     S (200)
  AVERAGE WIND SPEED     6.9


SKY COVER
  POSSIBLE SUNSHINE  MM
  AVERAGE SKY COVER 0.7


WEATHER CONDITIONS
 THE FOLLOWING WEATHER WAS RECORDED YESTERDAY.
  NO SIGNIFICANT WEATHER WAS OBSERVED.


RELATIVE HUMIDITY (PERCENT)
 HIGHEST    66           500 AM
 LOWEST     23           200 PM
 AVERAGE    45

..........................................................


THE COLORADO SPRINGS CO CLIMATE NORMALS FOR TODAY
                         NORMAL    RECORD    YEAR
 MAXIMUM TEMPERATURE (F)   81        95      2002
                                             1986
 MINIMUM TEMPERATURE (F)   56        43      1960


SUNRISE AND SUNSET
AUGUST 18 2016........SUNRISE   616 AM MDT   SUNSET   749 PM MDT
AUGUST 19 2016........SUNRISE   617 AM MDT   SUNSET   747 PM MDT


-  INDICATES NEGATIVE NUMBERS.
R  INDICATES RECORD WAS SET OR TIED.
MM INDICATES DATA IS MISSING.
T  INDICATES TRACE AMOUNT.




$$
