000
CDUS45 KPUB 041155
CLICOS


CLIMATE REPORT
NATIONAL WEATHER SERVICE PUEBLO
453 AM MST WED JAN 4 2017


...................................

...THE COLORADO SPRINGS CO CLIMATE SUMMARY FOR JANUARY 3 2017...

CLIMATE NORMAL PERIOD 1981 TO 2010
CLIMATE RECORD PERIOD 1872 TO 2017


WEATHER ITEM   OBSERVED TIME   RECORD YEAR NORMAL DEPARTURE LAST
                VALUE   (LST)  VALUE       VALUE  FROM      YEAR
                                                  NORMAL
..................................................................
TEMPERATURE (F)
 YESTERDAY
  MAXIMUM         22    425 PM  67    1997  43    -21       47
  MINIMUM          8   1159 PM -21    1959  17     -9       14
  AVERAGE         15                        30    -15       31

PRECIPITATION (IN)
  YESTERDAY        0.02          0.26 2004   0.01   0.01     0.00
  MONTH TO DATE    0.02                      0.03  -0.01      T
  SINCE DEC 1      0.70                      0.37   0.33     0.25
  SINCE JAN 1      0.02                      0.03  -0.01      T

SNOWFALL (IN)
  YESTERDAY        0.3           4.2  2004   0.2    0.1      0.0
  MONTH TO DATE    0.3                       0.6   -0.3       T
  SINCE DEC 1      6.7                       6.3    0.4      4.3
  SINCE JUL 1      6.7                      14.1   -7.4     10.1
  SNOW DEPTH       0

DEGREE DAYS
 HEATING
  YESTERDAY       50                        35     15       34
  MONTH TO DATE  111                       105      6      111
  SINCE DEC 1   1211                      1196     15     1112
  SINCE JUL 1   2114                      2677   -563     2215

 COOLING
  YESTERDAY        0                         0      0        0
  MONTH TO DATE    0                         0      0        0
  SINCE DEC 1      0                         0      0        0
  SINCE JAN 1      0                         0      0        0
..................................................................


WIND (MPH)
  HIGHEST WIND SPEED    16   HIGHEST WIND DIRECTION    SE (140)
  HIGHEST GUST SPEED    19   HIGHEST GUST DIRECTION    SE (140)
  AVERAGE WIND SPEED     6.5


SKY COVER
  POSSIBLE SUNSHINE  MM
  AVERAGE SKY COVER 0.8


WEATHER CONDITIONS
 THE FOLLOWING WEATHER WAS RECORDED YESTERDAY.
  LIGHT SNOW
  FOG
  FOG W/VISIBILITY <= 1/4 MILE


RELATIVE HUMIDITY (PERCENT)
 HIGHEST    92           300 AM
 LOWEST     67           600 PM
 AVERAGE    80

..........................................................


THE COLORADO SPRINGS CO CLIMATE NORMALS FOR TODAY
                         NORMAL    RECORD    YEAR
 MAXIMUM TEMPERATURE (F)   43        70      2001
 MINIMUM TEMPERATURE (F)   17       -18      1959
                                             1942


SUNRISE AND SUNSET
JANUARY  4 2017.......SUNRISE   718 AM MST   SUNSET   451 PM MST
JANUARY  5 2017.......SUNRISE   718 AM MST   SUNSET   452 PM MST


-  INDICATES NEGATIVE NUMBERS.
R  INDICATES RECORD WAS SET OR TIED.
MM INDICATES DATA IS MISSING.
T  INDICATES TRACE AMOUNT.




$$
