000
CDUS45 KPUB 181133
CLICOS


CLIMATE REPORT
NATIONAL WEATHER SERVICE PUEBLO
432 AM MST SAT FEB 18 2017


...................................

...THE COLORADO SPRINGS CO CLIMATE SUMMARY FOR FEBRUARY 17 2017...

CLIMATE NORMAL PERIOD 1981 TO 2010
CLIMATE RECORD PERIOD 1872 TO 2017


WEATHER ITEM   OBSERVED TIME   RECORD YEAR NORMAL DEPARTURE LAST
                VALUE   (LST)  VALUE       VALUE  FROM      YEAR
                                                  NORMAL
..................................................................
TEMPERATURE (F)
 YESTERDAY
  MAXIMUM         63    103 PM  68    1970  45     18       63
  MINIMUM         36   1015 PM -19    1910  20     16       29
  AVERAGE         50                        32     18       46

PRECIPITATION (IN)
  YESTERDAY        0.00          0.42 1917   0.01  -0.01     0.00
  MONTH TO DATE    0.05                      0.17  -0.12     1.00
  SINCE DEC 1      1.05                      0.83   0.22     1.79
  SINCE JAN 1      0.37                      0.49  -0.12     1.54

SNOWFALL (IN)
  YESTERDAY        0.0           6.0  1917   0.2   -0.2      0.0
  MONTH TO DATE    0.6                       3.0   -2.4     10.1
  SINCE DEC 1     13.3                      14.3   -1.0     21.3
  SINCE JUL 1     13.3                      22.1   -8.8     27.1
  SNOW DEPTH       0

DEGREE DAYS
 HEATING
  YESTERDAY       15                        33    -18       19
  MONTH TO DATE  396                       573   -177      548
  SINCE DEC 1   2547                      2735   -188     2542
  SINCE JUL 1   3450                      4216   -766     3645

 COOLING
  YESTERDAY        0                         0      0        0
  MONTH TO DATE    0                         0      0        0
  SINCE DEC 1      0                         0      0        0
  SINCE JAN 1      0                         0      0        0
..................................................................


WIND (MPH)
  HIGHEST WIND SPEED    22   HIGHEST WIND DIRECTION    SE (150)
  HIGHEST GUST SPEED    27   HIGHEST GUST DIRECTION    SE (140)
  AVERAGE WIND SPEED     8.9


SKY COVER
  POSSIBLE SUNSHINE  MM
  AVERAGE SKY COVER 0.4


WEATHER CONDITIONS
 THE FOLLOWING WEATHER WAS RECORDED YESTERDAY.
  NO SIGNIFICANT WEATHER WAS OBSERVED.


RELATIVE HUMIDITY (PERCENT)
 HIGHEST    24          1100 PM
 LOWEST      7          1200 PM
 AVERAGE    16

..........................................................


THE COLORADO SPRINGS CO CLIMATE NORMALS FOR TODAY
                         NORMAL    RECORD    YEAR
 MAXIMUM TEMPERATURE (F)   45        73      2016
 MINIMUM TEMPERATURE (F)   20       -15      1942


SUNRISE AND SUNSET
FEBRUARY 18 2017......SUNRISE   646 AM MST   SUNSET   540 PM MST
FEBRUARY 19 2017......SUNRISE   645 AM MST   SUNSET   541 PM MST


-  INDICATES NEGATIVE NUMBERS.
R  INDICATES RECORD WAS SET OR TIED.
MM INDICATES DATA IS MISSING.
T  INDICATES TRACE AMOUNT.




$$
