000
CDUS45 KPUB 020052
CLICOS


CLIMATE REPORT
NATIONAL WEATHER SERVICE PUEBLO
552 PM MST MON JAN 1 2018


...................................

...THE COLORADO SPRINGS CO CLIMATE SUMMARY FOR JANUARY 1 2018...
VALID TODAY AS OF 0500 PM LOCAL TIME.

CLIMATE NORMAL PERIOD 1981 TO 2010
CLIMATE RECORD PERIOD 1872 TO 2017


WEATHER ITEM   OBSERVED TIME   RECORD YEAR NORMAL DEPARTURE LAST
                VALUE   (LST)  VALUE       VALUE  FROM      YEAR
                                                  NORMAL
..................................................................
TEMPERATURE (F)
 TODAY
  MAXIMUM         30    220 PM  64    1918  43    -13       50
                                      1914
  MINIMUM          1    534 AM -19    1901  17    -16       16
  AVERAGE         16                        30    -14       33

PRECIPITATION (IN)
  TODAY            0.00          0.20 1907   0.01  -0.01     0.00
  MONTH TO DATE    0.00                      0.01  -0.01     0.00
  SINCE DEC 1      0.01                      0.35  -0.34     0.68
  SINCE JAN 1      0.00                      0.01  -0.01     0.00

SNOWFALL (IN)
  TODAY            0.0           3.5  1995   0.2   -0.2      0.0
  MONTH TO DATE    0.0                       0.2   -0.2      0.0
  SINCE DEC 1      0.9                       5.9   -5.0      6.4
  SINCE JUL 1      2.5                      13.7  -11.2      6.4
  SNOW DEPTH       0

DEGREE DAYS
 HEATING
  TODAY           49                        35     14       32
  MONTH TO DATE   49                        35     14       32
  SINCE DEC 1   1019                      1126   -107     1132
  SINCE JUL 1   2187                      2607   -420     2035

 COOLING
  TODAY            0                         0      0        0
  MONTH TO DATE    0                         0      0        0
  SINCE DEC 1      0                         0      0        0
  SINCE JAN 1      0                         0      0        0
..................................................................


WIND (MPH)
  HIGHEST WIND SPEED    10   HIGHEST WIND DIRECTION     S (160)
  HIGHEST GUST SPEED    13   HIGHEST GUST DIRECTION     S (160)
  AVERAGE WIND SPEED     3.7


SKY COVER
  POSSIBLE SUNSHINE  MM
  AVERAGE SKY COVER 0.5


WEATHER CONDITIONS
 THE FOLLOWING WEATHER WAS RECORDED TODAY.
  NO SIGNIFICANT WEATHER WAS OBSERVED.


RELATIVE HUMIDITY (PERCENT)
 HIGHEST    95           400 AM
 LOWEST     46           200 PM
 AVERAGE    71

..........................................................


THE COLORADO SPRINGS CO CLIMATE NORMALS FOR TOMORROW
                         NORMAL    RECORD    YEAR
 MAXIMUM TEMPERATURE (F)   43        73      1997
 MINIMUM TEMPERATURE (F)   17       -15      1911


SUNRISE AND SUNSET
JANUARY  1 2018.......SUNRISE   717 AM MST   SUNSET   448 PM MST
JANUARY  2 2018.......SUNRISE   717 AM MST   SUNSET   449 PM MST


-  INDICATES NEGATIVE NUMBERS.
R  INDICATES RECORD WAS SET OR TIED.
MM INDICATES DATA IS MISSING.
T  INDICATES TRACE AMOUNT.




$$
