000
CDUS45 KPUB 200103
CLICOS


CLIMATE REPORT
NATIONAL WEATHER SERVICE PUEBLO
602 PM MST WED NOV 19 2014


...................................

...THE COLORADO SPRINGS CO CLIMATE SUMMARY FOR NOVEMBER 19 2014...
VALID TODAY AS OF 0500 PM LOCAL TIME.

CLIMATE NORMAL PERIOD 1981 TO 2010
CLIMATE RECORD PERIOD 1872 TO 2014


WEATHER ITEM   OBSERVED TIME   RECORD YEAR NORMAL DEPARTURE LAST
                VALUE   (LST)  VALUE       VALUE  FROM      YEAR
                                                  NORMAL
..................................................................
TEMPERATURE (F)
 TODAY
  MAXIMUM         47    149 PM  76    2007  49     -2       60
  MINIMUM         29    656 AM  -1    1906  24      5       27
  AVERAGE         38                        36      2       44

PRECIPITATION (IN)
  TODAY            0.00          0.81 1979   0.02  -0.02     0.00
  MONTH TO DATE    0.19                      0.27  -0.08     0.01
  SINCE SEP 1      3.76                      2.28   1.48     5.23
  SINCE JAN 1     16.81                     16.07   0.74    18.89

SNOWFALL (IN)
  TODAY            0.0           7.4  1956   0.2   -0.2      0.0
  MONTH TO DATE    5.8                       2.7    3.1      0.1
  SINCE SEP 1      5.8                       5.8    0.0      0.3
  SINCE JUL 1      5.8                       5.8    0.0      0.3
  SNOW DEPTH       0

DEGREE DAYS
 HEATING
  TODAY           27                        28     -1       21
  MONTH TO DATE  579                       466    113      423
  SINCE SEP 1   1016                      1109    -93     1008
  SINCE JUL 1   1046                      1140    -94     1018

 COOLING
  TODAY            0                         0      0        0
  MONTH TO DATE    0                         0      0        0
  SINCE SEP 1     60                        37     23       92
  SINCE JAN 1    487                       455     32      694
..................................................................


WIND (MPH)
  HIGHEST WIND SPEED    14   HIGHEST WIND DIRECTION    SE (140)
  HIGHEST GUST SPEED    18   HIGHEST GUST DIRECTION    SE (140)
  AVERAGE WIND SPEED    MM


SKY COVER
  POSSIBLE SUNSHINE  MM
  AVERAGE SKY COVER 0.7


WEATHER CONDITIONS
 THE FOLLOWING WEATHER WAS RECORDED TODAY.
  NO SIGNIFICANT WEATHER WAS OBSERVED.


RELATIVE HUMIDITY (PERCENT)
 HIGHEST    50           700 AM
 LOWEST     24           200 AM
 AVERAGE    37

..........................................................


THE COLORADO SPRINGS CO CLIMATE NORMALS FOR TOMORROW
                         NORMAL    RECORD    YEAR
 MAXIMUM TEMPERATURE (F)   49        72      1955
                                             1897
 MINIMUM TEMPERATURE (F)   23        -6      1906


SUNRISE AND SUNSET
NOVEMBER 19 2014......SUNRISE   646 AM MST   SUNSET   442 PM MST
NOVEMBER 20 2014......SUNRISE   647 AM MST   SUNSET   442 PM MST


-  INDICATES NEGATIVE NUMBERS.
R  INDICATES RECORD WAS SET OR TIED.
MM INDICATES DATA IS MISSING.
T  INDICATES TRACE AMOUNT.




$$
