000
CDUS45 KPUB 171121
CLICOS


CLIMATE REPORT
NATIONAL WEATHER SERVICE PUEBLO
417 AM MST THU NOV 17 2016


...................................

...THE COLORADO SPRINGS CO CLIMATE SUMMARY FOR NOVEMBER 16 2016...

CLIMATE NORMAL PERIOD 1981 TO 2010
CLIMATE RECORD PERIOD 1872 TO 2016


WEATHER ITEM   OBSERVED TIME   RECORD YEAR NORMAL DEPARTURE LAST
                VALUE   (LST)  VALUE       VALUE  FROM      YEAR
                                                  NORMAL
..................................................................
TEMPERATURE (F)
 YESTERDAY
  MAXIMUM         78R   110 PM  74    1941  51     27       57
  MINIMUM         41   1219 AM  -8    1955  25     16       33
  AVERAGE         60                        38     22       45

PRECIPITATION (IN)
  YESTERDAY        0.00          0.59 1991   0.01  -0.01     0.23
  MONTH TO DATE    T                         0.23  -0.23     0.25
  SINCE SEP 1      0.16                      2.24  -2.08     1.95
  SINCE JAN 1     13.60                     16.03  -2.43    24.77

SNOWFALL (IN)
  YESTERDAY        0.0           5.3  1991   0.1   -0.1      1.8
  MONTH TO DATE    0.0                       2.2   -2.2      2.0
  SINCE SEP 1      0.0                       5.3   -5.3      2.0
  SINCE JUL 1      T                         5.3   -5.3      2.0
  SNOW DEPTH       0

DEGREE DAYS
 HEATING
  YESTERDAY        5                        27    -22       20
  MONTH TO DATE  227                       382   -155      315
  SINCE SEP 1    510                      1025   -515      629
  SINCE JUL 1    531                      1056   -525      648

 COOLING
  YESTERDAY        0                         0      0        0
  MONTH TO DATE    0                         0      0        0
  SINCE SEP 1     84                        37     47      102
  SINCE JAN 1    710                       455    255      617
..................................................................


WIND (MPH)
  HIGHEST WIND SPEED    29   HIGHEST WIND DIRECTION    SW (210)
  HIGHEST GUST SPEED    41   HIGHEST GUST DIRECTION     S (200)
  AVERAGE WIND SPEED    12.5


SKY COVER
  POSSIBLE SUNSHINE  MM
  AVERAGE SKY COVER 0.6


WEATHER CONDITIONS
 THE FOLLOWING WEATHER WAS RECORDED YESTERDAY.
  NO SIGNIFICANT WEATHER WAS OBSERVED.


RELATIVE HUMIDITY (PERCENT)
 HIGHEST    39          1200 AM
 LOWEST      8          1100 AM
 AVERAGE    24

..........................................................


THE COLORADO SPRINGS CO CLIMATE NORMALS FOR TODAY
                         NORMAL    RECORD    YEAR
 MAXIMUM TEMPERATURE (F)   50        78      1981
 MINIMUM TEMPERATURE (F)   25         3      1903


SUNRISE AND SUNSET
NOVEMBER 17 2016......SUNRISE   644 AM MST   SUNSET   443 PM MST
NOVEMBER 18 2016......SUNRISE   645 AM MST   SUNSET   443 PM MST


-  INDICATES NEGATIVE NUMBERS.
R  INDICATES RECORD WAS SET OR TIED.
MM INDICATES DATA IS MISSING.
T  INDICATES TRACE AMOUNT.




$$
