000
CDUS45 KPUB 151055
CLICOS


CLIMATE REPORT
NATIONAL WEATHER SERVICE PUEBLO
455 AM MDT SAT APR 15 2017


...................................

...THE COLORADO SPRINGS CO CLIMATE SUMMARY FOR APRIL 14 2017...

CLIMATE NORMAL PERIOD 1981 TO 2010
CLIMATE RECORD PERIOD 1872 TO 2017


WEATHER ITEM   OBSERVED TIME   RECORD YEAR NORMAL DEPARTURE LAST
                VALUE   (LST)  VALUE       VALUE  FROM      YEAR
                                                  NORMAL
..................................................................
TEMPERATURE (F)
 YESTERDAY
  MAXIMUM         80    256 PM  81    2002  59     21       75
  MINIMUM         41    537 AM   8    1933  33      8       41
  AVERAGE         61                        46     15       58

PRECIPITATION (IN)
  YESTERDAY        0.00          0.98 1945   0.04  -0.04     0.00
  MONTH TO DATE    0.95                      0.53   0.42     0.58
  SINCE MAR 1      1.39                      1.53  -0.14     1.31
  SINCE JAN 1      1.78                      2.19  -0.41     2.85

SNOWFALL (IN)
  YESTERDAY        0.0           9.5  1945   0.1   -0.1      0.0
  MONTH TO DATE    8.9                       2.6    6.3      0.1
  SINCE MAR 1     10.9                      10.7    0.2     10.6
  SINCE JUL 1     24.3                      34.7  -10.4     37.7
  SNOW DEPTH       0

DEGREE DAYS
 HEATING
  YESTERDAY        4                        19    -15        7
  MONTH TO DATE  233                       290    -57      212
  SINCE MAR 1    793                      1095   -302      922
  SINCE JUL 1   4546                      5658  -1112     4825

 COOLING
  YESTERDAY        0                         0      0        0
  MONTH TO DATE    0                         0      0        0
  SINCE MAR 1      0                         0      0        0
  SINCE JAN 1      0                         0      0        0
..................................................................


WIND (MPH)
  HIGHEST WIND SPEED    31   HIGHEST WIND DIRECTION     S (200)
  HIGHEST GUST SPEED    39   HIGHEST GUST DIRECTION     S (200)
  AVERAGE WIND SPEED    14.3


SKY COVER
  POSSIBLE SUNSHINE  MM
  AVERAGE SKY COVER 0.2


WEATHER CONDITIONS
 THE FOLLOWING WEATHER WAS RECORDED YESTERDAY.
  NO SIGNIFICANT WEATHER WAS OBSERVED.


RELATIVE HUMIDITY (PERCENT)
 HIGHEST    93          1200 AM
 LOWEST      4           400 PM
 AVERAGE    49

..........................................................


THE COLORADO SPRINGS CO CLIMATE NORMALS FOR TODAY
                         NORMAL    RECORD    YEAR
 MAXIMUM TEMPERATURE (F)   60        81      2002
 MINIMUM TEMPERATURE (F)   33        15      1961
                                             1945
                                             1902


SUNRISE AND SUNSET
APRIL 15 2017.........SUNRISE   622 AM MDT   SUNSET   736 PM MDT
APRIL 16 2017.........SUNRISE   621 AM MDT   SUNSET   737 PM MDT


-  INDICATES NEGATIVE NUMBERS.
R  INDICATES RECORD WAS SET OR TIED.
MM INDICATES DATA IS MISSING.
T  INDICATES TRACE AMOUNT.




$$
