000
CDUS45 KPUB 291027
CLICOS


CLIMATE REPORT
NATIONAL WEATHER SERVICE PUEBLO
426 AM MDT SAT AUG 29 2015


...................................

...THE COLORADO SPRINGS CO CLIMATE SUMMARY FOR AUGUST 28 2015...

CLIMATE NORMAL PERIOD 1981 TO 2010
CLIMATE RECORD PERIOD 1872 TO 2015


WEATHER ITEM   OBSERVED TIME   RECORD YEAR NORMAL DEPARTURE LAST
                VALUE   (LST)  VALUE       VALUE  FROM      YEAR
                                                  NORMAL
..................................................................
TEMPERATURE (F)
 YESTERDAY
  MAXIMUM         83    300 PM  93    1958  80      3       75
  MINIMUM         56    232 AM  42    2004  54      2       50
                                      1903
  AVERAGE         70                        67      3       63

PRECIPITATION (IN)
  YESTERDAY        0.00          2.99 2000   0.09  -0.09     0.02
  MONTH TO DATE    1.68                      3.07  -1.39     2.34
  SINCE JUN 1     10.54                      8.41   2.13     8.26
  SINCE JAN 1     22.77                     13.52   9.25    13.05

SNOWFALL (IN)
  YESTERDAY        0.0           0.0  2002   0.0    0.0      0.0
  MONTH TO DATE    0.0                       0.0    0.0       T
  SINCE JUN 1      T                         0.0    0.0       T
  SINCE JUL 1      T                         0.0    0.0       T
  SNOW DEPTH       0

DEGREE DAYS
 HEATING
  YESTERDAY        0                         1     -1        2
  MONTH TO DATE    9                        13     -4        7
  SINCE JUN 1     29                       102    -73       69
  SINCE JUL 1     19                        23     -4       30

 COOLING
  YESTERDAY        5                         3      2        0
  MONTH TO DATE  193                       125     68      108
  SINCE JUN 1    497                       399     98      406
  SINCE JAN 1    497                       409     88      419
..................................................................


WIND (MPH)
  HIGHEST WIND SPEED    25   HIGHEST WIND DIRECTION     N (360)
  HIGHEST GUST SPEED    31   HIGHEST GUST DIRECTION     N (360)
  AVERAGE WIND SPEED    10.4


SKY COVER
  POSSIBLE SUNSHINE  MM
  AVERAGE SKY COVER 0.4


WEATHER CONDITIONS
 THE FOLLOWING WEATHER WAS RECORDED YESTERDAY.
  NO SIGNIFICANT WEATHER WAS OBSERVED.


RELATIVE HUMIDITY (PERCENT)
 HIGHEST    78          1200 AM
 LOWEST     22           200 PM
 AVERAGE    50

..........................................................


THE COLORADO SPRINGS CO CLIMATE NORMALS FOR TODAY
                         NORMAL    RECORD    YEAR
 MAXIMUM TEMPERATURE (F)   80        93      1962
 MINIMUM TEMPERATURE (F)   54        38      1944


SUNRISE AND SUNSET
AUGUST 29 2015........SUNRISE   625 AM MDT   SUNSET   734 PM MDT
AUGUST 30 2015........SUNRISE   626 AM MDT   SUNSET   732 PM MDT


-  INDICATES NEGATIVE NUMBERS.
R  INDICATES RECORD WAS SET OR TIED.
MM INDICATES DATA IS MISSING.
T  INDICATES TRACE AMOUNT.




$$
