000
CDUS45 KPUB 191027
CLICOS


CLIMATE REPORT
NATIONAL WEATHER SERVICE PUEBLO
427 AM MDT WED APR 19 2017


...................................

...THE COLORADO SPRINGS CO CLIMATE SUMMARY FOR APRIL 18 2017...

CLIMATE NORMAL PERIOD 1981 TO 2010
CLIMATE RECORD PERIOD 1872 TO 2017


WEATHER ITEM   OBSERVED TIME   RECORD YEAR NORMAL DEPARTURE LAST
                VALUE   (LST)  VALUE       VALUE  FROM      YEAR
                                                  NORMAL
..................................................................
TEMPERATURE (F)
 YESTERDAY
  MAXIMUM         72    356 PM  80    1987  60     12       38
  MINIMUM         47    150 AM  14    1922  34     13       30
  AVERAGE         60                        47     13       34

PRECIPITATION (IN)
  YESTERDAY        0.00          1.96 1942   0.05  -0.05     0.11
  MONTH TO DATE    0.97                      0.73   0.24     0.92
  SINCE MAR 1      1.41                      1.73  -0.32     1.65
  SINCE JAN 1      1.80                      2.39  -0.59     3.19

SNOWFALL (IN)
  YESTERDAY        0.0           7.0  1912   0.1   -0.1      0.2
  MONTH TO DATE    8.9                       3.2    5.7      2.9
  SINCE MAR 1     10.9                      11.3   -0.4     13.4
  SINCE JUL 1     24.3                      35.3  -11.0     40.5
  SNOW DEPTH       0

DEGREE DAYS
 HEATING
  YESTERDAY        5                        18    -13       31
  MONTH TO DATE  261                       363   -102      319
  SINCE MAR 1    821                      1168   -347     1029
  SINCE JUL 1   4574                      5731  -1157     4932

 COOLING
  YESTERDAY        0                         0      0        0
  MONTH TO DATE    0                         0      0        0
  SINCE MAR 1      0                         0      0        0
  SINCE JAN 1      0                         0      0        0
..................................................................


WIND (MPH)
  HIGHEST WIND SPEED    26   HIGHEST WIND DIRECTION     S (180)
  HIGHEST GUST SPEED    33   HIGHEST GUST DIRECTION     S (170)
  AVERAGE WIND SPEED    12.6


SKY COVER
  POSSIBLE SUNSHINE  MM
  AVERAGE SKY COVER 0.5


WEATHER CONDITIONS
 THE FOLLOWING WEATHER WAS RECORDED YESTERDAY.
  NO SIGNIFICANT WEATHER WAS OBSERVED.


RELATIVE HUMIDITY (PERCENT)
 HIGHEST    83          1200 AM
 LOWEST     20           300 PM
 AVERAGE    52

..........................................................


THE COLORADO SPRINGS CO CLIMATE NORMALS FOR TODAY
                         NORMAL    RECORD    YEAR
 MAXIMUM TEMPERATURE (F)   61        79      1962
 MINIMUM TEMPERATURE (F)   34        16      1966


SUNRISE AND SUNSET
APRIL 19 2017.........SUNRISE   616 AM MDT   SUNSET   740 PM MDT
APRIL 20 2017.........SUNRISE   615 AM MDT   SUNSET   741 PM MDT


-  INDICATES NEGATIVE NUMBERS.
R  INDICATES RECORD WAS SET OR TIED.
MM INDICATES DATA IS MISSING.
T  INDICATES TRACE AMOUNT.




$$
