000
CDUS45 KPUB 010028
CLICOS


CLIMATE REPORT
NATIONAL WEATHER SERVICE PUEBLO
528 PM MST THU NOV 30 2017


...................................

...THE COLORADO SPRINGS CO CLIMATE SUMMARY FOR NOVEMBER 30 2017...
VALID TODAY AS OF 0500 PM LOCAL TIME.

CLIMATE NORMAL PERIOD 1981 TO 2010
CLIMATE RECORD PERIOD 1872 TO 2017


WEATHER ITEM   OBSERVED TIME   RECORD YEAR NORMAL DEPARTURE LAST
                VALUE   (LST)  VALUE       VALUE  FROM      YEAR
                                                  NORMAL
..................................................................
TEMPERATURE (F)
 TODAY
  MAXIMUM         46    207 PM  67    1951  44      2       39
                                      1926
                                      1917
  MINIMUM         27    551 AM  -3    2006  20      7       10
  AVERAGE         37                        32      5       25

PRECIPITATION (IN)
  TODAY            0.00          0.20 1927   0.01  -0.01     0.00
  MONTH TO DATE    0.15                      0.40  -0.25     0.07
  SINCE SEP 1      3.15                      2.41   0.74     0.23
  SINCE JAN 1     18.43                     16.20   2.23    13.67

SNOWFALL (IN)
  TODAY            0.0           2.0  1927   0.2   -0.2      0.0
  MONTH TO DATE    0.7                       4.7   -4.0       T
  SINCE SEP 1      1.6                       7.8   -6.2       T
  SINCE JUL 1      1.6                       7.8   -6.2       T
  SNOW DEPTH       0

DEGREE DAYS
 HEATING
  TODAY           28                        33     -5       40
  MONTH TO DATE  576                       806   -230      599
  SINCE SEP 1   1158                      1450   -292      882
  SINCE JUL 1   1167                      1481   -314      903

 COOLING
  TODAY            0                         0      0        0
  MONTH TO DATE    0                         0      0        0
  SINCE SEP 1     91                        37     54       84
  SINCE JAN 1    639                       455    184      710
..................................................................


WIND (MPH)
  HIGHEST WIND SPEED    24   HIGHEST WIND DIRECTION     S (170)
  HIGHEST GUST SPEED    31   HIGHEST GUST DIRECTION     S (180)
  AVERAGE WIND SPEED    10.5


SKY COVER
  POSSIBLE SUNSHINE  MM
  AVERAGE SKY COVER 0.3


WEATHER CONDITIONS
 THE FOLLOWING WEATHER WAS RECORDED TODAY.
  NO SIGNIFICANT WEATHER WAS OBSERVED.


RELATIVE HUMIDITY (PERCENT)
 HIGHEST    63           300 AM
 LOWEST     37           100 PM
 AVERAGE    50

..........................................................


THE COLORADO SPRINGS CO CLIMATE NORMALS FOR TOMORROW
                         NORMAL    RECORD    YEAR
 MAXIMUM TEMPERATURE (F)   44        71      1998
                                             1973
 MINIMUM TEMPERATURE (F)   20         3      1985


SUNRISE AND SUNSET
NOVEMBER 30 2017......SUNRISE   658 AM MST   SUNSET   438 PM MST
DECEMBER  1 2017......SUNRISE   658 AM MST   SUNSET   437 PM MST


-  INDICATES NEGATIVE NUMBERS.
R  INDICATES RECORD WAS SET OR TIED.
MM INDICATES DATA IS MISSING.
T  INDICATES TRACE AMOUNT.




$$
