000
CDUS45 KPUB 121151
CLICOS


CLIMATE REPORT
NATIONAL WEATHER SERVICE PUEBLO
450 AM MST WED NOV 12 2014


...................................

...THE COLORADO SPRINGS CO CLIMATE SUMMARY FOR NOVEMBER 11 2014...

CLIMATE NORMAL PERIOD 1981 TO 2010
CLIMATE RECORD PERIOD 1872 TO 2014


WEATHER ITEM   OBSERVED TIME   RECORD YEAR NORMAL DEPARTURE LAST
                VALUE   (LST)  VALUE       VALUE  FROM      YEAR
                                                  NORMAL
..................................................................
TEMPERATURE (F)
 YESTERDAY
  MAXIMUM         16    436 PM  73    1999  53    -37       68
                                      1989
  MINIMUM          9   1159 PM   3    1911  27    -18       28
  AVERAGE         13                        40    -27       48

PRECIPITATION (IN)
  YESTERDAY        0.04          0.28 1993   0.01   0.03     0.00
  MONTH TO DATE    0.09                      0.17  -0.08     0.01
  SINCE SEP 1      3.66                      2.18   1.48     5.23
  SINCE JAN 1     16.71                     15.97   0.74    18.89

SNOWFALL (IN)
  YESTERDAY        2.5 R         1.7  1979   0.1    2.4      0.0
  MONTH TO DATE    2.7                       1.5    1.2      0.1
  SINCE SEP 1      2.7                       4.6   -1.9      0.3
  SINCE JUL 1      2.7                       4.6   -1.9      0.3
  SNOW DEPTH       1

DEGREE DAYS
 HEATING
  YESTERDAY       52                        25     27       17
  MONTH TO DATE  225                       251    -26      250
  SINCE SEP 1    662                       894   -232      835
  SINCE JUL 1    692                       925   -233      845

 COOLING
  YESTERDAY        0                         0      0        0
  MONTH TO DATE    0                         0      0        0
  SINCE SEP 1     60                        37     23       92
  SINCE JAN 1    487                       455     32      694
..................................................................


WIND (MPH)
  HIGHEST WIND SPEED    14   HIGHEST WIND DIRECTION    SE (150)
  HIGHEST GUST SPEED    14   HIGHEST GUST DIRECTION    SE (150)
  AVERAGE WIND SPEED     9.2


SKY COVER
  POSSIBLE SUNSHINE  MM
  AVERAGE SKY COVER 1.0


WEATHER CONDITIONS
 THE FOLLOWING WEATHER WAS RECORDED YESTERDAY.
  SNOW
  LIGHT SNOW
  FOG
  HAZE


RELATIVE HUMIDITY (PERCENT)
 HIGHEST    92           700 AM
 LOWEST     70           900 PM
 AVERAGE    81

..........................................................


THE COLORADO SPRINGS CO CLIMATE NORMALS FOR TODAY
                         NORMAL    RECORD    YEAR
 MAXIMUM TEMPERATURE (F)   53        74      1989
 MINIMUM TEMPERATURE (F)   27         0      1911


SUNRISE AND SUNSET
NOVEMBER 12 2014......SUNRISE   638 AM MST   SUNSET   448 PM MST
NOVEMBER 13 2014......SUNRISE   639 AM MST   SUNSET   447 PM MST


-  INDICATES NEGATIVE NUMBERS.
R  INDICATES RECORD WAS SET OR TIED.
MM INDICATES DATA IS MISSING.
T  INDICATES TRACE AMOUNT.




$$
