000
CDUS45 KPUB 060029
CLICOS


CLIMATE REPORT
NATIONAL WEATHER SERVICE PUEBLO
529 PM MST THU JAN 5 2017


...................................

...THE COLORADO SPRINGS CO CLIMATE SUMMARY FOR JANUARY 5 2017...
VALID TODAY AS OF 0500 PM LOCAL TIME.

CLIMATE NORMAL PERIOD 1981 TO 2010
CLIMATE RECORD PERIOD 1872 TO 2017


WEATHER ITEM   OBSERVED TIME   RECORD YEAR NORMAL DEPARTURE LAST
                VALUE   (LST)  VALUE       VALUE  FROM      YEAR
                                                  NORMAL
..................................................................
TEMPERATURE (F)
 TODAY
  MAXIMUM          8   1207 AM  70    1927  43    -35       55
  MINIMUM          2    825 AM -16    1971  18    -16       23
  AVERAGE          5                        30    -25       39

PRECIPITATION (IN)
  TODAY            0.15          0.58 1915   0.01   0.14     0.00
  MONTH TO DATE    0.17                      0.05   0.12      T
  SINCE DEC 1      0.85                      0.39   0.46     0.25
  SINCE JAN 1      0.17                      0.05   0.12      T

SNOWFALL (IN)
  TODAY            2.9           3.5  2005   0.1    2.8      0.0
  MONTH TO DATE    3.2                       0.9    2.3       T
  SINCE DEC 1      9.6                       6.6    3.0      4.3
  SINCE JUL 1      9.6                      14.4   -4.8     10.1
  SNOW DEPTH       3

DEGREE DAYS
 HEATING
  TODAY           60                        35     25       26
  MONTH TO DATE  218                       175     43      170
  SINCE DEC 1   1318                      1266     52     1171
  SINCE JUL 1   2221                      2747   -526     2274

 COOLING
  TODAY            0                         0      0        0
  MONTH TO DATE    0                         0      0        0
  SINCE DEC 1      0                         0      0        0
  SINCE JAN 1      0                         0      0        0
..................................................................


WIND (MPH)
  HIGHEST WIND SPEED    16   HIGHEST WIND DIRECTION     N (340)
  HIGHEST GUST SPEED    19   HIGHEST GUST DIRECTION     N (360)
  AVERAGE WIND SPEED     8.8


SKY COVER
  POSSIBLE SUNSHINE  MM
  AVERAGE SKY COVER 1.0


WEATHER CONDITIONS
 THE FOLLOWING WEATHER WAS RECORDED TODAY.
  SNOW
  LIGHT SNOW
  FOG
  HAZE


RELATIVE HUMIDITY (PERCENT)
 HIGHEST    87           800 AM
 LOWEST     68           900 AM
 AVERAGE    78

..........................................................


THE COLORADO SPRINGS CO CLIMATE NORMALS FOR TOMORROW
                         NORMAL    RECORD    YEAR
 MAXIMUM TEMPERATURE (F)   43        65      2006
 MINIMUM TEMPERATURE (F)   18       -26      1913


SUNRISE AND SUNSET
JANUARY  5 2017.......SUNRISE   718 AM MST   SUNSET   452 PM MST
JANUARY  6 2017.......SUNRISE   717 AM MST   SUNSET   453 PM MST


-  INDICATES NEGATIVE NUMBERS.
R  INDICATES RECORD WAS SET OR TIED.
MM INDICATES DATA IS MISSING.
T  INDICATES TRACE AMOUNT.




$$
