000
CDUS45 KPUB 011143
CLICOS


CLIMATE REPORT
NATIONAL WEATHER SERVICE PUEBLO
443 AM MST THU DEC 1 2016


...................................

...THE COLORADO SPRINGS CO CLIMATE SUMMARY FOR NOVEMBER 30 2016...

CLIMATE NORMAL PERIOD 1981 TO 2010
CLIMATE RECORD PERIOD 1872 TO 2016


WEATHER ITEM   OBSERVED TIME   RECORD YEAR NORMAL DEPARTURE LAST
                VALUE   (LST)  VALUE       VALUE  FROM      YEAR
                                                  NORMAL
..................................................................
TEMPERATURE (F)
 YESTERDAY
  MAXIMUM         39    222 PM  67    1951  44     -5       33
                                      1926
                                      1917
  MINIMUM         10    653 AM  -3    2006  20    -10        8
  AVERAGE         25                        32     -7       21

PRECIPITATION (IN)
  YESTERDAY        0.00          0.20 1927   0.01  -0.01     0.01
  MONTH TO DATE    0.07                      0.40  -0.33     0.48
  SINCE SEP 1      0.23                      2.41  -2.18     2.18
  SINCE JAN 1     13.67                     16.20  -2.53    25.00

SNOWFALL (IN)
  YESTERDAY        0.0           2.0  1927   0.2   -0.2      0.3
  MONTH TO DATE    T                         4.7   -4.7      5.8
  SINCE SEP 1      T                         7.8   -7.8      5.8
  SINCE JUL 1      T                         7.8   -7.8      5.8
  SNOW DEPTH       0

DEGREE DAYS
 HEATING
  YESTERDAY       40                        33      7       44
  MONTH TO DATE  599                       806   -207      770
  SINCE SEP 1    882                      1450   -568     1084
  SINCE JUL 1    903                      1481   -578     1103

 COOLING
  YESTERDAY        0                         0      0        0
  MONTH TO DATE    0                         0      0        0
  SINCE SEP 1     84                        37     47      102
  SINCE JAN 1    710                       455    255      617
..................................................................


WIND (MPH)
  HIGHEST WIND SPEED    14   HIGHEST WIND DIRECTION     N (20)
  HIGHEST GUST SPEED    16   HIGHEST GUST DIRECTION     S (170)
  AVERAGE WIND SPEED     5.9


SKY COVER
  POSSIBLE SUNSHINE  MM
  AVERAGE SKY COVER 0.1


WEATHER CONDITIONS
 THE FOLLOWING WEATHER WAS RECORDED YESTERDAY.
  NO SIGNIFICANT WEATHER WAS OBSERVED.


RELATIVE HUMIDITY (PERCENT)
 HIGHEST    73           500 AM
 LOWEST     16           300 PM
 AVERAGE    45

..........................................................


THE COLORADO SPRINGS CO CLIMATE NORMALS FOR TODAY
                         NORMAL    RECORD    YEAR
 MAXIMUM TEMPERATURE (F)   44        71      1998
                                             1973
 MINIMUM TEMPERATURE (F)   20         3      1985


SUNRISE AND SUNSET
DECEMBER  1 2016......SUNRISE   659 AM MST   SUNSET   437 PM MST
DECEMBER  2 2016......SUNRISE   700 AM MST   SUNSET   437 PM MST


-  INDICATES NEGATIVE NUMBERS.
R  INDICATES RECORD WAS SET OR TIED.
MM INDICATES DATA IS MISSING.
T  INDICATES TRACE AMOUNT.




$$
