000
CDUS45 KPUB 072321
CLICOS


CLIMATE REPORT
NATIONAL WEATHER SERVICE PUEBLO
521 PM MDT MON APR 7 2014


...................................

...THE COLORADO SPRINGS CO CLIMATE SUMMARY FOR APRIL 7 2014...
VALID TODAY AS OF 0500 PM LOCAL TIME.

CLIMATE NORMAL PERIOD 1981 TO 2010
CLIMATE RECORD PERIOD 1872 TO 2014


WEATHER ITEM   OBSERVED TIME   RECORD YEAR NORMAL DEPARTURE LAST
                VALUE   (LST)  VALUE       VALUE  FROM      YEAR
                                                  NORMAL
..................................................................
TEMPERATURE (F)
 TODAY
  MAXIMUM         52    341 PM  79    1988  57     -5       67
                                      1978
  MINIMUM         33    714 AM   2    1957  31      2       36
  AVERAGE         43                        44     -1       52

PRECIPITATION (IN)
  TODAY            0.01          1.00 1957   0.04  -0.03     0.00
  MONTH TO DATE    0.54                      0.24   0.30     0.01
  SINCE MAR 1      0.96                      1.24  -0.28     0.19
  SINCE JAN 1      1.85                      1.90  -0.05     1.27

SNOWFALL (IN)
  TODAY            T            16.7  1957   0.2   -0.2      0.0
  MONTH TO DATE    6.0                       1.4    4.6       T
  SINCE MAR 1      8.8                       9.5   -0.7      4.2
  SINCE JUL 1     32.9                      33.5   -0.6     24.2
  SNOW DEPTH       0

DEGREE DAYS
 HEATING
  TODAY           22                        21      1       13
  MONTH TO DATE  172                       151     21      130
  SINCE MAR 1    953                       956     -3      942
  SINCE JUL 1   5440                      5519    -79     5286

 COOLING
  TODAY            0                         0      0        0
  MONTH TO DATE    0                         0      0        0
  SINCE MAR 1      0                         0      0        0
  SINCE JAN 1      0                         0      0        0
..................................................................


WIND (MPH)
  HIGHEST WIND SPEED    31   HIGHEST WIND DIRECTION     N (350)
  HIGHEST GUST SPEED    39   HIGHEST GUST DIRECTION     N (360)
  AVERAGE WIND SPEED    18.6


SKY COVER
  POSSIBLE SUNSHINE  MM
  AVERAGE SKY COVER 0.7


WEATHER CONDITIONS
 THE FOLLOWING WEATHER WAS RECORDED TODAY.
  LIGHT RAIN
  SNOW
  LIGHT SNOW
  FOG


RELATIVE HUMIDITY (PERCENT)
 HIGHEST    82           500 AM
 LOWEST     24           300 PM
 AVERAGE    53

..........................................................


THE COLORADO SPRINGS CO CLIMATE NORMALS FOR TOMORROW
                         NORMAL    RECORD    YEAR
 MAXIMUM TEMPERATURE (F)   58        78      1963
 MINIMUM TEMPERATURE (F)   31         0      1957


SUNRISE AND SUNSET
APRIL  7 2014.........SUNRISE   634 AM MDT   SUNSET   728 PM MDT
APRIL  8 2014.........SUNRISE   633 AM MDT   SUNSET   729 PM MDT


-  INDICATES NEGATIVE NUMBERS.
R  INDICATES RECORD WAS SET OR TIED.
MM INDICATES DATA IS MISSING.
T  INDICATES TRACE AMOUNT.




$$
