000
CDUS45 KPUB 181123
CLICOS


CLIMATE REPORT
NATIONAL WEATHER SERVICE PUEBLO
423 AM MST SUN JAN 18 2015


...................................

...THE COLORADO SPRINGS CO CLIMATE SUMMARY FOR JANUARY 17 2015...

CLIMATE NORMAL PERIOD 1981 TO 2010
CLIMATE RECORD PERIOD 1872 TO 2015


WEATHER ITEM   OBSERVED TIME   RECORD YEAR NORMAL DEPARTURE LAST
                VALUE   (LST)  VALUE       VALUE  FROM      YEAR
                                                  NORMAL
..................................................................
TEMPERATURE (F)
 YESTERDAY
  MAXIMUM         51   1241 PM  64    1974  43      8       51
  MINIMUM         24   1017 PM -22    1930  18      6       15
  AVERAGE         38                        31      7       33

PRECIPITATION (IN)
  YESTERDAY        0.00          0.21 1956   0.01  -0.01     0.00
  MONTH TO DATE    0.57                      0.16   0.41     0.18
  SINCE DEC 1      0.73                      0.50   0.23     0.25
  SINCE JAN 1      0.57                      0.16   0.41     0.18

SNOWFALL (IN)
  YESTERDAY        0.0           2.1  1943   0.2   -0.2      0.0
  MONTH TO DATE    9.9                       3.0    6.9      3.5
  SINCE DEC 1     13.6                       8.7    4.9      6.4
  SINCE JUL 1     20.7                      16.5    4.2     10.6
  SNOW DEPTH       0

DEGREE DAYS
 HEATING
  YESTERDAY       27                        34     -7       32
  MONTH TO DATE  599                       588     11      596
  SINCE DEC 1   1629                      1679    -50     1699
  SINCE JUL 1   2954                      3160   -206     3060

 COOLING
  YESTERDAY        0                         0      0        0
  MONTH TO DATE    0                         0      0        0
  SINCE DEC 1      0                         0      0        0
  SINCE JAN 1      0                         0      0        0
..................................................................


WIND (MPH)
  HIGHEST WIND SPEED    35   HIGHEST WIND DIRECTION    NW (300)
  HIGHEST GUST SPEED    45   HIGHEST GUST DIRECTION     N (350)
  AVERAGE WIND SPEED    12.3


SKY COVER
  POSSIBLE SUNSHINE  MM
  AVERAGE SKY COVER 0.3


WEATHER CONDITIONS
 THE FOLLOWING WEATHER WAS RECORDED YESTERDAY.
  NO SIGNIFICANT WEATHER WAS OBSERVED.


RELATIVE HUMIDITY (PERCENT)
 HIGHEST    69           600 AM
 LOWEST     19          1200 PM
 AVERAGE    44

..........................................................


THE COLORADO SPRINGS CO CLIMATE NORMALS FOR TODAY
                         NORMAL    RECORD    YEAR
 MAXIMUM TEMPERATURE (F)   43        67      1920
 MINIMUM TEMPERATURE (F)   18       -20      1984


SUNRISE AND SUNSET
JANUARY 18 2015.......SUNRISE   715 AM MST   SUNSET   504 PM MST
JANUARY 19 2015.......SUNRISE   714 AM MST   SUNSET   505 PM MST


-  INDICATES NEGATIVE NUMBERS.
R  INDICATES RECORD WAS SET OR TIED.
MM INDICATES DATA IS MISSING.
T  INDICATES TRACE AMOUNT.




$$
