000
CDUS45 KPUB 311149
CLICOS


CLIMATE REPORT
NATIONAL WEATHER SERVICE PUEBLO
449 AM MST SUN JAN 31 2016


...................................

...THE COLORADO SPRINGS CO CLIMATE SUMMARY FOR JANUARY 30 2016...

CLIMATE NORMAL PERIOD 1981 TO 2010
CLIMATE RECORD PERIOD 1872 TO 2016


WEATHER ITEM   OBSERVED TIME   RECORD YEAR NORMAL DEPARTURE LAST
                VALUE   (LST)  VALUE       VALUE  FROM      YEAR
                                                  NORMAL
..................................................................
TEMPERATURE (F)
 YESTERDAY
  MAXIMUM         68    354 PM  71    1986  43     25       42
  MINIMUM         30   1141 PM -11    1956  18     12       27
                                      1951
  AVERAGE         49                        30     19       35

PRECIPITATION (IN)
  YESTERDAY        T             0.10 2005   0.01  -0.01     0.00
  MONTH TO DATE    0.25                      0.31  -0.06     0.80
  SINCE DEC 1      0.50                      0.65  -0.15     0.96
  SINCE JAN 1      0.25                      0.31  -0.06     0.80

SNOWFALL (IN)
  YESTERDAY        T             1.8  1899   0.1   -0.1      0.0
  MONTH TO DATE    3.1                       5.4   -2.3     13.5
  SINCE DEC 1      7.4                      11.1   -3.7     17.2
  SINCE JUL 1     13.2                      18.9   -5.7     24.3
  SNOW DEPTH       0

DEGREE DAYS
 HEATING
  YESTERDAY       16                        34    -18       30
  MONTH TO DATE  956                      1033    -77      959
  SINCE DEC 1   1957                      2124   -167     1989
  SINCE JUL 1   3060                      3605   -545     3314

 COOLING
  YESTERDAY        0                         0      0        0
  MONTH TO DATE    0                         0      0        0
  SINCE DEC 1      0                         0      0        0
  SINCE JAN 1      0                         0      0        0
..................................................................


WIND (MPH)
  HIGHEST WIND SPEED    32   HIGHEST WIND DIRECTION    NE (30)
  HIGHEST GUST SPEED    39   HIGHEST GUST DIRECTION    NE (60)
  AVERAGE WIND SPEED    10.8


SKY COVER
  POSSIBLE SUNSHINE  MM
  AVERAGE SKY COVER 0.7


WEATHER CONDITIONS
 THE FOLLOWING WEATHER WAS RECORDED YESTERDAY.
  LIGHT SNOW


RELATIVE HUMIDITY (PERCENT)
 HIGHEST    75           800 PM
 LOWEST     13           400 PM
 AVERAGE    44

..........................................................


THE COLORADO SPRINGS CO CLIMATE NORMALS FOR TODAY
                         NORMAL    RECORD    YEAR
 MAXIMUM TEMPERATURE (F)   43        70      1989
 MINIMUM TEMPERATURE (F)   18       -26      1951


SUNRISE AND SUNSET
JANUARY 31 2016.......SUNRISE   706 AM MST   SUNSET   519 PM MST
FEBRUARY  1 2016......SUNRISE   705 AM MST   SUNSET   520 PM MST


-  INDICATES NEGATIVE NUMBERS.
R  INDICATES RECORD WAS SET OR TIED.
MM INDICATES DATA IS MISSING.
T  INDICATES TRACE AMOUNT.




$$
