000
CDUS45 KPUB 081038
CLICOS


CLIMATE REPORT
NATIONAL WEATHER SERVICE PUEBLO
438 AM MDT FRI SEP 8 2017


...................................

...THE COLORADO SPRINGS CO CLIMATE SUMMARY FOR SEPTEMBER 7 2017...

CLIMATE NORMAL PERIOD 1981 TO 2010
CLIMATE RECORD PERIOD 1872 TO 2017


WEATHER ITEM   OBSERVED TIME   RECORD YEAR NORMAL DEPARTURE LAST
                VALUE   (LST)  VALUE       VALUE  FROM      YEAR
                                                  NORMAL
..................................................................
TEMPERATURE (F)
 YESTERDAY
  MAXIMUM         82    103 PM  92    1959  78      4       83
  MINIMUM         50    532 AM  35    1944  51     -1       57
                                      1898
  AVERAGE         66                        64      2       70

PRECIPITATION (IN)
  YESTERDAY        T             1.34 1972   0.05  -0.05     0.00
  MONTH TO DATE    T                         0.41  -0.41     0.01
  SINCE SEP 1      T                         0.41  -0.41     0.01
  SINCE JAN 1     15.28                     14.20   1.08    13.45

SNOWFALL (IN)
  YESTERDAY        0.0           0.0  2002   0.0    0.0      0.0
  MONTH TO DATE    0.0                       0.0    0.0      0.0
  SINCE SEP 1      0.0                       0.0    0.0      0.0
  SINCE JUL 1      T                         0.0    0.0       T
  SNOW DEPTH       0

DEGREE DAYS
 HEATING
  YESTERDAY        0                         3     -3        0
  MONTH TO DATE    6                        16    -10        0
  SINCE SEP 1      6                        16    -10        0
  SINCE JUL 1     15                        47    -32       21

 COOLING
  YESTERDAY        1                         2     -1        5
  MONTH TO DATE   33                        16     17       29
  SINCE SEP 1     33                        16     17       29
  SINCE JAN 1    581                       434    147      655
..................................................................


WIND (MPH)
  HIGHEST WIND SPEED    23   HIGHEST WIND DIRECTION    SW (230)
  HIGHEST GUST SPEED    27   HIGHEST GUST DIRECTION    SW (230)
  AVERAGE WIND SPEED     8.0


SKY COVER
  POSSIBLE SUNSHINE  MM
  AVERAGE SKY COVER 0.6


WEATHER CONDITIONS
 THE FOLLOWING WEATHER WAS RECORDED YESTERDAY.
  THUNDERSTORM


RELATIVE HUMIDITY (PERCENT)
 HIGHEST    77           400 AM
 LOWEST     23           300 PM
 AVERAGE    50

..........................................................


THE COLORADO SPRINGS CO CLIMATE NORMALS FOR TODAY
                         NORMAL    RECORD    YEAR
 MAXIMUM TEMPERATURE (F)   77        94      1959
 MINIMUM TEMPERATURE (F)   50        28      1941


SUNRISE AND SUNSET
SEPTEMBER  8 2017.....SUNRISE   634 AM MDT   SUNSET   718 PM MDT
SEPTEMBER  9 2017.....SUNRISE   635 AM MDT   SUNSET   716 PM MDT


-  INDICATES NEGATIVE NUMBERS.
R  INDICATES RECORD WAS SET OR TIED.
MM INDICATES DATA IS MISSING.
T  INDICATES TRACE AMOUNT.




$$
