000
CDUS45 KPUB 060141
CLICOS


CLIMATE REPORT
NATIONAL WEATHER SERVICE PUEBLO
641 PM MST SUN FEB 5 2017


...................................

...THE COLORADO SPRINGS CO CLIMATE SUMMARY FOR FEBRUARY 5 2017...
VALID TODAY AS OF 0500 PM LOCAL TIME.

CLIMATE NORMAL PERIOD 1981 TO 2010
CLIMATE RECORD PERIOD 1872 TO 2017


WEATHER ITEM   OBSERVED TIME   RECORD YEAR NORMAL DEPARTURE LAST
                VALUE   (LST)  VALUE       VALUE  FROM      YEAR
                                                  NORMAL
..................................................................
TEMPERATURE (F)
 TODAY
  MAXIMUM         62    238 PM  76    1963  43     19       35
  MINIMUM         24    555 AM -19    1982  18      6        7
  AVERAGE         43                        31     12       21

PRECIPITATION (IN)
  TODAY            0.00          0.15 1989   0.01  -0.01     0.03
  MONTH TO DATE    0.03                      0.05  -0.02     1.00
  SINCE DEC 1      1.03                      0.71   0.32     1.79
  SINCE JAN 1      0.35                      0.37  -0.02     1.54

SNOWFALL (IN)
  TODAY            0.0           2.1  2003   0.1   -0.1      0.4
  MONTH TO DATE    0.3                       0.8   -0.5     10.1
  SINCE DEC 1     13.0                      12.1    0.9     21.3
  SINCE JUL 1     13.0                      19.9   -6.9     27.1
  SNOW DEPTH       0

DEGREE DAYS
 HEATING
  TODAY           22                        34    -12       44
  MONTH TO DATE  168                       170     -2      235
  SINCE DEC 1   2319                      2332    -13     2229
  SINCE JUL 1   3222                      3813   -591     3332

 COOLING
  TODAY            0                         0      0        0
  MONTH TO DATE    0                         0      0        0
  SINCE DEC 1      0                         0      0        0
  SINCE JAN 1      0                         0      0        0
..................................................................


WIND (MPH)
  HIGHEST WIND SPEED    14   HIGHEST WIND DIRECTION    SE (140)
  HIGHEST GUST SPEED    16   HIGHEST GUST DIRECTION    SE (140)
  AVERAGE WIND SPEED     5.9


SKY COVER
  POSSIBLE SUNSHINE  MM
  AVERAGE SKY COVER 0.4


WEATHER CONDITIONS
 THE FOLLOWING WEATHER WAS RECORDED TODAY.
  NO SIGNIFICANT WEATHER WAS OBSERVED.


RELATIVE HUMIDITY (PERCENT)
 HIGHEST    74           700 AM
 LOWEST     14           200 PM
 AVERAGE    44

..........................................................


THE COLORADO SPRINGS CO CLIMATE NORMALS FOR TOMORROW
                         NORMAL    RECORD    YEAR
 MAXIMUM TEMPERATURE (F)   43        72      2015
 MINIMUM TEMPERATURE (F)   18       -16      1899


SUNRISE AND SUNSET
FEBRUARY  5 2017......SUNRISE   701 AM MST   SUNSET   525 PM MST
FEBRUARY  6 2017......SUNRISE   700 AM MST   SUNSET   527 PM MST


-  INDICATES NEGATIVE NUMBERS.
R  INDICATES RECORD WAS SET OR TIED.
MM INDICATES DATA IS MISSING.
T  INDICATES TRACE AMOUNT.




$$
