000
CDUS45 KPUB 150020
CLICOS


CLIMATE REPORT
NATIONAL WEATHER SERVICE PUEBLO
620 PM MDT TUE MAR 14 2017


...................................

...THE COLORADO SPRINGS CO CLIMATE SUMMARY FOR MARCH 14 2017...
VALID TODAY AS OF 0500 PM LOCAL TIME.

CLIMATE NORMAL PERIOD 1981 TO 2010
CLIMATE RECORD PERIOD 1872 TO 2017


WEATHER ITEM   OBSERVED TIME   RECORD YEAR NORMAL DEPARTURE LAST
                VALUE   (LST)  VALUE       VALUE  FROM      YEAR
                                                  NORMAL
..................................................................
TEMPERATURE (F)
 TODAY
  MAXIMUM         73    129 PM  75    1935  52     21       66
  MINIMUM         30    216 AM  -6    1895  26      4       32
  AVERAGE         52                        39     13       49

PRECIPITATION (IN)
  TODAY            0.00          0.43 1996   0.03  -0.03     0.00
  MONTH TO DATE    T                         0.40  -0.40      T
  SINCE MAR 1      T                         0.40  -0.40      T
  SINCE JAN 1      0.39                      1.06  -0.67     1.54

SNOWFALL (IN)
  TODAY            0.0           4.6  1937   0.3   -0.3      0.0
  MONTH TO DATE    0.0                       3.4   -3.4      0.0
  SINCE MAR 1      0.0                       3.4   -3.4      0.0
  SINCE JUL 1     13.4                      27.4  -14.0     27.1
  SNOW DEPTH       0

DEGREE DAYS
 HEATING
  TODAY           13                        26    -13       16
  MONTH TO DATE  305                       393    -88      253
  SINCE MAR 1    305                       393    -88      253
  SINCE JUL 1   4058                      4956   -898     4156

 COOLING
  TODAY            0                         0      0        0
  MONTH TO DATE    0                         0      0        0
  SINCE MAR 1      0                         0      0        0
  SINCE JAN 1      0                         0      0        0
..................................................................


WIND (MPH)
  HIGHEST WIND SPEED    23   HIGHEST WIND DIRECTION     N (20)
  HIGHEST GUST SPEED    26   HIGHEST GUST DIRECTION     N (20)
  AVERAGE WIND SPEED     6.6


SKY COVER
  POSSIBLE SUNSHINE  MM
  AVERAGE SKY COVER 0.8


WEATHER CONDITIONS
 THE FOLLOWING WEATHER WAS RECORDED TODAY.
  NO SIGNIFICANT WEATHER WAS OBSERVED.


RELATIVE HUMIDITY (PERCENT)
 HIGHEST    59          1200 AM
 LOWEST     10          1100 AM
 AVERAGE    35

..........................................................


THE COLORADO SPRINGS CO CLIMATE NORMALS FOR TOMORROW
                         NORMAL    RECORD    YEAR
 MAXIMUM TEMPERATURE (F)   52        74      2015
 MINIMUM TEMPERATURE (F)   26         2      1956


SUNRISE AND SUNSET
MARCH 14 2017.........SUNRISE   711 AM MDT   SUNSET   705 PM MDT
MARCH 15 2017.........SUNRISE   710 AM MDT   SUNSET   706 PM MDT


-  INDICATES NEGATIVE NUMBERS.
R  INDICATES RECORD WAS SET OR TIED.
MM INDICATES DATA IS MISSING.
T  INDICATES TRACE AMOUNT.




$$
