000
CDUS45 KPUB 211139
CLICOS


CLIMATE REPORT
NATIONAL WEATHER SERVICE PUEBLO
438 AM MST WED JAN 21 2015


...................................

...THE COLORADO SPRINGS CO CLIMATE SUMMARY FOR JANUARY 20 2015...

CLIMATE NORMAL PERIOD 1981 TO 2010
CLIMATE RECORD PERIOD 1872 TO 2015


WEATHER ITEM   OBSERVED TIME   RECORD YEAR NORMAL DEPARTURE LAST
                VALUE   (LST)  VALUE       VALUE  FROM      YEAR
                                                  NORMAL
..................................................................
TEMPERATURE (F)
 YESTERDAY
  MAXIMUM         34   1035 AM  69    1950  43     -9       48
  MINIMUM         28    451 AM -12    1984  18     10       19
  AVERAGE         31                        31      0       34

PRECIPITATION (IN)
  YESTERDAY        T             0.26 1935   0.01  -0.01     0.00
  MONTH TO DATE    0.57                      0.20   0.37     0.18
  SINCE DEC 1      0.73                      0.54   0.19     0.25
  SINCE JAN 1      0.57                      0.20   0.37     0.18

SNOWFALL (IN)
  YESTERDAY        T             3.0  1945   0.2   -0.2      0.0
                                      1926
  MONTH TO DATE    9.9                       3.6    6.3      3.5
  SINCE DEC 1     13.6                       9.3    4.3      6.4
  SINCE JUL 1     20.7                      17.1    3.6     10.6
  SNOW DEPTH       0

DEGREE DAYS
 HEATING
  YESTERDAY       34                        34      0       31
  MONTH TO DATE  676                       690    -14      671
  SINCE DEC 1   1706                      1781    -75     1774
  SINCE JUL 1   3031                      3262   -231     3135

 COOLING
  YESTERDAY        0                         0      0        0
  MONTH TO DATE    0                         0      0        0
  SINCE DEC 1      0                         0      0        0
  SINCE JAN 1      0                         0      0        0
..................................................................


WIND (MPH)
  HIGHEST WIND SPEED    14   HIGHEST WIND DIRECTION    SE (150)
  HIGHEST GUST SPEED    15   HIGHEST GUST DIRECTION    SE (150)
  AVERAGE WIND SPEED     6.0


SKY COVER
  POSSIBLE SUNSHINE  MM
  AVERAGE SKY COVER 0.8


WEATHER CONDITIONS
 THE FOLLOWING WEATHER WAS RECORDED YESTERDAY.
  LIGHT SNOW
  FOG
  FOG W/VISIBILITY <= 1/4 MILE


RELATIVE HUMIDITY (PERCENT)
 HIGHEST   100           100 PM
 LOWEST     75          1200 AM
 AVERAGE    88

..........................................................


THE COLORADO SPRINGS CO CLIMATE NORMALS FOR TODAY
                         NORMAL    RECORD    YEAR
 MAXIMUM TEMPERATURE (F)   43        70      2009
 MINIMUM TEMPERATURE (F)   18       -20      1930


SUNRISE AND SUNSET
JANUARY 21 2015.......SUNRISE   713 AM MST   SUNSET   508 PM MST
JANUARY 22 2015.......SUNRISE   712 AM MST   SUNSET   509 PM MST


-  INDICATES NEGATIVE NUMBERS.
R  INDICATES RECORD WAS SET OR TIED.
MM INDICATES DATA IS MISSING.
T  INDICATES TRACE AMOUNT.




$$
