000
CDUS45 KPUB 011114
CLICOS


CLIMATE REPORT
NATIONAL WEATHER SERVICE PUEBLO
414 AM MST SUN JAN 1 2017


...................................

...THE COLORADO SPRINGS CO CLIMATE SUMMARY FOR DECEMBER 31 2016...

CLIMATE NORMAL PERIOD 1981 TO 2010
CLIMATE RECORD PERIOD 1872 TO 2016


WEATHER ITEM   OBSERVED TIME   RECORD YEAR NORMAL DEPARTURE LAST
                VALUE   (LST)  VALUE       VALUE  FROM      YEAR
                                                  NORMAL
..................................................................
TEMPERATURE (F)
 YESTERDAY
  MAXIMUM         46    120 AM  66    1904  43      3       24
  MINIMUM         18    929 PM -18    1923  17      1        8
  AVERAGE         32                        30      2       16

PRECIPITATION (IN)
  YESTERDAY        0.00          0.38 1924   0.01  -0.01      T
  MONTH TO DATE    0.68                      0.34   0.34     0.25
  SINCE DEC 1      0.68                      0.34   0.34     0.25
  SINCE JAN 1     14.35                     16.54  -2.19    25.25

SNOWFALL (IN)
  YESTERDAY        0.0           4.5  1924   0.2   -0.2       T
  MONTH TO DATE    6.4                       5.7    0.7      4.3
  SINCE DEC 1      6.4                       5.7    0.7      4.3
  SINCE JUL 1      6.4                      13.5   -7.1     10.1
  SNOW DEPTH       0

DEGREE DAYS
 HEATING
  YESTERDAY       33                        35     -2       49
  MONTH TO DATE 1100                      1093      7     1001
  SINCE DEC 1   1100                      1091      9     1001
  SINCE JUL 1   2003                      2572   -569     2104

 COOLING
  YESTERDAY        0                         0      0        0
  MONTH TO DATE    0                         0      0        0
  SINCE DEC 1      0                         0      0        0
  SINCE JAN 1    710                       455    255      617
..................................................................


WIND (MPH)
  HIGHEST WIND SPEED    18   HIGHEST WIND DIRECTION     S (190)
  HIGHEST GUST SPEED    22   HIGHEST GUST DIRECTION     N (350)
  AVERAGE WIND SPEED     7.5


SKY COVER
  POSSIBLE SUNSHINE  MM
  AVERAGE SKY COVER 0.4


WEATHER CONDITIONS
 THE FOLLOWING WEATHER WAS RECORDED YESTERDAY.
  NO SIGNIFICANT WEATHER WAS OBSERVED.


RELATIVE HUMIDITY (PERCENT)
 HIGHEST    84           800 AM
 LOWEST     18          1200 AM
 AVERAGE    51

..........................................................


THE COLORADO SPRINGS CO CLIMATE NORMALS FOR TODAY
                         NORMAL    RECORD    YEAR
 MAXIMUM TEMPERATURE (F)   43        64      1918
                                             1914
 MINIMUM TEMPERATURE (F)   17       -19      1901


SUNRISE AND SUNSET
JANUARY  1 2017.......SUNRISE   717 AM MST   SUNSET   448 PM MST
JANUARY  2 2017.......SUNRISE   717 AM MST   SUNSET   449 PM MST


-  INDICATES NEGATIVE NUMBERS.
R  INDICATES RECORD WAS SET OR TIED.
MM INDICATES DATA IS MISSING.
T  INDICATES TRACE AMOUNT.




$$
