000
CDUS45 KPUB 232325
CLICOS


CLIMATE REPORT
NATIONAL WEATHER SERVICE PUEBLO
525 PM MDT SUN AUG 23 2015


...................................

...THE COLORADO SPRINGS CO CLIMATE SUMMARY FOR AUGUST 23 2015...
VALID TODAY AS OF 0500 PM LOCAL TIME.

CLIMATE NORMAL PERIOD 1981 TO 2010
CLIMATE RECORD PERIOD 1872 TO 2015


WEATHER ITEM   OBSERVED TIME   RECORD YEAR NORMAL DEPARTURE LAST
                VALUE   (LST)  VALUE       VALUE  FROM      YEAR
                                                  NORMAL
..................................................................
TEMPERATURE (F)
 TODAY
  MAXIMUM         74    239 PM  95    2011  81     -7       84
  MINIMUM         53    140 AM  44    1917  55     -2       54
                                      1896
  AVERAGE         64                        68     -4       69

PRECIPITATION (IN)
  TODAY            0.00          1.92 1996   0.09  -0.09     0.00
  MONTH TO DATE    1.66                      2.64  -0.98     1.67
  SINCE JUN 1     10.52                      7.98   2.54     7.59
  SINCE JAN 1     22.75                     13.09   9.66    12.38

SNOWFALL (IN)
  TODAY            0.0           0.0  2002   0.0    0.0      0.0
  MONTH TO DATE    0.0                       0.0    0.0       T
  SINCE JUN 1      T                         0.0    0.0       T
  SINCE JUL 1      T                         0.0    0.0       T
  SNOW DEPTH       0

DEGREE DAYS
 HEATING
  TODAY            1                         1      0        0
  MONTH TO DATE    9                         8      1        5
  SINCE JUN 1     29                        97    -68       67
  SINCE JUL 1     19                        18      1       28

 COOLING
  TODAY            0                         4     -4        4
  MONTH TO DATE  161                       109     52      101
  SINCE JUN 1    465                       383     82      399
  SINCE JAN 1    465                       393     72      412
..................................................................


WIND (MPH)
  HIGHEST WIND SPEED    28   HIGHEST WIND DIRECTION     S (160)
  HIGHEST GUST SPEED    32   HIGHEST GUST DIRECTION    SE (150)
  AVERAGE WIND SPEED    14.6


SKY COVER
  POSSIBLE SUNSHINE  MM
  AVERAGE SKY COVER 0.7


WEATHER CONDITIONS
 THE FOLLOWING WEATHER WAS RECORDED TODAY.
  HAZE


RELATIVE HUMIDITY (PERCENT)
 HIGHEST    66           300 AM
 LOWEST     22           300 PM
 AVERAGE    44

..........................................................


THE COLORADO SPRINGS CO CLIMATE NORMALS FOR TOMORROW
                         NORMAL    RECORD    YEAR
 MAXIMUM TEMPERATURE (F)   81        94      1964
 MINIMUM TEMPERATURE (F)   55        41      1911


SUNRISE AND SUNSET
AUGUST 23 2015........SUNRISE   620 AM MDT   SUNSET   743 PM MDT
AUGUST 24 2015........SUNRISE   621 AM MDT   SUNSET   741 PM MDT


-  INDICATES NEGATIVE NUMBERS.
R  INDICATES RECORD WAS SET OR TIED.
MM INDICATES DATA IS MISSING.
T  INDICATES TRACE AMOUNT.




$$
