000
CDUS45 KPUB 260022
CLICOS


CLIMATE REPORT
NATIONAL WEATHER SERVICE PUEBLO
622 PM MDT SAT JUL 25 2015


...................................

...THE COLORADO SPRINGS CO CLIMATE SUMMARY FOR JULY 25 2015...
VALID TODAY AS OF 0500 PM LOCAL TIME.

CLIMATE NORMAL PERIOD 1981 TO 2010
CLIMATE RECORD PERIOD 1872 TO 2015


WEATHER ITEM   OBSERVED TIME   RECORD YEAR NORMAL DEPARTURE LAST
                VALUE   (LST)  VALUE       VALUE  FROM      YEAR
                                                  NORMAL
..................................................................
TEMPERATURE (F)
 TODAY
  MAXIMUM         89    155 PM  98    2003  85      4       91
  MINIMUM         60    452 AM  47    1942  58      2       64
                                      1924
  AVERAGE         75                        71      4       78

PRECIPITATION (IN)
  TODAY            0.00          0.94 1958   0.11  -0.11      T
  MONTH TO DATE    2.73                      2.19   0.54     2.89
  SINCE JUN 1      8.45                      4.69   3.76     4.18
  SINCE JAN 1     20.68                      9.80  10.88     8.97

SNOWFALL (IN)
  TODAY            0.0           0.0  2002   0.0    0.0      0.0
                                      2001
  MONTH TO DATE    0.0                       0.0    0.0       T
  SINCE JUN 1      T                         0.0    0.0       T
  SINCE JUL 1      0.0                       0.0    0.0       T
  SNOW DEPTH       0

DEGREE DAYS
 HEATING
  TODAY            0                         0      0        0
  MONTH TO DATE   10                         3      7       13
  SINCE JUN 1     20                        82    -62       52
  SINCE JUL 1     10                         3      7       13

 COOLING
  TODAY           10                         6      4       13
  MONTH TO DATE  141                       153    -12      176
  SINCE JUN 1    263                       236     27      280
  SINCE JAN 1    263                       246     17      293
..................................................................


WIND (MPH)
  HIGHEST WIND SPEED    24   HIGHEST WIND DIRECTION     N (360)
  HIGHEST GUST SPEED    29   HIGHEST GUST DIRECTION     N (10)
  AVERAGE WIND SPEED     9.9


SKY COVER
  POSSIBLE SUNSHINE  MM
  AVERAGE SKY COVER 0.5


WEATHER CONDITIONS
 THE FOLLOWING WEATHER WAS RECORDED TODAY.
  NO SIGNIFICANT WEATHER WAS OBSERVED.


RELATIVE HUMIDITY (PERCENT)
 HIGHEST    72           500 AM
 LOWEST     19           200 PM
 AVERAGE    46

..........................................................


THE COLORADO SPRINGS CO CLIMATE NORMALS FOR TOMORROW
                         NORMAL    RECORD    YEAR
 MAXIMUM TEMPERATURE (F)   84        97      1953
 MINIMUM TEMPERATURE (F)   58        46      1913
                                             1900


SUNRISE AND SUNSET
JULY 25 2015..........SUNRISE   554 AM MDT   SUNSET   816 PM MDT
JULY 26 2015..........SUNRISE   555 AM MDT   SUNSET   816 PM MDT


-  INDICATES NEGATIVE NUMBERS.
R  INDICATES RECORD WAS SET OR TIED.
MM INDICATES DATA IS MISSING.
T  INDICATES TRACE AMOUNT.




$$
