000
CDUS45 KPUB 210025
CLICOS


CLIMATE REPORT
NATIONAL WEATHER SERVICE PUEBLO
524 PM MST SUN NOV 20 2016


...................................

...THE COLORADO SPRINGS CO CLIMATE SUMMARY FOR NOVEMBER 20 2016...
VALID TODAY AS OF 0500 PM LOCAL TIME.

CLIMATE NORMAL PERIOD 1981 TO 2010
CLIMATE RECORD PERIOD 1872 TO 2016


WEATHER ITEM   OBSERVED TIME   RECORD YEAR NORMAL DEPARTURE LAST
                VALUE   (LST)  VALUE       VALUE  FROM      YEAR
                                                  NORMAL
..................................................................
TEMPERATURE (F)
 TODAY
  MAXIMUM         70   1215 PM  72    1955  49     21       59
                                      1897
  MINIMUM         41   1208 AM  -6    1906  23     18       23
  AVERAGE         56                        36     20       41

PRECIPITATION (IN)
  TODAY            0.00          0.64 1979   0.01  -0.01     0.00
  MONTH TO DATE    0.01                      0.28  -0.27     0.34
  SINCE SEP 1      0.17                      2.29  -2.12     2.04
  SINCE JAN 1     13.61                     16.08  -2.47    24.86

SNOWFALL (IN)
  TODAY            0.0           8.0  1992   0.2   -0.2      0.0
  MONTH TO DATE    T                         2.9   -2.9      3.3
  SINCE SEP 1      T                         6.0   -6.0      3.3
  SINCE JUL 1      T                         6.0   -6.0      3.3
  SNOW DEPTH       0

DEGREE DAYS
 HEATING
  TODAY            9                        29    -20       24
  MONTH TO DATE  323                       495   -172      426
  SINCE SEP 1    606                      1138   -532      740
  SINCE JUL 1    627                      1169   -542      759

 COOLING
  TODAY            0                         0      0        0
  MONTH TO DATE    0                         0      0        0
  SINCE SEP 1     84                        37     47      102
  SINCE JAN 1    710                       455    255      617
..................................................................


WIND (MPH)
  HIGHEST WIND SPEED    21   HIGHEST WIND DIRECTION    SE (120)
  HIGHEST GUST SPEED    25   HIGHEST GUST DIRECTION    SE (120)
  AVERAGE WIND SPEED     7.8


SKY COVER
  POSSIBLE SUNSHINE  MM
  AVERAGE SKY COVER 0.4


WEATHER CONDITIONS
 THE FOLLOWING WEATHER WAS RECORDED TODAY.
  NO SIGNIFICANT WEATHER WAS OBSERVED.


RELATIVE HUMIDITY (PERCENT)
 HIGHEST    34          1200 AM
 LOWEST     14           100 PM
 AVERAGE    24

..........................................................


THE COLORADO SPRINGS CO CLIMATE NORMALS FOR TOMORROW
                         NORMAL    RECORD    YEAR
 MAXIMUM TEMPERATURE (F)   48        73      1989
 MINIMUM TEMPERATURE (F)   23        -1      1957


SUNRISE AND SUNSET
NOVEMBER 20 2016......SUNRISE   647 AM MST   SUNSET   442 PM MST
NOVEMBER 21 2016......SUNRISE   648 AM MST   SUNSET   441 PM MST


-  INDICATES NEGATIVE NUMBERS.
R  INDICATES RECORD WAS SET OR TIED.
MM INDICATES DATA IS MISSING.
T  INDICATES TRACE AMOUNT.




$$
