000
CDUS45 KPUB 241050
CLICOS


CLIMATE REPORT
NATIONAL WEATHER SERVICE PUEBLO
449 AM MDT SUN MAY 24 2015


...................................

...THE COLORADO SPRINGS CO CLIMATE SUMMARY FOR MAY 23 2015...

CLIMATE NORMAL PERIOD 1981 TO 2010
CLIMATE RECORD PERIOD 1872 TO 2015


WEATHER ITEM   OBSERVED TIME   RECORD YEAR NORMAL DEPARTURE LAST
                VALUE   (LST)  VALUE       VALUE  FROM      YEAR
                                                  NORMAL
..................................................................
TEMPERATURE (F)
 YESTERDAY
  MAXIMUM         59    159 PM  91    1989  71    -12       69
  MINIMUM         45    442 AM  30    1930  45      0       44
  AVERAGE         52                        58     -6       57

PRECIPITATION (IN)
  YESTERDAY        0.39          1.13 1959   0.07   0.32     0.61
  MONTH TO DATE    7.34                      1.40   5.94     0.96
  SINCE MAR 1      9.12                      3.82   5.30     2.30
  SINCE JAN 1     11.44                      4.48   6.96     3.19

SNOWFALL (IN)
  YESTERDAY        T   R         T    1975   0.0    0.0      0.0
  MONTH TO DATE    T                         0.7   -0.7      0.4
  SINCE MAR 1      5.6                      13.7   -8.1     10.7
  SINCE JUL 1     46.5                      37.7    8.8     34.8
  SNOW DEPTH       0

DEGREE DAYS
 HEATING
  YESTERDAY       13                         7      6        8
  MONTH TO DATE  324                       240     84      245
  SINCE MAR 1   1482                      1599   -117     1543
  SINCE JUL 1   5703                      6162   -459     6030

 COOLING
  YESTERDAY        0                         0      0        0
  MONTH TO DATE    0                         0      0        5
  SINCE MAR 1      0                         1     -1        5
  SINCE JAN 1      0                         1     -1        5
..................................................................


WIND (MPH)
  HIGHEST WIND SPEED    30   HIGHEST WIND DIRECTION     W (270)
  HIGHEST GUST SPEED    35   HIGHEST GUST DIRECTION     W (270)
  AVERAGE WIND SPEED     7.2


SKY COVER
  POSSIBLE SUNSHINE  MM
  AVERAGE SKY COVER 0.7


WEATHER CONDITIONS
 THE FOLLOWING WEATHER WAS RECORDED YESTERDAY.
  THUNDERSTORM
  HEAVY RAIN
  RAIN
  LIGHT RAIN
  HAIL
  FOG


RELATIVE HUMIDITY (PERCENT)
 HIGHEST    93           200 AM
 LOWEST     51           600 PM
 AVERAGE    72

..........................................................


THE COLORADO SPRINGS CO CLIMATE NORMALS FOR TODAY
                         NORMAL    RECORD    YEAR
 MAXIMUM TEMPERATURE (F)   71        93      1984
 MINIMUM TEMPERATURE (F)   45        31      1943


SUNRISE AND SUNSET
MAY 24 2015...........SUNRISE   540 AM MDT   SUNSET   812 PM MDT
MAY 25 2015...........SUNRISE   539 AM MDT   SUNSET   813 PM MDT


-  INDICATES NEGATIVE NUMBERS.
R  INDICATES RECORD WAS SET OR TIED.
MM INDICATES DATA IS MISSING.
T  INDICATES TRACE AMOUNT.




$$
