755
CDUS45 KPUB 131155
CLICOS


CLIMATE REPORT
NATIONAL WEATHER SERVICE PUEBLO
455 AM MST FRI JAN 13 2017


...................................

...THE COLORADO SPRINGS CO CLIMATE SUMMARY FOR JANUARY 12 2017...

CLIMATE NORMAL PERIOD 1981 TO 2010
CLIMATE RECORD PERIOD 1872 TO 2017


WEATHER ITEM   OBSERVED TIME   RECORD YEAR NORMAL DEPARTURE LAST
                VALUE   (LST)  VALUE       VALUE  FROM      YEAR
                                                  NORMAL
..................................................................
TEMPERATURE (F)
 YESTERDAY
  MAXIMUM         48    130 PM  67    1953  43      5       45
                                      1912
  MINIMUM         18   1159 PM -21    1963  18      0       21
  AVERAGE         33                        31      2       33

PRECIPITATION (IN)
  YESTERDAY        0.00          0.34 1979   0.00   0.00     0.00
  MONTH TO DATE    0.19                      0.11   0.08     0.18
  SINCE DEC 1      0.87                      0.45   0.42     0.43
  SINCE JAN 1      0.19                      0.11   0.08     0.18

SNOWFALL (IN)
  YESTERDAY        0.0           5.1  1979   0.1   -0.1      0.0
  MONTH TO DATE    3.4                       2.1    1.3      2.7
  SINCE DEC 1      9.8                       7.8    2.0      7.0
  SINCE JUL 1      9.8                      15.6   -5.8     12.8
  SNOW DEPTH       0

DEGREE DAYS
 HEATING
  YESTERDAY       32                        34     -2       32
  MONTH TO DATE  456                       418     38      433
  SINCE DEC 1   1556                      1509     47     1434
  SINCE JUL 1   2459                      2990   -531     2537

 COOLING
  YESTERDAY        0                         0      0        0
  MONTH TO DATE    0                         0      0        0
  SINCE DEC 1      0                         0      0        0
  SINCE JAN 1      0                         0      0        0
..................................................................


WIND (MPH)
  HIGHEST WIND SPEED    25   HIGHEST WIND DIRECTION    SE (130)
  HIGHEST GUST SPEED    30   HIGHEST GUST DIRECTION    SE (130)
  AVERAGE WIND SPEED    11.1


SKY COVER
  POSSIBLE SUNSHINE  MM
  AVERAGE SKY COVER 0.7


WEATHER CONDITIONS
 THE FOLLOWING WEATHER WAS RECORDED YESTERDAY.
  FOG


RELATIVE HUMIDITY (PERCENT)
 HIGHEST    91          1100 PM
 LOWEST     28           200 PM
 AVERAGE    60

..........................................................


THE COLORADO SPRINGS CO CLIMATE NORMALS FOR TODAY
                         NORMAL    RECORD    YEAR
 MAXIMUM TEMPERATURE (F)   43        67      1996
                                             1928
 MINIMUM TEMPERATURE (F)   18       -12      1963


SUNRISE AND SUNSET
JANUARY 13 2017.......SUNRISE   716 AM MST   SUNSET   459 PM MST
JANUARY 14 2017.......SUNRISE   716 AM MST   SUNSET   501 PM MST


-  INDICATES NEGATIVE NUMBERS.
R  INDICATES RECORD WAS SET OR TIED.
MM INDICATES DATA IS MISSING.
T  INDICATES TRACE AMOUNT.




$$
