000
CDUS45 KPUB 201127
CLICOS


CLIMATE REPORT
NATIONAL WEATHER SERVICE PUEBLO
427 AM MST SUN NOV 20 2016


...................................

...THE COLORADO SPRINGS CO CLIMATE SUMMARY FOR NOVEMBER 19 2016...

CLIMATE NORMAL PERIOD 1981 TO 2010
CLIMATE RECORD PERIOD 1872 TO 2016


WEATHER ITEM   OBSERVED TIME   RECORD YEAR NORMAL DEPARTURE LAST
                VALUE   (LST)  VALUE       VALUE  FROM      YEAR
                                                  NORMAL
..................................................................
TEMPERATURE (F)
 YESTERDAY
  MAXIMUM         50    233 PM  76    2007  49      1       47
  MINIMUM         17    659 AM  -1    1906  24     -7       22
  AVERAGE         34                        36     -2       35

PRECIPITATION (IN)
  YESTERDAY        0.00          0.81 1979   0.02  -0.02     0.00
  MONTH TO DATE    0.01                      0.27  -0.26     0.34
  SINCE SEP 1      0.17                      2.28  -2.11     2.04
  SINCE JAN 1     13.61                     16.07  -2.46    24.86

SNOWFALL (IN)
  YESTERDAY        0.0           7.4  1956   0.2   -0.2      0.0
  MONTH TO DATE    T                         2.7   -2.7      3.3
  SINCE SEP 1      T                         5.8   -5.8      3.3
  SINCE JUL 1      T                         5.8   -5.8      3.3
  SNOW DEPTH       0

DEGREE DAYS
 HEATING
  YESTERDAY       31                        28      3       30
  MONTH TO DATE  314                       466   -152      402
  SINCE SEP 1    597                      1109   -512      716
  SINCE JUL 1    618                      1140   -522      735

 COOLING
  YESTERDAY        0                         0      0        0
  MONTH TO DATE    0                         0      0        0
  SINCE SEP 1     84                        37     47      102
  SINCE JAN 1    710                       455    255      617
..................................................................


WIND (MPH)
  HIGHEST WIND SPEED    12   HIGHEST WIND DIRECTION     N (340)
  HIGHEST GUST SPEED    14   HIGHEST GUST DIRECTION    SE (140)
  AVERAGE WIND SPEED     4.5


SKY COVER
  POSSIBLE SUNSHINE  MM
  AVERAGE SKY COVER 0.4


WEATHER CONDITIONS
 THE FOLLOWING WEATHER WAS RECORDED YESTERDAY.
  NO SIGNIFICANT WEATHER WAS OBSERVED.


RELATIVE HUMIDITY (PERCENT)
 HIGHEST    77          1200 AM
 LOWEST     28           100 PM
 AVERAGE    53

..........................................................


THE COLORADO SPRINGS CO CLIMATE NORMALS FOR TODAY
                         NORMAL    RECORD    YEAR
 MAXIMUM TEMPERATURE (F)   49        72      1955
                                             1897
 MINIMUM TEMPERATURE (F)   23        -6      1906


SUNRISE AND SUNSET
NOVEMBER 20 2016......SUNRISE   647 AM MST   SUNSET   442 PM MST
NOVEMBER 21 2016......SUNRISE   648 AM MST   SUNSET   441 PM MST


-  INDICATES NEGATIVE NUMBERS.
R  INDICATES RECORD WAS SET OR TIED.
MM INDICATES DATA IS MISSING.
T  INDICATES TRACE AMOUNT.




$$
