000
CDUS45 KPUB 201033
CLICOS


CLIMATE REPORT
NATIONAL WEATHER SERVICE PUEBLO
432 AM MDT SAT AUG 20 2016


...................................

...THE COLORADO SPRINGS CO CLIMATE SUMMARY FOR AUGUST 19 2016...

CLIMATE NORMAL PERIOD 1981 TO 2010
CLIMATE RECORD PERIOD 1872 TO 2016


WEATHER ITEM   OBSERVED TIME   RECORD YEAR NORMAL DEPARTURE LAST
                VALUE   (LST)  VALUE       VALUE  FROM      YEAR
                                                  NORMAL
..................................................................
TEMPERATURE (F)
 YESTERDAY
  MAXIMUM         78    116 PM  94    2001  81     -3       66
  MINIMUM         49   1159 PM  47    1956  56     -7       51
  AVERAGE         64                        68     -4       59

PRECIPITATION (IN)
  YESTERDAY        0.20          1.49 1922   0.10   0.10     0.00
  MONTH TO DATE    0.95                      2.28  -1.33     1.66
  SINCE JUN 1      5.03                      7.62  -2.59    10.52
  SINCE JAN 1     11.96                     12.73  -0.77    22.75

SNOWFALL (IN)
  YESTERDAY        0.0           0.0  2002   0.0    0.0      0.0
  MONTH TO DATE    0.0                       0.0    0.0      0.0
  SINCE JUN 1      T                         0.0    0.0       T
  SINCE JUL 1      T                         0.0    0.0       T
  SNOW DEPTH       0

DEGREE DAYS
 HEATING
  YESTERDAY        1                         1      0        6
  MONTH TO DATE    1                         4     -3        7
  SINCE JUN 1      9                        93    -84       27
  SINCE JUL 1      1                        14    -13       17

 COOLING
  YESTERDAY        0                         4     -4        0
  MONTH TO DATE  123                        93     30      146
  SINCE JUN 1    603                       367    236      450
  SINCE JAN 1    605                       377    228      450
..................................................................


WIND (MPH)
  HIGHEST WIND SPEED    43   HIGHEST WIND DIRECTION     N (10)
  HIGHEST GUST SPEED    50   HIGHEST GUST DIRECTION     N (10)
  AVERAGE WIND SPEED    10.5


SKY COVER
  POSSIBLE SUNSHINE  MM
  AVERAGE SKY COVER 0.7


WEATHER CONDITIONS
 THE FOLLOWING WEATHER WAS RECORDED YESTERDAY.
  THUNDERSTORM
  HEAVY RAIN
  LIGHT RAIN
  FOG


RELATIVE HUMIDITY (PERCENT)
 HIGHEST    93           700 PM
 LOWEST     36           100 PM
 AVERAGE    65

..........................................................


THE COLORADO SPRINGS CO CLIMATE NORMALS FOR TODAY
                         NORMAL    RECORD    YEAR
 MAXIMUM TEMPERATURE (F)   81        93      2003
                                             1987
 MINIMUM TEMPERATURE (F)   55        44      1903


SUNRISE AND SUNSET
AUGUST 20 2016........SUNRISE   618 AM MDT   SUNSET   746 PM MDT
AUGUST 21 2016........SUNRISE   618 AM MDT   SUNSET   744 PM MDT


-  INDICATES NEGATIVE NUMBERS.
R  INDICATES RECORD WAS SET OR TIED.
MM INDICATES DATA IS MISSING.
T  INDICATES TRACE AMOUNT.




$$
