000
CDUS45 KPUB 301027
CLICOS


CLIMATE REPORT
NATIONAL WEATHER SERVICE PUEBLO
426 AM MDT SUN AUG 30 2015


...................................

...THE COLORADO SPRINGS CO CLIMATE SUMMARY FOR AUGUST 29 2015...

CLIMATE NORMAL PERIOD 1981 TO 2010
CLIMATE RECORD PERIOD 1872 TO 2015


WEATHER ITEM   OBSERVED TIME   RECORD YEAR NORMAL DEPARTURE LAST
                VALUE   (LST)  VALUE       VALUE  FROM      YEAR
                                                  NORMAL
..................................................................
TEMPERATURE (F)
 YESTERDAY
  MAXIMUM         84    335 PM  93    1962  80      4       82
  MINIMUM         52    534 AM  38    1944  54     -2       50
  AVERAGE         68                        67      1       66

PRECIPITATION (IN)
  YESTERDAY        0.00          1.15 1904   0.09  -0.09      T
  MONTH TO DATE    1.68                      3.16  -1.48     2.34
  SINCE JUN 1     10.54                      8.50   2.04     8.26
  SINCE JAN 1     22.77                     13.61   9.16    13.05

SNOWFALL (IN)
  YESTERDAY        0.0           0.0  2002   0.0    0.0      0.0
  MONTH TO DATE    0.0                       0.0    0.0       T
  SINCE JUN 1      T                         0.0    0.0       T
  SINCE JUL 1      T                         0.0    0.0       T
  SNOW DEPTH       0

DEGREE DAYS
 HEATING
  YESTERDAY        0                         1     -1        0
  MONTH TO DATE    9                        14     -5        7
  SINCE JUN 1     29                       103    -74       69
  SINCE JUL 1     19                        24     -5       30

 COOLING
  YESTERDAY        3                         3      0        1
  MONTH TO DATE  196                       128     68      109
  SINCE JUN 1    500                       402     98      407
  SINCE JAN 1    500                       412     88      420
..................................................................


WIND (MPH)
  HIGHEST WIND SPEED    24   HIGHEST WIND DIRECTION     S (160)
  HIGHEST GUST SPEED    30   HIGHEST GUST DIRECTION     S (160)
  AVERAGE WIND SPEED     8.9


SKY COVER
  POSSIBLE SUNSHINE  MM
  AVERAGE SKY COVER 0.2


WEATHER CONDITIONS
 THE FOLLOWING WEATHER WAS RECORDED YESTERDAY.
  HAZE


RELATIVE HUMIDITY (PERCENT)
 HIGHEST    66           500 AM
 LOWEST     22           500 PM
 AVERAGE    44

..........................................................


THE COLORADO SPRINGS CO CLIMATE NORMALS FOR TODAY
                         NORMAL    RECORD    YEAR
 MAXIMUM TEMPERATURE (F)   80        94      1990
 MINIMUM TEMPERATURE (F)   53        40      1944


SUNRISE AND SUNSET
AUGUST 30 2015........SUNRISE   626 AM MDT   SUNSET   732 PM MDT
AUGUST 31 2015........SUNRISE   627 AM MDT   SUNSET   731 PM MDT


-  INDICATES NEGATIVE NUMBERS.
R  INDICATES RECORD WAS SET OR TIED.
MM INDICATES DATA IS MISSING.
T  INDICATES TRACE AMOUNT.




$$
