000
CDUS45 KPUB 202322
CLICOS


CLIMATE REPORT
NATIONAL WEATHER SERVICE PUEBLO
522 PM MDT FRI MAR 20 2015


...................................

...THE COLORADO SPRINGS CO CLIMATE SUMMARY FOR MARCH 20 2015...
VALID TODAY AS OF 0500 PM LOCAL TIME.

CLIMATE NORMAL PERIOD 1981 TO 2010
CLIMATE RECORD PERIOD 1872 TO 2015


WEATHER ITEM   OBSERVED TIME   RECORD YEAR NORMAL DEPARTURE LAST
                VALUE   (LST)  VALUE       VALUE  FROM      YEAR
                                                  NORMAL
..................................................................
TEMPERATURE (F)
 TODAY
  MAXIMUM         61    309 PM  74    1907  53      8       69
  MINIMUM         30    614 AM  -2    1965  27      3       30
  AVERAGE         46                        40      6       50

PRECIPITATION (IN)
  TODAY            0.00          0.73 1979   0.03  -0.03     0.00
  MONTH TO DATE    0.77                      0.61   0.16     0.32
  SINCE MAR 1      0.77                      0.61   0.16     0.32
  SINCE JAN 1      3.09                      1.27   1.82     1.21

SNOWFALL (IN)
  TODAY            0.0           6.0  1979   0.3   -0.3      0.0
  MONTH TO DATE    3.9                       5.1   -1.2      1.8
  SINCE MAR 1      3.9                       5.1   -1.2      1.8
  SINCE JUL 1     44.8                      29.1   15.7     25.9
  SNOW DEPTH       0

DEGREE DAYS
 HEATING
  TODAY           19                        25     -6       15
  MONTH TO DATE  502                       546    -44      514
  SINCE MAR 1    502                       546    -44      514
  SINCE JUL 1   4723                      5109   -386     5001

 COOLING
  TODAY            0                         0      0        0
  MONTH TO DATE    0                         0      0        0
  SINCE MAR 1      0                         0      0        0
  SINCE JAN 1      0                         0      0        0
..................................................................


WIND (MPH)
  HIGHEST WIND SPEED    15   HIGHEST WIND DIRECTION     S (160)
  HIGHEST GUST SPEED    21   HIGHEST GUST DIRECTION     S (170)
  AVERAGE WIND SPEED     6.0


SKY COVER
  POSSIBLE SUNSHINE  MM
  AVERAGE SKY COVER 0.3


WEATHER CONDITIONS
 THE FOLLOWING WEATHER WAS RECORDED TODAY.
  NO SIGNIFICANT WEATHER WAS OBSERVED.


RELATIVE HUMIDITY (PERCENT)
 HIGHEST    92           100 AM
 LOWEST     23           300 PM
 AVERAGE    58

..........................................................


THE COLORADO SPRINGS CO CLIMATE NORMALS FOR TOMORROW
                         NORMAL    RECORD    YEAR
 MAXIMUM TEMPERATURE (F)   53        75      1995
 MINIMUM TEMPERATURE (F)   27         1      1914


SUNRISE AND SUNSET
MARCH 20 2015.........SUNRISE   703 AM MDT   SUNSET   711 PM MDT
MARCH 21 2015.........SUNRISE   701 AM MDT   SUNSET   712 PM MDT


-  INDICATES NEGATIVE NUMBERS.
R  INDICATES RECORD WAS SET OR TIED.
MM INDICATES DATA IS MISSING.
T  INDICATES TRACE AMOUNT.




$$
