000
CDUS45 KPUB 082337
CLICOS


CLIMATE REPORT
NATIONAL WEATHER SERVICE PUEBLO
536 PM MDT MON SEP 8 2014


...................................

...THE COLORADO SPRINGS CO CLIMATE SUMMARY FOR SEPTEMBER 8 2014...
VALID TODAY AS OF 0500 PM LOCAL TIME.

CLIMATE NORMAL PERIOD 1981 TO 2010
CLIMATE RECORD PERIOD 1872 TO 2014


WEATHER ITEM   OBSERVED TIME   RECORD YEAR NORMAL DEPARTURE LAST
                VALUE   (LST)  VALUE       VALUE  FROM      YEAR
                                                  NORMAL
..................................................................
TEMPERATURE (F)
 TODAY
  MAXIMUM         79    148 PM  94    1959  77      2       89
  MINIMUM         56    257 AM  28    1941  50      6       56
  AVERAGE         68                        64      4       73

PRECIPITATION (IN)
  TODAY            0.03          1.30 1989   0.05  -0.02     0.00
  MONTH TO DATE    0.10                      0.46  -0.36     0.10
  SINCE SEP 1      0.10                      0.46  -0.36     0.10
  SINCE JAN 1     13.15                     14.25  -1.10    13.76

SNOWFALL (IN)
  TODAY            0.0           2.3  2001   0.0    0.0      0.0
  MONTH TO DATE    0.0                       0.0    0.0      0.0
  SINCE SEP 1      0.0                       0.0    0.0      0.0
  SINCE JUL 1      T                         0.0    0.0       T
  SNOW DEPTH       0

DEGREE DAYS
 HEATING
  TODAY            0                         3     -3        0
  MONTH TO DATE   21                        19      2        0
  SINCE SEP 1     21                        19      2        0
  SINCE JUL 1     51                        50      1       10

 COOLING
  TODAY            3                         2      1        8
  MONTH TO DATE   18                        18      0       70
  SINCE SEP 1     18                        18      0       70
  SINCE JAN 1    445                       436      9      672
..................................................................


WIND (MPH)
  HIGHEST WIND SPEED    18   HIGHEST WIND DIRECTION    SW (220)
  HIGHEST GUST SPEED    22   HIGHEST GUST DIRECTION    SW (220)
  AVERAGE WIND SPEED     8.0


SKY COVER
  POSSIBLE SUNSHINE  MM
  AVERAGE SKY COVER 0.8


WEATHER CONDITIONS
 THE FOLLOWING WEATHER WAS RECORDED TODAY.
  LIGHT RAIN


RELATIVE HUMIDITY (PERCENT)
 HIGHEST    72          1200 AM
 LOWEST     28           200 PM
 AVERAGE    50

..........................................................


THE COLORADO SPRINGS CO CLIMATE NORMALS FOR TOMORROW
                         NORMAL    RECORD    YEAR
 MAXIMUM TEMPERATURE (F)   77        92      1979
 MINIMUM TEMPERATURE (F)   50        30      1941


SUNRISE AND SUNSET
SEPTEMBER  8 2014.....SUNRISE   634 AM MDT   SUNSET   718 PM MDT
SEPTEMBER  9 2014.....SUNRISE   635 AM MDT   SUNSET   717 PM MDT


-  INDICATES NEGATIVE NUMBERS.
R  INDICATES RECORD WAS SET OR TIED.
MM INDICATES DATA IS MISSING.
T  INDICATES TRACE AMOUNT.




$$
