000
CDUS45 KPUB 111112
CLICOS


CLIMATE REPORT
NATIONAL WEATHER SERVICE PUEBLO
411 AM MST SAT FEB 11 2017


...................................

...THE COLORADO SPRINGS CO CLIMATE SUMMARY FOR FEBRUARY 10 2017...

CLIMATE NORMAL PERIOD 1981 TO 2010
CLIMATE RECORD PERIOD 1872 TO 2017


WEATHER ITEM   OBSERVED TIME   RECORD YEAR NORMAL DEPARTURE LAST
                VALUE   (LST)  VALUE       VALUE  FROM      YEAR
                                                  NORMAL
..................................................................
TEMPERATURE (F)
 YESTERDAY
  MAXIMUM         77R   305 PM  70    1962  44     33       64
  MINIMUM         44    707 AM -18    1933  19     25       28
  AVERAGE         61                        31     30       46

PRECIPITATION (IN)
  YESTERDAY        0.00          1.67 1934   0.01  -0.01     0.00
  MONTH TO DATE    0.03                      0.10  -0.07     1.00
  SINCE DEC 1      1.03                      0.76   0.27     1.79
  SINCE JAN 1      0.35                      0.42  -0.07     1.54

SNOWFALL (IN)
  YESTERDAY        0.0          16.2  1934   0.2   -0.2      0.0
  MONTH TO DATE    0.3                       1.8   -1.5     10.1
  SINCE DEC 1     13.0                      13.1   -0.1     21.3
  SINCE JUL 1     13.0                      20.9   -7.9     27.1
  SNOW DEPTH       0

DEGREE DAYS
 HEATING
  YESTERDAY        4                        34    -30       19
  MONTH TO DATE  239                       340   -101      395
  SINCE DEC 1   2390                      2502   -112     2389
  SINCE JUL 1   3293                      3983   -690     3492

 COOLING
  YESTERDAY        0                         0      0        0
  MONTH TO DATE    0                         0      0        0
  SINCE DEC 1      0                         0      0        0
  SINCE JAN 1      0                         0      0        0
..................................................................


WIND (MPH)
  HIGHEST WIND SPEED    31   HIGHEST WIND DIRECTION     W (250)
  HIGHEST GUST SPEED    50   HIGHEST GUST DIRECTION    SW (240)
  AVERAGE WIND SPEED     9.8


SKY COVER
  POSSIBLE SUNSHINE  MM
  AVERAGE SKY COVER 0.7


WEATHER CONDITIONS
 THE FOLLOWING WEATHER WAS RECORDED YESTERDAY.
  NO SIGNIFICANT WEATHER WAS OBSERVED.


RELATIVE HUMIDITY (PERCENT)
 HIGHEST    39           100 AM
 LOWEST      9           300 PM
 AVERAGE    24

..........................................................


THE COLORADO SPRINGS CO CLIMATE NORMALS FOR TODAY
                         NORMAL    RECORD    YEAR
 MAXIMUM TEMPERATURE (F)   44        72      1951
 MINIMUM TEMPERATURE (F)   19       -19      1899


SUNRISE AND SUNSET
FEBRUARY 11 2017......SUNRISE   654 AM MST   SUNSET   532 PM MST
FEBRUARY 12 2017......SUNRISE   653 AM MST   SUNSET   533 PM MST


-  INDICATES NEGATIVE NUMBERS.
R  INDICATES RECORD WAS SET OR TIED.
MM INDICATES DATA IS MISSING.
T  INDICATES TRACE AMOUNT.




$$
