000
CDUS45 KPUB 121037
CLICOS


CLIMATE REPORT
NATIONAL WEATHER SERVICE PUEBLO
436 AM MDT MON JUN 12 2017


...................................

...THE COLORADO SPRINGS CO CLIMATE SUMMARY FOR JUNE 11 2017...

CLIMATE NORMAL PERIOD 1981 TO 2010
CLIMATE RECORD PERIOD 1872 TO 2017


WEATHER ITEM   OBSERVED TIME   RECORD YEAR NORMAL DEPARTURE LAST
                VALUE   (LST)  VALUE       VALUE  FROM      YEAR
                                                  NORMAL
..................................................................
TEMPERATURE (F)
 YESTERDAY
  MAXIMUM         83    230 PM  97    2013  77      6       89
  MINIMUM         57    524 AM  33    1975  50      7       55
  AVERAGE         70                        64      6       72

PRECIPITATION (IN)
  YESTERDAY        0.00          1.90 1947   0.08  -0.08     0.00
  MONTH TO DATE    0.09                      1.00  -0.91     0.20
  SINCE JUN 1      0.09                      1.00  -0.91     0.20
  SINCE JAN 1      6.21                      6.11   0.10     7.13

SNOWFALL (IN)
  YESTERDAY        0.0           0.0  2015   0.0    0.0      0.0
  MONTH TO DATE    0.0                       0.0    0.0       T
  SINCE JUN 1      0.0                       0.0    0.0       T
  SINCE JUL 1     25.2                      37.7  -12.5     50.7
  SNOW DEPTH       0

DEGREE DAYS
 HEATING
  YESTERDAY        0                         3     -3        0
  MONTH TO DATE    8                        46    -38        6
  SINCE JUN 1      8                        46    -38        6
  SINCE JUL 1   5086                      6259  -1173     5482

 COOLING
  YESTERDAY        5                         2      3        7
  MONTH TO DATE   30                        15     15       35
  SINCE JUN 1     30                        15     15       35
  SINCE JAN 1     32                        25      7       37
..................................................................


WIND (MPH)
  HIGHEST WIND SPEED    22   HIGHEST WIND DIRECTION     N (350)
  HIGHEST GUST SPEED    27   HIGHEST GUST DIRECTION     E (80)
  AVERAGE WIND SPEED     8.4


SKY COVER
  POSSIBLE SUNSHINE  MM
  AVERAGE SKY COVER 0.5


WEATHER CONDITIONS
 THE FOLLOWING WEATHER WAS RECORDED YESTERDAY.
  NO SIGNIFICANT WEATHER WAS OBSERVED.


RELATIVE HUMIDITY (PERCENT)
 HIGHEST    58          1100 PM
 LOWEST      8           100 AM
 AVERAGE    33

..........................................................


THE COLORADO SPRINGS CO CLIMATE NORMALS FOR TODAY
                         NORMAL    RECORD    YEAR
 MAXIMUM TEMPERATURE (F)   78        94      1956
                                             1952
 MINIMUM TEMPERATURE (F)   50        32      1947


SUNRISE AND SUNSET
JUNE 12 2017..........SUNRISE   533 AM MDT   SUNSET   825 PM MDT
JUNE 13 2017..........SUNRISE   533 AM MDT   SUNSET   825 PM MDT


-  INDICATES NEGATIVE NUMBERS.
R  INDICATES RECORD WAS SET OR TIED.
MM INDICATES DATA IS MISSING.
T  INDICATES TRACE AMOUNT.




$$
