000
CDUS45 KPUB 111125
CLICOS


CLIMATE REPORT
NATIONAL WEATHER SERVICE PUEBLO
425 AM MST THU DEC 11 2014


...................................

...THE COLORADO SPRINGS CO CLIMATE SUMMARY FOR DECEMBER 10 2014...

CLIMATE NORMAL PERIOD 1981 TO 2010
CLIMATE RECORD PERIOD 1872 TO 2014


WEATHER ITEM   OBSERVED TIME   RECORD YEAR NORMAL DEPARTURE LAST
                VALUE   (LST)  VALUE       VALUE  FROM      YEAR
                                                  NORMAL
..................................................................
TEMPERATURE (F)
 YESTERDAY
  MAXIMUM         60    141 PM  66    1975  42     18       46
                                      1929
  MINIMUM         26    207 AM -13    1898  18      8        5
  AVERAGE         43                        30     13       26

PRECIPITATION (IN)
  YESTERDAY        0.00          0.21 1961   0.01  -0.01     0.00
  MONTH TO DATE    0.02                      0.12  -0.10     0.07
  SINCE DEC 1      0.02                      0.12  -0.10     0.07
  SINCE JAN 1     16.90                     16.32   0.58    19.22

SNOWFALL (IN)
  YESTERDAY        0.0           3.0  1961   0.2   -0.2      0.0
  MONTH TO DATE    T                         1.9   -1.9      2.9
  SINCE DEC 1      T                         1.9   -1.9      2.9
  SINCE JUL 1      7.1                       9.7   -2.6      7.1
  SNOW DEPTH       0

DEGREE DAYS
 HEATING
  YESTERDAY       22                        35    -13       39
  MONTH TO DATE  268                       343    -75      457
  SINCE DEC 1    268                       343    -75      457
  SINCE JUL 1   1593                      1824   -231     1818

 COOLING
  YESTERDAY        0                         0      0        0
  MONTH TO DATE    0                         0      0        0
  SINCE DEC 1      0                         0      0        0
  SINCE JAN 1    487                       455     32      694
..................................................................


WIND (MPH)
  HIGHEST WIND SPEED    14   HIGHEST WIND DIRECTION     S (160)
  HIGHEST GUST SPEED    17   HIGHEST GUST DIRECTION     S (160)
  AVERAGE WIND SPEED     6.8


SKY COVER
  POSSIBLE SUNSHINE  MM
  AVERAGE SKY COVER 0.3


WEATHER CONDITIONS
 THE FOLLOWING WEATHER WAS RECORDED YESTERDAY.
  NO SIGNIFICANT WEATHER WAS OBSERVED.


RELATIVE HUMIDITY (PERCENT)
 HIGHEST    43           900 PM
 LOWEST      9          1200 PM
 AVERAGE    26

..........................................................


THE COLORADO SPRINGS CO CLIMATE NORMALS FOR TODAY
                         NORMAL    RECORD    YEAR
 MAXIMUM TEMPERATURE (F)   42        72      1939
 MINIMUM TEMPERATURE (F)   17       -21      1932


SUNRISE AND SUNSET
DECEMBER 11 2014......SUNRISE   707 AM MST   SUNSET   437 PM MST
DECEMBER 12 2014......SUNRISE   708 AM MST   SUNSET   437 PM MST


-  INDICATES NEGATIVE NUMBERS.
R  INDICATES RECORD WAS SET OR TIED.
MM INDICATES DATA IS MISSING.
T  INDICATES TRACE AMOUNT.




$$
