000
CDUS45 KPUB 290027
CLICOS


CLIMATE REPORT
NATIONAL WEATHER SERVICE PUEBLO
526 PM MST THU DEC 28 2017


...................................

...THE COLORADO SPRINGS CO CLIMATE SUMMARY FOR DECEMBER 28 2017...
VALID TODAY AS OF 0500 PM LOCAL TIME.

CLIMATE NORMAL PERIOD 1981 TO 2010
CLIMATE RECORD PERIOD 1872 TO 2017


WEATHER ITEM   OBSERVED TIME   RECORD YEAR NORMAL DEPARTURE LAST
                VALUE   (LST)  VALUE       VALUE  FROM      YEAR
                                                  NORMAL
..................................................................
TEMPERATURE (F)
 TODAY
  MAXIMUM         57    230 PM  62    2013  42     15       54
                                      1999
                                      1898
  MINIMUM         30    303 AM -10    1983  17     13       25
  AVERAGE         44                        30     14       40

PRECIPITATION (IN)
  TODAY            0.00          0.22 2006   0.00   0.00     0.00
  MONTH TO DATE    0.01                      0.31  -0.30     0.68
  SINCE DEC 1      0.01                      0.31  -0.30     0.68
  SINCE JAN 1     18.44                     16.51   1.93    14.35

SNOWFALL (IN)
  TODAY            0.0           2.2  2006   0.1   -0.1      0.0
  MONTH TO DATE    0.9                       5.2   -4.3      6.4
  SINCE DEC 1      0.9                       5.2   -4.3      6.4
  SINCE JUL 1      2.5                      13.0  -10.5      6.4
  SNOW DEPTH       0

DEGREE DAYS
 HEATING
  TODAY           21                        35    -14       25
  MONTH TO DATE  861                       988   -127     1007
  SINCE DEC 1    861                       988   -127     1007
  SINCE JUL 1   2029                      2469   -440     1910

 COOLING
  TODAY            0                         0      0        0
  MONTH TO DATE    0                         0      0        0
  SINCE DEC 1      0                         0      0        0
  SINCE JAN 1    639                       455    184      710
..................................................................


WIND (MPH)
  HIGHEST WIND SPEED    26   HIGHEST WIND DIRECTION    SE (140)
  HIGHEST GUST SPEED    32   HIGHEST GUST DIRECTION    SE (150)
  AVERAGE WIND SPEED     8.3


SKY COVER
  POSSIBLE SUNSHINE  MM
  AVERAGE SKY COVER 0.6


WEATHER CONDITIONS
 THE FOLLOWING WEATHER WAS RECORDED TODAY.
  NO SIGNIFICANT WEATHER WAS OBSERVED.


RELATIVE HUMIDITY (PERCENT)
 HIGHEST    29           800 AM
 LOWEST     14           100 PM
 AVERAGE    22

..........................................................


THE COLORADO SPRINGS CO CLIMATE NORMALS FOR TOMORROW
                         NORMAL    RECORD    YEAR
 MAXIMUM TEMPERATURE (F)   42        64      1999
                                             1956
 MINIMUM TEMPERATURE (F)   17        -8      1983


SUNRISE AND SUNSET
DECEMBER 28 2017......SUNRISE   716 AM MST   SUNSET   445 PM MST
DECEMBER 29 2017......SUNRISE   717 AM MST   SUNSET   446 PM MST


-  INDICATES NEGATIVE NUMBERS.
R  INDICATES RECORD WAS SET OR TIED.
MM INDICATES DATA IS MISSING.
T  INDICATES TRACE AMOUNT.




$$
