000
CDUS45 KPUB 111035
CLICOS


CLIMATE REPORT
NATIONAL WEATHER SERVICE PUEBLO
434 AM MDT WED OCT 11 2017


...................................

...THE COLORADO SPRINGS CO CLIMATE SUMMARY FOR OCTOBER 10 2017...

CLIMATE NORMAL PERIOD 1981 TO 2010
CLIMATE RECORD PERIOD 1872 TO 2017


WEATHER ITEM   OBSERVED TIME   RECORD YEAR NORMAL DEPARTURE LAST
                VALUE   (LST)  VALUE       VALUE  FROM      YEAR
                                                  NORMAL
..................................................................
TEMPERATURE (F)
 YESTERDAY
  MAXIMUM         58    301 PM  84    1962  65     -7       79
  MINIMUM         25    434 AM  17    1946  38    -13       49
  AVERAGE         42                        51     -9       64

PRECIPITATION (IN)
  YESTERDAY        0.00          0.42 1970   0.03  -0.03     0.00
                                      1969
  MONTH TO DATE    0.17                      0.28  -0.11      T
  SINCE SEP 1      2.94                      1.47   1.47     0.16
  SINCE JAN 1     18.22                     15.26   2.96    13.60

SNOWFALL (IN)
  YESTERDAY        0.0           0.8  1969   0.0    0.0      0.0
  MONTH TO DATE    0.3                       0.5   -0.2      0.0
  SINCE SEP 1      0.3                       0.7   -0.4      0.0
  SINCE JUL 1      0.3                       0.7   -0.4       T
  SNOW DEPTH       0

DEGREE DAYS
 HEATING
  YESTERDAY       23                        14      9        1
  MONTH TO DATE  136                       121     15       82
  SINCE SEP 1    268                       280    -12      145
  SINCE JUL 1    277                       311    -34      166

 COOLING
  YESTERDAY        0                         0      0        0
  MONTH TO DATE    0                         0      0        0
  SINCE SEP 1     91                        36     55       75
  SINCE JAN 1    639                       454    185      701
..................................................................


WIND (MPH)
  HIGHEST WIND SPEED    18   HIGHEST WIND DIRECTION     S (160)
  HIGHEST GUST SPEED    23   HIGHEST GUST DIRECTION    SE (150)
  AVERAGE WIND SPEED     6.9


SKY COVER
  POSSIBLE SUNSHINE  MM
  AVERAGE SKY COVER 0.1


WEATHER CONDITIONS
 THE FOLLOWING WEATHER WAS RECORDED YESTERDAY.
  NO SIGNIFICANT WEATHER WAS OBSERVED.


RELATIVE HUMIDITY (PERCENT)
 HIGHEST    85          1200 AM
 LOWEST     30           200 PM
 AVERAGE    58

..........................................................


THE COLORADO SPRINGS CO CLIMATE NORMALS FOR TODAY
                         NORMAL    RECORD    YEAR
 MAXIMUM TEMPERATURE (F)   65        87      2015
 MINIMUM TEMPERATURE (F)   37        14      1946


SUNRISE AND SUNSET
OCTOBER 11 2017.......SUNRISE   705 AM MDT   SUNSET   626 PM MDT
OCTOBER 12 2017.......SUNRISE   706 AM MDT   SUNSET   624 PM MDT


-  INDICATES NEGATIVE NUMBERS.
R  INDICATES RECORD WAS SET OR TIED.
MM INDICATES DATA IS MISSING.
T  INDICATES TRACE AMOUNT.




$$
