000
CDUS45 KPUB 241028
CLICOS


CLIMATE REPORT
NATIONAL WEATHER SERVICE PUEBLO
428 AM MDT SUN AUG 24 2014


...................................

...THE COLORADO SPRINGS CO CLIMATE SUMMARY FOR AUGUST 23 2014...

CLIMATE NORMAL PERIOD 1981 TO 2010
CLIMATE RECORD PERIOD 1872 TO 2014


WEATHER ITEM   OBSERVED TIME   RECORD YEAR NORMAL DEPARTURE LAST
                VALUE   (LST)  VALUE       VALUE  FROM      YEAR
                                                  NORMAL
..................................................................
TEMPERATURE (F)
 YESTERDAY
  MAXIMUM         84    329 PM  95    2011  81      3       84
  MINIMUM         54    108 AM  44    1917  55     -1       58
                                      1896
  AVERAGE         69                        68      1       71

PRECIPITATION (IN)
  YESTERDAY        0.00          1.92 1996   0.09  -0.09     0.04
  MONTH TO DATE    1.67                      2.64  -0.97     5.65
  SINCE JUN 1      7.59                      7.98  -0.39    10.86
  SINCE JAN 1     12.38                     13.09  -0.71    13.59

SNOWFALL (IN)
  YESTERDAY        0.0           0.0  2002   0.0    0.0      0.0
  MONTH TO DATE    0.0                       0.0    0.0       T
  SINCE JUN 1      T                         0.0    0.0       T
  SINCE JUL 1      T                         0.0    0.0       T
  SNOW DEPTH       0

DEGREE DAYS
 HEATING
  YESTERDAY        0                         1     -1        0
  MONTH TO DATE    5                         8     -3        5
  SINCE JUN 1     67                        97    -30       35
  SINCE JUL 1     28                        18     10       10

 COOLING
  YESTERDAY        4                         4      0        6
  MONTH TO DATE  101                       109     -8      117
  SINCE JUN 1    399                       383     16      505
  SINCE JAN 1    412                       393     19      527
..................................................................


WIND (MPH)
  HIGHEST WIND SPEED    23   HIGHEST WIND DIRECTION     W (290)
  HIGHEST GUST SPEED    30   HIGHEST GUST DIRECTION     W (290)
  AVERAGE WIND SPEED     7.5


SKY COVER
  POSSIBLE SUNSHINE  MM
  AVERAGE SKY COVER 0.5


WEATHER CONDITIONS
 THE FOLLOWING WEATHER WAS RECORDED YESTERDAY.
  NO SIGNIFICANT WEATHER WAS OBSERVED.


RELATIVE HUMIDITY (PERCENT)
 HIGHEST    93          1200 AM
 LOWEST     22           200 PM
 AVERAGE    58

..........................................................


THE COLORADO SPRINGS CO CLIMATE NORMALS FOR TODAY
                         NORMAL    RECORD    YEAR
 MAXIMUM TEMPERATURE (F)   81        94      1964
 MINIMUM TEMPERATURE (F)   55        41      1911


SUNRISE AND SUNSET
AUGUST 24 2014........SUNRISE   621 AM MDT   SUNSET   741 PM MDT
AUGUST 25 2014........SUNRISE   622 AM MDT   SUNSET   740 PM MDT


-  INDICATES NEGATIVE NUMBERS.
R  INDICATES RECORD WAS SET OR TIED.
MM INDICATES DATA IS MISSING.
T  INDICATES TRACE AMOUNT.




$$
