000
CDUS45 KPUB 202323
CLICOS


CLIMATE REPORT
NATIONAL WEATHER SERVICE PUEBLO
523 PM MDT TUE SEP 20 2016


...................................

...THE COLORADO SPRINGS CO CLIMATE SUMMARY FOR SEPTEMBER 20 2016...
VALID TODAY AS OF 0500 PM LOCAL TIME.

CLIMATE NORMAL PERIOD 1981 TO 2010
CLIMATE RECORD PERIOD 1872 TO 2016


WEATHER ITEM   OBSERVED TIME   RECORD YEAR NORMAL DEPARTURE LAST
                VALUE   (LST)  VALUE       VALUE  FROM      YEAR
                                                  NORMAL
..................................................................
TEMPERATURE (F)
 TODAY
  MAXIMUM         90R   211 PM  90    2010  73     17       80
                                      1956
  MINIMUM         56    339 AM  28    1901  46     10       49
  AVERAGE         73                        59     14       65

PRECIPITATION (IN)
  TODAY            0.00          0.67 1965   0.03  -0.03     0.00
  MONTH TO DATE    0.05                      0.91  -0.86     0.21
  SINCE SEP 1      0.05                      0.91  -0.86     0.21
  SINCE JAN 1     13.49                     14.70  -1.21    23.03

SNOWFALL (IN)
  TODAY            0.0           0.1  1965   0.1   -0.1      0.0
  MONTH TO DATE    0.0                       0.1   -0.1      0.0
  SINCE SEP 1      0.0                       0.1   -0.1      0.0
  SINCE JUL 1      T                         0.1   -0.1       T
  SNOW DEPTH       0

DEGREE DAYS
 HEATING
  TODAY            0                         6     -6        0
  MONTH TO DATE   27                        75    -48       15
  SINCE SEP 1     27                        75    -48       15
  SINCE JUL 1     48                       106    -58       34

 COOLING
  TODAY            8                         1      7        0
  MONTH TO DATE   60                        33     27       80
  SINCE SEP 1     60                        33     27       80
  SINCE JAN 1    686                       451    235      595
..................................................................


WIND (MPH)
  HIGHEST WIND SPEED    15   HIGHEST WIND DIRECTION    NE (50)
  HIGHEST GUST SPEED    19   HIGHEST GUST DIRECTION    NE (50)
  AVERAGE WIND SPEED     7.9


SKY COVER
  POSSIBLE SUNSHINE  MM
  AVERAGE SKY COVER 0.8


WEATHER CONDITIONS
 THE FOLLOWING WEATHER WAS RECORDED TODAY.
  NO SIGNIFICANT WEATHER WAS OBSERVED.


RELATIVE HUMIDITY (PERCENT)
 HIGHEST    47           300 AM
 LOWEST      9           100 PM
 AVERAGE    28

..........................................................


THE COLORADO SPRINGS CO CLIMATE NORMALS FOR TOMORROW
                         NORMAL    RECORD    YEAR
 MAXIMUM TEMPERATURE (F)   73        86      2015
                                             2010
                                             2007
 MINIMUM TEMPERATURE (F)   45        24      1912


SUNRISE AND SUNSET
SEPTEMBER 20 2016.....SUNRISE   645 AM MDT   SUNSET   658 PM MDT
SEPTEMBER 21 2016.....SUNRISE   646 AM MDT   SUNSET   657 PM MDT


-  INDICATES NEGATIVE NUMBERS.
R  INDICATES RECORD WAS SET OR TIED.
MM INDICATES DATA IS MISSING.
T  INDICATES TRACE AMOUNT.




$$
