000
CDUS45 KPUB 270020
CLICOS


CLIMATE REPORT
NATIONAL WEATHER SERVICE PUEBLO
619 PM MDT FRI JUN 26 2015


...................................

...THE COLORADO SPRINGS CO CLIMATE SUMMARY FOR JUNE 26 2015...
VALID TODAY AS OF 0500 PM LOCAL TIME.

CLIMATE NORMAL PERIOD 1981 TO 2010
CLIMATE RECORD PERIOD 1872 TO 2015


WEATHER ITEM   OBSERVED TIME   RECORD YEAR NORMAL DEPARTURE LAST
                VALUE   (LST)  VALUE       VALUE  FROM      YEAR
                                                  NORMAL
..................................................................
TEMPERATURE (F)
 TODAY
  MAXIMUM         78   1259 PM 101    2012  83     -5       93
  MINIMUM         60    345 AM  39    1968  54      6       53
  AVERAGE         69                        68      1       73

PRECIPITATION (IN)
  TODAY            0.03          1.31 1935   0.08  -0.05      T
  MONTH TO DATE    5.18                      2.20   2.98     1.27
  SINCE JUN 1      5.18                      2.20   2.98     1.27
  SINCE JAN 1     17.41                      7.31  10.10     6.06

SNOWFALL (IN)
  TODAY            0.0           0.0  2002   0.0    0.0      0.0
                                      2001
  MONTH TO DATE    T                         0.0    0.0       T
  SINCE JUN 1      T                         0.0    0.0       T
  SINCE JUL 1     46.5                      37.7    8.8     34.8
  SNOW DEPTH       0

DEGREE DAYS
 HEATING
  TODAY            0                         1     -1        0
  MONTH TO DATE   10                        74    -64       39
  SINCE JUN 1     10                        74    -64       39
  SINCE JUL 1   5777                      6287   -510     6085

 COOLING
  TODAY            4                         4      0        8
  MONTH TO DATE   95                        62     33       71
  SINCE JUN 1     95                        62     33       71
  SINCE JAN 1     95                        72     23       84
..................................................................


WIND (MPH)
  HIGHEST WIND SPEED    18   HIGHEST WIND DIRECTION     E (70)
  HIGHEST GUST SPEED    22   HIGHEST GUST DIRECTION     E (70)
  AVERAGE WIND SPEED     7.5


SKY COVER
  POSSIBLE SUNSHINE  MM
  AVERAGE SKY COVER 0.7


WEATHER CONDITIONS
 THE FOLLOWING WEATHER WAS RECORDED TODAY.
  THUNDERSTORM
  LIGHT RAIN


RELATIVE HUMIDITY (PERCENT)
 HIGHEST    90           400 AM
 LOWEST     50          1200 PM
 AVERAGE    70

..........................................................


THE COLORADO SPRINGS CO CLIMATE NORMALS FOR TOMORROW
                         NORMAL    RECORD    YEAR
 MAXIMUM TEMPERATURE (F)   83        98      2013
 MINIMUM TEMPERATURE (F)   54        38      1985


SUNRISE AND SUNSET
JUNE 26 2015..........SUNRISE   535 AM MDT   SUNSET   828 PM MDT
JUNE 27 2015..........SUNRISE   536 AM MDT   SUNSET   828 PM MDT


-  INDICATES NEGATIVE NUMBERS.
R  INDICATES RECORD WAS SET OR TIED.
MM INDICATES DATA IS MISSING.
T  INDICATES TRACE AMOUNT.




$$
