000
CDUS45 KPUB 131043
CLICOS


CLIMATE REPORT
NATIONAL WEATHER SERVICE PUEBLO
443 AM MDT MON OCT 13 2014


...................................

...THE COLORADO SPRINGS CO CLIMATE SUMMARY FOR OCTOBER 12 2014...

CLIMATE NORMAL PERIOD 1981 TO 2010
CLIMATE RECORD PERIOD 1872 TO 2014


WEATHER ITEM   OBSERVED TIME   RECORD YEAR NORMAL DEPARTURE LAST
                VALUE   (LST)  VALUE       VALUE  FROM      YEAR
                                                  NORMAL
..................................................................
TEMPERATURE (F)
 YESTERDAY
  MAXIMUM         59   1130 AM  84    1991  64     -5       54
  MINIMUM         40   1159 PM  12    1969  37      3       38
  AVERAGE         50                        51     -1       46

PRECIPITATION (IN)
  YESTERDAY        T             1.09 1974   0.02  -0.02     0.06
  MONTH TO DATE    2.96                      0.33   2.63     0.14
  SINCE SEP 1      3.57                      1.52   2.05     4.94
  SINCE JAN 1     16.62                     15.31   1.31    18.60

SNOWFALL (IN)
  YESTERDAY        0.0           1.3  1969   0.1   -0.1      0.0
  MONTH TO DATE    T                         0.7   -0.7      0.0
  SINCE SEP 1      T                         0.9   -0.9       T
  SINCE JUL 1      T                         0.9   -0.9       T
  SNOW DEPTH       0

DEGREE DAYS
 HEATING
  YESTERDAY       15                        14      1       19
  MONTH TO DATE  132                       149    -17      131
  SINCE SEP 1    219                       308    -89      204
  SINCE JUL 1    249                       339    -90      214

 COOLING
  YESTERDAY        0                         0      0        0
  MONTH TO DATE    0                         0      0        0
  SINCE SEP 1     60                        36     24       92
  SINCE JAN 1    487                       454     33      694
..................................................................


WIND (MPH)
  HIGHEST WIND SPEED    38   HIGHEST WIND DIRECTION     N (340)
  HIGHEST GUST SPEED    46   HIGHEST GUST DIRECTION     N (340)
  AVERAGE WIND SPEED    16.7


SKY COVER
  POSSIBLE SUNSHINE  MM
  AVERAGE SKY COVER 0.9


WEATHER CONDITIONS
 THE FOLLOWING WEATHER WAS RECORDED YESTERDAY.
  LIGHT RAIN


RELATIVE HUMIDITY (PERCENT)
 HIGHEST    86          1200 AM
 LOWEST     36           900 AM
 AVERAGE    61

..........................................................


THE COLORADO SPRINGS CO CLIMATE NORMALS FOR TODAY
                         NORMAL    RECORD    YEAR
 MAXIMUM TEMPERATURE (F)   64        83      1992
                                             1950
 MINIMUM TEMPERATURE (F)   37         5      1969


SUNRISE AND SUNSET
OCTOBER 13 2014.......SUNRISE   706 AM MDT   SUNSET   623 PM MDT
OCTOBER 14 2014.......SUNRISE   707 AM MDT   SUNSET   622 PM MDT


-  INDICATES NEGATIVE NUMBERS.
R  INDICATES RECORD WAS SET OR TIED.
MM INDICATES DATA IS MISSING.
T  INDICATES TRACE AMOUNT.




$$
