000
CDUS45 KPUB 051138
CLICOS


CLIMATE REPORT
NATIONAL WEATHER SERVICE PUEBLO
438 AM MST SUN FEB 5 2017


...................................

...THE COLORADO SPRINGS CO CLIMATE SUMMARY FOR FEBRUARY 4 2017...

CLIMATE NORMAL PERIOD 1981 TO 2010
CLIMATE RECORD PERIOD 1872 TO 2017


WEATHER ITEM   OBSERVED TIME   RECORD YEAR NORMAL DEPARTURE LAST
                VALUE   (LST)  VALUE       VALUE  FROM      YEAR
                                                  NORMAL
..................................................................
TEMPERATURE (F)
 YESTERDAY
  MAXIMUM         60    257 PM  69    1935  43     17       30
                                      1925
  MINIMUM         28   1153 PM -15    1989  18     10        2
  AVERAGE         44                        31     13       16

PRECIPITATION (IN)
  YESTERDAY        0.00          0.63 1989   0.01  -0.01     0.10
  MONTH TO DATE    0.03                      0.04  -0.01     0.97
  SINCE DEC 1      1.03                      0.70   0.33     1.76
  SINCE JAN 1      0.35                      0.36  -0.01     1.51

SNOWFALL (IN)
  YESTERDAY        0.0          12.3  1989   0.2   -0.2      1.9
  MONTH TO DATE    0.3                       0.7   -0.4      9.7
  SINCE DEC 1     13.0                      12.0    1.0     20.9
  SINCE JUL 1     13.0                      19.8   -6.8     26.7
  SNOW DEPTH       T

DEGREE DAYS
 HEATING
  YESTERDAY       21                        34    -13       49
  MONTH TO DATE  146                       136     10      191
  SINCE DEC 1   2297                      2298     -1     2185
  SINCE JUL 1   3200                      3779   -579     3288

 COOLING
  YESTERDAY        0                         0      0        0
  MONTH TO DATE    0                         0      0        0
  SINCE DEC 1      0                         0      0        0
  SINCE JAN 1      0                         0      0        0
..................................................................


WIND (MPH)
  HIGHEST WIND SPEED    32   HIGHEST WIND DIRECTION     W (280)
  HIGHEST GUST SPEED    41   HIGHEST GUST DIRECTION     N (350)
  AVERAGE WIND SPEED    14.9


SKY COVER
  POSSIBLE SUNSHINE  MM
  AVERAGE SKY COVER 0.3


WEATHER CONDITIONS
 THE FOLLOWING WEATHER WAS RECORDED YESTERDAY.
  NO SIGNIFICANT WEATHER WAS OBSERVED.


RELATIVE HUMIDITY (PERCENT)
 HIGHEST    68          1200 AM
 LOWEST     12           400 PM
 AVERAGE    40

..........................................................


THE COLORADO SPRINGS CO CLIMATE NORMALS FOR TODAY
                         NORMAL    RECORD    YEAR
 MAXIMUM TEMPERATURE (F)   43        76      1963
 MINIMUM TEMPERATURE (F)   18       -19      1982


SUNRISE AND SUNSET
FEBRUARY  5 2017......SUNRISE   701 AM MST   SUNSET   525 PM MST
FEBRUARY  6 2017......SUNRISE   700 AM MST   SUNSET   527 PM MST


-  INDICATES NEGATIVE NUMBERS.
R  INDICATES RECORD WAS SET OR TIED.
MM INDICATES DATA IS MISSING.
T  INDICATES TRACE AMOUNT.




$$
