000
CDUS45 KPUB 161058
CLICOS


CLIMATE REPORT
NATIONAL WEATHER SERVICE PUEBLO
457 AM MDT SUN APR 16 2017


...................................

...THE COLORADO SPRINGS CO CLIMATE SUMMARY FOR APRIL 15 2017...

CLIMATE NORMAL PERIOD 1981 TO 2010
CLIMATE RECORD PERIOD 1872 TO 2017


WEATHER ITEM   OBSERVED TIME   RECORD YEAR NORMAL DEPARTURE LAST
                VALUE   (LST)  VALUE       VALUE  FROM      YEAR
                                                  NORMAL
..................................................................
TEMPERATURE (F)
 YESTERDAY
  MAXIMUM         73    240 PM  81    2002  60     13       60
  MINIMUM         45    603 AM  15    1961  33     12       36
                                      1945
                                      1902
  AVERAGE         59                        46     13       48

PRECIPITATION (IN)
  YESTERDAY        T             4.27 1921   0.05  -0.05     0.02
  MONTH TO DATE    0.95                      0.58   0.37     0.60
  SINCE MAR 1      1.39                      1.58  -0.19     1.33
  SINCE JAN 1      1.78                      2.24  -0.46     2.87

SNOWFALL (IN)
  YESTERDAY       MM             6.7  1998   0.2   MM         T
  MONTH TO DATE    8.9                       2.8    6.1      0.1
  SINCE MAR 1     10.9                      10.9    0.0     10.6
  SINCE JUL 1     24.3                      34.9  -10.6     37.7
  SNOW DEPTH       0

DEGREE DAYS
 HEATING
  YESTERDAY        6                        19    -13       17
  MONTH TO DATE  239                       309    -70      229
  SINCE MAR 1    799                      1114   -315      939
  SINCE JUL 1   4552                      5677  -1125     4842

 COOLING
  YESTERDAY        0                         0      0        0
  MONTH TO DATE    0                         0      0        0
  SINCE MAR 1      0                         0      0        0
  SINCE JAN 1      0                         0      0        0
..................................................................


WIND (MPH)
  HIGHEST WIND SPEED    25   HIGHEST WIND DIRECTION     E (70)
  HIGHEST GUST SPEED    32   HIGHEST GUST DIRECTION     E (70)
  AVERAGE WIND SPEED    10.6


SKY COVER
  POSSIBLE SUNSHINE  MM
  AVERAGE SKY COVER 0.4


WEATHER CONDITIONS
 THE FOLLOWING WEATHER WAS RECORDED YESTERDAY.
  LIGHT RAIN


RELATIVE HUMIDITY (PERCENT)
 HIGHEST    54           300 AM
 LOWEST      9          1200 AM
 AVERAGE    32

..........................................................


THE COLORADO SPRINGS CO CLIMATE NORMALS FOR TODAY
                         NORMAL    RECORD    YEAR
 MAXIMUM TEMPERATURE (F)   60        80      1985
 MINIMUM TEMPERATURE (F)   33        17      1904


SUNRISE AND SUNSET
APRIL 16 2017.........SUNRISE   621 AM MDT   SUNSET   737 PM MDT
APRIL 17 2017.........SUNRISE   619 AM MDT   SUNSET   738 PM MDT


-  INDICATES NEGATIVE NUMBERS.
R  INDICATES RECORD WAS SET OR TIED.
MM INDICATES DATA IS MISSING.
T  INDICATES TRACE AMOUNT.




$$
