457
CDUS45 KPUB 251136
CLICOS


CLIMATE REPORT
NATIONAL WEATHER SERVICE PUEBLO
436 AM MST FRI NOV 25 2016


...................................

...THE COLORADO SPRINGS CO CLIMATE SUMMARY FOR NOVEMBER 24 2016...

CLIMATE NORMAL PERIOD 1981 TO 2010
CLIMATE RECORD PERIOD 1872 TO 2016


WEATHER ITEM   OBSERVED TIME   RECORD YEAR NORMAL DEPARTURE LAST
                VALUE   (LST)  VALUE       VALUE  FROM      YEAR
                                                  NORMAL
..................................................................
TEMPERATURE (F)
 YESTERDAY
  MAXIMUM         50    100 PM  77    1990  47      3       62
  MINIMUM         22   1002 PM  -3    1918  22      0       28
  AVERAGE         36                        34      2       45

PRECIPITATION (IN)
  YESTERDAY        0.00          0.43 1922   0.02  -0.02     0.00
  MONTH TO DATE    0.07                      0.33  -0.26     0.34
  SINCE SEP 1      0.23                      2.34  -2.11     2.04
  SINCE JAN 1     13.67                     16.13  -2.46    24.86

SNOWFALL (IN)
  YESTERDAY        0.0           3.5  1980   0.1   -0.1      0.0
  MONTH TO DATE    T                         3.5   -3.5      3.3
  SINCE SEP 1      T                         6.6   -6.6      3.3
  SINCE JUL 1      T                         6.6   -6.6      3.3
  SNOW DEPTH       0

DEGREE DAYS
 HEATING
  YESTERDAY       29                        31     -2       20
  MONTH TO DATE  421                       615   -194      521
  SINCE SEP 1    704                      1258   -554      835
  SINCE JUL 1    725                      1289   -564      854

 COOLING
  YESTERDAY        0                         0      0        0
  MONTH TO DATE    0                         0      0        0
  SINCE SEP 1     84                        37     47      102
  SINCE JAN 1    710                       455    255      617
..................................................................


WIND (MPH)
  HIGHEST WIND SPEED    28   HIGHEST WIND DIRECTION     N (340)
  HIGHEST GUST SPEED    35   HIGHEST GUST DIRECTION    NW (300)
  AVERAGE WIND SPEED    11.5


SKY COVER
  POSSIBLE SUNSHINE  MM
  AVERAGE SKY COVER 0.2


WEATHER CONDITIONS
 THE FOLLOWING WEATHER WAS RECORDED YESTERDAY.
  NO SIGNIFICANT WEATHER WAS OBSERVED.


RELATIVE HUMIDITY (PERCENT)
 HIGHEST    72          1200 AM
 LOWEST     11          1100 AM
 AVERAGE    42

..........................................................


THE COLORADO SPRINGS CO CLIMATE NORMALS FOR TODAY
                         NORMAL    RECORD    YEAR
 MAXIMUM TEMPERATURE (F)   47        74      1990
 MINIMUM TEMPERATURE (F)   22        -4      1993


SUNRISE AND SUNSET
NOVEMBER 25 2016......SUNRISE   653 AM MST   SUNSET   439 PM MST
NOVEMBER 26 2016......SUNRISE   654 AM MST   SUNSET   439 PM MST


-  INDICATES NEGATIVE NUMBERS.
R  INDICATES RECORD WAS SET OR TIED.
MM INDICATES DATA IS MISSING.
T  INDICATES TRACE AMOUNT.




$$
