000
CDUS45 KPUB 141038
CLICOS


CLIMATE REPORT
NATIONAL WEATHER SERVICE PUEBLO
438 AM MDT THU AUG 14 2014


...................................

...THE COLORADO SPRINGS CO CLIMATE SUMMARY FOR AUGUST 13 2014...

CLIMATE NORMAL PERIOD 1981 TO 2010
CLIMATE RECORD PERIOD 1872 TO 2014


WEATHER ITEM   OBSERVED TIME   RECORD YEAR NORMAL DEPARTURE LAST
                VALUE   (LST)  VALUE       VALUE  FROM      YEAR
                                                  NORMAL
..................................................................
TEMPERATURE (F)
 YESTERDAY
  MAXIMUM         85    414 PM  97    1996  82      3       75
  MINIMUM         55    407 AM  46    2002  56     -1       52
                                      1920
  AVERAGE         70                        69      1       64

PRECIPITATION (IN)
  YESTERDAY        0.00          1.30 1963   0.12  -0.12     0.93
  MONTH TO DATE    1.35                      1.60  -0.25     3.17
  SINCE JUN 1      7.27                      6.94   0.33     8.38
  SINCE JAN 1     12.06                     12.05   0.01    11.11

SNOWFALL (IN)
  YESTERDAY        0.0           0.0  2002   0.0    0.0       T
  MONTH TO DATE    0.0                       0.0    0.0       T
  SINCE JUN 1      T                         0.0    0.0       T
  SINCE JUL 1      T                         0.0    0.0       T
  SNOW DEPTH       0

DEGREE DAYS
 HEATING
  YESTERDAY        0                         0      0        1
  MONTH TO DATE    5                         0      5        5
  SINCE JUN 1     67                        89    -22       35
  SINCE JUL 1     28                        10     18       10

 COOLING
  YESTERDAY        5                         5      0        0
  MONTH TO DATE   37                        68    -31       49
  SINCE JUN 1    335                       342     -7      437
  SINCE JAN 1    348                       352     -4      459
..................................................................


WIND (MPH)
  HIGHEST WIND SPEED    15   HIGHEST WIND DIRECTION    SE (140)
  HIGHEST GUST SPEED    19   HIGHEST GUST DIRECTION    SE (140)
  AVERAGE WIND SPEED     7.4


SKY COVER
  POSSIBLE SUNSHINE  MM
  AVERAGE SKY COVER 0.5


WEATHER CONDITIONS
 THE FOLLOWING WEATHER WAS RECORDED YESTERDAY.
  NO SIGNIFICANT WEATHER WAS OBSERVED.


RELATIVE HUMIDITY (PERCENT)
 HIGHEST    77           400 AM
 LOWEST     25           300 PM
 AVERAGE    51

..........................................................


THE COLORADO SPRINGS CO CLIMATE NORMALS FOR TODAY
                         NORMAL    RECORD    YEAR
 MAXIMUM TEMPERATURE (F)   82        96      1962
 MINIMUM TEMPERATURE (F)   56        47      1920


SUNRISE AND SUNSET
AUGUST 14 2014........SUNRISE   612 AM MDT   SUNSET   755 PM MDT
AUGUST 15 2014........SUNRISE   613 AM MDT   SUNSET   753 PM MDT


-  INDICATES NEGATIVE NUMBERS.
R  INDICATES RECORD WAS SET OR TIED.
MM INDICATES DATA IS MISSING.
T  INDICATES TRACE AMOUNT.




$$
