000
CDUS45 KPUB 090030
CLICOS


CLIMATE REPORT
NATIONAL WEATHER SERVICE PUEBLO
530 PM MST WED MAR 8 2017


...................................

...THE COLORADO SPRINGS CO CLIMATE SUMMARY FOR MARCH 8 2017...
VALID TODAY AS OF 0500 PM LOCAL TIME.

CLIMATE NORMAL PERIOD 1981 TO 2010
CLIMATE RECORD PERIOD 1872 TO 2017


WEATHER ITEM   OBSERVED TIME   RECORD YEAR NORMAL DEPARTURE LAST
                VALUE   (LST)  VALUE       VALUE  FROM      YEAR
                                                  NORMAL
..................................................................
TEMPERATURE (F)
 TODAY
  MAXIMUM         69    240 PM  70    1955  50     19       50
  MINIMUM         34   1224 AM   0    1964  24     10       30
  AVERAGE         52                        37     15       40

PRECIPITATION (IN)
  TODAY            0.00          1.05 1992   0.02  -0.02     0.00
  MONTH TO DATE    0.00                      0.21  -0.21      T
  SINCE MAR 1      0.00                      0.21  -0.21      T
  SINCE JAN 1      0.39                      0.87  -0.48     1.54

SNOWFALL (IN)
  TODAY            0.0           4.6  1912   0.3   -0.3      0.0
  MONTH TO DATE    0.0                       1.9   -1.9      0.0
  SINCE MAR 1      0.0                       1.9   -1.9      0.0
  SINCE JUL 1     13.4                      25.9  -12.5     27.1
  SNOW DEPTH       0

DEGREE DAYS
 HEATING
  TODAY           13                        28    -15       25
  MONTH TO DATE  191                       231    -40      151
  SINCE MAR 1    191                       231    -40      151
  SINCE JUL 1   3944                      4794   -850     4054

 COOLING
  TODAY            0                         0      0        0
  MONTH TO DATE    0                         0      0        0
  SINCE MAR 1      0                         0      0        0
  SINCE JAN 1      0                         0      0        0
..................................................................


WIND (MPH)
  HIGHEST WIND SPEED    36   HIGHEST WIND DIRECTION     W (270)
  HIGHEST GUST SPEED    45   HIGHEST GUST DIRECTION     W (290)
  AVERAGE WIND SPEED    13.5


SKY COVER
  POSSIBLE SUNSHINE  MM
  AVERAGE SKY COVER 0.3


WEATHER CONDITIONS
 THE FOLLOWING WEATHER WAS RECORDED TODAY.
  NO SIGNIFICANT WEATHER WAS OBSERVED.


RELATIVE HUMIDITY (PERCENT)
 HIGHEST    27           300 AM
 LOWEST      8           300 PM
 AVERAGE    18

..........................................................


THE COLORADO SPRINGS CO CLIMATE NORMALS FOR TOMORROW
                         NORMAL    RECORD    YEAR
 MAXIMUM TEMPERATURE (F)   50        78      1989
 MINIMUM TEMPERATURE (F)   24        -3      1932


SUNRISE AND SUNSET
MARCH  8 2017.........SUNRISE   620 AM MST   SUNSET   559 PM MST
MARCH  9 2017.........SUNRISE   619 AM MST   SUNSET   600 PM MST


-  INDICATES NEGATIVE NUMBERS.
R  INDICATES RECORD WAS SET OR TIED.
MM INDICATES DATA IS MISSING.
T  INDICATES TRACE AMOUNT.




$$
