000
CDUS45 KPUB 152330
CLICOS


CLIMATE REPORT
NATIONAL WEATHER SERVICE PUEBLO
529 PM MDT FRI SEP 15 2017


...................................

...THE COLORADO SPRINGS CO CLIMATE SUMMARY FOR SEPTEMBER 15 2017...
VALID TODAY AS OF 0500 PM LOCAL TIME.

CLIMATE NORMAL PERIOD 1981 TO 2010
CLIMATE RECORD PERIOD 1872 TO 2017


WEATHER ITEM   OBSERVED TIME   RECORD YEAR NORMAL DEPARTURE LAST
                VALUE   (LST)  VALUE       VALUE  FROM      YEAR
                                                  NORMAL
..................................................................
TEMPERATURE (F)
 TODAY
  MAXIMUM         82    309 PM  92    1990  75      7       82
  MINIMUM         57    516 AM  29    1916  48      9       51
  AVERAGE         70                        61      9       67

PRECIPITATION (IN)
  TODAY            0.00          1.53 2013   0.03  -0.03     0.00
  MONTH TO DATE    0.17                      0.74  -0.57     0.05
  SINCE SEP 1      0.17                      0.74  -0.57     0.05
  SINCE JAN 1     15.45                     14.53   0.92    13.49

SNOWFALL (IN)
  TODAY            0.0           3.0  1912   0.0    0.0      0.0
  MONTH TO DATE    0.0                       0.0    0.0      0.0
  SINCE SEP 1      0.0                       0.0    0.0      0.0
  SINCE JUL 1      T                         0.0    0.0       T
  SNOW DEPTH       0

DEGREE DAYS
 HEATING
  TODAY            0                         5     -5        0
  MONTH TO DATE    6                        47    -41       17
  SINCE SEP 1      6                        47    -41       17
  SINCE JUL 1     15                        78    -63       38

 COOLING
  TODAY            5                         1      4        2
  MONTH TO DATE   86                        28     58       44
  SINCE SEP 1     86                        28     58       44
  SINCE JAN 1    634                       446    188      670
..................................................................


WIND (MPH)
  HIGHEST WIND SPEED    29   HIGHEST WIND DIRECTION     S (200)
  HIGHEST GUST SPEED    39   HIGHEST GUST DIRECTION     S (200)
  AVERAGE WIND SPEED     8.9


SKY COVER
  POSSIBLE SUNSHINE  MM
  AVERAGE SKY COVER 0.4


WEATHER CONDITIONS
 THE FOLLOWING WEATHER WAS RECORDED TODAY.
  NO SIGNIFICANT WEATHER WAS OBSERVED.


RELATIVE HUMIDITY (PERCENT)
 HIGHEST    51           200 AM
 LOWEST     14           100 PM
 AVERAGE    33

..........................................................


THE COLORADO SPRINGS CO CLIMATE NORMALS FOR TOMORROW
                         NORMAL    RECORD    YEAR
 MAXIMUM TEMPERATURE (F)   75        91      2000
                                             1914
 MINIMUM TEMPERATURE (F)   47        29      1965


SUNRISE AND SUNSET
SEPTEMBER 15 2017.....SUNRISE   641 AM MDT   SUNSET   707 PM MDT
SEPTEMBER 16 2017.....SUNRISE   641 AM MDT   SUNSET   705 PM MDT


-  INDICATES NEGATIVE NUMBERS.
R  INDICATES RECORD WAS SET OR TIED.
MM INDICATES DATA IS MISSING.
T  INDICATES TRACE AMOUNT.




$$
