528
CDUS45 KPUB 221153
CLICOS


CLIMATE REPORT
NATIONAL WEATHER SERVICE PUEBLO
451 AM MST TUE NOV 22 2016


...................................

...THE COLORADO SPRINGS CO CLIMATE SUMMARY FOR NOVEMBER 21 2016...

CLIMATE NORMAL PERIOD 1981 TO 2010
CLIMATE RECORD PERIOD 1872 TO 2016


WEATHER ITEM   OBSERVED TIME   RECORD YEAR NORMAL DEPARTURE LAST
                VALUE   (LST)  VALUE       VALUE  FROM      YEAR
                                                  NORMAL
..................................................................
TEMPERATURE (F)
 YESTERDAY
  MAXIMUM         65    134 PM  73    1989  48     17       41
  MINIMUM         36   1215 AM  -1    1957  23     13       17
  AVERAGE         51                        36     15       29

PRECIPITATION (IN)
  YESTERDAY        T             0.67 1999   0.01  -0.01     0.00
  MONTH TO DATE    0.01                      0.29  -0.28     0.34
  SINCE SEP 1      0.17                      2.30  -2.13     2.04
  SINCE JAN 1     13.61                     16.09  -2.48    24.86

SNOWFALL (IN)
  YESTERDAY        0.0           5.0  1999   0.1   -0.1      0.0
  MONTH TO DATE    T                         3.0   -3.0      3.3
  SINCE SEP 1      T                         6.1   -6.1      3.3
  SINCE JUL 1      T                         6.1   -6.1      3.3
  SNOW DEPTH       0

DEGREE DAYS
 HEATING
  YESTERDAY       14                        29    -15       36
  MONTH TO DATE  339                       524   -185      462
  SINCE SEP 1    622                      1167   -545      776
  SINCE JUL 1    643                      1198   -555      795

 COOLING
  YESTERDAY        0                         0      0        0
  MONTH TO DATE    0                         0      0        0
  SINCE SEP 1     84                        37     47      102
  SINCE JAN 1    710                       455    255      617
..................................................................


WIND (MPH)
  HIGHEST WIND SPEED    28   HIGHEST WIND DIRECTION     N (340)
  HIGHEST GUST SPEED    33   HIGHEST GUST DIRECTION    NW (310)
  AVERAGE WIND SPEED     8.1


SKY COVER
  POSSIBLE SUNSHINE  MM
  AVERAGE SKY COVER 0.7


WEATHER CONDITIONS
 THE FOLLOWING WEATHER WAS RECORDED YESTERDAY.
  LIGHT RAIN


RELATIVE HUMIDITY (PERCENT)
 HIGHEST    45           800 PM
 LOWEST     23          1200 PM
 AVERAGE    34

..........................................................


THE COLORADO SPRINGS CO CLIMATE NORMALS FOR TODAY
                         NORMAL    RECORD    YEAR
 MAXIMUM TEMPERATURE (F)   48        74      1998
 MINIMUM TEMPERATURE (F)   23        -6      1929


SUNRISE AND SUNSET
NOVEMBER 22 2016......SUNRISE   650 AM MST   SUNSET   440 PM MST
NOVEMBER 23 2016......SUNRISE   651 AM MST   SUNSET   440 PM MST


-  INDICATES NEGATIVE NUMBERS.
R  INDICATES RECORD WAS SET OR TIED.
MM INDICATES DATA IS MISSING.
T  INDICATES TRACE AMOUNT.




$$
