000
CDUS45 KPUB 181137
CLICOS


CLIMATE REPORT
NATIONAL WEATHER SERVICE PUEBLO
437 AM MST WED FEB 18 2015


...................................

...THE COLORADO SPRINGS CO CLIMATE SUMMARY FOR FEBRUARY 17 2015...

CLIMATE NORMAL PERIOD 1981 TO 2010
CLIMATE RECORD PERIOD 1872 TO 2015


WEATHER ITEM   OBSERVED TIME   RECORD YEAR NORMAL DEPARTURE LAST
                VALUE   (LST)  VALUE       VALUE  FROM      YEAR
                                                  NORMAL
..................................................................
TEMPERATURE (F)
 YESTERDAY
  MAXIMUM         30    448 PM  68    1970  45    -15       61
  MINIMUM         11    532 AM -19    1910  20     -9       32
  AVERAGE         21                        32    -11       47

PRECIPITATION (IN)
  YESTERDAY        0.00          0.42 1917   0.01  -0.01     0.00
  MONTH TO DATE    0.65                      0.17   0.48     0.15
  SINCE DEC 1      1.68                      0.83   0.85     0.89
  SINCE JAN 1      1.52                      0.49   1.03     0.82

SNOWFALL (IN)
  YESTERDAY        0.0           6.0  1917   0.2   -0.2      0.0
  MONTH TO DATE    4.2                       3.0    1.2      2.6
  SINCE DEC 1     21.4                      14.3    7.1     19.1
  SINCE JUL 1     28.5                      22.1    6.4     23.3
  SNOW DEPTH       4

DEGREE DAYS
 HEATING
  YESTERDAY       44                        33     11       18
  MONTH TO DATE  415                       573   -158      651
  SINCE DEC 1   2434                      2735   -301     2826
  SINCE JUL 1   3759                      4216   -457     4187

 COOLING
  YESTERDAY        0                         0      0        0
  MONTH TO DATE    0                         0      0        0
  SINCE DEC 1      0                         0      0        0
  SINCE JAN 1      0                         0      0        0
..................................................................


WIND (MPH)
  HIGHEST WIND SPEED    14   HIGHEST WIND DIRECTION     S (200)
  HIGHEST GUST SPEED    16   HIGHEST GUST DIRECTION     S (200)
  AVERAGE WIND SPEED     6.5


SKY COVER
  POSSIBLE SUNSHINE  MM
  AVERAGE SKY COVER 0.4


WEATHER CONDITIONS
 THE FOLLOWING WEATHER WAS RECORDED YESTERDAY.
  NO SIGNIFICANT WEATHER WAS OBSERVED.


RELATIVE HUMIDITY (PERCENT)
 HIGHEST    88           300 AM
 LOWEST     50          1000 AM
 AVERAGE    69

..........................................................


THE COLORADO SPRINGS CO CLIMATE NORMALS FOR TODAY
                         NORMAL    RECORD    YEAR
 MAXIMUM TEMPERATURE (F)   45        66      2004
                                             1958
 MINIMUM TEMPERATURE (F)   20       -15      1942


SUNRISE AND SUNSET
FEBRUARY 18 2015......SUNRISE   646 AM MST   SUNSET   540 PM MST
FEBRUARY 19 2015......SUNRISE   645 AM MST   SUNSET   541 PM MST


-  INDICATES NEGATIVE NUMBERS.
R  INDICATES RECORD WAS SET OR TIED.
MM INDICATES DATA IS MISSING.
T  INDICATES TRACE AMOUNT.




$$
