000
CDUS45 KPUB 220020
CLICOS


CLIMATE REPORT
NATIONAL WEATHER SERVICE PUEBLO
619 PM MDT SAT MAR 21 2015


...................................

...THE COLORADO SPRINGS CO CLIMATE SUMMARY FOR MARCH 21 2015...
VALID TODAY AS OF 0500 PM LOCAL TIME.

CLIMATE NORMAL PERIOD 1981 TO 2010
CLIMATE RECORD PERIOD 1872 TO 2015


WEATHER ITEM   OBSERVED TIME   RECORD YEAR NORMAL DEPARTURE LAST
                VALUE   (LST)  VALUE       VALUE  FROM      YEAR
                                                  NORMAL
..................................................................
TEMPERATURE (F)
 TODAY
  MAXIMUM         64    331 PM  75    1995  53     11       51
  MINIMUM         31    612 AM   1    1914  27      4       29
  AVERAGE         48                        40      8       40

PRECIPITATION (IN)
  TODAY            0.00          0.48 1941   0.04  -0.04     0.00
  MONTH TO DATE    0.77                      0.65   0.12     0.32
  SINCE MAR 1      0.77                      0.65   0.12     0.32
  SINCE JAN 1      3.09                      1.31   1.78     1.21

SNOWFALL (IN)
  TODAY            0.0           5.5  1944   0.3   -0.3      0.0
  MONTH TO DATE    3.9                       5.4   -1.5      1.8
  SINCE MAR 1      3.9                       5.4   -1.5      1.8
  SINCE JUL 1     44.8                      29.4   15.4     25.9
  SNOW DEPTH       0

DEGREE DAYS
 HEATING
  TODAY           17                        25     -8       25
  MONTH TO DATE  519                       571    -52      539
  SINCE MAR 1    519                       571    -52      539
  SINCE JUL 1   4740                      5134   -394     5026

 COOLING
  TODAY            0                         0      0        0
  MONTH TO DATE    0                         0      0        0
  SINCE MAR 1      0                         0      0        0
  SINCE JAN 1      0                         0      0        0
..................................................................


WIND (MPH)
  HIGHEST WIND SPEED    15   HIGHEST WIND DIRECTION    SE (140)
  HIGHEST GUST SPEED    21   HIGHEST GUST DIRECTION     E (110)
  AVERAGE WIND SPEED     7.4


SKY COVER
  POSSIBLE SUNSHINE  MM
  AVERAGE SKY COVER 0.1


WEATHER CONDITIONS
 THE FOLLOWING WEATHER WAS RECORDED TODAY.
  NO SIGNIFICANT WEATHER WAS OBSERVED.


RELATIVE HUMIDITY (PERCENT)
 HIGHEST    78           400 AM
 LOWEST     11           400 PM
 AVERAGE    45

..........................................................


THE COLORADO SPRINGS CO CLIMATE NORMALS FOR TOMORROW
                         NORMAL    RECORD    YEAR
 MAXIMUM TEMPERATURE (F)   54        73      2009
                                             2004
 MINIMUM TEMPERATURE (F)   27        -2      1898


SUNRISE AND SUNSET
MARCH 21 2015.........SUNRISE   701 AM MDT   SUNSET   712 PM MDT
MARCH 22 2015.........SUNRISE   700 AM MDT   SUNSET   713 PM MDT


-  INDICATES NEGATIVE NUMBERS.
R  INDICATES RECORD WAS SET OR TIED.
MM INDICATES DATA IS MISSING.
T  INDICATES TRACE AMOUNT.




$$
