838
CDUS45 KPUB 101129
CLICOS


CLIMATE REPORT
NATIONAL WEATHER SERVICE PUEBLO
429 AM MST WED JAN 10 2018


...................................

...THE COLORADO SPRINGS CO CLIMATE SUMMARY FOR JANUARY 9 2018...

CLIMATE NORMAL PERIOD 1981 TO 2010
CLIMATE RECORD PERIOD 1872 TO 2018


WEATHER ITEM   OBSERVED TIME   RECORD YEAR NORMAL DEPARTURE LAST
                VALUE   (LST)  VALUE       VALUE  FROM      YEAR
                                                  NORMAL
..................................................................
TEMPERATURE (F)
 YESTERDAY
  MAXIMUM         68R   232 PM  68    1928  43     25       60
  MINIMUM         39   1104 PM -17    1962  18     21       31
  AVERAGE         54                        30     24       46

PRECIPITATION (IN)
  YESTERDAY        0.00          0.14 1954   0.01  -0.01     0.00
  MONTH TO DATE    0.00                      0.09  -0.09     0.19
  SINCE DEC 1      0.01                      0.43  -0.42     0.87
  SINCE JAN 1      0.00                      0.09  -0.09     0.19

SNOWFALL (IN)
  YESTERDAY        0.0           1.9  1955   0.1   -0.1      0.0
  MONTH TO DATE    0.0                       1.6   -1.6      3.4
  SINCE DEC 1      0.9                       7.3   -6.4      9.8
  SINCE JUL 1      2.5                      15.1  -12.6      9.8
  SNOW DEPTH       0

DEGREE DAYS
 HEATING
  YESTERDAY       11                        35    -24       19
  MONTH TO DATE  261                       315    -54      382
  SINCE DEC 1   1231                      1406   -175     1482
  SINCE JUL 1   2399                      2887   -488     2385

 COOLING
  YESTERDAY        0                         0      0        0
  MONTH TO DATE    0                         0      0        0
  SINCE DEC 1      0                         0      0        0
  SINCE JAN 1      0                         0      0        0
..................................................................


WIND (MPH)
  HIGHEST WIND SPEED    32   HIGHEST WIND DIRECTION    SW (220)
  HIGHEST GUST SPEED    41   HIGHEST GUST DIRECTION    SW (210)
  AVERAGE WIND SPEED    10.2


SKY COVER
  POSSIBLE SUNSHINE  MM
  AVERAGE SKY COVER 0.4


WEATHER CONDITIONS
 THE FOLLOWING WEATHER WAS RECORDED YESTERDAY.
  NO SIGNIFICANT WEATHER WAS OBSERVED.


RELATIVE HUMIDITY (PERCENT)
 HIGHEST    51           600 AM
 LOWEST     18           400 PM
 AVERAGE    35

..........................................................


THE COLORADO SPRINGS CO CLIMATE NORMALS FOR TODAY
                         NORMAL    RECORD    YEAR
 MAXIMUM TEMPERATURE (F)   43        70      1990
 MINIMUM TEMPERATURE (F)   18       -20      1962


SUNRISE AND SUNSET
JANUARY 10 2018.......SUNRISE   717 AM MST   SUNSET   456 PM MST
JANUARY 11 2018.......SUNRISE   717 AM MST   SUNSET   457 PM MST


-  INDICATES NEGATIVE NUMBERS.
R  INDICATES RECORD WAS SET OR TIED.
MM INDICATES DATA IS MISSING.
T  INDICATES TRACE AMOUNT.




$$
