000
CDUS45 KPUB 130037
CLICOS


CLIMATE REPORT
NATIONAL WEATHER SERVICE PUEBLO
637 PM MDT TUE JUL 12 2016


...................................

...THE COLORADO SPRINGS CO CLIMATE SUMMARY FOR JULY 12 2016...
VALID TODAY AS OF 0500 PM LOCAL TIME.

CLIMATE NORMAL PERIOD 1981 TO 2010
CLIMATE RECORD PERIOD 1872 TO 2016


WEATHER ITEM   OBSERVED TIME   RECORD YEAR NORMAL DEPARTURE LAST
                VALUE   (LST)  VALUE       VALUE  FROM      YEAR
                                                  NORMAL
..................................................................
TEMPERATURE (F)
 TODAY
  MAXIMUM         88    358 PM  98    1971  85      3       86
  MINIMUM         56    443 AM  48    1961  57     -1       57
                                      1900
                                      1895
  AVERAGE         72                        71      1       72

PRECIPITATION (IN)
  TODAY            0.00          1.07 1895   0.08  -0.08     0.00
  MONTH TO DATE    1.04                      0.91   0.13     1.02
  SINCE JUN 1      2.08                      3.41  -1.33     6.74
  SINCE JAN 1      9.01                      8.52   0.49    18.97

SNOWFALL (IN)
  TODAY            0.0           0.0  2002   0.0    0.0      0.0
                                      2001
  MONTH TO DATE    0.0                       0.0    0.0      0.0
  SINCE JUN 1      T                         0.0    0.0       T
  SINCE JUL 1      0.0                       0.0    0.0      0.0
  SNOW DEPTH       0

DEGREE DAYS
 HEATING
  TODAY            0                         0      0        0
  MONTH TO DATE    0                         3     -3       10
  SINCE JUN 1      8                        82    -74       20
  SINCE JUL 1      0                         3     -3       10

 COOLING
  TODAY            7                         6      1        7
  MONTH TO DATE  100                        70     30       50
  SINCE JUN 1    281                       153    128      172
  SINCE JAN 1    283                       163    120      172
..................................................................


WIND (MPH)
  HIGHEST WIND SPEED    28   HIGHEST WIND DIRECTION     S (170)
  HIGHEST GUST SPEED    33   HIGHEST GUST DIRECTION     S (170)
  AVERAGE WIND SPEED    12.4


SKY COVER
  POSSIBLE SUNSHINE  MM
  AVERAGE SKY COVER 0.3


WEATHER CONDITIONS
 THE FOLLOWING WEATHER WAS RECORDED TODAY.
  NO SIGNIFICANT WEATHER WAS OBSERVED.


RELATIVE HUMIDITY (PERCENT)
 HIGHEST    48          1200 AM
 LOWEST     20           400 PM
 AVERAGE    34

..........................................................


THE COLORADO SPRINGS CO CLIMATE NORMALS FOR TOMORROW
                         NORMAL    RECORD    YEAR
 MAXIMUM TEMPERATURE (F)   85       100      1954
 MINIMUM TEMPERATURE (F)   57        42      1918


SUNRISE AND SUNSET
JULY 12 2016..........SUNRISE   544 AM MDT   SUNSET   824 PM MDT
JULY 13 2016..........SUNRISE   545 AM MDT   SUNSET   824 PM MDT


-  INDICATES NEGATIVE NUMBERS.
R  INDICATES RECORD WAS SET OR TIED.
MM INDICATES DATA IS MISSING.
T  INDICATES TRACE AMOUNT.




$$
