000
CDUS45 KPUB 031131
CLICOS


CLIMATE REPORT
NATIONAL WEATHER SERVICE PUEBLO
430 AM MST WED FEB 3 2016


...................................

...THE COLORADO SPRINGS CO CLIMATE SUMMARY FOR FEBRUARY 2 2016...

CLIMATE NORMAL PERIOD 1981 TO 2010
CLIMATE RECORD PERIOD 1872 TO 2016


WEATHER ITEM   OBSERVED TIME   RECORD YEAR NORMAL DEPARTURE LAST
                VALUE   (LST)  VALUE       VALUE  FROM      YEAR
                                                  NORMAL
..................................................................
TEMPERATURE (F)
 YESTERDAY
  MAXIMUM         22    107 PM  66    1934  43    -21       55
  MINIMUM         10   1145 PM -16    1985  18     -8       17
  AVERAGE         16                        31    -15       36

PRECIPITATION (IN)
  YESTERDAY        T             0.24 1996   0.01  -0.01     0.00
  MONTH TO DATE    0.87                      0.02   0.85      T
  SINCE DEC 1      1.66                      0.68   0.98     1.03
  SINCE JAN 1      1.41                      0.34   1.07     0.87

SNOWFALL (IN)
  YESTERDAY        0.4           2.8  1996   0.1    0.3      0.0
  MONTH TO DATE    8.3                       0.3    8.0       T
  SINCE DEC 1     18.6                      11.6    7.0     17.2
  SINCE JUL 1     24.4                      19.4    5.0     24.3
  SNOW DEPTH      10

DEGREE DAYS
 HEATING
  YESTERDAY       49                        34     15       29
  MONTH TO DATE   89                        68     21       69
  SINCE DEC 1   2083                      2230   -147     2088
  SINCE JUL 1   3186                      3711   -525     3413

 COOLING
  YESTERDAY        0                         0      0        0
  MONTH TO DATE    0                         0      0        0
  SINCE DEC 1      0                         0      0        0
  SINCE JAN 1      0                         0      0        0
..................................................................


WIND (MPH)
  HIGHEST WIND SPEED    31   HIGHEST WIND DIRECTION     N (360)
  HIGHEST GUST SPEED    39   HIGHEST GUST DIRECTION     N (360)
  AVERAGE WIND SPEED    16.0


SKY COVER
  POSSIBLE SUNSHINE  MM
  AVERAGE SKY COVER 0.9


WEATHER CONDITIONS
 THE FOLLOWING WEATHER WAS RECORDED YESTERDAY.
  SNOW
  LIGHT SNOW
  FOG
  BLOWING SNOW


RELATIVE HUMIDITY (PERCENT)
 HIGHEST    84          1200 AM
 LOWEST     57           100 PM
 AVERAGE    71

..........................................................


THE COLORADO SPRINGS CO CLIMATE NORMALS FOR TODAY
                         NORMAL    RECORD    YEAR
 MAXIMUM TEMPERATURE (F)   43        69      1925
 MINIMUM TEMPERATURE (F)   18       -18      1996


SUNRISE AND SUNSET
FEBRUARY  3 2016......SUNRISE   703 AM MST   SUNSET   522 PM MST
FEBRUARY  4 2016......SUNRISE   703 AM MST   SUNSET   523 PM MST


-  INDICATES NEGATIVE NUMBERS.
R  INDICATES RECORD WAS SET OR TIED.
MM INDICATES DATA IS MISSING.
T  INDICATES TRACE AMOUNT.




$$
