000
CDUS45 KPUB 141047
CLICOS


CLIMATE REPORT
NATIONAL WEATHER SERVICE PUEBLO
447 AM MDT TUE OCT 14 2014


...................................

...THE COLORADO SPRINGS CO CLIMATE SUMMARY FOR OCTOBER 13 2014...

CLIMATE NORMAL PERIOD 1981 TO 2010
CLIMATE RECORD PERIOD 1872 TO 2014


WEATHER ITEM   OBSERVED TIME   RECORD YEAR NORMAL DEPARTURE LAST
                VALUE   (LST)  VALUE       VALUE  FROM      YEAR
                                                  NORMAL
..................................................................
TEMPERATURE (F)
 YESTERDAY
  MAXIMUM         58    300 PM  83    1992  64     -6       64
                                      1950
  MINIMUM         35   1159 PM   5    1969  37     -2       32
  AVERAGE         47                        50     -3       48

PRECIPITATION (IN)
  YESTERDAY        0.00          0.51 1906   0.03  -0.03     0.15
  MONTH TO DATE    2.96                      0.36   2.60     0.29
  SINCE SEP 1      3.57                      1.55   2.02     5.09
  SINCE JAN 1     16.62                     15.34   1.28    18.75

SNOWFALL (IN)
  YESTERDAY        0.0           0.9  1985   0.1   -0.1      0.0
  MONTH TO DATE    T                         0.8   -0.8      0.0
  SINCE SEP 1      T                         1.0   -1.0       T
  SINCE JUL 1      T                         1.0   -1.0       T
  SNOW DEPTH       0

DEGREE DAYS
 HEATING
  YESTERDAY       18                        15      3       17
  MONTH TO DATE  150                       164    -14      148
  SINCE SEP 1    237                       323    -86      221
  SINCE JUL 1    267                       354    -87      231

 COOLING
  YESTERDAY        0                         0      0        0
  MONTH TO DATE    0                         0      0        0
  SINCE SEP 1     60                        36     24       92
  SINCE JAN 1    487                       454     33      694
..................................................................


WIND (MPH)
  HIGHEST WIND SPEED    25   HIGHEST WIND DIRECTION     N (340)
  HIGHEST GUST SPEED    35   HIGHEST GUST DIRECTION     N (340)
  AVERAGE WIND SPEED    11.9


SKY COVER
  POSSIBLE SUNSHINE  MM
  AVERAGE SKY COVER 0.2


WEATHER CONDITIONS
 THE FOLLOWING WEATHER WAS RECORDED YESTERDAY.
  NO SIGNIFICANT WEATHER WAS OBSERVED.


RELATIVE HUMIDITY (PERCENT)
 HIGHEST    76           500 AM
 LOWEST     30           300 PM
 AVERAGE    53

..........................................................


THE COLORADO SPRINGS CO CLIMATE NORMALS FOR TODAY
                         NORMAL    RECORD    YEAR
 MAXIMUM TEMPERATURE (F)   64        84      1962
 MINIMUM TEMPERATURE (F)   36         9      1969


SUNRISE AND SUNSET
OCTOBER 14 2014.......SUNRISE   707 AM MDT   SUNSET   622 PM MDT
OCTOBER 15 2014.......SUNRISE   708 AM MDT   SUNSET   620 PM MDT


-  INDICATES NEGATIVE NUMBERS.
R  INDICATES RECORD WAS SET OR TIED.
MM INDICATES DATA IS MISSING.
T  INDICATES TRACE AMOUNT.




$$
