000
CDUS45 KPUB 132323
CLICOS


CLIMATE REPORT
NATIONAL WEATHER SERVICE PUEBLO
523 PM MDT WED JUL 13 2016


...................................

...THE COLORADO SPRINGS CO CLIMATE SUMMARY FOR JULY 13 2016...
VALID TODAY AS OF 0500 PM LOCAL TIME.

CLIMATE NORMAL PERIOD 1981 TO 2010
CLIMATE RECORD PERIOD 1872 TO 2016


WEATHER ITEM   OBSERVED TIME   RECORD YEAR NORMAL DEPARTURE LAST
                VALUE   (LST)  VALUE       VALUE  FROM      YEAR
                                                  NORMAL
..................................................................
TEMPERATURE (F)
 TODAY
  MAXIMUM         90    247 PM 100    1954  85      5       87
  MINIMUM         61    407 AM  42    1918  57      4       63
  AVERAGE         76                        71      5       75

PRECIPITATION (IN)
  TODAY            T             2.30 2011   0.08  -0.08      T
  MONTH TO DATE    1.04                      0.99   0.05     1.02
  SINCE JUN 1      2.08                      3.49  -1.41     6.74
  SINCE JAN 1      9.01                      8.60   0.41    18.97

SNOWFALL (IN)
  TODAY            0.0           0.0  2002   0.0    0.0      0.0
                                      2001
  MONTH TO DATE    0.0                       0.0    0.0      0.0
  SINCE JUN 1      T                         0.0    0.0       T
  SINCE JUL 1      0.0                       0.0    0.0      0.0
  SNOW DEPTH       0

DEGREE DAYS
 HEATING
  TODAY            0                         0      0        0
  MONTH TO DATE    0                         3     -3       10
  SINCE JUN 1      8                        82    -74       20
  SINCE JUL 1      0                         3     -3       10

 COOLING
  TODAY           11                         6      5       10
  MONTH TO DATE  111                        76     35       60
  SINCE JUN 1    292                       159    133      182
  SINCE JAN 1    294                       169    125      182
..................................................................


WIND (MPH)
  HIGHEST WIND SPEED    18   HIGHEST WIND DIRECTION    SE (140)
  HIGHEST GUST SPEED    23   HIGHEST GUST DIRECTION    SE (120)
  AVERAGE WIND SPEED    10.9


SKY COVER
  POSSIBLE SUNSHINE  MM
  AVERAGE SKY COVER 0.1


WEATHER CONDITIONS
 THE FOLLOWING WEATHER WAS RECORDED TODAY.
  LIGHT RAIN


RELATIVE HUMIDITY (PERCENT)
 HIGHEST    56          1200 AM
 LOWEST     15          1200 PM
 AVERAGE    36

..........................................................


THE COLORADO SPRINGS CO CLIMATE NORMALS FOR TOMORROW
                         NORMAL    RECORD    YEAR
 MAXIMUM TEMPERATURE (F)   85        96      2005
                                             1972
 MINIMUM TEMPERATURE (F)   57        44      1907


SUNRISE AND SUNSET
JULY 13 2016..........SUNRISE   545 AM MDT   SUNSET   824 PM MDT
JULY 14 2016..........SUNRISE   546 AM MDT   SUNSET   823 PM MDT


-  INDICATES NEGATIVE NUMBERS.
R  INDICATES RECORD WAS SET OR TIED.
MM INDICATES DATA IS MISSING.
T  INDICATES TRACE AMOUNT.




$$
