000
CDUS45 KPUB 201040
CLICOS


CLIMATE REPORT
NATIONAL WEATHER SERVICE PUEBLO
439 AM MDT WED MAY 20 2015


...................................

...THE COLORADO SPRINGS CO CLIMATE SUMMARY FOR MAY 19 2015...

CLIMATE NORMAL PERIOD 1981 TO 2010
CLIMATE RECORD PERIOD 1872 TO 2015


WEATHER ITEM   OBSERVED TIME   RECORD YEAR NORMAL DEPARTURE LAST
                VALUE   (LST)  VALUE       VALUE  FROM      YEAR
                                                  NORMAL
..................................................................
TEMPERATURE (F)
 YESTERDAY
  MAXIMUM         47   1225 AM  88    2009  70    -23       84
  MINIMUM         39    631 AM  26    1915  44     -5       50
  AVERAGE         43                        57    -14       67

PRECIPITATION (IN)
  YESTERDAY        1.66R         0.89 1983   0.07   1.59     0.00
  MONTH TO DATE    6.00                      1.12   4.88     0.33
  SINCE MAR 1      7.78                      3.54   4.24     1.67
  SINCE JAN 1     10.10                      4.20   5.90     2.56

SNOWFALL (IN)
  YESTERDAY        0.0           2.7  1960   0.0    0.0      0.0
  MONTH TO DATE    T                         0.7   -0.7      0.4
  SINCE MAR 1      5.6                      13.7   -8.1     10.7
  SINCE JUL 1     46.5                      37.7    8.8     34.8
  SNOW DEPTH       0

DEGREE DAYS
 HEATING
  YESTERDAY       22                         8     14        0
  MONTH TO DATE  253                       209     44      230
  SINCE MAR 1   1411                      1568   -157     1528
  SINCE JUL 1   5632                      6131   -499     6015

 COOLING
  YESTERDAY        0                         0      0        2
  MONTH TO DATE    0                         0      0        5
  SINCE MAR 1      0                         1     -1        5
  SINCE JAN 1      0                         1     -1        5
..................................................................


WIND (MPH)
  HIGHEST WIND SPEED    23   HIGHEST WIND DIRECTION    SE (130)
  HIGHEST GUST SPEED    28   HIGHEST GUST DIRECTION    SE (130)
  AVERAGE WIND SPEED    13.2


SKY COVER
  POSSIBLE SUNSHINE  MM
  AVERAGE SKY COVER 1.0


WEATHER CONDITIONS
 THE FOLLOWING WEATHER WAS RECORDED YESTERDAY.
  HEAVY RAIN
  RAIN
  LIGHT RAIN
  FOG


RELATIVE HUMIDITY (PERCENT)
 HIGHEST   100           200 AM
 LOWEST     92           400 AM
 AVERAGE    96

..........................................................


THE COLORADO SPRINGS CO CLIMATE NORMALS FOR TODAY
                         NORMAL    RECORD    YEAR
 MAXIMUM TEMPERATURE (F)   70        88      2005
                                             1954
 MINIMUM TEMPERATURE (F)   44        27      1915


SUNRISE AND SUNSET
MAY 20 2015...........SUNRISE   543 AM MDT   SUNSET   809 PM MDT
MAY 21 2015...........SUNRISE   542 AM MDT   SUNSET   809 PM MDT


-  INDICATES NEGATIVE NUMBERS.
R  INDICATES RECORD WAS SET OR TIED.
MM INDICATES DATA IS MISSING.
T  INDICATES TRACE AMOUNT.




$$
