000
CDUS45 KPUB 250032
CLICOS


CLIMATE REPORT
NATIONAL WEATHER SERVICE PUEBLO
631 PM MDT WED SEP 24 2014


...................................

...THE COLORADO SPRINGS CO CLIMATE SUMMARY FOR SEPTEMBER 24 2014...
VALID TODAY AS OF 0500 PM LOCAL TIME.

CLIMATE NORMAL PERIOD 1981 TO 2010
CLIMATE RECORD PERIOD 1872 TO 2014


WEATHER ITEM   OBSERVED TIME   RECORD YEAR NORMAL DEPARTURE LAST
                VALUE   (LST)  VALUE       VALUE  FROM      YEAR
                                                  NORMAL
..................................................................
TEMPERATURE (F)
 TODAY
  MAXIMUM         83    340 PM  88    1992  71     12       70
  MINIMUM         52    617 AM  31    2000  44      8       41
  AVERAGE         68                        58     10       56

PRECIPITATION (IN)
  TODAY            0.00          1.02 1955   0.03  -0.03     0.00
  MONTH TO DATE    0.11                      1.05  -0.94     4.80
  SINCE SEP 1      0.11                      1.05  -0.94     4.80
  SINCE JAN 1     13.16                     14.84  -1.68    18.46

SNOWFALL (IN)
  TODAY            0.0           1.0  2000   0.0    0.0      0.0
  MONTH TO DATE    T                         0.1   -0.1       T
  SINCE SEP 1      T                         0.1   -0.1       T
  SINCE JUL 1      T                         0.1   -0.1       T
  SNOW DEPTH       0

DEGREE DAYS
 HEATING
  TODAY            0                         8     -8        9
  MONTH TO DATE   71                       105    -34       42
  SINCE SEP 1     71                       105    -34       42
  SINCE JUL 1    101                       136    -35       52

 COOLING
  TODAY            3                         0      3        0
  MONTH TO DATE   55                        35     20       87
  SINCE SEP 1     55                        35     20       87
  SINCE JAN 1    482                       453     29      689
..................................................................


WIND (MPH)
  HIGHEST WIND SPEED    13   HIGHEST WIND DIRECTION    SE (130)
  HIGHEST GUST SPEED    17   HIGHEST GUST DIRECTION     S (160)
  AVERAGE WIND SPEED     4.3


SKY COVER
  POSSIBLE SUNSHINE  MM
  AVERAGE SKY COVER 0.2


WEATHER CONDITIONS
 THE FOLLOWING WEATHER WAS RECORDED TODAY.
  NO SIGNIFICANT WEATHER WAS OBSERVED.


RELATIVE HUMIDITY (PERCENT)
 HIGHEST    59           200 AM
 LOWEST     17           300 PM
 AVERAGE    38

..........................................................


THE COLORADO SPRINGS CO CLIMATE NORMALS FOR TOMORROW
                         NORMAL    RECORD    YEAR
 MAXIMUM TEMPERATURE (F)   71        87      1998
 MINIMUM TEMPERATURE (F)   43        23      1926


SUNRISE AND SUNSET
SEPTEMBER 24 2014.....SUNRISE   648 AM MDT   SUNSET   653 PM MDT
SEPTEMBER 25 2014.....SUNRISE   649 AM MDT   SUNSET   651 PM MDT


-  INDICATES NEGATIVE NUMBERS.
R  INDICATES RECORD WAS SET OR TIED.
MM INDICATES DATA IS MISSING.
T  INDICATES TRACE AMOUNT.




$$
