000
CDUS45 KPUB 190019
CLICOS


CLIMATE REPORT
NATIONAL WEATHER SERVICE PUEBLO
519 PM MST FRI NOV 18 2016


...................................

...THE COLORADO SPRINGS CO CLIMATE SUMMARY FOR NOVEMBER 18 2016...
VALID TODAY AS OF 0500 PM LOCAL TIME.

CLIMATE NORMAL PERIOD 1981 TO 2010
CLIMATE RECORD PERIOD 1872 TO 2016


WEATHER ITEM   OBSERVED TIME   RECORD YEAR NORMAL DEPARTURE LAST
                VALUE   (LST)  VALUE       VALUE  FROM      YEAR
                                                  NORMAL
..................................................................
TEMPERATURE (F)
 TODAY
  MAXIMUM         40    129 PM  76    2008  50    -10       52
  MINIMUM         19    658 AM  -5    1903  24     -5       23
  AVERAGE         30                        37     -7       38

PRECIPITATION (IN)
  TODAY            0.00          0.43 1921   0.01  -0.01     0.00
  MONTH TO DATE    0.01                      0.25  -0.24     0.34
  SINCE SEP 1      0.17                      2.26  -2.09     2.04
  SINCE JAN 1     13.61                     16.05  -2.44    24.86

SNOWFALL (IN)
  TODAY            0.0           4.8  1964   0.1   -0.1      0.0
  MONTH TO DATE    T                         2.5   -2.5      3.3
  SINCE SEP 1      T                         5.6   -5.6      3.3
  SINCE JUL 1      T                         5.6   -5.6      3.3
  SNOW DEPTH       0

DEGREE DAYS
 HEATING
  TODAY           35                        28      7       27
  MONTH TO DATE  283                       438   -155      372
  SINCE SEP 1    566                      1081   -515      686
  SINCE JUL 1    587                      1112   -525      705

 COOLING
  TODAY            0                         0      0        0
  MONTH TO DATE    0                         0      0        0
  SINCE SEP 1     84                        37     47      102
  SINCE JAN 1    710                       455    255      617
..................................................................


WIND (MPH)
  HIGHEST WIND SPEED    21   HIGHEST WIND DIRECTION     N (360)
  HIGHEST GUST SPEED    26   HIGHEST GUST DIRECTION     N (350)
  AVERAGE WIND SPEED     8.9


SKY COVER
  POSSIBLE SUNSHINE  MM
  AVERAGE SKY COVER 0.1


WEATHER CONDITIONS
 THE FOLLOWING WEATHER WAS RECORDED TODAY.
  NO SIGNIFICANT WEATHER WAS OBSERVED.


RELATIVE HUMIDITY (PERCENT)
 HIGHEST    73           700 AM
 LOWEST     33           300 PM
 AVERAGE    53

..........................................................


THE COLORADO SPRINGS CO CLIMATE NORMALS FOR TOMORROW
                         NORMAL    RECORD    YEAR
 MAXIMUM TEMPERATURE (F)   49        76      2007
 MINIMUM TEMPERATURE (F)   24        -1      1906


SUNRISE AND SUNSET
NOVEMBER 18 2016......SUNRISE   645 AM MST   SUNSET   443 PM MST
NOVEMBER 19 2016......SUNRISE   646 AM MST   SUNSET   442 PM MST


-  INDICATES NEGATIVE NUMBERS.
R  INDICATES RECORD WAS SET OR TIED.
MM INDICATES DATA IS MISSING.
T  INDICATES TRACE AMOUNT.




$$
