000
CDUS45 KPUB 080027
CLICOS


CLIMATE REPORT
NATIONAL WEATHER SERVICE PUEBLO
527 PM MST FRI NOV 7 2014


...................................

...THE COLORADO SPRINGS CO CLIMATE SUMMARY FOR NOVEMBER 7 2014...
VALID TODAY AS OF 0500 PM LOCAL TIME.

CLIMATE NORMAL PERIOD 1981 TO 2010
CLIMATE RECORD PERIOD 1872 TO 2014


WEATHER ITEM   OBSERVED TIME   RECORD YEAR NORMAL DEPARTURE LAST
                VALUE   (LST)  VALUE       VALUE  FROM      YEAR
                                                  NORMAL
..................................................................
TEMPERATURE (F)
 TODAY
  MAXIMUM         67    302 PM  77    1980  55     12       53
  MINIMUM         33    138 AM   5    1938  29      4       22
  AVERAGE         50                        42      8       38

PRECIPITATION (IN)
  TODAY            0.00          0.38 1929   0.02  -0.02     0.00
                                      1918
  MONTH TO DATE    0.01                      0.11  -0.10     0.01
  SINCE SEP 1      3.58                      2.12   1.46     5.23
  SINCE JAN 1     16.63                     15.91   0.72    18.89

SNOWFALL (IN)
  TODAY            0.0           3.0  1929   0.1   -0.1      0.0
  MONTH TO DATE    T                         0.9   -0.9      0.1
  SINCE SEP 1      T                         4.0   -4.0      0.3
  SINCE JUL 1      T                         4.0   -4.0      0.3
  SNOW DEPTH       0

DEGREE DAYS
 HEATING
  TODAY           15                        23     -8       27
  MONTH TO DATE  118                       154    -36      180
  SINCE SEP 1    555                       797   -242      765
  SINCE JUL 1    585                       828   -243      775

 COOLING
  TODAY            0                         0      0        0
  MONTH TO DATE    0                         0      0        0
  SINCE SEP 1     60                        37     23       92
  SINCE JAN 1    487                       455     32      694
..................................................................


WIND (MPH)
  HIGHEST WIND SPEED    16   HIGHEST WIND DIRECTION     N (20)
  HIGHEST GUST SPEED    24   HIGHEST GUST DIRECTION     E (70)
  AVERAGE WIND SPEED     8.1


SKY COVER
  POSSIBLE SUNSHINE  MM
  AVERAGE SKY COVER 0.6


WEATHER CONDITIONS
 THE FOLLOWING WEATHER WAS RECORDED TODAY.
  NO SIGNIFICANT WEATHER WAS OBSERVED.


RELATIVE HUMIDITY (PERCENT)
 HIGHEST    64          1200 AM
 LOWEST     12          1000 AM
 AVERAGE    38

..........................................................


THE COLORADO SPRINGS CO CLIMATE NORMALS FOR TOMORROW
                         NORMAL    RECORD    YEAR
 MAXIMUM TEMPERATURE (F)   55        78      2006
 MINIMUM TEMPERATURE (F)   28        12      1896


SUNRISE AND SUNSET
NOVEMBER  7 2014......SUNRISE   633 AM MST   SUNSET   452 PM MST
NOVEMBER  8 2014......SUNRISE   634 AM MST   SUNSET   451 PM MST


-  INDICATES NEGATIVE NUMBERS.
R  INDICATES RECORD WAS SET OR TIED.
MM INDICATES DATA IS MISSING.
T  INDICATES TRACE AMOUNT.




$$
