000
CDUS45 KPUB 112325
CLICOS


CLIMATE REPORT
NATIONAL WEATHER SERVICE PUEBLO
525 PM MDT TUE JUL 11 2017


...................................

...THE COLORADO SPRINGS CO CLIMATE SUMMARY FOR JULY 11 2017...
VALID TODAY AS OF 0500 PM LOCAL TIME.

CLIMATE NORMAL PERIOD 1981 TO 2010
CLIMATE RECORD PERIOD 1872 TO 2017


WEATHER ITEM   OBSERVED TIME   RECORD YEAR NORMAL DEPARTURE LAST
                VALUE   (LST)  VALUE       VALUE  FROM      YEAR
                                                  NORMAL
..................................................................
TEMPERATURE (F)
 TODAY
  MAXIMUM         91   1206 PM  99    1954  85      6       91
  MINIMUM         63    437 AM  46    1902  57      6       63
                                      1895
  AVERAGE         77                        71      6       77

PRECIPITATION (IN)
  TODAY            T             2.01 1967   0.08  -0.08     0.00
  MONTH TO DATE    1.01                      0.83   0.18     1.04
  SINCE JUN 1      1.51                      3.33  -1.82     2.08
  SINCE JAN 1      7.63                      8.44  -0.81     9.01

SNOWFALL (IN)
  TODAY            0.0           0.0  2002   0.0    0.0      0.0
                                      2001
  MONTH TO DATE    T                         0.0    0.0       T
  SINCE JUN 1      T                         0.0    0.0       T
  SINCE JUL 1      T                         0.0    0.0       T
  SNOW DEPTH       0

DEGREE DAYS
 HEATING
  TODAY            0                         0      0        0
  MONTH TO DATE    0                         3     -3        0
  SINCE JUN 1     21                        82    -61        8
  SINCE JUL 1      0                         3     -3        0

 COOLING
  TODAY           12                         6      6       12
  MONTH TO DATE   93                        64     29       93
  SINCE JUN 1    250                       147    103      274
  SINCE JAN 1    252                       157     95      276
..................................................................


WIND (MPH)
  HIGHEST WIND SPEED    36   HIGHEST WIND DIRECTION    NW (330)
  HIGHEST GUST SPEED    44   HIGHEST GUST DIRECTION    NW (310)
  AVERAGE WIND SPEED     7.6


SKY COVER
  POSSIBLE SUNSHINE  MM
  AVERAGE SKY COVER 0.6


WEATHER CONDITIONS
 THE FOLLOWING WEATHER WAS RECORDED TODAY.
  THUNDERSTORM
  LIGHT RAIN


RELATIVE HUMIDITY (PERCENT)
 HIGHEST    52           500 AM
 LOWEST     19          1200 PM
 AVERAGE    36

..........................................................


THE COLORADO SPRINGS CO CLIMATE NORMALS FOR TOMORROW
                         NORMAL    RECORD    YEAR
 MAXIMUM TEMPERATURE (F)   85        98      1971
 MINIMUM TEMPERATURE (F)   57        48      1961
                                             1900
                                             1895


SUNRISE AND SUNSET
JULY 11 2017..........SUNRISE   543 AM MDT   SUNSET   825 PM MDT
JULY 12 2017..........SUNRISE   544 AM MDT   SUNSET   825 PM MDT


-  INDICATES NEGATIVE NUMBERS.
R  INDICATES RECORD WAS SET OR TIED.
MM INDICATES DATA IS MISSING.
T  INDICATES TRACE AMOUNT.




$$
