000
CDUS45 KPUB 290024
CLICOS


CLIMATE REPORT
NATIONAL WEATHER SERVICE PUEBLO
524 PM MST WED DEC 28 2016


...................................

...THE COLORADO SPRINGS CO CLIMATE SUMMARY FOR DECEMBER 28 2016...
VALID TODAY AS OF 0500 PM LOCAL TIME.

CLIMATE NORMAL PERIOD 1981 TO 2010
CLIMATE RECORD PERIOD 1872 TO 2016


WEATHER ITEM   OBSERVED TIME   RECORD YEAR NORMAL DEPARTURE LAST
                VALUE   (LST)  VALUE       VALUE  FROM      YEAR
                                                  NORMAL
..................................................................
TEMPERATURE (F)
 TODAY
  MAXIMUM         54    122 PM  62    2013  42     12       33
                                      1999
                                      1898
  MINIMUM         36    155 AM -10    1983  17     19        5
  AVERAGE         45                        30     15       19

PRECIPITATION (IN)
  TODAY            0.00          0.22 2006   0.00   0.00     0.00
  MONTH TO DATE    0.68                      0.31   0.37     0.25
  SINCE DEC 1      0.68                      0.31   0.37     0.25
  SINCE JAN 1     14.35                     16.51  -2.16    25.25

SNOWFALL (IN)
  TODAY            0.0           2.2  2006   0.1   -0.1      0.0
  MONTH TO DATE    6.4                       5.2    1.2      4.3
  SINCE DEC 1      6.4                       5.2    1.2      4.3
  SINCE JUL 1      6.4                      13.0   -6.6     10.1
  SNOW DEPTH       0

DEGREE DAYS
 HEATING
  TODAY           20                        35    -15       46
  MONTH TO DATE 1002                       988     14      859
  SINCE DEC 1   1002                       988     14      859
  SINCE JUL 1   1905                      2469   -564     1962

 COOLING
  TODAY            0                         0      0        0
  MONTH TO DATE    0                         0      0        0
  SINCE DEC 1      0                         0      0        0
  SINCE JAN 1    710                       455    255      617
..................................................................


WIND (MPH)
  HIGHEST WIND SPEED    39   HIGHEST WIND DIRECTION     W (290)
  HIGHEST GUST SPEED    53   HIGHEST GUST DIRECTION    NW (310)
  AVERAGE WIND SPEED    15.3


SKY COVER
  POSSIBLE SUNSHINE  MM
  AVERAGE SKY COVER 0.3


WEATHER CONDITIONS
 THE FOLLOWING WEATHER WAS RECORDED TODAY.
  NO SIGNIFICANT WEATHER WAS OBSERVED.


RELATIVE HUMIDITY (PERCENT)
 HIGHEST    38           200 AM
 LOWEST     14           300 PM
 AVERAGE    26

..........................................................


THE COLORADO SPRINGS CO CLIMATE NORMALS FOR TOMORROW
                         NORMAL    RECORD    YEAR
 MAXIMUM TEMPERATURE (F)   42        64      1999
                                             1956
 MINIMUM TEMPERATURE (F)   17        -8      1983


SUNRISE AND SUNSET
DECEMBER 28 2016......SUNRISE   717 AM MST   SUNSET   445 PM MST
DECEMBER 29 2016......SUNRISE   717 AM MST   SUNSET   446 PM MST


-  INDICATES NEGATIVE NUMBERS.
R  INDICATES RECORD WAS SET OR TIED.
MM INDICATES DATA IS MISSING.
T  INDICATES TRACE AMOUNT.




$$
