000
CDUS45 KPUB 160037
CLICOS


CLIMATE REPORT
NATIONAL WEATHER SERVICE PUEBLO
636 PM MDT WED OCT 15 2014


...................................

...THE COLORADO SPRINGS CO CLIMATE SUMMARY FOR OCTOBER 15 2014...
VALID TODAY AS OF 0500 PM LOCAL TIME.

CLIMATE NORMAL PERIOD 1981 TO 2010
CLIMATE RECORD PERIOD 1872 TO 2014


WEATHER ITEM   OBSERVED TIME   RECORD YEAR NORMAL DEPARTURE LAST
                VALUE   (LST)  VALUE       VALUE  FROM      YEAR
                                                  NORMAL
..................................................................
TEMPERATURE (F)
 TODAY
  MAXIMUM         82R   302 PM  80    2010  63     19       41
                                      1950
                                      1934
  MINIMUM         38    529 AM  20    1952  36      2       34
  AVERAGE         60                        50     10       38

PRECIPITATION (IN)
  TODAY            0.00          0.98 1984   0.03  -0.03      T
  MONTH TO DATE    2.96                      0.42   2.54     0.29
  SINCE SEP 1      3.57                      1.61   1.96     5.09
  SINCE JAN 1     16.62                     15.40   1.22    18.75

SNOWFALL (IN)
  TODAY            0.0           9.2  1984   0.1   -0.1       T
  MONTH TO DATE    T                         1.0   -1.0       T
  SINCE SEP 1      T                         1.2   -1.2       T
  SINCE JUL 1      T                         1.2   -1.2       T
  SNOW DEPTH       0

DEGREE DAYS
 HEATING
  TODAY            5                        15    -10       27
  MONTH TO DATE  169                       194    -25      190
  SINCE SEP 1    256                       353    -97      263
  SINCE JUL 1    286                       384    -98      273

 COOLING
  TODAY            0                         0      0        0
  MONTH TO DATE    0                         0      0        0
  SINCE SEP 1     60                        36     24       92
  SINCE JAN 1    487                       454     33      694
..................................................................


WIND (MPH)
  HIGHEST WIND SPEED    28   HIGHEST WIND DIRECTION     S (200)
  HIGHEST GUST SPEED    32   HIGHEST GUST DIRECTION     S (200)
  AVERAGE WIND SPEED     8.3


SKY COVER
  POSSIBLE SUNSHINE  MM
  AVERAGE SKY COVER 0.4


WEATHER CONDITIONS
 THE FOLLOWING WEATHER WAS RECORDED TODAY.
  NO SIGNIFICANT WEATHER WAS OBSERVED.


RELATIVE HUMIDITY (PERCENT)
 HIGHEST    70           400 AM
 LOWEST      8           200 PM
 AVERAGE    39

..........................................................


THE COLORADO SPRINGS CO CLIMATE NORMALS FOR TOMORROW
                         NORMAL    RECORD    YEAR
 MAXIMUM TEMPERATURE (F)   63        85      1991
 MINIMUM TEMPERATURE (F)   36        21      1984


SUNRISE AND SUNSET
OCTOBER 15 2014.......SUNRISE   708 AM MDT   SUNSET   620 PM MDT
OCTOBER 16 2014.......SUNRISE   709 AM MDT   SUNSET   619 PM MDT


-  INDICATES NEGATIVE NUMBERS.
R  INDICATES RECORD WAS SET OR TIED.
MM INDICATES DATA IS MISSING.
T  INDICATES TRACE AMOUNT.




$$
