000
CDUS45 KPUB 021038
CLICOS


CLIMATE REPORT
NATIONAL WEATHER SERVICE PUEBLO
436 AM MDT THU NOV 2 2017


...................................

...THE COLORADO SPRINGS CO CLIMATE SUMMARY FOR NOVEMBER 1 2017...

CLIMATE NORMAL PERIOD 1981 TO 2010
CLIMATE RECORD PERIOD 1872 TO 2017


WEATHER ITEM   OBSERVED TIME   RECORD YEAR NORMAL DEPARTURE LAST
                VALUE   (LST)  VALUE       VALUE  FROM      YEAR
                                                  NORMAL
..................................................................
TEMPERATURE (F)
 YESTERDAY
  MAXIMUM         71    343 PM  74    2015  58     13       63
  MINIMUM         34   1240 AM   2    1951  31      3       43
  AVERAGE         53                        44      9       53

PRECIPITATION (IN)
  YESTERDAY        0.00          0.60 1957   0.02  -0.02     0.00
  MONTH TO DATE    0.00                      0.02  -0.02     0.00
  SINCE SEP 1      3.00                      2.03   0.97     0.16
  SINCE JAN 1     18.28                     15.82   2.46    13.60

SNOWFALL (IN)
  YESTERDAY        0.0           5.1  1951   0.1   -0.1      0.0
  MONTH TO DATE    0.0                       0.1   -0.1      0.0
  SINCE SEP 1      0.9                       3.2   -2.3      0.0
  SINCE JUL 1      0.9                       3.2   -2.3       T
  SNOW DEPTH       0

DEGREE DAYS
 HEATING
  YESTERDAY       12                        21     -9       12
  MONTH TO DATE   12                        21     -9       12
  SINCE SEP 1    594                       664    -70      295
  SINCE JUL 1    603                       695    -92      316

 COOLING
  YESTERDAY        0                         0      0        0
  MONTH TO DATE    0                         0      0        0
  SINCE SEP 1     91                        37     54       84
  SINCE JAN 1    639                       455    184      710
..................................................................


WIND (MPH)
  HIGHEST WIND SPEED    22   HIGHEST WIND DIRECTION     S (180)
  HIGHEST GUST SPEED    33   HIGHEST GUST DIRECTION     W (290)
  AVERAGE WIND SPEED     8.6


SKY COVER
  POSSIBLE SUNSHINE  MM
  AVERAGE SKY COVER 0.7


WEATHER CONDITIONS
 THE FOLLOWING WEATHER WAS RECORDED YESTERDAY.
  NO SIGNIFICANT WEATHER WAS OBSERVED.


RELATIVE HUMIDITY (PERCENT)
 HIGHEST    75          1200 AM
 LOWEST     17           400 PM
 AVERAGE    46

..........................................................


THE COLORADO SPRINGS CO CLIMATE NORMALS FOR TODAY
                         NORMAL    RECORD    YEAR
 MAXIMUM TEMPERATURE (F)   57        76      1941
 MINIMUM TEMPERATURE (F)   30        -8      1951


SUNRISE AND SUNSET
NOVEMBER  2 2017......SUNRISE   727 AM MDT   SUNSET   557 PM MDT
NOVEMBER  3 2017......SUNRISE   728 AM MDT   SUNSET   556 PM MDT


-  INDICATES NEGATIVE NUMBERS.
R  INDICATES RECORD WAS SET OR TIED.
MM INDICATES DATA IS MISSING.
T  INDICATES TRACE AMOUNT.




$$
