000
CDUS45 KPUB 042327
CLICOS


CLIMATE REPORT
NATIONAL WEATHER SERVICE PUEBLO
527 PM MDT FRI APR 4 2014


...................................

...THE COLORADO SPRINGS CO CLIMATE SUMMARY FOR APRIL 4 2014...
VALID TODAY AS OF 0500 PM LOCAL TIME.

CLIMATE NORMAL PERIOD 1981 TO 2010
CLIMATE RECORD PERIOD 1872 TO 2014


WEATHER ITEM   OBSERVED TIME   RECORD YEAR NORMAL DEPARTURE LAST
                VALUE   (LST)  VALUE       VALUE  FROM      YEAR
                                                  NORMAL
..................................................................
TEMPERATURE (F)
 TODAY
  MAXIMUM         49    212 PM  77    1967  57     -8       66
                                      1959
  MINIMUM         18    525 AM   1    1945  30    -12       35
                                      1920
  AVERAGE         34                        43     -9       51

PRECIPITATION (IN)
  TODAY            0.00          1.50 1900   0.03  -0.03     0.00
  MONTH TO DATE    0.51                      0.13   0.38     0.01
  SINCE MAR 1      0.93                      1.13  -0.20     0.19
  SINCE JAN 1      1.82                      1.79   0.03     1.27

SNOWFALL (IN)
  TODAY            0.0           5.6  1953   0.2   -0.2      0.0
  MONTH TO DATE    6.0                       0.8    5.2       T
  SINCE MAR 1      8.8                       8.9   -0.1      4.2
  SINCE JUL 1     32.9                      32.9    0.0     24.2
  SNOW DEPTH       0

DEGREE DAYS
 HEATING
  TODAY           31                        22      9       14
  MONTH TO DATE  104                        88     16       94
  SINCE MAR 1    885                       893     -8      906
  SINCE JUL 1   5372                      5456    -84     5250

 COOLING
  TODAY            0                         0      0        0
  MONTH TO DATE    0                         0      0        0
  SINCE MAR 1      0                         0      0        0
  SINCE JAN 1      0                         0      0        0
..................................................................


WIND (MPH)
  HIGHEST WIND SPEED    21   HIGHEST WIND DIRECTION     S (160)
  HIGHEST GUST SPEED    30   HIGHEST GUST DIRECTION    SE (150)
  AVERAGE WIND SPEED     7.5


SKY COVER
  POSSIBLE SUNSHINE  MM
  AVERAGE SKY COVER 0.5


WEATHER CONDITIONS
 THE FOLLOWING WEATHER WAS RECORDED TODAY.
  FOG


RELATIVE HUMIDITY (PERCENT)
 HIGHEST    88           100 AM
 LOWEST     34           300 PM
 AVERAGE    61

..........................................................


THE COLORADO SPRINGS CO CLIMATE NORMALS FOR TOMORROW
                         NORMAL    RECORD    YEAR
 MAXIMUM TEMPERATURE (F)   57        77      1991
 MINIMUM TEMPERATURE (F)   30        11      1933


SUNRISE AND SUNSET
APRIL  4 2014.........SUNRISE   639 AM MDT   SUNSET   725 PM MDT
APRIL  5 2014.........SUNRISE   637 AM MDT   SUNSET   726 PM MDT


-  INDICATES NEGATIVE NUMBERS.
R  INDICATES RECORD WAS SET OR TIED.
MM INDICATES DATA IS MISSING.
T  INDICATES TRACE AMOUNT.




$$
