000
CDUS45 KPUB 191040
CLICOS


CLIMATE REPORT
NATIONAL WEATHER SERVICE PUEBLO
439 AM MDT TUE APR 19 2016


...................................

...THE COLORADO SPRINGS CO CLIMATE SUMMARY FOR APRIL 18 2016...

CLIMATE NORMAL PERIOD 1981 TO 2010
CLIMATE RECORD PERIOD 1872 TO 2016


WEATHER ITEM   OBSERVED TIME   RECORD YEAR NORMAL DEPARTURE LAST
                VALUE   (LST)  VALUE       VALUE  FROM      YEAR
                                                  NORMAL
..................................................................
TEMPERATURE (F)
 YESTERDAY
  MAXIMUM         38    511 PM  80    1987  60    -22       49
  MINIMUM         30    444 AM  14    1922  34     -4       34
  AVERAGE         34                        47    -13       42

PRECIPITATION (IN)
  YESTERDAY        0.11          1.96 1942   0.05   0.06      T
  MONTH TO DATE    0.92                      0.73   0.19     0.73
  SINCE MAR 1      1.65                      1.73  -0.08     1.54
  SINCE JAN 1      3.19                      2.39   0.80     3.86

SNOWFALL (IN)
  YESTERDAY        0.2           7.0  1912   0.1    0.1       T
  MONTH TO DATE    2.9                       3.2   -0.3      1.7
  SINCE MAR 1     13.4                      11.3    2.1      5.6
  SINCE JUL 1     40.5                      35.3    5.2     46.5
  SNOW DEPTH       0

DEGREE DAYS
 HEATING
  YESTERDAY       31                        18     13       23
  MONTH TO DATE  319                       363    -44      298
  SINCE MAR 1   1029                      1168   -139      967
  SINCE JUL 1   4932                      5731   -799     5188

 COOLING
  YESTERDAY        0                         0      0        0
  MONTH TO DATE    0                         0      0        0
  SINCE MAR 1      0                         0      0        0
  SINCE JAN 1      0                         0      0        0
..................................................................


WIND (MPH)
  HIGHEST WIND SPEED    15   HIGHEST WIND DIRECTION     N (360)
  HIGHEST GUST SPEED    18   HIGHEST GUST DIRECTION     N (340)
  AVERAGE WIND SPEED     3.9


SKY COVER
  POSSIBLE SUNSHINE  MM
  AVERAGE SKY COVER 0.9


WEATHER CONDITIONS
 THE FOLLOWING WEATHER WAS RECORDED YESTERDAY.
  LIGHT SNOW
  FOG
  HAZE


RELATIVE HUMIDITY (PERCENT)
 HIGHEST    92          1100 PM
 LOWEST     64           800 AM
 AVERAGE    78

..........................................................


THE COLORADO SPRINGS CO CLIMATE NORMALS FOR TODAY
                         NORMAL    RECORD    YEAR
 MAXIMUM TEMPERATURE (F)   61        79      1962
 MINIMUM TEMPERATURE (F)   34        16      1966


SUNRISE AND SUNSET
APRIL 19 2016.........SUNRISE   616 AM MDT   SUNSET   740 PM MDT
APRIL 20 2016.........SUNRISE   615 AM MDT   SUNSET   741 PM MDT


-  INDICATES NEGATIVE NUMBERS.
R  INDICATES RECORD WAS SET OR TIED.
MM INDICATES DATA IS MISSING.
T  INDICATES TRACE AMOUNT.




$$
