000
CDUS45 KPUB 200024
CLICOS


CLIMATE REPORT
NATIONAL WEATHER SERVICE PUEBLO
624 PM MDT WED JUL 19 2017


...................................

...THE COLORADO SPRINGS CO CLIMATE SUMMARY FOR JULY 19 2017...
VALID TODAY AS OF 0500 PM LOCAL TIME.

CLIMATE NORMAL PERIOD 1981 TO 2010
CLIMATE RECORD PERIOD 1872 TO 2017


WEATHER ITEM   OBSERVED TIME   RECORD YEAR NORMAL DEPARTURE LAST
                VALUE   (LST)  VALUE       VALUE  FROM      YEAR
                                                  NORMAL
..................................................................
TEMPERATURE (F)
 TODAY
  MAXIMUM         93    415 PM  97    2005  85      8       96
  MINIMUM         64    430 AM  43    1897  57      7       64
  AVERAGE         79                        71      8       80

PRECIPITATION (IN)
  TODAY            0.00          1.97 2013   0.09  -0.09     0.13
  MONTH TO DATE    2.60                      1.53   1.07     1.45
  SINCE JUN 1      3.10                      4.03  -0.93     2.49
  SINCE JAN 1      9.22                      9.14   0.08     9.42

SNOWFALL (IN)
  TODAY            0.0           0.0  2002   0.0    0.0      0.0
                                      2001
  MONTH TO DATE    T                         0.0    0.0       T
  SINCE JUN 1      T                         0.0    0.0       T
  SINCE JUL 1      T                         0.0    0.0       T
  SNOW DEPTH       0

DEGREE DAYS
 HEATING
  TODAY            0                         0      0        0
  MONTH TO DATE    0                         3     -3        0
  SINCE JUN 1     21                        82    -61        8
  SINCE JUL 1      0                         3     -3        0

 COOLING
  TODAY           14                         7      7       15
  MONTH TO DATE  158                       116     42      176
  SINCE JUN 1    315                       199    116      357
  SINCE JAN 1    317                       209    108      359
..................................................................


WIND (MPH)
  HIGHEST WIND SPEED    18   HIGHEST WIND DIRECTION     S (170)
  HIGHEST GUST SPEED    24   HIGHEST GUST DIRECTION    SE (140)
  AVERAGE WIND SPEED     7.3


SKY COVER
  POSSIBLE SUNSHINE  MM
  AVERAGE SKY COVER 0.5


WEATHER CONDITIONS
 THE FOLLOWING WEATHER WAS RECORDED TODAY.
  NO SIGNIFICANT WEATHER WAS OBSERVED.


RELATIVE HUMIDITY (PERCENT)
 HIGHEST    93           400 AM
 LOWEST     23           400 PM
 AVERAGE    58

..........................................................


THE COLORADO SPRINGS CO CLIMATE NORMALS FOR TOMORROW
                         NORMAL    RECORD    YEAR
 MAXIMUM TEMPERATURE (F)   85        98      2005
 MINIMUM TEMPERATURE (F)   57        40      1897


SUNRISE AND SUNSET
JULY 19 2017..........SUNRISE   549 AM MDT   SUNSET   821 PM MDT
JULY 20 2017..........SUNRISE   550 AM MDT   SUNSET   820 PM MDT


-  INDICATES NEGATIVE NUMBERS.
R  INDICATES RECORD WAS SET OR TIED.
MM INDICATES DATA IS MISSING.
T  INDICATES TRACE AMOUNT.




$$
