000
CDUS45 KPUB 290021
CLICOS


CLIMATE REPORT
NATIONAL WEATHER SERVICE PUEBLO
621 PM MDT TUE JUL 28 2015


...................................

...THE COLORADO SPRINGS CO CLIMATE SUMMARY FOR JULY 28 2015...
VALID TODAY AS OF 0500 PM LOCAL TIME.

CLIMATE NORMAL PERIOD 1981 TO 2010
CLIMATE RECORD PERIOD 1872 TO 2015


WEATHER ITEM   OBSERVED TIME   RECORD YEAR NORMAL DEPARTURE LAST
                VALUE   (LST)  VALUE       VALUE  FROM      YEAR
                                                  NORMAL
..................................................................
TEMPERATURE (F)
 TODAY
  MAXIMUM         85    305 PM  96    1978  84      1       71
  MINIMUM         59    521 AM  44    1913  58      1       56
  AVERAGE         72                        71      1       64

PRECIPITATION (IN)
  TODAY            0.00          2.05 1982   0.10  -0.10     0.00
  MONTH TO DATE    3.14                      2.51   0.63     3.08
  SINCE JUN 1      8.86                      5.01   3.85     4.37
  SINCE JAN 1     21.09                     10.12  10.97     9.16

SNOWFALL (IN)
  TODAY            0.0           T    2004   0.0    0.0      0.0
  MONTH TO DATE    T                         0.0    0.0       T
  SINCE JUN 1      T                         0.0    0.0       T
  SINCE JUL 1      T                         0.0    0.0       T
  SNOW DEPTH       0

DEGREE DAYS
 HEATING
  TODAY            0                         0      0        1
  MONTH TO DATE   10                         3      7       14
  SINCE JUN 1     20                        82    -62       53
  SINCE JUL 1     10                         3      7       14

 COOLING
  TODAY            7                         6      1        0
  MONTH TO DATE  168                       171     -3      191
  SINCE JUN 1    290                       254     36      295
  SINCE JAN 1    290                       264     26      308
..................................................................


WIND (MPH)
  HIGHEST WIND SPEED    24   HIGHEST WIND DIRECTION     S (190)
  HIGHEST GUST SPEED    32   HIGHEST GUST DIRECTION     S (190)
  AVERAGE WIND SPEED    15.3


SKY COVER
  POSSIBLE SUNSHINE  MM
  AVERAGE SKY COVER 0.2


WEATHER CONDITIONS
 THE FOLLOWING WEATHER WAS RECORDED TODAY.
  NO SIGNIFICANT WEATHER WAS OBSERVED.


RELATIVE HUMIDITY (PERCENT)
 HIGHEST    43           400 AM
 LOWEST     17           200 PM
 AVERAGE    30

..........................................................


THE COLORADO SPRINGS CO CLIMATE NORMALS FOR TOMORROW
                         NORMAL    RECORD    YEAR
 MAXIMUM TEMPERATURE (F)   84        96      1980
 MINIMUM TEMPERATURE (F)   57        49      1909
                                             1906


SUNRISE AND SUNSET
JULY 28 2015..........SUNRISE   556 AM MDT   SUNSET   814 PM MDT
JULY 29 2015..........SUNRISE   557 AM MDT   SUNSET   813 PM MDT


-  INDICATES NEGATIVE NUMBERS.
R  INDICATES RECORD WAS SET OR TIED.
MM INDICATES DATA IS MISSING.
T  INDICATES TRACE AMOUNT.




$$
