000
CDUS45 KPUB 032331
CLICOS


CLIMATE REPORT
NATIONAL WEATHER SERVICE PUEBLO
531 PM MDT FRI NOV 3 2017


...................................

...THE COLORADO SPRINGS CO CLIMATE SUMMARY FOR NOVEMBER 3 2017...
VALID TODAY AS OF 0500 PM LOCAL TIME.

CLIMATE NORMAL PERIOD 1981 TO 2010
CLIMATE RECORD PERIOD 1872 TO 2017


WEATHER ITEM   OBSERVED TIME   RECORD YEAR NORMAL DEPARTURE LAST
                VALUE   (LST)  VALUE       VALUE  FROM      YEAR
                                                  NORMAL
..................................................................
TEMPERATURE (F)
 TODAY
  MAXIMUM         59    312 PM  72    2015  57      2       66
                                      2009
                                      1910
  MINIMUM         35    628 AM  -2    1991  30      5       33
  AVERAGE         47                        43      4       50

PRECIPITATION (IN)
  TODAY            T             0.17 1974   0.02  -0.02     0.00
  MONTH TO DATE    T                         0.05  -0.05     0.00
  SINCE SEP 1      3.00                      2.06   0.94     0.16
  SINCE JAN 1     18.28                     15.85   2.43    13.60

SNOWFALL (IN)
  TODAY            0.0           1.3  1974   0.2   -0.2      0.0
  MONTH TO DATE    0.0                       0.4   -0.4      0.0
  SINCE SEP 1      0.9                       3.5   -2.6      0.0
  SINCE JUL 1      0.9                       3.5   -2.6       T
  SNOW DEPTH       0

DEGREE DAYS
 HEATING
  TODAY           18                        22     -4       15
  MONTH TO DATE   48                        64    -16       41
  SINCE SEP 1    630                       707    -77      324
  SINCE JUL 1    639                       738    -99      345

 COOLING
  TODAY            0                         0      0        0
  MONTH TO DATE    0                         0      0        0
  SINCE SEP 1     91                        37     54       84
  SINCE JAN 1    639                       455    184      710
..................................................................


WIND (MPH)
  HIGHEST WIND SPEED    23   HIGHEST WIND DIRECTION     S (160)
  HIGHEST GUST SPEED    25   HIGHEST GUST DIRECTION     S (170)
  AVERAGE WIND SPEED     7.3


SKY COVER
  POSSIBLE SUNSHINE  MM
  AVERAGE SKY COVER 0.8


WEATHER CONDITIONS
 THE FOLLOWING WEATHER WAS RECORDED TODAY.
  LIGHT RAIN
  FOG
  FOG W/VISIBILITY <= 1/4 MILE
  HAZE


RELATIVE HUMIDITY (PERCENT)
 HIGHEST   100           300 AM
 LOWEST     37           300 PM
 AVERAGE    69

..........................................................


THE COLORADO SPRINGS CO CLIMATE NORMALS FOR TOMORROW
                         NORMAL    RECORD    YEAR
 MAXIMUM TEMPERATURE (F)   56        78      1924
 MINIMUM TEMPERATURE (F)   30         9      1959


SUNRISE AND SUNSET
NOVEMBER  3 2017......SUNRISE   728 AM MDT   SUNSET   556 PM MDT
NOVEMBER  4 2017......SUNRISE   729 AM MDT   SUNSET   555 PM MDT


-  INDICATES NEGATIVE NUMBERS.
R  INDICATES RECORD WAS SET OR TIED.
MM INDICATES DATA IS MISSING.
T  INDICATES TRACE AMOUNT.




$$
