000
CDUS45 KPUB 190024
CLICOS


CLIMATE REPORT
NATIONAL WEATHER SERVICE PUEBLO
524 PM MST TUE NOV 18 2014


...................................

...THE COLORADO SPRINGS CO CLIMATE SUMMARY FOR NOVEMBER 18 2014...
VALID TODAY AS OF 0500 PM LOCAL TIME.

CLIMATE NORMAL PERIOD 1981 TO 2010
CLIMATE RECORD PERIOD 1872 TO 2014


WEATHER ITEM   OBSERVED TIME   RECORD YEAR NORMAL DEPARTURE LAST
                VALUE   (LST)  VALUE       VALUE  FROM      YEAR
                                                  NORMAL
..................................................................
TEMPERATURE (F)
 TODAY
  MAXIMUM         52    259 PM  76    2008  50      2       56
  MINIMUM         13    102 AM  -5    1903  24    -11       19
  AVERAGE         33                        37     -4       38

PRECIPITATION (IN)
  TODAY            0.00          0.43 1921   0.01  -0.01     0.00
  MONTH TO DATE    0.19                      0.25  -0.06     0.01
  SINCE SEP 1      3.76                      2.26   1.50     5.23
  SINCE JAN 1     16.81                     16.05   0.76    18.89

SNOWFALL (IN)
  TODAY            0.0           4.8  1964   0.1   -0.1      0.0
  MONTH TO DATE    5.8                       2.5    3.3      0.1
  SINCE SEP 1      5.8                       5.6    0.2      0.3
  SINCE JUL 1      5.8                       5.6    0.2      0.3
  SNOW DEPTH       3

DEGREE DAYS
 HEATING
  TODAY           32                        28      4       27
  MONTH TO DATE  552                       438    114      402
  SINCE SEP 1    989                      1081    -92      987
  SINCE JUL 1   1019                      1112    -93      997

 COOLING
  TODAY            0                         0      0        0
  MONTH TO DATE    0                         0      0        0
  SINCE SEP 1     60                        37     23       92
  SINCE JAN 1    487                       455     32      694
..................................................................


WIND (MPH)
  HIGHEST WIND SPEED    10   HIGHEST WIND DIRECTION     S (180)
  HIGHEST GUST SPEED    18   HIGHEST GUST DIRECTION    SW (210)
  AVERAGE WIND SPEED     6.2


SKY COVER
  POSSIBLE SUNSHINE  MM
  AVERAGE SKY COVER 0.3


WEATHER CONDITIONS
 THE FOLLOWING WEATHER WAS RECORDED TODAY.
  NO SIGNIFICANT WEATHER WAS OBSERVED.


RELATIVE HUMIDITY (PERCENT)
 HIGHEST    67          1200 AM
 LOWEST     13           200 PM
 AVERAGE    40

..........................................................


THE COLORADO SPRINGS CO CLIMATE NORMALS FOR TOMORROW
                         NORMAL    RECORD    YEAR
 MAXIMUM TEMPERATURE (F)   49        76      2007
 MINIMUM TEMPERATURE (F)   24        -1      1906


SUNRISE AND SUNSET
NOVEMBER 18 2014......SUNRISE   645 AM MST   SUNSET   443 PM MST
NOVEMBER 19 2014......SUNRISE   646 AM MST   SUNSET   442 PM MST


-  INDICATES NEGATIVE NUMBERS.
R  INDICATES RECORD WAS SET OR TIED.
MM INDICATES DATA IS MISSING.
T  INDICATES TRACE AMOUNT.




$$
