000
CDUS45 KPUB 141822
CLICOS


CLIMATE REPORT
NATIONAL WEATHER SERVICE PUEBLO
1121 AM MST MON NOV 14 2016


...................................

...THE COLORADO SPRINGS CO CLIMATE SUMMARY FOR NOVEMBER 13 2016...

CLIMATE NORMAL PERIOD 1981 TO 2010
CLIMATE RECORD PERIOD 1872 TO 2016


WEATHER ITEM   OBSERVED TIME   RECORD YEAR NORMAL DEPARTURE LAST
                VALUE   (LST)  VALUE       VALUE  FROM      YEAR
                                                  NORMAL
..................................................................
TEMPERATURE (F)
 YESTERDAY
  MAXIMUM         66   1212 PM  75    2007  52     14       57
                                      1999
  MINIMUM         36   1159 PM -12    1916  26     10       19
  AVERAGE         51                        39     12       38

PRECIPITATION (IN)
  YESTERDAY        T             0.25 2004   0.02  -0.02     0.00
  MONTH TO DATE    T                         0.20  -0.20     0.02
  SINCE SEP 1      0.16                      2.21  -2.05     1.72
  SINCE JAN 1     13.60                     16.00  -2.40    24.54

SNOWFALL (IN)
  YESTERDAY        0.0           2.5  2004   0.1   -0.1      0.0
  MONTH TO DATE    0.0                       1.8   -1.8      0.2
  SINCE SEP 1      0.0                       4.9   -4.9      0.2
  SINCE JUL 1      T                         4.9   -4.9      0.2
  SNOW DEPTH       0

DEGREE DAYS
 HEATING
  YESTERDAY       14                        26    -12       27
  MONTH TO DATE  202                       302   -100      258
  SINCE SEP 1    485                       945   -460      572
  SINCE JUL 1    506                       976   -470      591

 COOLING
  YESTERDAY        0                         0      0        0
  MONTH TO DATE    0                         0      0        0
  SINCE SEP 1     84                        37     47      102
  SINCE JAN 1    710                       455    255      617
..................................................................


WIND (MPH)
  HIGHEST WIND SPEED    21   HIGHEST WIND DIRECTION    NW (300)
  HIGHEST GUST SPEED    26   HIGHEST GUST DIRECTION    NW (300)
  AVERAGE WIND SPEED     8.9


SKY COVER
  POSSIBLE SUNSHINE  MM
  AVERAGE SKY COVER 0.4


WEATHER CONDITIONS
 THE FOLLOWING WEATHER WAS RECORDED YESTERDAY.
  LIGHT RAIN


RELATIVE HUMIDITY (PERCENT)
 HIGHEST    52           100 AM
 LOWEST     20          1100 AM
 AVERAGE    36

..........................................................


THE COLORADO SPRINGS CO CLIMATE NORMALS FOR TODAY
                         NORMAL    RECORD    YEAR
 MAXIMUM TEMPERATURE (F)   52        77      1936
 MINIMUM TEMPERATURE (F)   26       -12      1916


SUNRISE AND SUNSET
NOVEMBER 14 2016......SUNRISE   641 AM MST   SUNSET   446 PM MST
NOVEMBER 15 2016......SUNRISE   642 AM MST   SUNSET   445 PM MST


-  INDICATES NEGATIVE NUMBERS.
R  INDICATES RECORD WAS SET OR TIED.
MM INDICATES DATA IS MISSING.
T  INDICATES TRACE AMOUNT.




$$
