000
CDUS45 KPUB 311149
CLICOS


CLIMATE REPORT
NATIONAL WEATHER SERVICE PUEBLO
449 AM MST WED JAN 31 2018


...................................

...THE COLORADO SPRINGS CO CLIMATE SUMMARY FOR JANUARY 30 2018...

CLIMATE NORMAL PERIOD 1981 TO 2010
CLIMATE RECORD PERIOD 1872 TO 2018


WEATHER ITEM   OBSERVED TIME   RECORD YEAR NORMAL DEPARTURE LAST
                VALUE   (LST)  VALUE       VALUE  FROM      YEAR
                                                  NORMAL
..................................................................
TEMPERATURE (F)
 YESTERDAY
  MAXIMUM         60    249 PM  71    1986  43     17       60
  MINIMUM         31    528 AM -11    1956  18     13       30
                                      1951
  AVERAGE         46                        30     16       45

PRECIPITATION (IN)
  YESTERDAY        0.00          0.10 2005   0.01  -0.01     0.00
  MONTH TO DATE    0.16                      0.31  -0.15     0.32
  SINCE DEC 1      0.17                      0.65  -0.48     1.00
  SINCE JAN 1      0.16                      0.31  -0.15     0.32

SNOWFALL (IN)
  YESTERDAY        0.0           1.8  1899   0.1   -0.1      0.0
  MONTH TO DATE    1.7                       5.4   -3.7      6.3
  SINCE DEC 1      2.6                      11.1   -8.5     12.7
  SINCE JUL 1      4.2                      18.9  -14.7     12.7
  SNOW DEPTH       0

DEGREE DAYS
 HEATING
  YESTERDAY       19                        34    -15       20
  MONTH TO DATE  900                      1033   -133     1034
  SINCE DEC 1   1870                      2124   -254     2134
  SINCE JUL 1   3038                      3605   -567     3037

 COOLING
  YESTERDAY        0                         0      0        0
  MONTH TO DATE    0                         0      0        0
  SINCE DEC 1      0                         0      0        0
  SINCE JAN 1      0                         0      0        0
..................................................................


WIND (MPH)
  HIGHEST WIND SPEED    36   HIGHEST WIND DIRECTION     W (280)
  HIGHEST GUST SPEED    46   HIGHEST GUST DIRECTION     W (290)
  AVERAGE WIND SPEED     7.5


SKY COVER
  POSSIBLE SUNSHINE  MM
  AVERAGE SKY COVER 0.7


WEATHER CONDITIONS
 THE FOLLOWING WEATHER WAS RECORDED YESTERDAY.
  NO SIGNIFICANT WEATHER WAS OBSERVED.


RELATIVE HUMIDITY (PERCENT)
 HIGHEST    56           100 AM
 LOWEST     12           100 PM
 AVERAGE    34

..........................................................


THE COLORADO SPRINGS CO CLIMATE NORMALS FOR TODAY
                         NORMAL    RECORD    YEAR
 MAXIMUM TEMPERATURE (F)   43        70      1989
 MINIMUM TEMPERATURE (F)   18       -26      1951


SUNRISE AND SUNSET
JANUARY 31 2018.......SUNRISE   706 AM MST   SUNSET   519 PM MST
FEBRUARY  1 2018......SUNRISE   705 AM MST   SUNSET   521 PM MST


-  INDICATES NEGATIVE NUMBERS.
R  INDICATES RECORD WAS SET OR TIED.
MM INDICATES DATA IS MISSING.
T  INDICATES TRACE AMOUNT.




$$
