000
CDUS45 KPUB 152322
CLICOS


CLIMATE REPORT
NATIONAL WEATHER SERVICE PUEBLO
522 PM MDT TUE JUL 15 2014


...................................

...THE COLORADO SPRINGS CO CLIMATE SUMMARY FOR JULY 15 2014...
VALID TODAY AS OF 0500 PM LOCAL TIME.

CLIMATE NORMAL PERIOD 1981 TO 2010
CLIMATE RECORD PERIOD 1872 TO 2014


WEATHER ITEM   OBSERVED TIME   RECORD YEAR NORMAL DEPARTURE LAST
                VALUE   (LST)  VALUE       VALUE  FROM      YEAR
                                                  NORMAL
..................................................................
TEMPERATURE (F)
 TODAY
  MAXIMUM         64    338 PM  97    1925  85    -21       71
  MINIMUM         57    738 AM  46    1907  57      0       57
  AVERAGE         61                        71    -10       64

PRECIPITATION (IN)
  TODAY            0.07          1.15 1912   0.09  -0.02     0.14
  MONTH TO DATE    2.07                      1.16   0.91     2.28
  SINCE JUN 1      3.36                      3.66  -0.30     2.88
  SINCE JAN 1      8.15                      8.77  -0.62     5.61

SNOWFALL (IN)
  TODAY            0.0           0.0  2002   0.0    0.0      0.0
                                      2001
  MONTH TO DATE    T                         0.0    0.0       T
  SINCE JUN 1      T                         0.0    0.0       T
  SINCE JUL 1      T                         0.0    0.0       T
  SNOW DEPTH       0

DEGREE DAYS
 HEATING
  TODAY            4                         0      4        1
  MONTH TO DATE    9                         3      6        3
  SINCE JUN 1     48                        82    -34       28
  SINCE JUL 1      9                         3      6        3

 COOLING
  TODAY            0                         6     -6        0
  MONTH TO DATE   96                        88      8      117
  SINCE JUN 1    200                       171     29      299
  SINCE JAN 1    213                       181     32      321
..................................................................


WIND (MPH)
  HIGHEST WIND SPEED    22   HIGHEST WIND DIRECTION    SE (120)
  HIGHEST GUST SPEED    26   HIGHEST GUST DIRECTION    SE (120)
  AVERAGE WIND SPEED     8.2


SKY COVER
  POSSIBLE SUNSHINE  MM
  AVERAGE SKY COVER 1.0


WEATHER CONDITIONS
 THE FOLLOWING WEATHER WAS RECORDED TODAY.
  THUNDERSTORM
  RAIN
  LIGHT RAIN
  FOG
  FOG W/VISIBILITY <= 1/4 MILE


RELATIVE HUMIDITY (PERCENT)
 HIGHEST   100           600 AM
 LOWEST     78           100 PM
 AVERAGE    89

..........................................................


THE COLORADO SPRINGS CO CLIMATE NORMALS FOR TOMORROW
                         NORMAL    RECORD    YEAR
 MAXIMUM TEMPERATURE (F)   85        96      1963
 MINIMUM TEMPERATURE (F)   57        47      1907


SUNRISE AND SUNSET
JULY 15 2014..........SUNRISE   546 AM MDT   SUNSET   823 PM MDT
JULY 16 2014..........SUNRISE   547 AM MDT   SUNSET   823 PM MDT


-  INDICATES NEGATIVE NUMBERS.
R  INDICATES RECORD WAS SET OR TIED.
MM INDICATES DATA IS MISSING.
T  INDICATES TRACE AMOUNT.




$$
