000
CDUS45 KPUB 272324
CLICOS


CLIMATE REPORT
NATIONAL WEATHER SERVICE PUEBLO
521 PM MDT SAT JUN 27 2015


...................................

...THE COLORADO SPRINGS CO CLIMATE SUMMARY FOR JUNE 27 2015...
VALID TODAY AS OF 0500 PM LOCAL TIME.

CLIMATE NORMAL PERIOD 1981 TO 2010
CLIMATE RECORD PERIOD 1872 TO 2015


WEATHER ITEM   OBSERVED TIME   RECORD YEAR NORMAL DEPARTURE LAST
                VALUE   (LST)  VALUE       VALUE  FROM      YEAR
                                                  NORMAL
..................................................................
TEMPERATURE (F)
 TODAY
  MAXIMUM         87    138 PM  98    2013  83      4       83
  MINIMUM         58    508 AM  38    1985  54      4       60
  AVERAGE         73                        69      4       72

PRECIPITATION (IN)
  TODAY            0.00          2.49 2004   0.08  -0.08      T
  MONTH TO DATE    5.18                      2.28   2.90     1.27
  SINCE JUN 1      5.18                      2.28   2.90     1.27
  SINCE JAN 1     17.41                      7.39  10.02     6.06

SNOWFALL (IN)
  TODAY            0.0           T    2007   0.0    0.0      0.0
                                      2004
  MONTH TO DATE    T                         0.0    0.0       T
  SINCE JUN 1      T                         0.0    0.0       T
  SINCE JUL 1     46.5                      37.7    8.8     34.8
  SNOW DEPTH       0

DEGREE DAYS
 HEATING
  TODAY            0                         1     -1        0
  MONTH TO DATE   10                        75    -65       39
  SINCE JUN 1     10                        75    -65       39
  SINCE JUL 1   5777                      6288   -511     6085

 COOLING
  TODAY            8                         5      3        7
  MONTH TO DATE  103                        67     36       78
  SINCE JUN 1    103                        67     36       78
  SINCE JAN 1    103                        77     26       91
..................................................................


WIND (MPH)
  HIGHEST WIND SPEED    20   HIGHEST WIND DIRECTION    NE (40)
  HIGHEST GUST SPEED    25   HIGHEST GUST DIRECTION    SE (150)
  AVERAGE WIND SPEED     6.0


SKY COVER
  POSSIBLE SUNSHINE  MM
  AVERAGE SKY COVER 0.5


WEATHER CONDITIONS
 THE FOLLOWING WEATHER WAS RECORDED TODAY.
  NO SIGNIFICANT WEATHER WAS OBSERVED.


RELATIVE HUMIDITY (PERCENT)
 HIGHEST    84           200 AM
 LOWEST     21           100 PM
 AVERAGE    53

..........................................................


THE COLORADO SPRINGS CO CLIMATE NORMALS FOR TOMORROW
                         NORMAL    RECORD    YEAR
 MAXIMUM TEMPERATURE (F)   83        98      1990
                                             1963
 MINIMUM TEMPERATURE (F)   55        42      1985


SUNRISE AND SUNSET
JUNE 27 2015..........SUNRISE   536 AM MDT   SUNSET   828 PM MDT
JUNE 28 2015..........SUNRISE   536 AM MDT   SUNSET   828 PM MDT


-  INDICATES NEGATIVE NUMBERS.
R  INDICATES RECORD WAS SET OR TIED.
MM INDICATES DATA IS MISSING.
T  INDICATES TRACE AMOUNT.




$$
