000
CDUS45 KPUB 090023
CLICOS


CLIMATE REPORT
NATIONAL WEATHER SERVICE PUEBLO
623 PM MDT FRI SEP 8 2017


...................................

...THE COLORADO SPRINGS CO CLIMATE SUMMARY FOR SEPTEMBER 8 2017...
VALID TODAY AS OF 0500 PM LOCAL TIME.

CLIMATE NORMAL PERIOD 1981 TO 2010
CLIMATE RECORD PERIOD 1872 TO 2017


WEATHER ITEM   OBSERVED TIME   RECORD YEAR NORMAL DEPARTURE LAST
                VALUE   (LST)  VALUE       VALUE  FROM      YEAR
                                                  NORMAL
..................................................................
TEMPERATURE (F)
 TODAY
  MAXIMUM         83    233 PM  94    1959  77      6       84
  MINIMUM         55    344 AM  28    1941  50      5       54
  AVERAGE         69                        64      5       69

PRECIPITATION (IN)
  TODAY            T             1.30 1989   0.05  -0.05     0.00
  MONTH TO DATE    T                         0.46  -0.46     0.01
  SINCE SEP 1      T                         0.46  -0.46     0.01
  SINCE JAN 1     15.28                     14.25   1.03    13.45

SNOWFALL (IN)
  TODAY            0.0           2.3  2001   0.0    0.0      0.0
  MONTH TO DATE    0.0                       0.0    0.0      0.0
  SINCE SEP 1      0.0                       0.0    0.0      0.0
  SINCE JUL 1      T                         0.0    0.0       T
  SNOW DEPTH       0

DEGREE DAYS
 HEATING
  TODAY            0                         3     -3        0
  MONTH TO DATE    6                        19    -13        0
  SINCE SEP 1      6                        19    -13        0
  SINCE JUL 1     15                        50    -35       21

 COOLING
  TODAY            4                         2      2        4
  MONTH TO DATE   37                        18     19       33
  SINCE SEP 1     37                        18     19       33
  SINCE JAN 1    585                       436    149      659
..................................................................


WIND (MPH)
  HIGHEST WIND SPEED    22   HIGHEST WIND DIRECTION     E (70)
  HIGHEST GUST SPEED    28   HIGHEST GUST DIRECTION    NE (60)
  AVERAGE WIND SPEED     6.9


SKY COVER
  POSSIBLE SUNSHINE  MM
  AVERAGE SKY COVER 0.4


WEATHER CONDITIONS
 THE FOLLOWING WEATHER WAS RECORDED TODAY.
  THUNDERSTORM
  LIGHT RAIN


RELATIVE HUMIDITY (PERCENT)
 HIGHEST    57           400 AM
 LOWEST     23          1200 PM
 AVERAGE    40

..........................................................


THE COLORADO SPRINGS CO CLIMATE NORMALS FOR TOMORROW
                         NORMAL    RECORD    YEAR
 MAXIMUM TEMPERATURE (F)   77        92      1979
 MINIMUM TEMPERATURE (F)   50        30      1941


SUNRISE AND SUNSET
SEPTEMBER  8 2017.....SUNRISE   634 AM MDT   SUNSET   718 PM MDT
SEPTEMBER  9 2017.....SUNRISE   635 AM MDT   SUNSET   716 PM MDT


-  INDICATES NEGATIVE NUMBERS.
R  INDICATES RECORD WAS SET OR TIED.
MM INDICATES DATA IS MISSING.
T  INDICATES TRACE AMOUNT.




$$
