000
CDUS45 KPUB 081122
CLICOS


CLIMATE REPORT
NATIONAL WEATHER SERVICE PUEBLO
422 AM MST MON DEC 8 2014


...................................

...THE COLORADO SPRINGS CO CLIMATE SUMMARY FOR DECEMBER 7 2014...

CLIMATE NORMAL PERIOD 1981 TO 2010
CLIMATE RECORD PERIOD 1872 TO 2014


WEATHER ITEM   OBSERVED TIME   RECORD YEAR NORMAL DEPARTURE LAST
                VALUE   (LST)  VALUE       VALUE  FROM      YEAR
                                                  NORMAL
..................................................................
TEMPERATURE (F)
 YESTERDAY
  MAXIMUM         58    118 PM  68    1906  42     16        7
  MINIMUM         27   1147 PM -15    2005  18      9       -3
  AVERAGE         43                        30     13        2

PRECIPITATION (IN)
  YESTERDAY        0.00          0.35 1988   0.01  -0.01     0.01
  MONTH TO DATE    0.02                      0.08  -0.06     0.07
  SINCE DEC 1      0.02                      0.08  -0.06     0.07
  SINCE JAN 1     16.90                     16.28   0.62    19.22

SNOWFALL (IN)
  YESTERDAY        0.0           4.7  1988   0.2   -0.2      1.5
  MONTH TO DATE    T                         1.3   -1.3      2.7
  SINCE DEC 1      T                         1.3   -1.3      2.7
  SINCE JUL 1      7.1                       9.1   -2.0      6.9
  SNOW DEPTH       0

DEGREE DAYS
 HEATING
  YESTERDAY       22                        35    -13       63
  MONTH TO DATE  196                       238    -42      312
  SINCE DEC 1    196                       238    -42      312
  SINCE JUL 1   1521                      1719   -198     1673

 COOLING
  YESTERDAY        0                         0      0        0
  MONTH TO DATE    0                         0      0        0
  SINCE DEC 1      0                         0      0        0
  SINCE JAN 1    487                       455     32      694
..................................................................


WIND (MPH)
  HIGHEST WIND SPEED    13   HIGHEST WIND DIRECTION     N (340)
  HIGHEST GUST SPEED    14   HIGHEST GUST DIRECTION     N (340)
  AVERAGE WIND SPEED     6.9


SKY COVER
  POSSIBLE SUNSHINE  MM
  AVERAGE SKY COVER 0.2


WEATHER CONDITIONS
 THE FOLLOWING WEATHER WAS RECORDED YESTERDAY.
  NO SIGNIFICANT WEATHER WAS OBSERVED.


RELATIVE HUMIDITY (PERCENT)
 HIGHEST    59          1200 AM
 LOWEST     21          1200 PM
 AVERAGE    40

..........................................................


THE COLORADO SPRINGS CO CLIMATE NORMALS FOR TODAY
                         NORMAL    RECORD    YEAR
 MAXIMUM TEMPERATURE (F)   42        65      1970
 MINIMUM TEMPERATURE (F)   18       -14      1978


SUNRISE AND SUNSET
DECEMBER  8 2014......SUNRISE   705 AM MST   SUNSET   437 PM MST
DECEMBER  9 2014......SUNRISE   705 AM MST   SUNSET   437 PM MST


-  INDICATES NEGATIVE NUMBERS.
R  INDICATES RECORD WAS SET OR TIED.
MM INDICATES DATA IS MISSING.
T  INDICATES TRACE AMOUNT.




$$
