410
CDUS45 KPUB 200016
CLICOS


CLIMATE REPORT
NATIONAL WEATHER SERVICE PUEBLO
616 PM MDT SUN MAR 19 2017


...................................

...THE COLORADO SPRINGS CO CLIMATE SUMMARY FOR MARCH 19 2017...
VALID TODAY AS OF 0500 PM LOCAL TIME.

CLIMATE NORMAL PERIOD 1981 TO 2010
CLIMATE RECORD PERIOD 1872 TO 2017


WEATHER ITEM   OBSERVED TIME   RECORD YEAR NORMAL DEPARTURE LAST
                VALUE   (LST)  VALUE       VALUE  FROM      YEAR
                                                  NORMAL
..................................................................
TEMPERATURE (F)
 TODAY
  MAXIMUM         80R   301 PM  77    1907  53     27       33
  MINIMUM         48   1205 AM  -7    1965  27     21       16
  AVERAGE         64                        40     24       25

PRECIPITATION (IN)
  TODAY            0.00          0.75 1915   0.04  -0.04     0.00
  MONTH TO DATE    T                         0.58  -0.58     0.17
  SINCE MAR 1      T                         0.58  -0.58     0.17
  SINCE JAN 1      0.39                      1.24  -0.85     1.71

SNOWFALL (IN)
  TODAY            0.0           8.5  1915   0.3   -0.3      0.0
  MONTH TO DATE    0.0                       4.8   -4.8      2.3
  SINCE MAR 1      0.0                       4.8   -4.8      2.3
  SINCE JUL 1     13.4                      28.8  -15.4     29.4
  SNOW DEPTH       0

DEGREE DAYS
 HEATING
  TODAY            1                        25    -24       40
  MONTH TO DATE  336                       521   -185      410
  SINCE MAR 1    336                       521   -185      410
  SINCE JUL 1   4089                      5084   -995     4313

 COOLING
  TODAY            0                         0      0        0
  MONTH TO DATE    0                         0      0        0
  SINCE MAR 1      0                         0      0        0
  SINCE JAN 1      0                         0      0        0
..................................................................


WIND (MPH)
  HIGHEST WIND SPEED    20   HIGHEST WIND DIRECTION    NW (300)
  HIGHEST GUST SPEED    27   HIGHEST GUST DIRECTION     W (280)
  AVERAGE WIND SPEED     5.4


SKY COVER
  POSSIBLE SUNSHINE  MM
  AVERAGE SKY COVER 0.7


WEATHER CONDITIONS
 THE FOLLOWING WEATHER WAS RECORDED TODAY.
  NO SIGNIFICANT WEATHER WAS OBSERVED.


RELATIVE HUMIDITY (PERCENT)
 HIGHEST    31          1200 AM
 LOWEST      4           300 PM
 AVERAGE    18

..........................................................


THE COLORADO SPRINGS CO CLIMATE NORMALS FOR TOMORROW
                         NORMAL    RECORD    YEAR
 MAXIMUM TEMPERATURE (F)   53        74      1907
 MINIMUM TEMPERATURE (F)   27        -2      1965


SUNRISE AND SUNSET
MARCH 19 2017.........SUNRISE   703 AM MDT   SUNSET   710 PM MDT
MARCH 20 2017.........SUNRISE   702 AM MDT   SUNSET   711 PM MDT


-  INDICATES NEGATIVE NUMBERS.
R  INDICATES RECORD WAS SET OR TIED.
MM INDICATES DATA IS MISSING.
T  INDICATES TRACE AMOUNT.




$$
