491
CDUS45 KPUB 221024
CLICOS


CLIMATE REPORT
NATIONAL WEATHER SERVICE PUEBLO
424 AM MDT WED MAR 22 2017


...................................

...THE COLORADO SPRINGS CO CLIMATE SUMMARY FOR MARCH 21 2017...

CLIMATE NORMAL PERIOD 1981 TO 2010
CLIMATE RECORD PERIOD 1872 TO 2017


WEATHER ITEM   OBSERVED TIME   RECORD YEAR NORMAL DEPARTURE LAST
                VALUE   (LST)  VALUE       VALUE  FROM      YEAR
                                                  NORMAL
..................................................................
TEMPERATURE (F)
 YESTERDAY
  MAXIMUM         60    148 PM  75    1995  53      7       74
  MINIMUM         35    544 AM   1    1914  27      8       29
  AVERAGE         48                        40      8       52

PRECIPITATION (IN)
  YESTERDAY        0.00          0.48 1941   0.04  -0.04     0.00
  MONTH TO DATE    T                         0.65  -0.65     0.17
  SINCE MAR 1      T                         0.65  -0.65     0.17
  SINCE JAN 1      0.39                      1.31  -0.92     1.71

SNOWFALL (IN)
  YESTERDAY        0.0           5.5  1944   0.3   -0.3      0.0
  MONTH TO DATE    0.0                       5.4   -5.4      2.3
  SINCE MAR 1      0.0                       5.4   -5.4      2.3
  SINCE JUL 1     13.4                      29.4  -16.0     29.4
  SNOW DEPTH       0

DEGREE DAYS
 HEATING
  YESTERDAY       17                        25     -8       13
  MONTH TO DATE  359                       571   -212      455
  SINCE MAR 1    359                       571   -212      455
  SINCE JUL 1   4112                      5134  -1022     4358

 COOLING
  YESTERDAY        0                         0      0        0
  MONTH TO DATE    0                         0      0        0
  SINCE MAR 1      0                         0      0        0
  SINCE JAN 1      0                         0      0        0
..................................................................


WIND (MPH)
  HIGHEST WIND SPEED    22   HIGHEST WIND DIRECTION     S (170)
  HIGHEST GUST SPEED    25   HIGHEST GUST DIRECTION     S (160)
  AVERAGE WIND SPEED    10.4


SKY COVER
  POSSIBLE SUNSHINE  MM
  AVERAGE SKY COVER 0.5


WEATHER CONDITIONS
 THE FOLLOWING WEATHER WAS RECORDED YESTERDAY.
  NO SIGNIFICANT WEATHER WAS OBSERVED.


RELATIVE HUMIDITY (PERCENT)
 HIGHEST    85           700 AM
 LOWEST     37           200 PM
 AVERAGE    61

..........................................................


THE COLORADO SPRINGS CO CLIMATE NORMALS FOR TODAY
                         NORMAL    RECORD    YEAR
 MAXIMUM TEMPERATURE (F)   54        73      2009
                                             2004
 MINIMUM TEMPERATURE (F)   27        -2      1898


SUNRISE AND SUNSET
MARCH 22 2017.........SUNRISE   659 AM MDT   SUNSET   713 PM MDT
MARCH 23 2017.........SUNRISE   657 AM MDT   SUNSET   714 PM MDT


-  INDICATES NEGATIVE NUMBERS.
R  INDICATES RECORD WAS SET OR TIED.
MM INDICATES DATA IS MISSING.
T  INDICATES TRACE AMOUNT.




$$
