000
CDUS45 KPUB 051036
CLICOS


CLIMATE REPORT
NATIONAL WEATHER SERVICE PUEBLO
436 AM MDT SAT JUL 5 2014


...................................

...THE COLORADO SPRINGS CO CLIMATE SUMMARY FOR JULY 4 2014...

CLIMATE NORMAL PERIOD 1981 TO 2010
CLIMATE RECORD PERIOD 1872 TO 2014


WEATHER ITEM   OBSERVED TIME   RECORD YEAR NORMAL DEPARTURE LAST
                VALUE   (LST)  VALUE       VALUE  FROM      YEAR
                                                  NORMAL
..................................................................
TEMPERATURE (F)
 YESTERDAY
  MAXIMUM         90   1205 PM  99    1964  85      5       90
  MINIMUM         59    446 AM  37    1903  56      3       57
  AVERAGE         75                        70      5       74

PRECIPITATION (IN)
  YESTERDAY        0.08          1.07 2009   0.07   0.01      T
  MONTH TO DATE    0.56                      0.28   0.28     0.02
  SINCE JUN 1      1.85                      2.78  -0.93     0.62
  SINCE JAN 1      6.64                      7.89  -1.25     3.35

SNOWFALL (IN)
  YESTERDAY        0.0           0.0  2002   0.0    0.0      0.0
                                      2001
  MONTH TO DATE    T                         0.0    0.0      0.0
  SINCE JUN 1      T                         0.0    0.0      0.0
  SINCE JUL 1      T                         0.0    0.0      0.0
  SNOW DEPTH       0

DEGREE DAYS
 HEATING
  YESTERDAY        0                         0      0        0
  MONTH TO DATE    4                         3      1        2
  SINCE JUN 1     43                        82    -39       27
  SINCE JUL 1      4                         3      1        2

 COOLING
  YESTERDAY       10                         6      4        9
  MONTH TO DATE   15                        22     -7       13
  SINCE JUN 1    119                       105     14      195
  SINCE JAN 1    132                       115     17      217
..................................................................


WIND (MPH)
  HIGHEST WIND SPEED    32   HIGHEST WIND DIRECTION     S (190)
  HIGHEST GUST SPEED    45   HIGHEST GUST DIRECTION    SE (130)
  AVERAGE WIND SPEED     9.5


SKY COVER
  POSSIBLE SUNSHINE  MM
  AVERAGE SKY COVER 0.6


WEATHER CONDITIONS
 THE FOLLOWING WEATHER WAS RECORDED YESTERDAY.
  THUNDERSTORM
  LIGHT RAIN


RELATIVE HUMIDITY (PERCENT)
 HIGHEST    64           500 AM
 LOWEST     17          1200 PM
 AVERAGE    41

..........................................................


THE COLORADO SPRINGS CO CLIMATE NORMALS FOR TODAY
                         NORMAL    RECORD    YEAR
 MAXIMUM TEMPERATURE (F)   85        97      2008
                                             1989
                                             1985
 MINIMUM TEMPERATURE (F)   56        41      1903
                                             1900


SUNRISE AND SUNSET
JULY  5 2014..........SUNRISE   540 AM MDT   SUNSET   827 PM MDT
JULY  6 2014..........SUNRISE   540 AM MDT   SUNSET   827 PM MDT


-  INDICATES NEGATIVE NUMBERS.
R  INDICATES RECORD WAS SET OR TIED.
MM INDICATES DATA IS MISSING.
T  INDICATES TRACE AMOUNT.




$$
