000
CDUS45 KPUB 142320
CLICOS


CLIMATE REPORT
NATIONAL WEATHER SERVICE PUEBLO
520 PM MDT THU APR 14 2016


...................................

...THE COLORADO SPRINGS CO CLIMATE SUMMARY FOR APRIL 14 2016...
VALID TODAY AS OF 0500 PM LOCAL TIME.

CLIMATE NORMAL PERIOD 1981 TO 2010
CLIMATE RECORD PERIOD 1872 TO 2016


WEATHER ITEM   OBSERVED TIME   RECORD YEAR NORMAL DEPARTURE LAST
                VALUE   (LST)  VALUE       VALUE  FROM      YEAR
                                                  NORMAL
..................................................................
TEMPERATURE (F)
 TODAY
  MAXIMUM         75    119 PM  81    2002  59     16       72
  MINIMUM         41    241 AM   8    1933  33      8       29
  AVERAGE         58                        46     12       51

PRECIPITATION (IN)
  TODAY            0.00          0.98 1945   0.04  -0.04     0.00
  MONTH TO DATE    0.58                      0.53   0.05     0.04
  SINCE MAR 1      1.31                      1.53  -0.22     0.85
  SINCE JAN 1      2.85                      2.19   0.66     3.17

SNOWFALL (IN)
  TODAY            0.0           9.5  1945   0.1   -0.1      0.0
  MONTH TO DATE    0.1                       2.6   -2.5      0.2
  SINCE MAR 1     10.6                      10.7   -0.1      4.1
  SINCE JUL 1     37.7                      34.7    3.0     45.0
  SNOW DEPTH       0

DEGREE DAYS
 HEATING
  TODAY            7                        19    -12       14
  MONTH TO DATE  212                       290    -78      210
  SINCE MAR 1    922                      1095   -173      879
  SINCE JUL 1   4825                      5658   -833     5100

 COOLING
  TODAY            0                         0      0        0
  MONTH TO DATE    0                         0      0        0
  SINCE MAR 1      0                         0      0        0
  SINCE JAN 1      0                         0      0        0
..................................................................


WIND (MPH)
  HIGHEST WIND SPEED    28   HIGHEST WIND DIRECTION     S (190)
  HIGHEST GUST SPEED    37   HIGHEST GUST DIRECTION     S (170)
  AVERAGE WIND SPEED    10.5


SKY COVER
  POSSIBLE SUNSHINE  MM
  AVERAGE SKY COVER 0.7


WEATHER CONDITIONS
 THE FOLLOWING WEATHER WAS RECORDED TODAY.
  NO SIGNIFICANT WEATHER WAS OBSERVED.


RELATIVE HUMIDITY (PERCENT)
 HIGHEST    76           400 AM
 LOWEST     16           200 PM
 AVERAGE    46

..........................................................


THE COLORADO SPRINGS CO CLIMATE NORMALS FOR TOMORROW
                         NORMAL    RECORD    YEAR
 MAXIMUM TEMPERATURE (F)   60        81      2002
 MINIMUM TEMPERATURE (F)   33        15      1961
                                             1945
                                             1902


SUNRISE AND SUNSET
APRIL 14 2016.........SUNRISE   623 AM MDT   SUNSET   735 PM MDT
APRIL 15 2016.........SUNRISE   622 AM MDT   SUNSET   736 PM MDT


-  INDICATES NEGATIVE NUMBERS.
R  INDICATES RECORD WAS SET OR TIED.
MM INDICATES DATA IS MISSING.
T  INDICATES TRACE AMOUNT.




$$
