000
CDUS45 KPUB 201138
CLICOS


CLIMATE REPORT
NATIONAL WEATHER SERVICE PUEBLO
436 AM MST TUE JAN 20 2015


...................................

...THE COLORADO SPRINGS CO CLIMATE SUMMARY FOR JANUARY 19 2015...

CLIMATE NORMAL PERIOD 1981 TO 2010
CLIMATE RECORD PERIOD 1872 TO 2015


WEATHER ITEM   OBSERVED TIME   RECORD YEAR NORMAL DEPARTURE LAST
                VALUE   (LST)  VALUE       VALUE  FROM      YEAR
                                                  NORMAL
..................................................................
TEMPERATURE (F)
 YESTERDAY
  MAXIMUM         57   1134 AM  70    1986  43     14       63
  MINIMUM         33   1159 PM -17    1943  18     15       24
  AVERAGE         45                        31     14       44

PRECIPITATION (IN)
  YESTERDAY        0.00          0.39 1990   0.02  -0.02     0.00
  MONTH TO DATE    0.57                      0.19   0.38     0.18
  SINCE DEC 1      0.73                      0.53   0.20     0.25
  SINCE JAN 1      0.57                      0.19   0.38     0.18

SNOWFALL (IN)
  YESTERDAY        0.0           5.7  1990   0.2   -0.2      0.0
  MONTH TO DATE    9.9                       3.4    6.5      3.5
  SINCE DEC 1     13.6                       9.1    4.5      6.4
  SINCE JUL 1     20.7                      16.9    3.8     10.6
  SNOW DEPTH       0

DEGREE DAYS
 HEATING
  YESTERDAY       20                        34    -14       21
  MONTH TO DATE  642                       656    -14      640
  SINCE DEC 1   1672                      1747    -75     1743
  SINCE JUL 1   2997                      3228   -231     3104

 COOLING
  YESTERDAY        0                         0      0        0
  MONTH TO DATE    0                         0      0        0
  SINCE DEC 1      0                         0      0        0
  SINCE JAN 1      0                         0      0        0
..................................................................


WIND (MPH)
  HIGHEST WIND SPEED    32   HIGHEST WIND DIRECTION    NW (310)
  HIGHEST GUST SPEED    42   HIGHEST GUST DIRECTION    NW (300)
  AVERAGE WIND SPEED    12.6


SKY COVER
  POSSIBLE SUNSHINE  MM
  AVERAGE SKY COVER 0.7


WEATHER CONDITIONS
 THE FOLLOWING WEATHER WAS RECORDED YESTERDAY.
  NO SIGNIFICANT WEATHER WAS OBSERVED.


RELATIVE HUMIDITY (PERCENT)
 HIGHEST    70          1000 PM
 LOWEST     21           400 AM
 AVERAGE    46

..........................................................


THE COLORADO SPRINGS CO CLIMATE NORMALS FOR TODAY
                         NORMAL    RECORD    YEAR
 MAXIMUM TEMPERATURE (F)   43        69      1950
 MINIMUM TEMPERATURE (F)   18       -12      1984


SUNRISE AND SUNSET
JANUARY 20 2015.......SUNRISE   714 AM MST   SUNSET   506 PM MST
JANUARY 21 2015.......SUNRISE   713 AM MST   SUNSET   508 PM MST


-  INDICATES NEGATIVE NUMBERS.
R  INDICATES RECORD WAS SET OR TIED.
MM INDICATES DATA IS MISSING.
T  INDICATES TRACE AMOUNT.




$$
