000
CDUS45 KPUB 112319
CLICOS


CLIMATE REPORT
NATIONAL WEATHER SERVICE PUEBLO
519 PM MDT WED MAY 11 2016


...................................

...THE COLORADO SPRINGS CO CLIMATE SUMMARY FOR MAY 11 2016...
VALID TODAY AS OF 0500 PM LOCAL TIME.

CLIMATE NORMAL PERIOD 1981 TO 2010
CLIMATE RECORD PERIOD 1872 TO 2016


WEATHER ITEM   OBSERVED TIME   RECORD YEAR NORMAL DEPARTURE LAST
                VALUE   (LST)  VALUE       VALUE  FROM      YEAR
                                                  NORMAL
..................................................................
TEMPERATURE (F)
 TODAY
  MAXIMUM         56   1040 AM  87    1961  68    -12       52
  MINIMUM         42    524 AM  25    1946  41      1       32
  AVERAGE         49                        54     -5       42

PRECIPITATION (IN)
  TODAY            0.20          0.70 1928   0.06   0.14      T
  MONTH TO DATE    0.21                      0.62  -0.41     3.93
  SINCE MAR 1      3.22                      3.04   0.18     5.71
  SINCE JAN 1      4.76                      3.70   1.06     8.03

SNOWFALL (IN)
  TODAY            0.0           1.9  1966   0.1   -0.1       T
  MONTH TO DATE    T                         0.6   -0.6       T
  SINCE MAR 1     23.6                      13.6   10.0      5.6
  SINCE JUL 1     50.7                      37.6   13.1     46.5
  SNOW DEPTH       0

DEGREE DAYS
 HEATING
  TODAY           16                        11      5       23
  MONTH TO DATE  138                       134      4      150
  SINCE MAR 1   1391                      1493   -102     1308
  SINCE JUL 1   5294                      6056   -762     5529

 COOLING
  TODAY            0                         0      0        0
  MONTH TO DATE    0                         0      0        0
  SINCE MAR 1      0                         1     -1        0
  SINCE JAN 1      0                         1     -1        0
..................................................................


WIND (MPH)
  HIGHEST WIND SPEED    28   HIGHEST WIND DIRECTION    NE (60)
  HIGHEST GUST SPEED    31   HIGHEST GUST DIRECTION    NE (50)
  AVERAGE WIND SPEED     7.8


SKY COVER
  POSSIBLE SUNSHINE  MM
  AVERAGE SKY COVER 0.8


WEATHER CONDITIONS
 THE FOLLOWING WEATHER WAS RECORDED TODAY.
  HEAVY RAIN
  RAIN
  LIGHT RAIN
  FOG


RELATIVE HUMIDITY (PERCENT)
 HIGHEST    83           100 AM
 LOWEST     50          1000 AM
 AVERAGE    67

..........................................................


THE COLORADO SPRINGS CO CLIMATE NORMALS FOR TOMORROW
                         NORMAL    RECORD    YEAR
 MAXIMUM TEMPERATURE (F)   68        86      1962
 MINIMUM TEMPERATURE (F)   42        23      1953


SUNRISE AND SUNSET
MAY 11 2016...........SUNRISE   550 AM MDT   SUNSET   801 PM MDT
MAY 12 2016...........SUNRISE   549 AM MDT   SUNSET   802 PM MDT


-  INDICATES NEGATIVE NUMBERS.
R  INDICATES RECORD WAS SET OR TIED.
MM INDICATES DATA IS MISSING.
T  INDICATES TRACE AMOUNT.




$$
