000
CDUS45 KPUB 271140
CLICOS


CLIMATE REPORT
NATIONAL WEATHER SERVICE PUEBLO
440 AM MST TUE DEC 27 2016


...................................

...THE COLORADO SPRINGS CO CLIMATE SUMMARY FOR DECEMBER 26 2016...

CLIMATE NORMAL PERIOD 1981 TO 2010
CLIMATE RECORD PERIOD 1872 TO 2016


WEATHER ITEM   OBSERVED TIME   RECORD YEAR NORMAL DEPARTURE LAST
                VALUE   (LST)  VALUE       VALUE  FROM      YEAR
                                                  NORMAL
..................................................................
TEMPERATURE (F)
 YESTERDAY
  MAXIMUM         42    313 PM  64    2005  42      0       22
                                      1919
  MINIMUM         16   1159 PM  -5    1894  17     -1       15
  AVERAGE         29                        30     -1       19

PRECIPITATION (IN)
  YESTERDAY        0.00          0.21 1987   0.01  -0.01      T
                                      1904
  MONTH TO DATE    0.68                      0.30   0.38     0.25
  SINCE DEC 1      0.68                      0.30   0.38     0.25
  SINCE JAN 1     14.35                     16.50  -2.15    25.25

SNOWFALL (IN)
  YESTERDAY        0.0           3.0  1904   0.2   -0.2       T
  MONTH TO DATE    6.4                       4.9    1.5      4.3
  SINCE DEC 1      6.4                       4.9    1.5      4.3
  SINCE JUL 1      6.4                      12.7   -6.3     10.1
  SNOW DEPTH       0

DEGREE DAYS
 HEATING
  YESTERDAY       36                        36      0       46
  MONTH TO DATE  952                       918     34      768
  SINCE DEC 1    952                       918     34      768
  SINCE JUL 1   1855                      2399   -544     1871

 COOLING
  YESTERDAY        0                         0      0        0
  MONTH TO DATE    0                         0      0        0
  SINCE DEC 1      0                         0      0        0
  SINCE JAN 1    710                       455    255      617
..................................................................


WIND (MPH)
  HIGHEST WIND SPEED    16   HIGHEST WIND DIRECTION     N (10)
  HIGHEST GUST SPEED    20   HIGHEST GUST DIRECTION     N (350)
  AVERAGE WIND SPEED     7.2


SKY COVER
  POSSIBLE SUNSHINE  MM
  AVERAGE SKY COVER 0.0


WEATHER CONDITIONS
 THE FOLLOWING WEATHER WAS RECORDED YESTERDAY.
  NO SIGNIFICANT WEATHER WAS OBSERVED.


RELATIVE HUMIDITY (PERCENT)
 HIGHEST    74          1000 PM
 LOWEST     17           200 PM
 AVERAGE    46

..........................................................


THE COLORADO SPRINGS CO CLIMATE NORMALS FOR TODAY
                         NORMAL    RECORD    YEAR
 MAXIMUM TEMPERATURE (F)   42        65      1980
                                             1955
 MINIMUM TEMPERATURE (F)   17        -8      1894


SUNRISE AND SUNSET
DECEMBER 27 2016......SUNRISE   716 AM MST   SUNSET   444 PM MST
DECEMBER 28 2016......SUNRISE   717 AM MST   SUNSET   445 PM MST


-  INDICATES NEGATIVE NUMBERS.
R  INDICATES RECORD WAS SET OR TIED.
MM INDICATES DATA IS MISSING.
T  INDICATES TRACE AMOUNT.




$$
