000
CDUS45 KPUB 191047
CLICOS


CLIMATE REPORT
NATIONAL WEATHER SERVICE PUEBLO
445 AM MDT FRI MAY 19 2017


...................................

...THE COLORADO SPRINGS CO CLIMATE SUMMARY FOR MAY 18 2017...

CLIMATE NORMAL PERIOD 1981 TO 2010
CLIMATE RECORD PERIOD 1872 TO 2017


WEATHER ITEM   OBSERVED TIME   RECORD YEAR NORMAL DEPARTURE LAST
                VALUE   (LST)  VALUE       VALUE  FROM      YEAR
                                                  NORMAL
..................................................................
TEMPERATURE (F)
 YESTERDAY
  MAXIMUM         50   1240 PM  91    1996  70    -20       57
  MINIMUM         34    850 AM  30    1930  43     -9       40
                                      1915
  AVERAGE         42                        56    -14       49

PRECIPITATION (IN)
  YESTERDAY        1.15          2.23 1955   0.06   1.09      T
  MONTH TO DATE    2.33                      1.05   1.28     1.03
  SINCE MAR 1      4.91                      3.47   1.44     4.04
  SINCE JAN 1      5.30                      4.13   1.17     5.58

SNOWFALL (IN)
  YESTERDAY        0.1 R         T    2007   0.0    0.1      0.0
                                      1995
  MONTH TO DATE    0.1                       0.7   -0.6       T
  SINCE MAR 1     11.8                      13.7   -1.9     23.6
  SINCE JUL 1     25.2                      37.7  -12.5     50.7
  SNOW DEPTH       0

DEGREE DAYS
 HEATING
  YESTERDAY       23                         9     14       16
  MONTH TO DATE  158                       201    -43      242
  SINCE MAR 1   1199                      1560   -361     1495
  SINCE JUL 1   4952                      6123  -1171     5398

 COOLING
  YESTERDAY        0                         0      0        0
  MONTH TO DATE    0                         0      0        0
  SINCE MAR 1      0                         1     -1        0
  SINCE JAN 1      0                         1     -1        0
..................................................................


WIND (MPH)
  HIGHEST WIND SPEED    36   HIGHEST WIND DIRECTION     N (350)
  HIGHEST GUST SPEED    43   HIGHEST GUST DIRECTION     N (340)
  AVERAGE WIND SPEED    15.6


SKY COVER
  POSSIBLE SUNSHINE  MM
  AVERAGE SKY COVER 0.9


WEATHER CONDITIONS
 THE FOLLOWING WEATHER WAS RECORDED YESTERDAY.
  THUNDERSTORM
  RAIN
  LIGHT RAIN
  SNOW
  LIGHT SNOW
  SLEET
  FOG


RELATIVE HUMIDITY (PERCENT)
 HIGHEST    92           400 AM
 LOWEST     70           200 PM
 AVERAGE    81

..........................................................


THE COLORADO SPRINGS CO CLIMATE NORMALS FOR TODAY
                         NORMAL    RECORD    YEAR
 MAXIMUM TEMPERATURE (F)   70        88      2009
 MINIMUM TEMPERATURE (F)   44        26      1915


SUNRISE AND SUNSET
MAY 19 2017...........SUNRISE   543 AM MDT   SUNSET   808 PM MDT
MAY 20 2017...........SUNRISE   542 AM MDT   SUNSET   809 PM MDT


-  INDICATES NEGATIVE NUMBERS.
R  INDICATES RECORD WAS SET OR TIED.
MM INDICATES DATA IS MISSING.
T  INDICATES TRACE AMOUNT.




$$
