000
CDUS45 KPUB 271032
CLICOS


CLIMATE REPORT
NATIONAL WEATHER SERVICE PUEBLO
432 AM MDT MON JUL 27 2015


...................................

...THE COLORADO SPRINGS CO CLIMATE SUMMARY FOR JULY 26 2015...

CLIMATE NORMAL PERIOD 1981 TO 2010
CLIMATE RECORD PERIOD 1872 TO 2015


WEATHER ITEM   OBSERVED TIME   RECORD YEAR NORMAL DEPARTURE LAST
                VALUE   (LST)  VALUE       VALUE  FROM      YEAR
                                                  NORMAL
..................................................................
TEMPERATURE (F)
 YESTERDAY
  MAXIMUM         88    542 PM  97    1953  84      4       91
  MINIMUM         62    447 AM  46    1913  58      4       60
                                      1900
  AVERAGE         75                        71      4       76

PRECIPITATION (IN)
  YESTERDAY        0.41          1.36 1955   0.11   0.30      T
  MONTH TO DATE    3.14                      2.30   0.84     2.89
  SINCE JUN 1      8.86                      4.80   4.06     4.18
  SINCE JAN 1     21.09                      9.91  11.18     8.97

SNOWFALL (IN)
  YESTERDAY        T   R         T    2002   0.0    0.0      0.0
  MONTH TO DATE    T                         0.0    0.0       T
  SINCE JUN 1      T                         0.0    0.0       T
  SINCE JUL 1      T                         0.0    0.0       T
  SNOW DEPTH       0

DEGREE DAYS
 HEATING
  YESTERDAY        0                         0      0        0
  MONTH TO DATE   10                         3      7       13
  SINCE JUN 1     20                        82    -62       52
  SINCE JUL 1     10                         3      7       13

 COOLING
  YESTERDAY       10                         6      4       11
  MONTH TO DATE  151                       159     -8      187
  SINCE JUN 1    273                       242     31      291
  SINCE JAN 1    273                       252     21      304
..................................................................


WIND (MPH)
  HIGHEST WIND SPEED    23   HIGHEST WIND DIRECTION     W (290)
  HIGHEST GUST SPEED    28   HIGHEST GUST DIRECTION     W (290)
  AVERAGE WIND SPEED     6.5


SKY COVER
  POSSIBLE SUNSHINE  MM
  AVERAGE SKY COVER 0.5


WEATHER CONDITIONS
 THE FOLLOWING WEATHER WAS RECORDED YESTERDAY.
  THUNDERSTORM
  HEAVY RAIN
  RAIN
  LIGHT RAIN
  HAIL


RELATIVE HUMIDITY (PERCENT)
 HIGHEST    87           100 PM
 LOWEST     22           500 PM
 AVERAGE    55

..........................................................


THE COLORADO SPRINGS CO CLIMATE NORMALS FOR TODAY
                         NORMAL    RECORD    YEAR
 MAXIMUM TEMPERATURE (F)   84        97      1960
 MINIMUM TEMPERATURE (F)   58        46      1909


SUNRISE AND SUNSET
JULY 27 2015..........SUNRISE   556 AM MDT   SUNSET   815 PM MDT
JULY 28 2015..........SUNRISE   556 AM MDT   SUNSET   814 PM MDT


-  INDICATES NEGATIVE NUMBERS.
R  INDICATES RECORD WAS SET OR TIED.
MM INDICATES DATA IS MISSING.
T  INDICATES TRACE AMOUNT.




$$
