000
CDUS45 KPUB 101137
CLICOS


CLIMATE REPORT
NATIONAL WEATHER SERVICE PUEBLO
437 AM MST WED DEC 10 2014


...................................

...THE COLORADO SPRINGS CO CLIMATE SUMMARY FOR DECEMBER 9 2014...

CLIMATE NORMAL PERIOD 1981 TO 2010
CLIMATE RECORD PERIOD 1872 TO 2014


WEATHER ITEM   OBSERVED TIME   RECORD YEAR NORMAL DEPARTURE LAST
                VALUE   (LST)  VALUE       VALUE  FROM      YEAR
                                                  NORMAL
..................................................................
TEMPERATURE (F)
 YESTERDAY
  MAXIMUM         55    229 PM  70    1957  42     13       18
  MINIMUM         22    559 AM -27    1919  18      4        3
  AVERAGE         39                        30      9       11

PRECIPITATION (IN)
  YESTERDAY        0.00          0.35 1945   0.01  -0.01      T
  MONTH TO DATE    0.02                      0.11  -0.09     0.07
  SINCE DEC 1      0.02                      0.11  -0.09     0.07
  SINCE JAN 1     16.90                     16.31   0.59    19.22

SNOWFALL (IN)
  YESTERDAY        0.0           3.3  2012   0.2   -0.2       T
  MONTH TO DATE    T                         1.7   -1.7      2.9
  SINCE DEC 1      T                         1.7   -1.7      2.9
  SINCE JUL 1      7.1                       9.5   -2.4      7.1
  SNOW DEPTH       0

DEGREE DAYS
 HEATING
  YESTERDAY       26                        35     -9       54
  MONTH TO DATE  246                       308    -62      418
  SINCE DEC 1    246                       308    -62      418
  SINCE JUL 1   1571                      1789   -218     1779

 COOLING
  YESTERDAY        0                         0      0        0
  MONTH TO DATE    0                         0      0        0
  SINCE DEC 1      0                         0      0        0
  SINCE JAN 1    487                       455     32      694
..................................................................


WIND (MPH)
  HIGHEST WIND SPEED    15   HIGHEST WIND DIRECTION    NE (30)
  HIGHEST GUST SPEED    16   HIGHEST GUST DIRECTION    NE (30)
  AVERAGE WIND SPEED     4.9


SKY COVER
  POSSIBLE SUNSHINE  MM
  AVERAGE SKY COVER 0.4


WEATHER CONDITIONS
 THE FOLLOWING WEATHER WAS RECORDED YESTERDAY.
  NO SIGNIFICANT WEATHER WAS OBSERVED.


RELATIVE HUMIDITY (PERCENT)
 HIGHEST    81           600 AM
 LOWEST     18           100 PM
 AVERAGE    50

..........................................................


THE COLORADO SPRINGS CO CLIMATE NORMALS FOR TODAY
                         NORMAL    RECORD    YEAR
 MAXIMUM TEMPERATURE (F)   42        66      1975
                                             1929
 MINIMUM TEMPERATURE (F)   18       -13      1898


SUNRISE AND SUNSET
DECEMBER 10 2014......SUNRISE   706 AM MST   SUNSET   437 PM MST
DECEMBER 11 2014......SUNRISE   707 AM MST   SUNSET   437 PM MST


-  INDICATES NEGATIVE NUMBERS.
R  INDICATES RECORD WAS SET OR TIED.
MM INDICATES DATA IS MISSING.
T  INDICATES TRACE AMOUNT.




$$
