000
CDUS45 KPUB 181150
CLICOS


CLIMATE REPORT
NATIONAL WEATHER SERVICE PUEBLO
437 AM MST FRI NOV 18 2016


...................................

...THE COLORADO SPRINGS CO CLIMATE SUMMARY FOR NOVEMBER 17 2016...

CLIMATE NORMAL PERIOD 1981 TO 2010
CLIMATE RECORD PERIOD 1872 TO 2016


WEATHER ITEM   OBSERVED TIME   RECORD YEAR NORMAL DEPARTURE LAST
                VALUE   (LST)  VALUE       VALUE  FROM      YEAR
                                                  NORMAL
..................................................................
TEMPERATURE (F)
 YESTERDAY
  MAXIMUM         60   1236 AM  78    1981  50     10       40
  MINIMUM         27   1159 PM   3    1903  25      2       29
  AVERAGE         44                        37      7       35

PRECIPITATION (IN)
  YESTERDAY        0.01          0.32 1991   0.01   0.00     0.09
  MONTH TO DATE    0.01                      0.24  -0.23     0.34
  SINCE SEP 1      0.17                      2.25  -2.08     2.04
  SINCE JAN 1     13.61                     16.04  -2.43    24.86

SNOWFALL (IN)
  YESTERDAY        T             8.6  1991   0.2   -0.2      1.3
  MONTH TO DATE    T                         2.4   -2.4      3.3
  SINCE SEP 1      T                         5.5   -5.5      3.3
  SINCE JUL 1      T                         5.5   -5.5      3.3
  SNOW DEPTH       T

DEGREE DAYS
 HEATING
  YESTERDAY       21                        28     -7       30
  MONTH TO DATE  248                       410   -162      345
  SINCE SEP 1    531                      1053   -522      659
  SINCE JUL 1    552                      1084   -532      678

 COOLING
  YESTERDAY        0                         0      0        0
  MONTH TO DATE    0                         0      0        0
  SINCE SEP 1     84                        37     47      102
  SINCE JAN 1    710                       455    255      617
..................................................................


WIND (MPH)
  HIGHEST WIND SPEED    28   HIGHEST WIND DIRECTION     N (350)
  HIGHEST GUST SPEED    34   HIGHEST GUST DIRECTION     N (350)
  AVERAGE WIND SPEED    12.8


SKY COVER
  POSSIBLE SUNSHINE  MM
  AVERAGE SKY COVER 0.7


WEATHER CONDITIONS
 THE FOLLOWING WEATHER WAS RECORDED YESTERDAY.
  MIXED PRECIP
  LIGHT RAIN
  LIGHT SNOW
  HAZE


RELATIVE HUMIDITY (PERCENT)
 HIGHEST    79           200 PM
 LOWEST     18          1200 AM
 AVERAGE    49

..........................................................


THE COLORADO SPRINGS CO CLIMATE NORMALS FOR TODAY
                         NORMAL    RECORD    YEAR
 MAXIMUM TEMPERATURE (F)   50        76      2008
 MINIMUM TEMPERATURE (F)   24        -5      1903


SUNRISE AND SUNSET
NOVEMBER 18 2016......SUNRISE   645 AM MST   SUNSET   443 PM MST
NOVEMBER 19 2016......SUNRISE   646 AM MST   SUNSET   442 PM MST


-  INDICATES NEGATIVE NUMBERS.
R  INDICATES RECORD WAS SET OR TIED.
MM INDICATES DATA IS MISSING.
T  INDICATES TRACE AMOUNT.




$$
