000
CDUS45 KPUB 150031
CLICOS


CLIMATE REPORT
NATIONAL WEATHER SERVICE PUEBLO
630 PM MDT MON JUL 14 2014


...................................

...THE COLORADO SPRINGS CO CLIMATE SUMMARY FOR JULY 14 2014...
VALID TODAY AS OF 0500 PM LOCAL TIME.

CLIMATE NORMAL PERIOD 1981 TO 2010
CLIMATE RECORD PERIOD 1872 TO 2014


WEATHER ITEM   OBSERVED TIME   RECORD YEAR NORMAL DEPARTURE LAST
                VALUE   (LST)  VALUE       VALUE  FROM      YEAR
                                                  NORMAL
..................................................................
TEMPERATURE (F)
 TODAY
  MAXIMUM         83   1137 AM  96    2005  85     -2       82
                                      1972
  MINIMUM         55    131 PM  44    1907  57     -2       60
  AVERAGE         69                        71     -2       71

PRECIPITATION (IN)
  TODAY            0.36          0.50 2013   0.08   0.28     0.50
  MONTH TO DATE    1.59                      1.07   0.52     2.14
  SINCE JUN 1      2.88                      3.57  -0.69     2.74
  SINCE JAN 1      7.67                      8.68  -1.01     5.47

SNOWFALL (IN)
  TODAY            T   R         0.0  2002   0.0    0.0      0.0
                                      2001
  MONTH TO DATE    T                         0.0    0.0       T
  SINCE JUN 1      T                         0.0    0.0       T
  SINCE JUL 1      T                         0.0    0.0       T
  SNOW DEPTH       0

DEGREE DAYS
 HEATING
  TODAY            0                         0      0        0
  MONTH TO DATE    5                         3      2        2
  SINCE JUN 1     44                        82    -38       27
  SINCE JUL 1      5                         3      2        2

 COOLING
  TODAY            4                         6     -2        6
  MONTH TO DATE   96                        82     14      117
  SINCE JUN 1    200                       165     35      299
  SINCE JAN 1    213                       175     38      321
..................................................................


WIND (MPH)
  HIGHEST WIND SPEED    38   HIGHEST WIND DIRECTION     S (200)
  HIGHEST GUST SPEED    51   HIGHEST GUST DIRECTION    SW (210)
  AVERAGE WIND SPEED     8.9


SKY COVER
  POSSIBLE SUNSHINE  MM
  AVERAGE SKY COVER 0.6


WEATHER CONDITIONS
 THE FOLLOWING WEATHER WAS RECORDED TODAY.
  THUNDERSTORM
  RAIN
  LIGHT RAIN
  HAIL
  FOG
  HAZE


RELATIVE HUMIDITY (PERCENT)
 HIGHEST    84           100 AM
 LOWEST     31          1200 PM
 AVERAGE    58

..........................................................


THE COLORADO SPRINGS CO CLIMATE NORMALS FOR TOMORROW
                         NORMAL    RECORD    YEAR
 MAXIMUM TEMPERATURE (F)   85        97      1925
 MINIMUM TEMPERATURE (F)   57        46      1907


SUNRISE AND SUNSET
JULY 14 2014..........SUNRISE   545 AM MDT   SUNSET   824 PM MDT
JULY 15 2014..........SUNRISE   546 AM MDT   SUNSET   823 PM MDT


-  INDICATES NEGATIVE NUMBERS.
R  INDICATES RECORD WAS SET OR TIED.
MM INDICATES DATA IS MISSING.
T  INDICATES TRACE AMOUNT.




$$
