000
CDUS45 KPUB 201141
CLICOS


CLIMATE REPORT
NATIONAL WEATHER SERVICE PUEBLO
440 AM MST MON NOV 20 2017


...................................

...THE COLORADO SPRINGS CO CLIMATE SUMMARY FOR NOVEMBER 19 2017...

CLIMATE NORMAL PERIOD 1981 TO 2010
CLIMATE RECORD PERIOD 1872 TO 2017


WEATHER ITEM   OBSERVED TIME   RECORD YEAR NORMAL DEPARTURE LAST
                VALUE   (LST)  VALUE       VALUE  FROM      YEAR
                                                  NORMAL
..................................................................
TEMPERATURE (F)
 YESTERDAY
  MAXIMUM         58    256 PM  76    2007  49      9       50
  MINIMUM         21    107 AM  -1    1906  24     -3       17
  AVERAGE         40                        36      4       34

PRECIPITATION (IN)
  YESTERDAY        0.00          0.81 1979   0.02  -0.02     0.00
  MONTH TO DATE    0.15                      0.27  -0.12     0.01
  SINCE SEP 1      3.15                      2.28   0.87     0.17
  SINCE JAN 1     18.43                     16.07   2.36    13.61

SNOWFALL (IN)
  YESTERDAY        0.0           7.4  1956   0.2   -0.2      0.0
  MONTH TO DATE    0.7                       2.7   -2.0       T
  SINCE SEP 1      1.6                       5.8   -4.2       T
  SINCE JUL 1      1.6                       5.8   -4.2       T
  SNOW DEPTH       0

DEGREE DAYS
 HEATING
  YESTERDAY       25                        28     -3       31
  MONTH TO DATE  397                       466    -69      314
  SINCE SEP 1    979                      1109   -130      597
  SINCE JUL 1    988                      1140   -152      618

 COOLING
  YESTERDAY        0                         0      0        0
  MONTH TO DATE    0                         0      0        0
  SINCE SEP 1     91                        37     54       84
  SINCE JAN 1    639                       455    184      710
..................................................................


WIND (MPH)
  HIGHEST WIND SPEED    21   HIGHEST WIND DIRECTION    NW (330)
  HIGHEST GUST SPEED    28   HIGHEST GUST DIRECTION    NW (330)
  AVERAGE WIND SPEED     6.9


SKY COVER
  POSSIBLE SUNSHINE  MM
  AVERAGE SKY COVER 0.6


WEATHER CONDITIONS
 THE FOLLOWING WEATHER WAS RECORDED YESTERDAY.
  NO SIGNIFICANT WEATHER WAS OBSERVED.


RELATIVE HUMIDITY (PERCENT)
 HIGHEST    81           100 AM
 LOWEST     11           900 PM
 AVERAGE    46

..........................................................


THE COLORADO SPRINGS CO CLIMATE NORMALS FOR TODAY
                         NORMAL    RECORD    YEAR
 MAXIMUM TEMPERATURE (F)   49        72      1955
                                             1897
 MINIMUM TEMPERATURE (F)   23        -6      1906


SUNRISE AND SUNSET
NOVEMBER 20 2017......SUNRISE   647 AM MST   SUNSET   442 PM MST
NOVEMBER 21 2017......SUNRISE   648 AM MST   SUNSET   441 PM MST


-  INDICATES NEGATIVE NUMBERS.
R  INDICATES RECORD WAS SET OR TIED.
MM INDICATES DATA IS MISSING.
T  INDICATES TRACE AMOUNT.




$$
