000
CDUS45 KPUB 091039
CLICOS


CLIMATE REPORT
NATIONAL WEATHER SERVICE PUEBLO
438 AM MDT MON OCT 9 2017


...................................

...THE COLORADO SPRINGS CO CLIMATE SUMMARY FOR OCTOBER 8 2017...

CLIMATE NORMAL PERIOD 1981 TO 2010
CLIMATE RECORD PERIOD 1872 TO 2017


WEATHER ITEM   OBSERVED TIME   RECORD YEAR NORMAL DEPARTURE LAST
                VALUE   (LST)  VALUE       VALUE  FROM      YEAR
                                                  NORMAL
..................................................................
TEMPERATURE (F)
 YESTERDAY
  MAXIMUM         75    149 PM  83    1979  66      9       74
                                      1958
  MINIMUM         38   1159 PM  21    1946  38      0       36
  AVERAGE         57                        52      5       55

PRECIPITATION (IN)
  YESTERDAY        T             0.40 2006   0.02  -0.02     0.00
  MONTH TO DATE    0.08                      0.22  -0.14      T
  SINCE SEP 1      2.85                      1.41   1.44     0.16
  SINCE JAN 1     18.13                     15.20   2.93    13.60

SNOWFALL (IN)
  YESTERDAY        T             6.1  1990   0.0    0.0      0.0
  MONTH TO DATE    T                         0.4   -0.4      0.0
  SINCE SEP 1      T                         0.6   -0.6      0.0
  SINCE JUL 1      T                         0.6   -0.6       T
  SNOW DEPTH       0

DEGREE DAYS
 HEATING
  YESTERDAY        8                        13     -5       10
  MONTH TO DATE   83                        94    -11       72
  SINCE SEP 1    215                       253    -38      135
  SINCE JUL 1    224                       284    -60      156

 COOLING
  YESTERDAY        0                         0      0        0
  MONTH TO DATE    0                         0      0        0
  SINCE SEP 1     91                        36     55       75
  SINCE JAN 1    639                       454    185      701
..................................................................


WIND (MPH)
  HIGHEST WIND SPEED    35   HIGHEST WIND DIRECTION     N (350)
  HIGHEST GUST SPEED    44   HIGHEST GUST DIRECTION     N (360)
  AVERAGE WIND SPEED    16.1


SKY COVER
  POSSIBLE SUNSHINE  MM
  AVERAGE SKY COVER 0.4


WEATHER CONDITIONS
 THE FOLLOWING WEATHER WAS RECORDED YESTERDAY.
  LIGHT RAIN
  LIGHT SNOW


RELATIVE HUMIDITY (PERCENT)
 HIGHEST    63          1000 PM
 LOWEST     13           100 AM
 AVERAGE    38

..........................................................


THE COLORADO SPRINGS CO CLIMATE NORMALS FOR TODAY
                         NORMAL    RECORD    YEAR
 MAXIMUM TEMPERATURE (F)   65        82      1963
                                             1950
 MINIMUM TEMPERATURE (F)   38        19      1970


SUNRISE AND SUNSET
OCTOBER  9 2017.......SUNRISE   703 AM MDT   SUNSET   629 PM MDT
OCTOBER 10 2017.......SUNRISE   704 AM MDT   SUNSET   627 PM MDT


-  INDICATES NEGATIVE NUMBERS.
R  INDICATES RECORD WAS SET OR TIED.
MM INDICATES DATA IS MISSING.
T  INDICATES TRACE AMOUNT.




$$
