000
CDUS45 KPUB 151134
CLICOS


CLIMATE REPORT
NATIONAL WEATHER SERVICE PUEBLO
434 AM MST THU JAN 15 2015


...................................

...THE COLORADO SPRINGS CO CLIMATE SUMMARY FOR JANUARY 14 2015...

CLIMATE NORMAL PERIOD 1981 TO 2010
CLIMATE RECORD PERIOD 1872 TO 2015


WEATHER ITEM   OBSERVED TIME   RECORD YEAR NORMAL DEPARTURE LAST
                VALUE   (LST)  VALUE       VALUE  FROM      YEAR
                                                  NORMAL
..................................................................
TEMPERATURE (F)
 YESTERDAY
  MAXIMUM         29    153 PM  66    2006  43    -14       37
  MINIMUM         18    459 AM  -6    1997  18      0       15
                                      1930
                                      1917
  AVERAGE         24                        31     -7       26

PRECIPITATION (IN)
  YESTERDAY        T             0.20 1959   0.01  -0.01      T
  MONTH TO DATE    0.57                      0.13   0.44     0.18
  SINCE DEC 1      0.73                      0.47   0.26     0.25
  SINCE JAN 1      0.57                      0.13   0.44     0.18

SNOWFALL (IN)
  YESTERDAY        T             3.7  1984   0.2   -0.2       T
  MONTH TO DATE    9.9                       2.5    7.4      3.5
  SINCE DEC 1     13.6                       8.2    5.4      6.4
  SINCE JUL 1     20.7                      16.0    4.7     10.6
  SNOW DEPTH       7

DEGREE DAYS
 HEATING
  YESTERDAY       41                        34      7       39
  MONTH TO DATE  515                       486     29      502
  SINCE DEC 1   1545                      1577    -32     1605
  SINCE JUL 1   2870                      3058   -188     2966

 COOLING
  YESTERDAY        0                         0      0        0
  MONTH TO DATE    0                         0      0        0
  SINCE DEC 1      0                         0      0        0
  SINCE JAN 1      0                         0      0        0
..................................................................


WIND (MPH)
  HIGHEST WIND SPEED    13   HIGHEST WIND DIRECTION     N (350)
  HIGHEST GUST SPEED    16   HIGHEST GUST DIRECTION     N (340)
  AVERAGE WIND SPEED     4.6


SKY COVER
  POSSIBLE SUNSHINE  MM
  AVERAGE SKY COVER 0.7


WEATHER CONDITIONS
 THE FOLLOWING WEATHER WAS RECORDED YESTERDAY.
  LIGHT SNOW
  FOG


RELATIVE HUMIDITY (PERCENT)
 HIGHEST   100          1000 AM
 LOWEST     65          1100 PM
 AVERAGE    83

..........................................................


THE COLORADO SPRINGS CO CLIMATE NORMALS FOR TODAY
                         NORMAL    RECORD    YEAR
 MAXIMUM TEMPERATURE (F)   43        68      1974
 MINIMUM TEMPERATURE (F)   18       -14      1984


SUNRISE AND SUNSET
JANUARY 15 2015.......SUNRISE   716 AM MST   SUNSET   501 PM MST
JANUARY 16 2015.......SUNRISE   715 AM MST   SUNSET   502 PM MST


-  INDICATES NEGATIVE NUMBERS.
R  INDICATES RECORD WAS SET OR TIED.
MM INDICATES DATA IS MISSING.
T  INDICATES TRACE AMOUNT.




$$
