000
CDUS45 KPUB 060026
CLICOS


CLIMATE REPORT
NATIONAL WEATHER SERVICE PUEBLO
626 PM MDT SAT APR 5 2014


...................................

...THE COLORADO SPRINGS CO CLIMATE SUMMARY FOR APRIL 5 2014...
VALID TODAY AS OF 0500 PM LOCAL TIME.

CLIMATE NORMAL PERIOD 1981 TO 2010
CLIMATE RECORD PERIOD 1872 TO 2014


WEATHER ITEM   OBSERVED TIME   RECORD YEAR NORMAL DEPARTURE LAST
                VALUE   (LST)  VALUE       VALUE  FROM      YEAR
                                                  NORMAL
..................................................................
TEMPERATURE (F)
 TODAY
  MAXIMUM         53   1204 PM  77    1991  57     -4       74
  MINIMUM         30    543 AM  11    1933  30      0       38
  AVERAGE         42                        44     -2       56

PRECIPITATION (IN)
  TODAY            T             1.64 1900   0.04  -0.04     0.00
  MONTH TO DATE    0.51                      0.17   0.34     0.01
  SINCE MAR 1      0.93                      1.17  -0.24     0.19
  SINCE JAN 1      1.82                      1.83  -0.01     1.27

SNOWFALL (IN)
  TODAY            0.0          18.0  1900   0.2   -0.2      0.0
  MONTH TO DATE    6.0                       1.0    5.0       T
  SINCE MAR 1      8.8                       9.1   -0.3      4.2
  SINCE JUL 1     32.9                      33.1   -0.2     24.2
  SNOW DEPTH       0

DEGREE DAYS
 HEATING
  TODAY           23                        21      2        9
  MONTH TO DATE  127                       109     18      103
  SINCE MAR 1    908                       914     -6      915
  SINCE JUL 1   5395                      5477    -82     5259

 COOLING
  TODAY            0                         0      0        0
  MONTH TO DATE    0                         0      0        0
  SINCE MAR 1      0                         0      0        0
  SINCE JAN 1      0                         0      0        0
..................................................................


WIND (MPH)
  HIGHEST WIND SPEED    24   HIGHEST WIND DIRECTION    NE (50)
  HIGHEST GUST SPEED    29   HIGHEST GUST DIRECTION    NE (50)
  AVERAGE WIND SPEED     6.1


SKY COVER
  POSSIBLE SUNSHINE  MM
  AVERAGE SKY COVER 0.7


WEATHER CONDITIONS
 THE FOLLOWING WEATHER WAS RECORDED TODAY.
  LIGHT RAIN


RELATIVE HUMIDITY (PERCENT)
 HIGHEST    78           100 AM
 LOWEST     22          1200 PM
 AVERAGE    50

..........................................................


THE COLORADO SPRINGS CO CLIMATE NORMALS FOR TOMORROW
                         NORMAL    RECORD    YEAR
 MAXIMUM TEMPERATURE (F)   57        82      1991
 MINIMUM TEMPERATURE (F)   31         8      1945


SUNRISE AND SUNSET
APRIL  5 2014.........SUNRISE   637 AM MDT   SUNSET   726 PM MDT
APRIL  6 2014.........SUNRISE   636 AM MDT   SUNSET   727 PM MDT


-  INDICATES NEGATIVE NUMBERS.
R  INDICATES RECORD WAS SET OR TIED.
MM INDICATES DATA IS MISSING.
T  INDICATES TRACE AMOUNT.




$$
