000
CDUS45 KPUB 171043
CLICOS


CLIMATE REPORT
NATIONAL WEATHER SERVICE PUEBLO
443 AM MDT WED MAY 17 2017


...................................

...THE COLORADO SPRINGS CO CLIMATE SUMMARY FOR MAY 16 2017...

CLIMATE NORMAL PERIOD 1981 TO 2010
CLIMATE RECORD PERIOD 1872 TO 2017


WEATHER ITEM   OBSERVED TIME   RECORD YEAR NORMAL DEPARTURE LAST
                VALUE   (LST)  VALUE       VALUE  FROM      YEAR
                                                  NORMAL
..................................................................
TEMPERATURE (F)
 YESTERDAY
  MAXIMUM         73    204 PM  90    1996  69      4       51
  MINIMUM         50   1159 PM  26    1916  43      7       40
  AVERAGE         62                        56      6       46

PRECIPITATION (IN)
  YESTERDAY        T             0.85 1954   0.05  -0.05     0.39
  MONTH TO DATE    1.17                      0.93   0.24     0.84
  SINCE MAR 1      3.75                      3.35   0.40     3.85
  SINCE JAN 1      4.14                      4.01   0.13     5.39

SNOWFALL (IN)
  YESTERDAY        0.0           3.1  1957   0.0    0.0      0.0
  MONTH TO DATE    T                         0.7   -0.7       T
  SINCE MAR 1     11.7                      13.7   -2.0     23.6
  SINCE JUL 1     25.1                      37.7  -12.6     50.7
  SNOW DEPTH       0

DEGREE DAYS
 HEATING
  YESTERDAY        3                         9     -6       19
  MONTH TO DATE  128                       183    -55      205
  SINCE MAR 1   1169                      1542   -373     1458
  SINCE JUL 1   4922                      6105  -1183     5361

 COOLING
  YESTERDAY        0                         0      0        0
  MONTH TO DATE    0                         0      0        0
  SINCE MAR 1      0                         1     -1        0
  SINCE JAN 1      0                         1     -1        0
..................................................................


WIND (MPH)
  HIGHEST WIND SPEED    38   HIGHEST WIND DIRECTION    SW (240)
  HIGHEST GUST SPEED    51   HIGHEST GUST DIRECTION    SW (240)
  AVERAGE WIND SPEED    13.7


SKY COVER
  POSSIBLE SUNSHINE  MM
  AVERAGE SKY COVER 0.4


WEATHER CONDITIONS
 THE FOLLOWING WEATHER WAS RECORDED YESTERDAY.
  LIGHT RAIN


RELATIVE HUMIDITY (PERCENT)
 HIGHEST    59           900 PM
 LOWEST     16          1000 AM
 AVERAGE    38

..........................................................


THE COLORADO SPRINGS CO CLIMATE NORMALS FOR TODAY
                         NORMAL    RECORD    YEAR
 MAXIMUM TEMPERATURE (F)   69        88      1970
 MINIMUM TEMPERATURE (F)   43        23      1910


SUNRISE AND SUNSET
MAY 17 2017...........SUNRISE   545 AM MDT   SUNSET   806 PM MDT
MAY 18 2017...........SUNRISE   544 AM MDT   SUNSET   807 PM MDT


-  INDICATES NEGATIVE NUMBERS.
R  INDICATES RECORD WAS SET OR TIED.
MM INDICATES DATA IS MISSING.
T  INDICATES TRACE AMOUNT.




$$
