000
CDUS45 KPUB 101049
CLICOS


CLIMATE REPORT
NATIONAL WEATHER SERVICE PUEBLO
448 AM MDT SAT JUN 10 2017


...................................

...THE COLORADO SPRINGS CO CLIMATE SUMMARY FOR JUNE 9 2017...

CLIMATE NORMAL PERIOD 1981 TO 2010
CLIMATE RECORD PERIOD 1872 TO 2017


WEATHER ITEM   OBSERVED TIME   RECORD YEAR NORMAL DEPARTURE LAST
                VALUE   (LST)  VALUE       VALUE  FROM      YEAR
                                                  NORMAL
..................................................................
TEMPERATURE (F)
 YESTERDAY
  MAXIMUM         91    336 PM  95    2002  77     14       87
                                      1981
  MINIMUM         51    500 AM  37    1975  50      1       53
  AVERAGE         71                        63      8       70

PRECIPITATION (IN)
  YESTERDAY        0.00          1.44 1975   0.08  -0.08     0.00
  MONTH TO DATE    0.09                      0.83  -0.74     0.12
  SINCE JUN 1      0.09                      0.83  -0.74     0.12
  SINCE JAN 1      6.21                      5.94   0.27     7.05

SNOWFALL (IN)
  YESTERDAY        0.0           T    1975   0.0    0.0      0.0
  MONTH TO DATE    0.0                       0.0    0.0       T
  SINCE JUN 1      0.0                       0.0    0.0       T
  SINCE JUL 1     25.2                      37.7  -12.5     50.7
  SNOW DEPTH       0

DEGREE DAYS
 HEATING
  YESTERDAY        0                         4     -4        0
  MONTH TO DATE    8                        40    -32        6
  SINCE JUN 1      8                        40    -32        6
  SINCE JUL 1   5086                      6253  -1167     5482

 COOLING
  YESTERDAY        6                         2      4        5
  MONTH TO DATE   11                        11      0       18
  SINCE JUN 1     11                        11      0       18
  SINCE JAN 1     13                        21     -8       20
..................................................................


WIND (MPH)
  HIGHEST WIND SPEED    26   HIGHEST WIND DIRECTION     S (180)
  HIGHEST GUST SPEED    31   HIGHEST GUST DIRECTION     S (200)
  AVERAGE WIND SPEED     9.0


SKY COVER
  POSSIBLE SUNSHINE  MM
  AVERAGE SKY COVER 0.4


WEATHER CONDITIONS
 THE FOLLOWING WEATHER WAS RECORDED YESTERDAY.
  NO SIGNIFICANT WEATHER WAS OBSERVED.


RELATIVE HUMIDITY (PERCENT)
 HIGHEST    89           200 AM
 LOWEST      8          1200 PM
 AVERAGE    49

..........................................................


THE COLORADO SPRINGS CO CLIMATE NORMALS FOR TODAY
                         NORMAL    RECORD    YEAR
 MAXIMUM TEMPERATURE (F)   77        98      2013
 MINIMUM TEMPERATURE (F)   50        33      1975


SUNRISE AND SUNSET
JUNE 10 2017..........SUNRISE   533 AM MDT   SUNSET   824 PM MDT
JUNE 11 2017..........SUNRISE   533 AM MDT   SUNSET   824 PM MDT


-  INDICATES NEGATIVE NUMBERS.
R  INDICATES RECORD WAS SET OR TIED.
MM INDICATES DATA IS MISSING.
T  INDICATES TRACE AMOUNT.




$$
