000
CDUS45 KPUB 221144
CLICOS


CLIMATE REPORT
NATIONAL WEATHER SERVICE PUEBLO
443 AM MST SUN FEB 22 2015


...................................

...THE COLORADO SPRINGS CO CLIMATE SUMMARY FOR FEBRUARY 21 2015...

CLIMATE NORMAL PERIOD 1981 TO 2010
CLIMATE RECORD PERIOD 1872 TO 2015


WEATHER ITEM   OBSERVED TIME   RECORD YEAR NORMAL DEPARTURE LAST
                VALUE   (LST)  VALUE       VALUE  FROM      YEAR
                                                  NORMAL
..................................................................
TEMPERATURE (F)
 YESTERDAY
  MAXIMUM         31    421 PM  70    1927  46    -15       51
  MINIMUM         16   1159 PM  -5    1953  20     -4       22
                                      1939
                                      1913
  AVERAGE         24                        33     -9       37

PRECIPITATION (IN)
  YESTERDAY        0.31          0.66 1945   0.02   0.29     0.00
  MONTH TO DATE    0.96                      0.23   0.73     0.22
  SINCE DEC 1      1.99                      0.89   1.10     0.96
  SINCE JAN 1      1.83                      0.55   1.28     0.89

SNOWFALL (IN)
  YESTERDAY        5.0           6.5  1945   0.2    4.8      0.0
  MONTH TO DATE    9.2                       3.7    5.5      3.4
  SINCE DEC 1     26.4                      15.0   11.4     19.9
  SINCE JUL 1     33.5                      22.8   10.7     24.1
  SNOW DEPTH       0

DEGREE DAYS
 HEATING
  YESTERDAY       41                        32      9       28
  MONTH TO DATE  532                       702   -170      755
  SINCE DEC 1   2551                      2864   -313     2930
  SINCE JUL 1   3876                      4345   -469     4291

 COOLING
  YESTERDAY        0                         0      0        0
  MONTH TO DATE    0                         0      0        0
  SINCE DEC 1      0                         0      0        0
  SINCE JAN 1      0                         0      0        0
..................................................................


WIND (MPH)
  HIGHEST WIND SPEED    31   HIGHEST WIND DIRECTION    NW (330)
  HIGHEST GUST SPEED    39   HIGHEST GUST DIRECTION    NW (330)
  AVERAGE WIND SPEED    11.4


SKY COVER
  POSSIBLE SUNSHINE  MM
  AVERAGE SKY COVER 0.9


WEATHER CONDITIONS
 THE FOLLOWING WEATHER WAS RECORDED YESTERDAY.
  HAIL
  HEAVY SNOW
  SNOW
  LIGHT SNOW
  FOG


RELATIVE HUMIDITY (PERCENT)
 HIGHEST    92           600 AM
 LOWEST     67          1000 PM
 AVERAGE    80

..........................................................


THE COLORADO SPRINGS CO CLIMATE NORMALS FOR TODAY
                         NORMAL    RECORD    YEAR
 MAXIMUM TEMPERATURE (F)   46        70      1958
 MINIMUM TEMPERATURE (F)   21       -10      1911


SUNRISE AND SUNSET
FEBRUARY 22 2015......SUNRISE   641 AM MST   SUNSET   544 PM MST
FEBRUARY 23 2015......SUNRISE   640 AM MST   SUNSET   545 PM MST


-  INDICATES NEGATIVE NUMBERS.
R  INDICATES RECORD WAS SET OR TIED.
MM INDICATES DATA IS MISSING.
T  INDICATES TRACE AMOUNT.




$$
