000
CDUS45 KPUB 161027
CLICOS


CLIMATE REPORT
NATIONAL WEATHER SERVICE PUEBLO
427 AM MDT SAT MAY 16 2015


...................................

...THE COLORADO SPRINGS CO CLIMATE SUMMARY FOR MAY 15 2015...

CLIMATE NORMAL PERIOD 1981 TO 2010
CLIMATE RECORD PERIOD 1872 TO 2015


WEATHER ITEM   OBSERVED TIME   RECORD YEAR NORMAL DEPARTURE LAST
                VALUE   (LST)  VALUE       VALUE  FROM      YEAR
                                                  NORMAL
..................................................................
TEMPERATURE (F)
 YESTERDAY
  MAXIMUM         70   1146 AM  87    1996  69      1       61
                                      1978
  MINIMUM         43    445 AM  24    1916  43      0       34
  AVERAGE         57                        56      1       48

PRECIPITATION (IN)
  YESTERDAY        T             2.12 1957   0.07  -0.07     0.07
  MONTH TO DATE    4.05                      0.88   3.17     0.31
  SINCE MAR 1      5.83                      3.30   2.53     1.65
  SINCE JAN 1      8.15                      3.96   4.19     2.54

SNOWFALL (IN)
  YESTERDAY        0.0          11.8  1957   0.1   -0.1      0.0
  MONTH TO DATE    T                         0.7   -0.7      0.4
  SINCE MAR 1      5.6                      13.7   -8.1     10.7
  SINCE JUL 1     46.5                      37.7    8.8     34.8
  SNOW DEPTH       0

DEGREE DAYS
 HEATING
  YESTERDAY        8                        10     -2       17
  MONTH TO DATE  193                       174     19      208
  SINCE MAR 1   1351                      1533   -182     1506
  SINCE JUL 1   5572                      6096   -524     5993

 COOLING
  YESTERDAY        0                         0      0        0
  MONTH TO DATE    0                         0      0        3
  SINCE MAR 1      0                         1     -1        3
  SINCE JAN 1      0                         1     -1        3
..................................................................


WIND (MPH)
  HIGHEST WIND SPEED    32   HIGHEST WIND DIRECTION    SW (230)
  HIGHEST GUST SPEED    39   HIGHEST GUST DIRECTION    SW (220)
  AVERAGE WIND SPEED    11.9


SKY COVER
  POSSIBLE SUNSHINE  MM
  AVERAGE SKY COVER 0.7


WEATHER CONDITIONS
 THE FOLLOWING WEATHER WAS RECORDED YESTERDAY.
  LIGHT RAIN


RELATIVE HUMIDITY (PERCENT)
 HIGHEST    83           400 AM
 LOWEST     27           400 PM
 AVERAGE    55

..........................................................


THE COLORADO SPRINGS CO CLIMATE NORMALS FOR TODAY
                         NORMAL    RECORD    YEAR
 MAXIMUM TEMPERATURE (F)   69        90      1996
 MINIMUM TEMPERATURE (F)   43        26      1916


SUNRISE AND SUNSET
MAY 16 2015...........SUNRISE   546 AM MDT   SUNSET   805 PM MDT
MAY 17 2015...........SUNRISE   545 AM MDT   SUNSET   806 PM MDT


-  INDICATES NEGATIVE NUMBERS.
R  INDICATES RECORD WAS SET OR TIED.
MM INDICATES DATA IS MISSING.
T  INDICATES TRACE AMOUNT.




$$
