000
CDUS45 KPUB 162318
CLICOS


CLIMATE REPORT
NATIONAL WEATHER SERVICE PUEBLO
517 PM MDT SUN APR 16 2017


...................................

...THE COLORADO SPRINGS CO CLIMATE SUMMARY FOR APRIL 16 2017...
VALID TODAY AS OF 0500 PM LOCAL TIME.

CLIMATE NORMAL PERIOD 1981 TO 2010
CLIMATE RECORD PERIOD 1872 TO 2017


WEATHER ITEM   OBSERVED TIME   RECORD YEAR NORMAL DEPARTURE LAST
                VALUE   (LST)  VALUE       VALUE  FROM      YEAR
                                                  NORMAL
..................................................................
TEMPERATURE (F)
 TODAY
  MAXIMUM         67    237 PM  80    1985  60      7       36
  MINIMUM         41    535 AM  17    1904  33      8       31
  AVERAGE         54                        46      8       34

PRECIPITATION (IN)
  TODAY            0.00          0.72 2007   0.05  -0.05     0.21
  MONTH TO DATE    0.95                      0.63   0.32     0.81
  SINCE MAR 1      1.39                      1.63  -0.24     1.54
  SINCE JAN 1      1.78                      2.29  -0.51     3.08

SNOWFALL (IN)
  TODAY            0.0           3.5  1947   0.1   -0.1      2.6
                                      1944
  MONTH TO DATE    8.9                       2.9    6.0      2.7
  SINCE MAR 1     10.9                      11.0   -0.1     13.2
  SINCE JUL 1     24.3                      35.0  -10.7     40.3
  SNOW DEPTH       0

DEGREE DAYS
 HEATING
  TODAY           11                        18     -7       31
  MONTH TO DATE  250                       327    -77      260
  SINCE MAR 1    810                      1132   -322      970
  SINCE JUL 1   4563                      5695  -1132     4873

 COOLING
  TODAY            0                         0      0        0
  MONTH TO DATE    0                         0      0        0
  SINCE MAR 1      0                         0      0        0
  SINCE JAN 1      0                         0      0        0
..................................................................


WIND (MPH)
  HIGHEST WIND SPEED    23   HIGHEST WIND DIRECTION     S (160)
  HIGHEST GUST SPEED    28   HIGHEST GUST DIRECTION     S (170)
  AVERAGE WIND SPEED    12.2


SKY COVER
  POSSIBLE SUNSHINE  MM
  AVERAGE SKY COVER 0.6


WEATHER CONDITIONS
 THE FOLLOWING WEATHER WAS RECORDED TODAY.
  NO SIGNIFICANT WEATHER WAS OBSERVED.


RELATIVE HUMIDITY (PERCENT)
 HIGHEST    53           600 AM
 LOWEST     29           300 PM
 AVERAGE    41

..........................................................


THE COLORADO SPRINGS CO CLIMATE NORMALS FOR TOMORROW
                         NORMAL    RECORD    YEAR
 MAXIMUM TEMPERATURE (F)   60        80      1994
 MINIMUM TEMPERATURE (F)   34        12      1901


SUNRISE AND SUNSET
APRIL 16 2017.........SUNRISE   621 AM MDT   SUNSET   737 PM MDT
APRIL 17 2017.........SUNRISE   619 AM MDT   SUNSET   738 PM MDT


-  INDICATES NEGATIVE NUMBERS.
R  INDICATES RECORD WAS SET OR TIED.
MM INDICATES DATA IS MISSING.
T  INDICATES TRACE AMOUNT.




$$
