000
CDUS45 KPUB 301132
CLICOS


CLIMATE REPORT
NATIONAL WEATHER SERVICE PUEBLO
432 AM MST TUE JAN 30 2018


...................................

...THE COLORADO SPRINGS CO CLIMATE SUMMARY FOR JANUARY 29 2018...

CLIMATE NORMAL PERIOD 1981 TO 2010
CLIMATE RECORD PERIOD 1872 TO 2018


WEATHER ITEM   OBSERVED TIME   RECORD YEAR NORMAL DEPARTURE LAST
                VALUE   (LST)  VALUE       VALUE  FROM      YEAR
                                                  NORMAL
..................................................................
TEMPERATURE (F)
 YESTERDAY
  MAXIMUM         54    313 PM  66    1911  43     11       59
  MINIMUM         20    727 AM -12    1951  18      2       24
  AVERAGE         37                        30      7       42

PRECIPITATION (IN)
  YESTERDAY        0.00          0.62 1956   0.01  -0.01     0.00
  MONTH TO DATE    0.16                      0.30  -0.14     0.32
  SINCE DEC 1      0.17                      0.64  -0.47     1.00
  SINCE JAN 1      0.16                      0.30  -0.14     0.32

SNOWFALL (IN)
  YESTERDAY        0.0           7.6  1956   0.2   -0.2      0.0
  MONTH TO DATE    1.7                       5.3   -3.6      6.3
  SINCE DEC 1      2.6                      11.0   -8.4     12.7
  SINCE JUL 1      4.2                      18.8  -14.6     12.7
  SNOW DEPTH       0

DEGREE DAYS
 HEATING
  YESTERDAY       28                        35     -7       23
  MONTH TO DATE  881                       999   -118     1014
  SINCE DEC 1   1851                      2090   -239     2114
  SINCE JUL 1   3019                      3571   -552     3017

 COOLING
  YESTERDAY        0                         0      0        0
  MONTH TO DATE    0                         0      0        0
  SINCE DEC 1      0                         0      0        0
  SINCE JAN 1      0                         0      0        0
..................................................................


WIND (MPH)
  HIGHEST WIND SPEED    13   HIGHEST WIND DIRECTION    NE (30)
  HIGHEST GUST SPEED    16   HIGHEST GUST DIRECTION     S (160)
  AVERAGE WIND SPEED     5.5


SKY COVER
  POSSIBLE SUNSHINE  MM
  AVERAGE SKY COVER 0.4


WEATHER CONDITIONS
 THE FOLLOWING WEATHER WAS RECORDED YESTERDAY.
  NO SIGNIFICANT WEATHER WAS OBSERVED.


RELATIVE HUMIDITY (PERCENT)
 HIGHEST    88           300 AM
 LOWEST     24           200 PM
 AVERAGE    56

..........................................................


THE COLORADO SPRINGS CO CLIMATE NORMALS FOR TODAY
                         NORMAL    RECORD    YEAR
 MAXIMUM TEMPERATURE (F)   43        71      1986
 MINIMUM TEMPERATURE (F)   18       -11      1956
                                             1951


SUNRISE AND SUNSET
JANUARY 30 2018.......SUNRISE   707 AM MST   SUNSET   518 PM MST
JANUARY 31 2018.......SUNRISE   706 AM MST   SUNSET   519 PM MST


-  INDICATES NEGATIVE NUMBERS.
R  INDICATES RECORD WAS SET OR TIED.
MM INDICATES DATA IS MISSING.
T  INDICATES TRACE AMOUNT.




$$
