000
CDUS45 KPUB 201044
CLICOS


CLIMATE REPORT
NATIONAL WEATHER SERVICE PUEBLO
444 AM MDT WED APR 20 2016


...................................

...THE COLORADO SPRINGS CO CLIMATE SUMMARY FOR APRIL 19 2016...

CLIMATE NORMAL PERIOD 1981 TO 2010
CLIMATE RECORD PERIOD 1872 TO 2016


WEATHER ITEM   OBSERVED TIME   RECORD YEAR NORMAL DEPARTURE LAST
                VALUE   (LST)  VALUE       VALUE  FROM      YEAR
                                                  NORMAL
..................................................................
TEMPERATURE (F)
 YESTERDAY
  MAXIMUM         49    256 PM  79    1962  61    -12       51
  MINIMUM         30    544 AM  16    1966  34     -4       35
  AVERAGE         40                        47     -7       43

PRECIPITATION (IN)
  YESTERDAY        0.24          0.82 1942   0.05   0.19     0.01
  MONTH TO DATE    1.16                      0.78   0.38     0.74
  SINCE MAR 1      1.89                      1.78   0.11     1.55
  SINCE JAN 1      3.43                      2.44   0.99     3.87

SNOWFALL (IN)
  YESTERDAY        2.2           3.2  1944   0.2    2.0       T
  MONTH TO DATE    5.1                       3.4    1.7      1.7
  SINCE MAR 1     15.6                      11.5    4.1      5.6
  SINCE JUL 1     42.7                      35.5    7.2     46.5
  SNOW DEPTH       2

DEGREE DAYS
 HEATING
  YESTERDAY       25                        18      7       22
  MONTH TO DATE  344                       381    -37      320
  SINCE MAR 1   1054                      1186   -132      989
  SINCE JUL 1   4957                      5749   -792     5210

 COOLING
  YESTERDAY        0                         0      0        0
  MONTH TO DATE    0                         0      0        0
  SINCE MAR 1      0                         0      0        0
  SINCE JAN 1      0                         0      0        0
..................................................................


WIND (MPH)
  HIGHEST WIND SPEED    14   HIGHEST WIND DIRECTION     N (360)
  HIGHEST GUST SPEED    17   HIGHEST GUST DIRECTION     N (340)
  AVERAGE WIND SPEED     3.7


SKY COVER
  POSSIBLE SUNSHINE  MM
  AVERAGE SKY COVER 0.9


WEATHER CONDITIONS
 THE FOLLOWING WEATHER WAS RECORDED YESTERDAY.
  RAIN
  LIGHT RAIN
  SNOW
  LIGHT SNOW
  FOG


RELATIVE HUMIDITY (PERCENT)
 HIGHEST    92          1200 AM
 LOWEST     49           200 PM
 AVERAGE    71

..........................................................


THE COLORADO SPRINGS CO CLIMATE NORMALS FOR TODAY
                         NORMAL    RECORD    YEAR
 MAXIMUM TEMPERATURE (F)   61        81      1989
 MINIMUM TEMPERATURE (F)   34        13      1966


SUNRISE AND SUNSET
APRIL 20 2016.........SUNRISE   615 AM MDT   SUNSET   741 PM MDT
APRIL 21 2016.........SUNRISE   613 AM MDT   SUNSET   742 PM MDT


-  INDICATES NEGATIVE NUMBERS.
R  INDICATES RECORD WAS SET OR TIED.
MM INDICATES DATA IS MISSING.
T  INDICATES TRACE AMOUNT.




$$
