000
CDUS45 KPUB 270021
CLICOS


CLIMATE REPORT
NATIONAL WEATHER SERVICE PUEBLO
621 PM MDT WED AUG 26 2015


...................................

...THE COLORADO SPRINGS CO CLIMATE SUMMARY FOR AUGUST 26 2015...
VALID TODAY AS OF 0500 PM LOCAL TIME.

CLIMATE NORMAL PERIOD 1981 TO 2010
CLIMATE RECORD PERIOD 1872 TO 2015


WEATHER ITEM   OBSERVED TIME   RECORD YEAR NORMAL DEPARTURE LAST
                VALUE   (LST)  VALUE       VALUE  FROM      YEAR
                                                  NORMAL
..................................................................
TEMPERATURE (F)
 TODAY
  MAXIMUM         90   1241 PM  95    2007  80     10       72
  MINIMUM         56    556 AM  34    1910  54      2       58
  AVERAGE         73                        67      6       65

PRECIPITATION (IN)
  TODAY            0.00          1.62 1944   0.09  -0.09      T
  MONTH TO DATE    1.66                      2.90  -1.24     2.32
  SINCE JUN 1     10.52                      8.24   2.28     8.24
  SINCE JAN 1     22.75                     13.35   9.40    13.03

SNOWFALL (IN)
  TODAY            0.0           0.0  2002   0.0    0.0      0.0
  MONTH TO DATE    0.0                       0.0    0.0       T
  SINCE JUN 1      T                         0.0    0.0       T
  SINCE JUL 1      T                         0.0    0.0       T
  SNOW DEPTH       0

DEGREE DAYS
 HEATING
  TODAY            0                         1     -1        0
  MONTH TO DATE    9                        11     -2        5
  SINCE JUN 1     29                       100    -71       67
  SINCE JUL 1     19                        21     -2       28

 COOLING
  TODAY            8                         3      5        0
  MONTH TO DATE  182                       119     63      105
  SINCE JUN 1    486                       393     93      403
  SINCE JAN 1    486                       403     83      416
..................................................................


WIND (MPH)
  HIGHEST WIND SPEED    22   HIGHEST WIND DIRECTION     S (170)
  HIGHEST GUST SPEED    30   HIGHEST GUST DIRECTION     S (170)
  AVERAGE WIND SPEED     9.7


SKY COVER
  POSSIBLE SUNSHINE  MM
  AVERAGE SKY COVER 0.7


WEATHER CONDITIONS
 THE FOLLOWING WEATHER WAS RECORDED TODAY.
  NO SIGNIFICANT WEATHER WAS OBSERVED.


RELATIVE HUMIDITY (PERCENT)
 HIGHEST    62           300 AM
 LOWEST     12          1200 PM
 AVERAGE    37

..........................................................


THE COLORADO SPRINGS CO CLIMATE NORMALS FOR TOMORROW
                         NORMAL    RECORD    YEAR
 MAXIMUM TEMPERATURE (F)   80        94      1962
                                             1960
 MINIMUM TEMPERATURE (F)   54        39      1992


SUNRISE AND SUNSET
AUGUST 26 2015........SUNRISE   622 AM MDT   SUNSET   738 PM MDT
AUGUST 27 2015........SUNRISE   623 AM MDT   SUNSET   737 PM MDT


-  INDICATES NEGATIVE NUMBERS.
R  INDICATES RECORD WAS SET OR TIED.
MM INDICATES DATA IS MISSING.
T  INDICATES TRACE AMOUNT.




$$
