000
CDUS45 KPUB 110035
CLICOS


CLIMATE REPORT
NATIONAL WEATHER SERVICE PUEBLO
635 PM MDT WED SEP 10 2014


...................................

...THE COLORADO SPRINGS CO CLIMATE SUMMARY FOR SEPTEMBER 10 2014...
VALID TODAY AS OF 0500 PM LOCAL TIME.

CLIMATE NORMAL PERIOD 1981 TO 2010
CLIMATE RECORD PERIOD 1872 TO 2014


WEATHER ITEM   OBSERVED TIME   RECORD YEAR NORMAL DEPARTURE LAST
                VALUE   (LST)  VALUE       VALUE  FROM      YEAR
                                                  NORMAL
..................................................................
TEMPERATURE (F)
 TODAY
  MAXIMUM         69    255 PM  90    1979  77     -8       76
                                      1974
  MINIMUM         52    558 AM  32    1898  50      2       60
  AVERAGE         61                        63     -2       68

PRECIPITATION (IN)
  TODAY            T             0.51 1940   0.04  -0.04     0.07
  MONTH TO DATE    0.10                      0.55  -0.45     0.17
  SINCE SEP 1      0.10                      0.55  -0.45     0.17
  SINCE JAN 1     13.15                     14.34  -1.19    13.83

SNOWFALL (IN)
  TODAY            0.0           0.0  2002   0.0    0.0      0.0
  MONTH TO DATE    0.0                       0.0    0.0      0.0
  SINCE SEP 1      0.0                       0.0    0.0      0.0
  SINCE JUL 1      T                         0.0    0.0       T
  SNOW DEPTH       0

DEGREE DAYS
 HEATING
  TODAY            4                         3      1        0
  MONTH TO DATE   25                        25      0        0
  SINCE SEP 1     25                        25      0        0
  SINCE JUL 1     55                        56     -1       10

 COOLING
  TODAY            0                         2     -2        3
  MONTH TO DATE   23                        22      1       81
  SINCE SEP 1     23                        22      1       81
  SINCE JAN 1    450                       440     10      683
..................................................................


WIND (MPH)
  HIGHEST WIND SPEED    17   HIGHEST WIND DIRECTION     S (170)
  HIGHEST GUST SPEED    24   HIGHEST GUST DIRECTION    SE (140)
  AVERAGE WIND SPEED     9.9


SKY COVER
  POSSIBLE SUNSHINE  MM
  AVERAGE SKY COVER 0.6


WEATHER CONDITIONS
 THE FOLLOWING WEATHER WAS RECORDED TODAY.
  THUNDERSTORM
  LIGHT RAIN


RELATIVE HUMIDITY (PERCENT)
 HIGHEST    83           600 AM
 LOWEST     42           400 PM
 AVERAGE    63

..........................................................


THE COLORADO SPRINGS CO CLIMATE NORMALS FOR TOMORROW
                         NORMAL    RECORD    YEAR
 MAXIMUM TEMPERATURE (F)   77        89      1895
 MINIMUM TEMPERATURE (F)   49        30      1898


SUNRISE AND SUNSET
SEPTEMBER 10 2014.....SUNRISE   636 AM MDT   SUNSET   715 PM MDT
SEPTEMBER 11 2014.....SUNRISE   637 AM MDT   SUNSET   713 PM MDT


-  INDICATES NEGATIVE NUMBERS.
R  INDICATES RECORD WAS SET OR TIED.
MM INDICATES DATA IS MISSING.
T  INDICATES TRACE AMOUNT.




$$
