000
CDUS45 KPUB 051034
CLICOS


CLIMATE REPORT
NATIONAL WEATHER SERVICE PUEBLO
434 AM MDT SAT AUG 5 2017


...................................

...THE COLORADO SPRINGS CO CLIMATE SUMMARY FOR AUGUST 4 2017...

CLIMATE NORMAL PERIOD 1981 TO 2010
CLIMATE RECORD PERIOD 1872 TO 2017


WEATHER ITEM   OBSERVED TIME   RECORD YEAR NORMAL DEPARTURE LAST
                VALUE   (LST)  VALUE       VALUE  FROM      YEAR
                                                  NORMAL
..................................................................
TEMPERATURE (F)
 YESTERDAY
  MAXIMUM         77   1238 PM  94    2008  83     -6       75
  MINIMUM         57    604 AM  39    1935  57      0       59
  AVERAGE         67                        70     -3       67

PRECIPITATION (IN)
  YESTERDAY        0.13          3.98 1999   0.12   0.01     0.01
  MONTH TO DATE    0.20                      0.48  -0.28     0.01
  SINCE JUN 1      6.93                      5.82   1.11     4.09
  SINCE JAN 1     13.05                     10.93   2.12    11.02

SNOWFALL (IN)
  YESTERDAY        0.0           0.0  2002   0.0    0.0      0.0
  MONTH TO DATE    0.0                       0.0    0.0      0.0
  SINCE JUN 1      T                         0.0    0.0       T
  SINCE JUL 1      T                         0.0    0.0       T
  SNOW DEPTH       0

DEGREE DAYS
 HEATING
  YESTERDAY        0                         0      0        0
  MONTH TO DATE    1                         0      1        0
  SINCE JUN 1     22                        89    -67        8
  SINCE JUL 1      1                        10     -9        0

 COOLING
  YESTERDAY        2                         5     -3        2
  MONTH TO DATE   12                        23    -11       36
  SINCE JUN 1    437                       297    140      516
  SINCE JAN 1    439                       307    132      518
..................................................................


WIND (MPH)
  HIGHEST WIND SPEED    31   HIGHEST WIND DIRECTION    SW (210)
  HIGHEST GUST SPEED    39   HIGHEST GUST DIRECTION    SW (230)
  AVERAGE WIND SPEED    10.3


SKY COVER
  POSSIBLE SUNSHINE  MM
  AVERAGE SKY COVER 0.7


WEATHER CONDITIONS
 THE FOLLOWING WEATHER WAS RECORDED YESTERDAY.
  THUNDERSTORM
  RAIN
  LIGHT RAIN
  FOG
  HAZE


RELATIVE HUMIDITY (PERCENT)
 HIGHEST    93           600 AM
 LOWEST     41           700 PM
 AVERAGE    67

..........................................................


THE COLORADO SPRINGS CO CLIMATE NORMALS FOR TODAY
                         NORMAL    RECORD    YEAR
 MAXIMUM TEMPERATURE (F)   83        93      1980
                                             1960
 MINIMUM TEMPERATURE (F)   57        46      1928


SUNRISE AND SUNSET
AUGUST  5 2017........SUNRISE   604 AM MDT   SUNSET   805 PM MDT
AUGUST  6 2017........SUNRISE   605 AM MDT   SUNSET   804 PM MDT


-  INDICATES NEGATIVE NUMBERS.
R  INDICATES RECORD WAS SET OR TIED.
MM INDICATES DATA IS MISSING.
T  INDICATES TRACE AMOUNT.




$$
