000
CDUS45 KPUB 150041
CLICOS


CLIMATE REPORT
NATIONAL WEATHER SERVICE PUEBLO
641 PM MDT TUE OCT 14 2014


...................................

...THE COLORADO SPRINGS CO CLIMATE SUMMARY FOR OCTOBER 14 2014...
VALID TODAY AS OF 0500 PM LOCAL TIME.

CLIMATE NORMAL PERIOD 1981 TO 2010
CLIMATE RECORD PERIOD 1872 TO 2014


WEATHER ITEM   OBSERVED TIME   RECORD YEAR NORMAL DEPARTURE LAST
                VALUE   (LST)  VALUE       VALUE  FROM      YEAR
                                                  NORMAL
..................................................................
TEMPERATURE (F)
 TODAY
  MAXIMUM         69    330 PM  84    1962  64      5       64
  MINIMUM         33    134 AM   9    1969  36     -3       36
  AVERAGE         51                        50      1       50

PRECIPITATION (IN)
  TODAY            0.00          1.63 1945   0.03  -0.03     0.00
  MONTH TO DATE    2.96                      0.39   2.57     0.29
  SINCE SEP 1      3.57                      1.58   1.99     5.09
  SINCE JAN 1     16.62                     15.37   1.25    18.75

SNOWFALL (IN)
  TODAY            0.0           3.5  1984   0.1   -0.1      0.0
  MONTH TO DATE    T                         0.9   -0.9      0.0
  SINCE SEP 1      T                         1.1   -1.1       T
  SINCE JUL 1      T                         1.1   -1.1       T
  SNOW DEPTH       0

DEGREE DAYS
 HEATING
  TODAY           14                        15     -1       15
  MONTH TO DATE  164                       179    -15      163
  SINCE SEP 1    251                       338    -87      236
  SINCE JUL 1    281                       369    -88      246

 COOLING
  TODAY            0                         0      0        0
  MONTH TO DATE    0                         0      0        0
  SINCE SEP 1     60                        36     24       92
  SINCE JAN 1    487                       454     33      694
..................................................................


WIND (MPH)
  HIGHEST WIND SPEED    12   HIGHEST WIND DIRECTION     S (180)
  HIGHEST GUST SPEED    15   HIGHEST GUST DIRECTION     S (180)
  AVERAGE WIND SPEED     7.2


SKY COVER
  POSSIBLE SUNSHINE  MM
  AVERAGE SKY COVER 0.0


WEATHER CONDITIONS
 THE FOLLOWING WEATHER WAS RECORDED TODAY.
  HAZE


RELATIVE HUMIDITY (PERCENT)
 HIGHEST    75          1200 AM
 LOWEST     19          1200 PM
 AVERAGE    47

..........................................................


THE COLORADO SPRINGS CO CLIMATE NORMALS FOR TOMORROW
                         NORMAL    RECORD    YEAR
 MAXIMUM TEMPERATURE (F)   63        80      2010
                                             1950
                                             1934
 MINIMUM TEMPERATURE (F)   36        20      1952


SUNRISE AND SUNSET
OCTOBER 14 2014.......SUNRISE   707 AM MDT   SUNSET   622 PM MDT
OCTOBER 15 2014.......SUNRISE   708 AM MDT   SUNSET   620 PM MDT


-  INDICATES NEGATIVE NUMBERS.
R  INDICATES RECORD WAS SET OR TIED.
MM INDICATES DATA IS MISSING.
T  INDICATES TRACE AMOUNT.




$$
