000
CDUS45 KPUB 161032
CLICOS


CLIMATE REPORT
NATIONAL WEATHER SERVICE PUEBLO
431 AM MDT MON MAY 16 2016


...................................

...THE COLORADO SPRINGS CO CLIMATE SUMMARY FOR MAY 15 2016...

CLIMATE NORMAL PERIOD 1981 TO 2010
CLIMATE RECORD PERIOD 1872 TO 2016


WEATHER ITEM   OBSERVED TIME   RECORD YEAR NORMAL DEPARTURE LAST
                VALUE   (LST)  VALUE       VALUE  FROM      YEAR
                                                  NORMAL
..................................................................
TEMPERATURE (F)
 YESTERDAY
  MAXIMUM         59    443 PM  87    1996  69    -10       70
                                      1978
  MINIMUM         38    633 AM  24    1916  43     -5       43
  AVERAGE         49                        56     -7       57

PRECIPITATION (IN)
  YESTERDAY        0.23          2.12 1957   0.07   0.16      T
  MONTH TO DATE    0.45                      0.88  -0.43     4.05
  SINCE MAR 1      3.46                      3.30   0.16     5.83
  SINCE JAN 1      5.00                      3.96   1.04     8.15

SNOWFALL (IN)
  YESTERDAY        0.0          11.8  1957   0.1   -0.1      0.0
  MONTH TO DATE    T                         0.7   -0.7       T
  SINCE MAR 1     23.6                      13.7    9.9      5.6
  SINCE JUL 1     50.7                      37.7   13.0     46.5
  SNOW DEPTH       0

DEGREE DAYS
 HEATING
  YESTERDAY       16                        10      6        8
  MONTH TO DATE  186                       174     12      193
  SINCE MAR 1   1439                      1533    -94     1351
  SINCE JUL 1   5342                      6096   -754     5572

 COOLING
  YESTERDAY        0                         0      0        0
  MONTH TO DATE    0                         0      0        0
  SINCE MAR 1      0                         1     -1        0
  SINCE JAN 1      0                         1     -1        0
..................................................................


WIND (MPH)
  HIGHEST WIND SPEED    21   HIGHEST WIND DIRECTION     W (290)
  HIGHEST GUST SPEED    28   HIGHEST GUST DIRECTION    NW (300)
  AVERAGE WIND SPEED     9.2


SKY COVER
  POSSIBLE SUNSHINE  MM
  AVERAGE SKY COVER 0.9


WEATHER CONDITIONS
 THE FOLLOWING WEATHER WAS RECORDED YESTERDAY.
  THUNDERSTORM
  RAIN
  LIGHT RAIN
  FOG


RELATIVE HUMIDITY (PERCENT)
 HIGHEST    86           900 PM
 LOWEST     50           100 PM
 AVERAGE    68

..........................................................


THE COLORADO SPRINGS CO CLIMATE NORMALS FOR TODAY
                         NORMAL    RECORD    YEAR
 MAXIMUM TEMPERATURE (F)   69        90      1996
 MINIMUM TEMPERATURE (F)   43        26      1916


SUNRISE AND SUNSET
MAY 16 2016...........SUNRISE   545 AM MDT   SUNSET   806 PM MDT
MAY 17 2016...........SUNRISE   544 AM MDT   SUNSET   807 PM MDT


-  INDICATES NEGATIVE NUMBERS.
R  INDICATES RECORD WAS SET OR TIED.
MM INDICATES DATA IS MISSING.
T  INDICATES TRACE AMOUNT.




$$
