000
CDUS45 KPUB 271137
CLICOS


CLIMATE REPORT
NATIONAL WEATHER SERVICE PUEBLO
437 AM MST MON NOV 27 2017


...................................

...THE COLORADO SPRINGS CO CLIMATE SUMMARY FOR NOVEMBER 26 2017...

CLIMATE NORMAL PERIOD 1981 TO 2010
CLIMATE RECORD PERIOD 1872 TO 2017


WEATHER ITEM   OBSERVED TIME   RECORD YEAR NORMAL DEPARTURE LAST
                VALUE   (LST)  VALUE       VALUE  FROM      YEAR
                                                  NORMAL
..................................................................
TEMPERATURE (F)
 YESTERDAY
  MAXIMUM         71R   241 PM  70    1950  46     25       60
  MINIMUM         36   1245 AM  -4    1952  21     15       25
  AVERAGE         54                        34     20       43

PRECIPITATION (IN)
  YESTERDAY        0.00          0.39 1987   0.01  -0.01     0.00
  MONTH TO DATE    0.15                      0.35  -0.20     0.07
  SINCE SEP 1      3.15                      2.36   0.79     0.23
  SINCE JAN 1     18.43                     16.15   2.28    13.67

SNOWFALL (IN)
  YESTERDAY        0.0           4.7  1987   0.2   -0.2      0.0
  MONTH TO DATE    0.7                       3.9   -3.2       T
  SINCE SEP 1      1.6                       7.0   -5.4       T
  SINCE JUL 1      1.6                       7.0   -5.4       T
  SNOW DEPTH       0

DEGREE DAYS
 HEATING
  YESTERDAY       11                        31    -20       22
  MONTH TO DATE  500                       677   -177      472
  SINCE SEP 1   1082                      1320   -238      755
  SINCE JUL 1   1091                      1351   -260      776

 COOLING
  YESTERDAY        0                         0      0        0
  MONTH TO DATE    0                         0      0        0
  SINCE SEP 1     91                        37     54       84
  SINCE JAN 1    639                       455    184      710
..................................................................


WIND (MPH)
  HIGHEST WIND SPEED    14   HIGHEST WIND DIRECTION    NE (30)
  HIGHEST GUST SPEED    15   HIGHEST GUST DIRECTION    NE (30)
  AVERAGE WIND SPEED     6.6


SKY COVER
  POSSIBLE SUNSHINE  MM
  AVERAGE SKY COVER 0.6


WEATHER CONDITIONS
 THE FOLLOWING WEATHER WAS RECORDED YESTERDAY.
  NO SIGNIFICANT WEATHER WAS OBSERVED.


RELATIVE HUMIDITY (PERCENT)
 HIGHEST    59          1200 AM
 LOWEST     14          1100 AM
 AVERAGE    37

..........................................................


THE COLORADO SPRINGS CO CLIMATE NORMALS FOR TODAY
                         NORMAL    RECORD    YEAR
 MAXIMUM TEMPERATURE (F)   46        72      1998
 MINIMUM TEMPERATURE (F)   21       -10      1896


SUNRISE AND SUNSET
NOVEMBER 27 2017......SUNRISE   654 AM MST   SUNSET   438 PM MST
NOVEMBER 28 2017......SUNRISE   656 AM MST   SUNSET   438 PM MST


-  INDICATES NEGATIVE NUMBERS.
R  INDICATES RECORD WAS SET OR TIED.
MM INDICATES DATA IS MISSING.
T  INDICATES TRACE AMOUNT.




$$
