000
CDUS45 KPUB 121034
CLICOS


CLIMATE REPORT
NATIONAL WEATHER SERVICE PUEBLO
434 AM MDT TUE AUG 12 2014


...................................

...THE COLORADO SPRINGS CO CLIMATE SUMMARY FOR AUGUST 11 2014...

CLIMATE NORMAL PERIOD 1981 TO 2010
CLIMATE RECORD PERIOD 1872 TO 2014


WEATHER ITEM   OBSERVED TIME   RECORD YEAR NORMAL DEPARTURE LAST
                VALUE   (LST)  VALUE       VALUE  FROM      YEAR
                                                  NORMAL
..................................................................
TEMPERATURE (F)
 YESTERDAY
  MAXIMUM         77    436 PM  94    2002  82     -5       81
                                      1995
                                      1969
  MINIMUM         51    426 AM  46    1915  57     -6       57
  AVERAGE         64                        69     -5       69

PRECIPITATION (IN)
  YESTERDAY        0.00          2.32 1913   0.13  -0.13     0.04
  MONTH TO DATE    1.35                      1.36  -0.01     1.32
  SINCE JUN 1      7.27                      6.70   0.57     6.53
  SINCE JAN 1     12.06                     11.81   0.25     9.26

SNOWFALL (IN)
  YESTERDAY        0.0           0.0  2002   0.0    0.0      0.0
  MONTH TO DATE    0.0                       0.0    0.0      0.0
  SINCE JUN 1      T                         0.0    0.0       T
  SINCE JUL 1      T                         0.0    0.0       T
  SNOW DEPTH       0

DEGREE DAYS
 HEATING
  YESTERDAY        1                         0      1        0
  MONTH TO DATE    5                         0      5        4
  SINCE JUN 1     67                        89    -22       34
  SINCE JUL 1     28                        10     18        9

 COOLING
  YESTERDAY        0                         5     -5        4
  MONTH TO DATE   28                        58    -30       48
  SINCE JUN 1    326                       332     -6      436
  SINCE JAN 1    339                       342     -3      458
..................................................................


WIND (MPH)
  HIGHEST WIND SPEED    15   HIGHEST WIND DIRECTION    SE (140)
  HIGHEST GUST SPEED    19   HIGHEST GUST DIRECTION    SE (120)
  AVERAGE WIND SPEED     5.8


SKY COVER
  POSSIBLE SUNSHINE  MM
  AVERAGE SKY COVER 0.3


WEATHER CONDITIONS
 THE FOLLOWING WEATHER WAS RECORDED YESTERDAY.
  NO SIGNIFICANT WEATHER WAS OBSERVED.


RELATIVE HUMIDITY (PERCENT)
 HIGHEST    89          1200 AM
 LOWEST     36           400 PM
 AVERAGE    63

..........................................................


THE COLORADO SPRINGS CO CLIMATE NORMALS FOR TODAY
                         NORMAL    RECORD    YEAR
 MAXIMUM TEMPERATURE (F)   82        94      1959
 MINIMUM TEMPERATURE (F)   57        44      1903


SUNRISE AND SUNSET
AUGUST 12 2014........SUNRISE   610 AM MDT   SUNSET   757 PM MDT
AUGUST 13 2014........SUNRISE   611 AM MDT   SUNSET   756 PM MDT


-  INDICATES NEGATIVE NUMBERS.
R  INDICATES RECORD WAS SET OR TIED.
MM INDICATES DATA IS MISSING.
T  INDICATES TRACE AMOUNT.




$$
