000
CDUS45 KPUB 261048
CLICOS


CLIMATE REPORT
NATIONAL WEATHER SERVICE PUEBLO
448 AM MDT FRI JUN 26 2015


...................................

...THE COLORADO SPRINGS CO CLIMATE SUMMARY FOR JUNE 25 2015...

CLIMATE NORMAL PERIOD 1981 TO 2010
CLIMATE RECORD PERIOD 1872 TO 2015


WEATHER ITEM   OBSERVED TIME   RECORD YEAR NORMAL DEPARTURE LAST
                VALUE   (LST)  VALUE       VALUE  FROM      YEAR
                                                  NORMAL
..................................................................
TEMPERATURE (F)
 YESTERDAY
  MAXIMUM         84    250 PM  98    2012  82      2       83
  MINIMUM         55    511 AM  43    1958  54      1       53
  AVERAGE         70                        68      2       68

PRECIPITATION (IN)
  YESTERDAY        0.02          1.17 1910   0.07  -0.05      T
  MONTH TO DATE    5.15                      2.12   3.03     1.27
  SINCE JUN 1      5.15                      2.12   3.03     1.27
  SINCE JAN 1     17.38                      7.23  10.15     6.06

SNOWFALL (IN)
  YESTERDAY        0.0           0.0  2002   0.0    0.0      0.0
                                      2001
  MONTH TO DATE    T                         0.0    0.0       T
  SINCE JUN 1      T                         0.0    0.0       T
  SINCE JUL 1     46.5                      37.7    8.8     34.8
  SNOW DEPTH       0

DEGREE DAYS
 HEATING
  YESTERDAY        0                         1     -1        0
  MONTH TO DATE   10                        73    -63       39
  SINCE JUN 1     10                        73    -63       39
  SINCE JUL 1   5777                      6286   -509     6085

 COOLING
  YESTERDAY        5                         4      1        3
  MONTH TO DATE   91                        58     33       63
  SINCE JUN 1     91                        58     33       63
  SINCE JAN 1     91                        68     23       76
..................................................................


WIND (MPH)
  HIGHEST WIND SPEED    35   HIGHEST WIND DIRECTION    NW (320)
  HIGHEST GUST SPEED    50   HIGHEST GUST DIRECTION    NW (300)
  AVERAGE WIND SPEED     8.0


SKY COVER
  POSSIBLE SUNSHINE  MM
  AVERAGE SKY COVER 0.6


WEATHER CONDITIONS
 THE FOLLOWING WEATHER WAS RECORDED YESTERDAY.
  THUNDERSTORM
  LIGHT RAIN


RELATIVE HUMIDITY (PERCENT)
 HIGHEST    72           400 AM
 LOWEST     28           800 AM
 AVERAGE    50

..........................................................


THE COLORADO SPRINGS CO CLIMATE NORMALS FOR TODAY
                         NORMAL    RECORD    YEAR
 MAXIMUM TEMPERATURE (F)   83       101      2012
 MINIMUM TEMPERATURE (F)   54        39      1968


SUNRISE AND SUNSET
JUNE 26 2015..........SUNRISE   535 AM MDT   SUNSET   828 PM MDT
JUNE 27 2015..........SUNRISE   536 AM MDT   SUNSET   828 PM MDT


-  INDICATES NEGATIVE NUMBERS.
R  INDICATES RECORD WAS SET OR TIED.
MM INDICATES DATA IS MISSING.
T  INDICATES TRACE AMOUNT.




$$
