000
CDUS45 KPUB 301119
CLICOS


CLIMATE REPORT
NATIONAL WEATHER SERVICE PUEBLO
418 AM MST FRI DEC 30 2016


...................................

...THE COLORADO SPRINGS CO CLIMATE SUMMARY FOR DECEMBER 29 2016...

CLIMATE NORMAL PERIOD 1981 TO 2010
CLIMATE RECORD PERIOD 1872 TO 2016


WEATHER ITEM   OBSERVED TIME   RECORD YEAR NORMAL DEPARTURE LAST
                VALUE   (LST)  VALUE       VALUE  FROM      YEAR
                                                  NORMAL
..................................................................
TEMPERATURE (F)
 YESTERDAY
  MAXIMUM         36    238 PM  64    1999  42     -6       30
                                      1956
  MINIMUM         17    724 AM  -8    1983  17      0        7
  AVERAGE         27                        30     -3       19

PRECIPITATION (IN)
  YESTERDAY        0.00          0.20 1946   0.01  -0.01     0.00
  MONTH TO DATE    0.68                      0.32   0.36     0.25
  SINCE DEC 1      0.68                      0.32   0.36     0.25
  SINCE JAN 1     14.35                     16.52  -2.17    25.25

SNOWFALL (IN)
  YESTERDAY        0.0           2.2  2014   0.2   -0.2      0.0
  MONTH TO DATE    6.4                       5.4    1.0      4.3
  SINCE DEC 1      6.4                       5.4    1.0      4.3
  SINCE JUL 1      6.4                      13.2   -6.8     10.1
  SNOW DEPTH       0

DEGREE DAYS
 HEATING
  YESTERDAY       38                        35      3       46
  MONTH TO DATE 1045                      1023     22      905
  SINCE DEC 1   1045                      1023     22      905
  SINCE JUL 1   1948                      2504   -556     2008

 COOLING
  YESTERDAY        0                         0      0        0
  MONTH TO DATE    0                         0      0        0
  SINCE DEC 1      0                         0      0        0
  SINCE JAN 1    710                       455    255      617
..................................................................


WIND (MPH)
  HIGHEST WIND SPEED    21   HIGHEST WIND DIRECTION    SE (150)
  HIGHEST GUST SPEED    25   HIGHEST GUST DIRECTION     S (200)
  AVERAGE WIND SPEED     5.8


SKY COVER
  POSSIBLE SUNSHINE  MM
  AVERAGE SKY COVER 0.1


WEATHER CONDITIONS
 THE FOLLOWING WEATHER WAS RECORDED YESTERDAY.
  NO SIGNIFICANT WEATHER WAS OBSERVED.


RELATIVE HUMIDITY (PERCENT)
 HIGHEST    77           400 AM
 LOWEST     35           200 PM
 AVERAGE    56

..........................................................


THE COLORADO SPRINGS CO CLIMATE NORMALS FOR TODAY
                         NORMAL    RECORD    YEAR
 MAXIMUM TEMPERATURE (F)   42        71      1980
 MINIMUM TEMPERATURE (F)   17       -10      1990


SUNRISE AND SUNSET
DECEMBER 30 2016......SUNRISE   717 AM MST   SUNSET   447 PM MST
DECEMBER 31 2016......SUNRISE   717 AM MST   SUNSET   447 PM MST


-  INDICATES NEGATIVE NUMBERS.
R  INDICATES RECORD WAS SET OR TIED.
MM INDICATES DATA IS MISSING.
T  INDICATES TRACE AMOUNT.




$$
