000
CDUS45 KPUB 110020
CLICOS


CLIMATE REPORT
NATIONAL WEATHER SERVICE PUEBLO
620 PM MDT SUN JUL 10 2016


...................................

...THE COLORADO SPRINGS CO CLIMATE SUMMARY FOR JULY 10 2016...
VALID TODAY AS OF 0500 PM LOCAL TIME.

CLIMATE NORMAL PERIOD 1981 TO 2010
CLIMATE RECORD PERIOD 1872 TO 2016


WEATHER ITEM   OBSERVED TIME   RECORD YEAR NORMAL DEPARTURE LAST
                VALUE   (LST)  VALUE       VALUE  FROM      YEAR
                                                  NORMAL
..................................................................
TEMPERATURE (F)
 TODAY
  MAXIMUM         95    301 PM  97    1954  85     10       81
  MINIMUM         62    318 AM  40    1946  57      5       54
  AVERAGE         79                        71      8       68

PRECIPITATION (IN)
  TODAY            0.00          2.16 1949   0.08  -0.08     0.00
  MONTH TO DATE    1.04                      0.75   0.29     1.02
  SINCE JUN 1      2.08                      3.25  -1.17     6.74
  SINCE JAN 1      9.01                      8.36   0.65    18.97

SNOWFALL (IN)
  TODAY            0.0           0.0  2002   0.0    0.0      0.0
                                      2001
  MONTH TO DATE    0.0                       0.0    0.0      0.0
  SINCE JUN 1      T                         0.0    0.0       T
  SINCE JUL 1      0.0                       0.0    0.0      0.0
  SNOW DEPTH       0

DEGREE DAYS
 HEATING
  TODAY            0                         0      0        0
  MONTH TO DATE    0                         3     -3       10
  SINCE JUN 1      8                        82    -74       20
  SINCE JUL 1      0                         3     -3       10

 COOLING
  TODAY           14                         6      8        3
  MONTH TO DATE   81                        58     23       36
  SINCE JUN 1    262                       141    121      158
  SINCE JAN 1    264                       151    113      158
..................................................................


WIND (MPH)
  HIGHEST WIND SPEED    28   HIGHEST WIND DIRECTION    SW (210)
  HIGHEST GUST SPEED    36   HIGHEST GUST DIRECTION    SW (220)
  AVERAGE WIND SPEED    11.0


SKY COVER
  POSSIBLE SUNSHINE  MM
  AVERAGE SKY COVER 0.6


WEATHER CONDITIONS
 THE FOLLOWING WEATHER WAS RECORDED TODAY.
  HAZE


RELATIVE HUMIDITY (PERCENT)
 HIGHEST    67           100 AM
 LOWEST     11           200 PM
 AVERAGE    39

..........................................................


THE COLORADO SPRINGS CO CLIMATE NORMALS FOR TOMORROW
                         NORMAL    RECORD    YEAR
 MAXIMUM TEMPERATURE (F)   85        99      1954
 MINIMUM TEMPERATURE (F)   57        46      1902
                                             1895


SUNRISE AND SUNSET
JULY 10 2016..........SUNRISE   543 AM MDT   SUNSET   825 PM MDT
JULY 11 2016..........SUNRISE   544 AM MDT   SUNSET   825 PM MDT


-  INDICATES NEGATIVE NUMBERS.
R  INDICATES RECORD WAS SET OR TIED.
MM INDICATES DATA IS MISSING.
T  INDICATES TRACE AMOUNT.




$$
