000
CDUS45 KPUB 121053
CLICOS


CLIMATE REPORT
NATIONAL WEATHER SERVICE PUEBLO
452 AM MDT SAT AUG 12 2017


...................................

...THE COLORADO SPRINGS CO CLIMATE SUMMARY FOR AUGUST 11 2017...

CLIMATE NORMAL PERIOD 1981 TO 2010
CLIMATE RECORD PERIOD 1872 TO 2017


WEATHER ITEM   OBSERVED TIME   RECORD YEAR NORMAL DEPARTURE LAST
                VALUE   (LST)  VALUE       VALUE  FROM      YEAR
                                                  NORMAL
..................................................................
TEMPERATURE (F)
 YESTERDAY
  MAXIMUM         68    403 PM  94    2002  82    -14       88
                                      1995
                                      1969
  MINIMUM         56    744 AM  46    1915  57     -1       61
  AVERAGE         62                        69     -7       75

PRECIPITATION (IN)
  YESTERDAY        0.03          2.32 1913   0.13  -0.10     0.13
  MONTH TO DATE    2.38                      1.36   1.02     0.54
  SINCE JUN 1      9.11                      6.70   2.41     4.62
  SINCE JAN 1     15.23                     11.81   3.42    11.55

SNOWFALL (IN)
  YESTERDAY        0.0           0.0  2002   0.0    0.0      0.0
  MONTH TO DATE    T                         0.0    0.0      0.0
  SINCE JUN 1      T                         0.0    0.0       T
  SINCE JUL 1      T                         0.0    0.0       T
  SNOW DEPTH       0

DEGREE DAYS
 HEATING
  YESTERDAY        3                         0      3        0
  MONTH TO DATE    9                         0      9        0
  SINCE JUN 1     30                        89    -59        8
  SINCE JUL 1      9                        10     -1        0

 COOLING
  YESTERDAY        0                         5     -5       10
  MONTH TO DATE   21                        58    -37       84
  SINCE JUN 1    446                       332    114      564
  SINCE JAN 1    448                       342    106      566
..................................................................


WIND (MPH)
  HIGHEST WIND SPEED    26   HIGHEST WIND DIRECTION    SE (150)
  HIGHEST GUST SPEED    29   HIGHEST GUST DIRECTION    SE (150)
  AVERAGE WIND SPEED     9.5


SKY COVER
  POSSIBLE SUNSHINE  MM
  AVERAGE SKY COVER 0.9


WEATHER CONDITIONS
 THE FOLLOWING WEATHER WAS RECORDED YESTERDAY.
  THUNDERSTORM
  LIGHT RAIN
  FOG
  FOG W/VISIBILITY <= 1/4 MILE
  HAZE


RELATIVE HUMIDITY (PERCENT)
 HIGHEST   100           600 AM
 LOWEST     78          1100 AM
 AVERAGE    89

..........................................................


THE COLORADO SPRINGS CO CLIMATE NORMALS FOR TODAY
                         NORMAL    RECORD    YEAR
 MAXIMUM TEMPERATURE (F)   82        94      1959
 MINIMUM TEMPERATURE (F)   57        44      1903


SUNRISE AND SUNSET
AUGUST 12 2017........SUNRISE   610 AM MDT   SUNSET   757 PM MDT
AUGUST 13 2017........SUNRISE   611 AM MDT   SUNSET   756 PM MDT


-  INDICATES NEGATIVE NUMBERS.
R  INDICATES RECORD WAS SET OR TIED.
MM INDICATES DATA IS MISSING.
T  INDICATES TRACE AMOUNT.




$$
