000
CDUS45 KPUB 201035
CLICOS


CLIMATE REPORT
NATIONAL WEATHER SERVICE PUEBLO
434 AM MDT FRI MAR 20 2015


...................................

...THE COLORADO SPRINGS CO CLIMATE SUMMARY FOR MARCH 19 2015...

CLIMATE NORMAL PERIOD 1981 TO 2010
CLIMATE RECORD PERIOD 1872 TO 2015


WEATHER ITEM   OBSERVED TIME   RECORD YEAR NORMAL DEPARTURE LAST
                VALUE   (LST)  VALUE       VALUE  FROM      YEAR
                                                  NORMAL
..................................................................
TEMPERATURE (F)
 YESTERDAY
  MAXIMUM         46    153 PM  77    1907  53     -7       52
  MINIMUM         31   1159 PM  -7    1965  27      4       16
  AVERAGE         39                        40     -1       34

PRECIPITATION (IN)
  YESTERDAY        0.44          0.75 1915   0.04   0.40     0.00
  MONTH TO DATE    0.77                      0.58   0.19     0.32
  SINCE MAR 1      0.77                      0.58   0.19     0.32
  SINCE JAN 1      3.09                      1.24   1.85     1.21

SNOWFALL (IN)
  YESTERDAY        0.0           8.5  1915   0.3   -0.3      0.0
  MONTH TO DATE    3.9                       4.8   -0.9      1.8
  SINCE MAR 1      3.9                       4.8   -0.9      1.8
  SINCE JUL 1     44.8                      28.8   16.0     25.9
  SNOW DEPTH       0

DEGREE DAYS
 HEATING
  YESTERDAY       26                        25      1       31
  MONTH TO DATE  483                       521    -38      499
  SINCE MAR 1    483                       521    -38      499
  SINCE JUL 1   4704                      5084   -380     4986

 COOLING
  YESTERDAY        0                         0      0        0
  MONTH TO DATE    0                         0      0        0
  SINCE MAR 1      0                         0      0        0
  SINCE JAN 1      0                         0      0        0
..................................................................


WIND (MPH)
  HIGHEST WIND SPEED    25   HIGHEST WIND DIRECTION     N (350)
  HIGHEST GUST SPEED    30   HIGHEST GUST DIRECTION     N (340)
  AVERAGE WIND SPEED    11.6


SKY COVER
  POSSIBLE SUNSHINE  MM
  AVERAGE SKY COVER 0.8


WEATHER CONDITIONS
 THE FOLLOWING WEATHER WAS RECORDED YESTERDAY.
  RAIN
  LIGHT RAIN
  FOG


RELATIVE HUMIDITY (PERCENT)
 HIGHEST    96           100 AM
 LOWEST     65           100 PM
 AVERAGE    81

..........................................................


THE COLORADO SPRINGS CO CLIMATE NORMALS FOR TODAY
                         NORMAL    RECORD    YEAR
 MAXIMUM TEMPERATURE (F)   53        74      1907
 MINIMUM TEMPERATURE (F)   27        -2      1965


SUNRISE AND SUNSET
MARCH 20 2015.........SUNRISE   703 AM MDT   SUNSET   711 PM MDT
MARCH 21 2015.........SUNRISE   701 AM MDT   SUNSET   712 PM MDT


-  INDICATES NEGATIVE NUMBERS.
R  INDICATES RECORD WAS SET OR TIED.
MM INDICATES DATA IS MISSING.
T  INDICATES TRACE AMOUNT.




$$
