000
CDUS45 KPUB 090021
CLICOS


CLIMATE REPORT
NATIONAL WEATHER SERVICE PUEBLO
521 PM MST MON DEC 8 2014


...................................

...THE COLORADO SPRINGS CO CLIMATE SUMMARY FOR DECEMBER 8 2014...
VALID TODAY AS OF 0500 PM LOCAL TIME.

CLIMATE NORMAL PERIOD 1981 TO 2010
CLIMATE RECORD PERIOD 1872 TO 2014


WEATHER ITEM   OBSERVED TIME   RECORD YEAR NORMAL DEPARTURE LAST
                VALUE   (LST)  VALUE       VALUE  FROM      YEAR
                                                  NORMAL
..................................................................
TEMPERATURE (F)
 TODAY
  MAXIMUM         57    242 PM  65    1970  42     15       25
  MINIMUM         25    509 AM -14    1978  18      7        1
  AVERAGE         41                        30     11       13

PRECIPITATION (IN)
  TODAY            0.00          0.32 1898   0.02  -0.02      T
  MONTH TO DATE    0.02                      0.10  -0.08     0.07
  SINCE DEC 1      0.02                      0.10  -0.08     0.07
  SINCE JAN 1     16.90                     16.30   0.60    19.22

SNOWFALL (IN)
  TODAY            0.0           6.3  1898   0.2   -0.2      0.2
  MONTH TO DATE    T                         1.5   -1.5      2.9
  SINCE DEC 1      T                         1.5   -1.5      2.9
  SINCE JUL 1      7.1                       9.3   -2.2      7.1
  SNOW DEPTH       0

DEGREE DAYS
 HEATING
  TODAY           24                        35    -11       52
  MONTH TO DATE  220                       273    -53      364
  SINCE DEC 1    220                       273    -53      364
  SINCE JUL 1   1545                      1754   -209     1725

 COOLING
  TODAY            0                         0      0        0
  MONTH TO DATE    0                         0      0        0
  SINCE DEC 1      0                         0      0        0
  SINCE JAN 1    487                       455     32      694
..................................................................


WIND (MPH)
  HIGHEST WIND SPEED    13   HIGHEST WIND DIRECTION    NE (30)
  HIGHEST GUST SPEED    21   HIGHEST GUST DIRECTION     E (90)
  AVERAGE WIND SPEED     5.4


SKY COVER
  POSSIBLE SUNSHINE  MM
  AVERAGE SKY COVER 0.5


WEATHER CONDITIONS
 THE FOLLOWING WEATHER WAS RECORDED TODAY.
  NO SIGNIFICANT WEATHER WAS OBSERVED.


RELATIVE HUMIDITY (PERCENT)
 HIGHEST    75           200 AM
 LOWEST     18           300 PM
 AVERAGE    47

..........................................................


THE COLORADO SPRINGS CO CLIMATE NORMALS FOR TOMORROW
                         NORMAL    RECORD    YEAR
 MAXIMUM TEMPERATURE (F)   42        70      1957
 MINIMUM TEMPERATURE (F)   18       -27      1919


SUNRISE AND SUNSET
DECEMBER  8 2014......SUNRISE   705 AM MST   SUNSET   437 PM MST
DECEMBER  9 2014......SUNRISE   705 AM MST   SUNSET   437 PM MST


-  INDICATES NEGATIVE NUMBERS.
R  INDICATES RECORD WAS SET OR TIED.
MM INDICATES DATA IS MISSING.
T  INDICATES TRACE AMOUNT.




$$
