000
CDUS45 KPUB 212323
CLICOS


CLIMATE REPORT
NATIONAL WEATHER SERVICE PUEBLO
523 PM MDT TUE JUL 21 2015


...................................

...THE COLORADO SPRINGS CO CLIMATE SUMMARY FOR JULY 21 2015...
VALID TODAY AS OF 0500 PM LOCAL TIME.

CLIMATE NORMAL PERIOD 1981 TO 2010
CLIMATE RECORD PERIOD 1872 TO 2015


WEATHER ITEM   OBSERVED TIME   RECORD YEAR NORMAL DEPARTURE LAST
                VALUE   (LST)  VALUE       VALUE  FROM      YEAR
                                                  NORMAL
..................................................................
TEMPERATURE (F)
 TODAY
  MAXIMUM         79    239 PM  98    1981  85     -6       89
  MINIMUM         60    509 AM  47    1958  58      2       63
                                      1897
  AVERAGE         70                        71     -1       76

PRECIPITATION (IN)
  TODAY            T             1.00 1930   0.11  -0.11     0.00
  MONTH TO DATE    2.61                      1.74   0.87     2.89
  SINCE JUN 1      8.33                      4.24   4.09     4.18
  SINCE JAN 1     20.56                      9.35  11.21     8.97

SNOWFALL (IN)
  TODAY            0.0           0.0  2002   0.0    0.0      0.0
                                      2001
  MONTH TO DATE    0.0                       0.0    0.0       T
  SINCE JUN 1      T                         0.0    0.0       T
  SINCE JUL 1      0.0                       0.0    0.0       T
  SNOW DEPTH      MM

DEGREE DAYS
 HEATING
  TODAY            0                         0      0        0
  MONTH TO DATE   10                         3      7       13
  SINCE JUN 1     20                        82    -62       52
  SINCE JUL 1     10                         3      7       13

 COOLING
  TODAY            5                         6     -1       11
  MONTH TO DATE  106                       129    -23      131
  SINCE JUN 1    228                       212     16      235
  SINCE JAN 1    228                       222      6      248
..................................................................


WIND (MPH)
  HIGHEST WIND SPEED    30   HIGHEST WIND DIRECTION     S (170)
  HIGHEST GUST SPEED    38   HIGHEST GUST DIRECTION    SE (140)
  AVERAGE WIND SPEED    10.8


SKY COVER
  POSSIBLE SUNSHINE  MM
  AVERAGE SKY COVER 0.6


WEATHER CONDITIONS
 THE FOLLOWING WEATHER WAS RECORDED TODAY.
  THUNDERSTORM
  LIGHT RAIN


RELATIVE HUMIDITY (PERCENT)
 HIGHEST    72           300 AM
 LOWEST     46           200 PM
 AVERAGE    59

..........................................................


THE COLORADO SPRINGS CO CLIMATE NORMALS FOR TOMORROW
                         NORMAL    RECORD    YEAR
 MAXIMUM TEMPERATURE (F)   85        99      1963
 MINIMUM TEMPERATURE (F)   58        44      1961
                                             1914


SUNRISE AND SUNSET
JULY 21 2015..........SUNRISE   551 AM MDT   SUNSET   820 PM MDT
JULY 22 2015..........SUNRISE   551 AM MDT   SUNSET   819 PM MDT


-  INDICATES NEGATIVE NUMBERS.
R  INDICATES RECORD WAS SET OR TIED.
MM INDICATES DATA IS MISSING.
T  INDICATES TRACE AMOUNT.




$$
