000
CDUS45 KPUB 171129
CLICOS


CLIMATE REPORT
NATIONAL WEATHER SERVICE PUEBLO
428 AM MST SAT JAN 17 2015


...................................

...THE COLORADO SPRINGS CO CLIMATE SUMMARY FOR JANUARY 16 2015...

CLIMATE NORMAL PERIOD 1981 TO 2010
CLIMATE RECORD PERIOD 1872 TO 2015


WEATHER ITEM   OBSERVED TIME   RECORD YEAR NORMAL DEPARTURE LAST
                VALUE   (LST)  VALUE       VALUE  FROM      YEAR
                                                  NORMAL
..................................................................
TEMPERATURE (F)
 YESTERDAY
  MAXIMUM         54    924 PM  72    1974  43     11       43
  MINIMUM         24   1206 AM  -8    1917  18      6       20
  AVERAGE         39                        31      8       32

PRECIPITATION (IN)
  YESTERDAY        0.00          0.35 2001   0.01  -0.01     0.00
  MONTH TO DATE    0.57                      0.15   0.42     0.18
  SINCE DEC 1      0.73                      0.49   0.24     0.25
  SINCE JAN 1      0.57                      0.15   0.42     0.18

SNOWFALL (IN)
  YESTERDAY        0.0           6.7  2001   0.1   -0.1      0.0
  MONTH TO DATE    9.9                       2.8    7.1      3.5
  SINCE DEC 1     13.6                       8.5    5.1      6.4
  SINCE JUL 1     20.7                      16.3    4.4     10.6
  SNOW DEPTH       0

DEGREE DAYS
 HEATING
  YESTERDAY       26                        34     -8       33
  MONTH TO DATE  572                       554     18      564
  SINCE DEC 1   1602                      1645    -43     1667
  SINCE JUL 1   2927                      3126   -199     3028

 COOLING
  YESTERDAY        0                         0      0        0
  MONTH TO DATE    0                         0      0        0
  SINCE DEC 1      0                         0      0        0
  SINCE JAN 1      0                         0      0        0
..................................................................


WIND (MPH)
  HIGHEST WIND SPEED    32   HIGHEST WIND DIRECTION     N (340)
  HIGHEST GUST SPEED    41   HIGHEST GUST DIRECTION     N (340)
  AVERAGE WIND SPEED     9.8


SKY COVER
  POSSIBLE SUNSHINE  MM
  AVERAGE SKY COVER 0.6


WEATHER CONDITIONS
 THE FOLLOWING WEATHER WAS RECORDED YESTERDAY.
  NO SIGNIFICANT WEATHER WAS OBSERVED.


RELATIVE HUMIDITY (PERCENT)
 HIGHEST    62          1200 AM
 LOWEST     18           700 AM
 AVERAGE    40

..........................................................


THE COLORADO SPRINGS CO CLIMATE NORMALS FOR TODAY
                         NORMAL    RECORD    YEAR
 MAXIMUM TEMPERATURE (F)   43        64      1974
 MINIMUM TEMPERATURE (F)   18       -22      1930


SUNRISE AND SUNSET
JANUARY 17 2015.......SUNRISE   715 AM MST   SUNSET   503 PM MST
JANUARY 18 2015.......SUNRISE   715 AM MST   SUNSET   504 PM MST


-  INDICATES NEGATIVE NUMBERS.
R  INDICATES RECORD WAS SET OR TIED.
MM INDICATES DATA IS MISSING.
T  INDICATES TRACE AMOUNT.




$$
