558
CDUS45 KPUB 061135
CLICOS


CLIMATE REPORT
NATIONAL WEATHER SERVICE PUEBLO
435 AM MST WED DEC 6 2017


...................................

...THE COLORADO SPRINGS CO CLIMATE SUMMARY FOR DECEMBER 5 2017...

CLIMATE NORMAL PERIOD 1981 TO 2010
CLIMATE RECORD PERIOD 1872 TO 2017


WEATHER ITEM   OBSERVED TIME   RECORD YEAR NORMAL DEPARTURE LAST
                VALUE   (LST)  VALUE       VALUE  FROM      YEAR
                                                  NORMAL
..................................................................
TEMPERATURE (F)
 YESTERDAY
  MAXIMUM         44    308 PM  69    1939  43      1       57
  MINIMUM         10    611 AM -16    1972  19     -9       15
  AVERAGE         27                        31     -4       36

PRECIPITATION (IN)
  YESTERDAY        0.00          0.61 1913   0.01  -0.01     0.00
  MONTH TO DATE    0.00                      0.06  -0.06     0.03
  SINCE DEC 1      0.00                      0.06  -0.06     0.03
  SINCE JAN 1     18.43                     16.26   2.17    13.70

SNOWFALL (IN)
  YESTERDAY        0.0           6.2  1972   0.2   -0.2      0.0
  MONTH TO DATE    0.0                       1.0   -1.0      0.2
  SINCE DEC 1      0.0                       1.0   -1.0      0.2
  SINCE JUL 1      1.6                       8.8   -7.2      0.2
  SNOW DEPTH       0

DEGREE DAYS
 HEATING
  YESTERDAY       38                        34      4       29
  MONTH TO DATE  118                       168    -50      179
  SINCE DEC 1    118                       168    -50      179
  SINCE JUL 1   1286                      1649   -363     1082

 COOLING
  YESTERDAY        0                         0      0        0
  MONTH TO DATE    0                         0      0        0
  SINCE DEC 1      0                         0      0        0
  SINCE JAN 1    639                       455    184      710
..................................................................


WIND (MPH)
  HIGHEST WIND SPEED    16   HIGHEST WIND DIRECTION     S (170)
  HIGHEST GUST SPEED    22   HIGHEST GUST DIRECTION     S (160)
  AVERAGE WIND SPEED     7.5


SKY COVER
  POSSIBLE SUNSHINE  MM
  AVERAGE SKY COVER 0.1


WEATHER CONDITIONS
 THE FOLLOWING WEATHER WAS RECORDED YESTERDAY.
  NO SIGNIFICANT WEATHER WAS OBSERVED.


RELATIVE HUMIDITY (PERCENT)
 HIGHEST    66           600 AM
 LOWEST     14           100 PM
 AVERAGE    40

..........................................................


THE COLORADO SPRINGS CO CLIMATE NORMALS FOR TODAY
                         NORMAL    RECORD    YEAR
 MAXIMUM TEMPERATURE (F)   43        72      1939
 MINIMUM TEMPERATURE (F)   18       -15      1972


SUNRISE AND SUNSET
DECEMBER  6 2017......SUNRISE   703 AM MST   SUNSET   437 PM MST
DECEMBER  7 2017......SUNRISE   704 AM MST   SUNSET   437 PM MST


-  INDICATES NEGATIVE NUMBERS.
R  INDICATES RECORD WAS SET OR TIED.
MM INDICATES DATA IS MISSING.
T  INDICATES TRACE AMOUNT.




$$
