526
CDUS45 KPUB 291135
CLICOS


CLIMATE REPORT
NATIONAL WEATHER SERVICE PUEBLO
435 AM MST FRI JAN 29 2016


...................................

...THE COLORADO SPRINGS CO CLIMATE SUMMARY FOR JANUARY 28 2016...

CLIMATE NORMAL PERIOD 1981 TO 2010
CLIMATE RECORD PERIOD 1872 TO 2016


WEATHER ITEM   OBSERVED TIME   RECORD YEAR NORMAL DEPARTURE LAST
                VALUE   (LST)  VALUE       VALUE  FROM      YEAR
                                                  NORMAL
..................................................................
TEMPERATURE (F)
 YESTERDAY
  MAXIMUM         56    320 PM  67    1986  43     13       59
  MINIMUM         23    519 AM -10    1895  18      5       37
  AVERAGE         40                        30     10       48

PRECIPITATION (IN)
  YESTERDAY        0.00          0.26 1956   0.01  -0.01     0.00
  MONTH TO DATE    0.25                      0.29  -0.04     0.80
  SINCE DEC 1      0.50                      0.63  -0.13     0.96
  SINCE JAN 1      0.25                      0.29  -0.04     0.80

SNOWFALL (IN)
  YESTERDAY        0.0           3.2  2000   0.2   -0.2      0.0
  MONTH TO DATE    3.1                       5.1   -2.0     13.5
  SINCE DEC 1      7.4                      10.8   -3.4     17.2
  SINCE JUL 1     13.2                      18.6   -5.4     24.3
  SNOW DEPTH       0

DEGREE DAYS
 HEATING
  YESTERDAY       25                        35    -10       17
  MONTH TO DATE  920                       964    -44      903
  SINCE DEC 1   1921                      2055   -134     1933
  SINCE JUL 1   3024                      3536   -512     3258

 COOLING
  YESTERDAY        0                         0      0        0
  MONTH TO DATE    0                         0      0        0
  SINCE DEC 1      0                         0      0        0
  SINCE JAN 1      0                         0      0        0
..................................................................


WIND (MPH)
  HIGHEST WIND SPEED    13   HIGHEST WIND DIRECTION    SE (120)
  HIGHEST GUST SPEED    17   HIGHEST GUST DIRECTION    SE (120)
  AVERAGE WIND SPEED     6.2


SKY COVER
  POSSIBLE SUNSHINE  MM
  AVERAGE SKY COVER 0.2


WEATHER CONDITIONS
 THE FOLLOWING WEATHER WAS RECORDED YESTERDAY.
  NO SIGNIFICANT WEATHER WAS OBSERVED.


RELATIVE HUMIDITY (PERCENT)
 HIGHEST    81           200 AM
 LOWEST     18          1200 PM
 AVERAGE    50

..........................................................


THE COLORADO SPRINGS CO CLIMATE NORMALS FOR TODAY
                         NORMAL    RECORD    YEAR
 MAXIMUM TEMPERATURE (F)   43        66      1911
 MINIMUM TEMPERATURE (F)   18       -12      1951


SUNRISE AND SUNSET
JANUARY 29 2016.......SUNRISE   708 AM MST   SUNSET   516 PM MST
JANUARY 30 2016.......SUNRISE   707 AM MST   SUNSET   518 PM MST


-  INDICATES NEGATIVE NUMBERS.
R  INDICATES RECORD WAS SET OR TIED.
MM INDICATES DATA IS MISSING.
T  INDICATES TRACE AMOUNT.




$$
