000
CDUS45 KPUB 131044
CLICOS


CLIMATE REPORT
NATIONAL WEATHER SERVICE PUEBLO
444 AM MDT SAT SEP 13 2014


...................................

...THE COLORADO SPRINGS CO CLIMATE SUMMARY FOR SEPTEMBER 12 2014...

CLIMATE NORMAL PERIOD 1981 TO 2010
CLIMATE RECORD PERIOD 1872 TO 2014


WEATHER ITEM   OBSERVED TIME   RECORD YEAR NORMAL DEPARTURE LAST
                VALUE   (LST)  VALUE       VALUE  FROM      YEAR
                                                  NORMAL
..................................................................
TEMPERATURE (F)
 YESTERDAY
  MAXIMUM         44    204 PM  90    1956  76    -32       73
  MINIMUM         34    602 AM  27    1902  49    -15       57
  AVERAGE         39                        62    -23       65

PRECIPITATION (IN)
  YESTERDAY        T             1.61 2013   0.03  -0.03     1.61
  MONTH TO DATE    0.10                      0.63  -0.53     1.97
  SINCE SEP 1      0.10                      0.63  -0.53     1.97
  SINCE JAN 1     13.15                     14.42  -1.27    15.63

SNOWFALL (IN)
  YESTERDAY        T   R         T    1989   0.0    0.0      0.0
  MONTH TO DATE    T                         0.0    0.0      0.0
  SINCE SEP 1      T                         0.0    0.0      0.0
  SINCE JUL 1      T                         0.0    0.0       T
  SNOW DEPTH       0

DEGREE DAYS
 HEATING
  YESTERDAY       26                         4     22        0
  MONTH TO DATE   61                        33     28        1
  SINCE SEP 1     61                        33     28        1
  SINCE JUL 1     91                        64     27       11

 COOLING
  YESTERDAY        0                         1     -1        0
  MONTH TO DATE   23                        25     -2       81
  SINCE SEP 1     23                        25     -2       81
  SINCE JAN 1    450                       443      7      683
..................................................................


WIND (MPH)
  HIGHEST WIND SPEED    23   HIGHEST WIND DIRECTION     N (20)
  HIGHEST GUST SPEED    26   HIGHEST GUST DIRECTION     N (20)
  AVERAGE WIND SPEED    11.5


SKY COVER
  POSSIBLE SUNSHINE  MM
  AVERAGE SKY COVER 1.0


WEATHER CONDITIONS
 THE FOLLOWING WEATHER WAS RECORDED YESTERDAY.
  LIGHT RAIN
  LIGHT SNOW


RELATIVE HUMIDITY (PERCENT)
 HIGHEST    85          1100 PM
 LOWEST     62          1100 AM
 AVERAGE    74

..........................................................


THE COLORADO SPRINGS CO CLIMATE NORMALS FOR TODAY
                         NORMAL    RECORD    YEAR
 MAXIMUM TEMPERATURE (F)   76        94      1990
 MINIMUM TEMPERATURE (F)   49        32      1993
                                             1945


SUNRISE AND SUNSET
SEPTEMBER 13 2014.....SUNRISE   639 AM MDT   SUNSET   710 PM MDT
SEPTEMBER 14 2014.....SUNRISE   639 AM MDT   SUNSET   709 PM MDT


-  INDICATES NEGATIVE NUMBERS.
R  INDICATES RECORD WAS SET OR TIED.
MM INDICATES DATA IS MISSING.
T  INDICATES TRACE AMOUNT.




$$
