000
CDUS45 KPUB 230029
CLICOS


CLIMATE REPORT
NATIONAL WEATHER SERVICE PUEBLO
628 PM MDT MON JUN 22 2015


...................................

...THE COLORADO SPRINGS CO CLIMATE SUMMARY FOR JUNE 22 2015...
VALID TODAY AS OF 0500 PM LOCAL TIME.

CLIMATE NORMAL PERIOD 1981 TO 2010
CLIMATE RECORD PERIOD 1872 TO 2015


WEATHER ITEM   OBSERVED TIME   RECORD YEAR NORMAL DEPARTURE LAST
                VALUE   (LST)  VALUE       VALUE  FROM      YEAR
                                                  NORMAL
..................................................................
TEMPERATURE (F)
 TODAY
  MAXIMUM         86    827 AM  97    2012  81      5       82
  MINIMUM         66    434 AM  39    1926  53     13       53
  AVERAGE         76                        67      9       68

PRECIPITATION (IN)
  TODAY            0.00          0.21 1975   0.07  -0.07     0.06
  MONTH TO DATE    5.12                      1.90   3.22     1.24
  SINCE JUN 1      5.12                      1.90   3.22     1.24
  SINCE JAN 1     17.35                      7.01  10.34     6.03

SNOWFALL (IN)
  TODAY            0.0           0.0  2002   0.0    0.0      0.0
                                      2001
  MONTH TO DATE    T                         0.0    0.0       T
  SINCE JUN 1      T                         0.0    0.0       T
  SINCE JUL 1     46.5                      37.7    8.8     34.8
  SNOW DEPTH       0

DEGREE DAYS
 HEATING
  TODAY            0                         1     -1        0
  MONTH TO DATE   10                        70    -60       36
  SINCE JUN 1     10                        70    -60       36
  SINCE JUL 1   5777                      6283   -506     6082

 COOLING
  TODAY           11                         4      7        3
  MONTH TO DATE   73                        46     27       59
  SINCE JUN 1     73                        46     27       59
  SINCE JAN 1     73                        56     17       72
..................................................................


WIND (MPH)
  HIGHEST WIND SPEED    25   HIGHEST WIND DIRECTION     N (360)
  HIGHEST GUST SPEED    30   HIGHEST GUST DIRECTION    NW (330)
  AVERAGE WIND SPEED    10.3


SKY COVER
  POSSIBLE SUNSHINE  MM
  AVERAGE SKY COVER 0.4


WEATHER CONDITIONS
 THE FOLLOWING WEATHER WAS RECORDED TODAY.
  NO SIGNIFICANT WEATHER WAS OBSERVED.


RELATIVE HUMIDITY (PERCENT)
 HIGHEST    61          1200 AM
 LOWEST     10           300 AM
 AVERAGE    36

..........................................................


THE COLORADO SPRINGS CO CLIMATE NORMALS FOR TOMORROW
                         NORMAL    RECORD    YEAR
 MAXIMUM TEMPERATURE (F)   82       100      2012
                                             1954
 MINIMUM TEMPERATURE (F)   53        40      1947


SUNRISE AND SUNSET
JUNE 22 2015..........SUNRISE   534 AM MDT   SUNSET   828 PM MDT
JUNE 23 2015..........SUNRISE   534 AM MDT   SUNSET   828 PM MDT


-  INDICATES NEGATIVE NUMBERS.
R  INDICATES RECORD WAS SET OR TIED.
MM INDICATES DATA IS MISSING.
T  INDICATES TRACE AMOUNT.




$$
