000
CDUS45 KPUB 110021
CLICOS


CLIMATE REPORT
NATIONAL WEATHER SERVICE PUEBLO
621 PM MDT TUE MAY 10 2016


...................................

...THE COLORADO SPRINGS CO CLIMATE SUMMARY FOR MAY 10 2016...
VALID TODAY AS OF 0500 PM LOCAL TIME.

CLIMATE NORMAL PERIOD 1981 TO 2010
CLIMATE RECORD PERIOD 1872 TO 2016


WEATHER ITEM   OBSERVED TIME   RECORD YEAR NORMAL DEPARTURE LAST
                VALUE   (LST)  VALUE       VALUE  FROM      YEAR
                                                  NORMAL
..................................................................
TEMPERATURE (F)
 TODAY
  MAXIMUM         71    133 PM  85    1962  67      4       49
  MINIMUM         44    406 AM  26    1918  41      3       29
  AVERAGE         58                        54      4       39

PRECIPITATION (IN)
  TODAY            T             0.76 1925   0.05  -0.05     0.18
  MONTH TO DATE    0.01                      0.56  -0.55     3.93
  SINCE MAR 1      3.02                      2.98   0.04     5.71
  SINCE JAN 1      4.56                      3.64   0.92     8.03

SNOWFALL (IN)
  TODAY            0.0           0.5  2006   0.0    0.0       T
  MONTH TO DATE    T                         0.5   -0.5       T
  SINCE MAR 1     23.6                      13.5   10.1      5.6
  SINCE JUL 1     50.7                      37.5   13.2     46.5
  SNOW DEPTH       0

DEGREE DAYS
 HEATING
  TODAY            7                        11     -4       26
  MONTH TO DATE  122                       123     -1      127
  SINCE MAR 1   1375                      1482   -107     1285
  SINCE JUL 1   5278                      6045   -767     5506

 COOLING
  TODAY            0                         0      0        0
  MONTH TO DATE    0                         0      0        0
  SINCE MAR 1      0                         1     -1        0
  SINCE JAN 1      0                         1     -1        0
..................................................................


WIND (MPH)
  HIGHEST WIND SPEED    24   HIGHEST WIND DIRECTION    SE (150)
  HIGHEST GUST SPEED    31   HIGHEST GUST DIRECTION     W (280)
  AVERAGE WIND SPEED     8.4


SKY COVER
  POSSIBLE SUNSHINE  MM
  AVERAGE SKY COVER 0.7


WEATHER CONDITIONS
 THE FOLLOWING WEATHER WAS RECORDED TODAY.
  THUNDERSTORM
  LIGHT RAIN


RELATIVE HUMIDITY (PERCENT)
 HIGHEST    65           400 AM
 LOWEST     22           200 PM
 AVERAGE    44

..........................................................


THE COLORADO SPRINGS CO CLIMATE NORMALS FOR TOMORROW
                         NORMAL    RECORD    YEAR
 MAXIMUM TEMPERATURE (F)   68        87      1961
 MINIMUM TEMPERATURE (F)   41        25      1946


SUNRISE AND SUNSET
MAY 10 2016...........SUNRISE   551 AM MDT   SUNSET   800 PM MDT
MAY 11 2016...........SUNRISE   550 AM MDT   SUNSET   801 PM MDT


-  INDICATES NEGATIVE NUMBERS.
R  INDICATES RECORD WAS SET OR TIED.
MM INDICATES DATA IS MISSING.
T  INDICATES TRACE AMOUNT.




$$
