000
CDUS45 KPUB 220042
CLICOS


CLIMATE REPORT
NATIONAL WEATHER SERVICE PUEBLO
642 PM MDT FRI AUG 21 2015


...................................

...THE COLORADO SPRINGS CO CLIMATE SUMMARY FOR AUGUST 21 2015...
VALID TODAY AS OF 0500 PM LOCAL TIME.

CLIMATE NORMAL PERIOD 1981 TO 2010
CLIMATE RECORD PERIOD 1872 TO 2015


WEATHER ITEM   OBSERVED TIME   RECORD YEAR NORMAL DEPARTURE LAST
                VALUE   (LST)  VALUE       VALUE  FROM      YEAR
                                                  NORMAL
..................................................................
TEMPERATURE (F)
 TODAY
  MAXIMUM         88   1247 PM  94    2007  81      7       84
                                      2003
  MINIMUM         53    506 AM  42    1938  55     -2       59
  AVERAGE         71                        68      3       72

PRECIPITATION (IN)
  TODAY            0.00          1.15 1923   0.09  -0.09      T
  MONTH TO DATE    1.66                      2.46  -0.80     1.67
  SINCE JUN 1     10.52                      7.80   2.72     7.59
  SINCE JAN 1     22.75                     12.91   9.84    12.38

SNOWFALL (IN)
  TODAY            0.0           0.0  2002   0.0    0.0      0.0
  MONTH TO DATE    0.0                       0.0    0.0       T
  SINCE JUN 1      T                         0.0    0.0       T
  SINCE JUL 1      T                         0.0    0.0       T
  SNOW DEPTH       0

DEGREE DAYS
 HEATING
  TODAY            0                         1     -1        0
  MONTH TO DATE    8                         6      2        5
  SINCE JUN 1     28                        95    -67       67
  SINCE JUL 1     18                        16      2       28

 COOLING
  TODAY            6                         4      2        7
  MONTH TO DATE  152                       101     51       96
  SINCE JUN 1    456                       375     81      394
  SINCE JAN 1    456                       385     71      407
..................................................................


WIND (MPH)
  HIGHEST WIND SPEED    17   HIGHEST WIND DIRECTION    NW (310)
  HIGHEST GUST SPEED    23   HIGHEST GUST DIRECTION    NW (310)
  AVERAGE WIND SPEED     7.0


SKY COVER
  POSSIBLE SUNSHINE  MM
  AVERAGE SKY COVER 0.2


WEATHER CONDITIONS
 THE FOLLOWING WEATHER WAS RECORDED TODAY.
  HAZE


RELATIVE HUMIDITY (PERCENT)
 HIGHEST    83           300 AM
 LOWEST      9          1200 PM
 AVERAGE    46

..........................................................


THE COLORADO SPRINGS CO CLIMATE NORMALS FOR TOMORROW
                         NORMAL    RECORD    YEAR
 MAXIMUM TEMPERATURE (F)   81        93      2011
 MINIMUM TEMPERATURE (F)   55        41      1920


SUNRISE AND SUNSET
AUGUST 21 2015........SUNRISE   618 AM MDT   SUNSET   746 PM MDT
AUGUST 22 2015........SUNRISE   619 AM MDT   SUNSET   744 PM MDT


-  INDICATES NEGATIVE NUMBERS.
R  INDICATES RECORD WAS SET OR TIED.
MM INDICATES DATA IS MISSING.
T  INDICATES TRACE AMOUNT.




$$
