000
CDUS45 KPUB 202323
CLICOS


CLIMATE REPORT
NATIONAL WEATHER SERVICE PUEBLO
522 PM MDT MON JUL 20 2015


...................................

...THE COLORADO SPRINGS CO CLIMATE SUMMARY FOR JULY 20 2015...
VALID TODAY AS OF 0500 PM LOCAL TIME.

CLIMATE NORMAL PERIOD 1981 TO 2010
CLIMATE RECORD PERIOD 1872 TO 2015


WEATHER ITEM   OBSERVED TIME   RECORD YEAR NORMAL DEPARTURE LAST
                VALUE   (LST)  VALUE       VALUE  FROM      YEAR
                                                  NORMAL
..................................................................
TEMPERATURE (F)
 TODAY
  MAXIMUM         80    150 PM  98    2005  85     -5       92
  MINIMUM         58    219 AM  40    1897  57      1       60
  AVERAGE         69                        71     -2       76

PRECIPITATION (IN)
  TODAY            0.00          1.18 2010   0.10  -0.10      T
  MONTH TO DATE    2.61                      1.63   0.98     2.89
  SINCE JUN 1      8.33                      4.13   4.20     4.18
  SINCE JAN 1     20.56                      9.24  11.32     8.97

SNOWFALL (IN)
  TODAY            0.0           T    2010   0.0    0.0      0.0
  MONTH TO DATE    0.0                       0.0    0.0       T
  SINCE JUN 1      T                         0.0    0.0       T
  SINCE JUL 1      0.0                       0.0    0.0       T
  SNOW DEPTH       0

DEGREE DAYS
 HEATING
  TODAY            0                         0      0        0
  MONTH TO DATE   10                         3      7       13
  SINCE JUN 1     20                        82    -62       52
  SINCE JUL 1     10                         3      7       13

 COOLING
  TODAY            4                         7     -3       11
  MONTH TO DATE  101                       123    -22      120
  SINCE JUN 1    223                       206     17      224
  SINCE JAN 1    223                       216      7      237
..................................................................


WIND (MPH)
  HIGHEST WIND SPEED    17   HIGHEST WIND DIRECTION    NW (330)
  HIGHEST GUST SPEED    22   HIGHEST GUST DIRECTION     N (340)
  AVERAGE WIND SPEED     7.6


SKY COVER
  POSSIBLE SUNSHINE  MM
  AVERAGE SKY COVER 0.7


WEATHER CONDITIONS
 THE FOLLOWING WEATHER WAS RECORDED TODAY.
  NO SIGNIFICANT WEATHER WAS OBSERVED.


RELATIVE HUMIDITY (PERCENT)
 HIGHEST    84          1200 AM
 LOWEST     26           100 PM
 AVERAGE    55

..........................................................


THE COLORADO SPRINGS CO CLIMATE NORMALS FOR TOMORROW
                         NORMAL    RECORD    YEAR
 MAXIMUM TEMPERATURE (F)   85        98      1981
 MINIMUM TEMPERATURE (F)   58        47      1958
                                             1897


SUNRISE AND SUNSET
JULY 20 2015..........SUNRISE   550 AM MDT   SUNSET   820 PM MDT
JULY 21 2015..........SUNRISE   551 AM MDT   SUNSET   820 PM MDT


-  INDICATES NEGATIVE NUMBERS.
R  INDICATES RECORD WAS SET OR TIED.
MM INDICATES DATA IS MISSING.
T  INDICATES TRACE AMOUNT.




$$
