000
CDUS45 KPUB 140033
CLICOS


CLIMATE REPORT
NATIONAL WEATHER SERVICE PUEBLO
633 PM MDT WED MAY 13 2015


...................................

...THE COLORADO SPRINGS CO CLIMATE SUMMARY FOR MAY 13 2015...
VALID TODAY AS OF 0500 PM LOCAL TIME.

CLIMATE NORMAL PERIOD 1981 TO 2010
CLIMATE RECORD PERIOD 1872 TO 2015


WEATHER ITEM   OBSERVED TIME   RECORD YEAR NORMAL DEPARTURE LAST
                VALUE   (LST)  VALUE       VALUE  FROM      YEAR
                                                  NORMAL
..................................................................
TEMPERATURE (F)
 TODAY
  MAXIMUM         59    143 PM  84    1941  68     -9       49
  MINIMUM         44    426 AM  24    1953  42      2       30
  AVERAGE         52                        55     -3       40

PRECIPITATION (IN)
  TODAY            0.11          0.98 1912   0.06   0.05      T
  MONTH TO DATE    4.05                      0.75   3.30     0.24
  SINCE MAR 1      5.83                      3.17   2.66     1.58
  SINCE JAN 1      8.15                      3.83   4.32     2.47

SNOWFALL (IN)
  TODAY            0.0           9.0  1912   0.0    0.0       T
  MONTH TO DATE    T                         0.6   -0.6      0.4
  SINCE MAR 1      5.6                      13.6   -8.0     10.7
  SINCE JUL 1     46.5                      37.6    8.9     34.8
  SNOW DEPTH       0

DEGREE DAYS
 HEATING
  TODAY           13                        10      3       25
  MONTH TO DATE  175                       154     21      171
  SINCE MAR 1   1333                      1513   -180     1469
  SINCE JUL 1   5554                      6076   -522     5956

 COOLING
  TODAY            0                         0      0        0
  MONTH TO DATE    0                         0      0        3
  SINCE MAR 1      0                         1     -1        3
  SINCE JAN 1      0                         1     -1        3
..................................................................


WIND (MPH)
  HIGHEST WIND SPEED    17   HIGHEST WIND DIRECTION    SE (150)
  HIGHEST GUST SPEED    20   HIGHEST GUST DIRECTION    SE (150)
  AVERAGE WIND SPEED     9.4


SKY COVER
  POSSIBLE SUNSHINE  MM
  AVERAGE SKY COVER 0.9


WEATHER CONDITIONS
 THE FOLLOWING WEATHER WAS RECORDED TODAY.
  THUNDERSTORM
  LIGHT RAIN
  FOG


RELATIVE HUMIDITY (PERCENT)
 HIGHEST    92           200 AM
 LOWEST     62           200 PM
 AVERAGE    77

..........................................................


THE COLORADO SPRINGS CO CLIMATE NORMALS FOR TOMORROW
                         NORMAL    RECORD    YEAR
 MAXIMUM TEMPERATURE (F)   69        87      1996
 MINIMUM TEMPERATURE (F)   42        26      1907


SUNRISE AND SUNSET
MAY 13 2015...........SUNRISE   549 AM MDT   SUNSET   802 PM MDT
MAY 14 2015...........SUNRISE   548 AM MDT   SUNSET   803 PM MDT


-  INDICATES NEGATIVE NUMBERS.
R  INDICATES RECORD WAS SET OR TIED.
MM INDICATES DATA IS MISSING.
T  INDICATES TRACE AMOUNT.




$$
