176
CDUS45 KPUB 101155
CLICOS


CLIMATE REPORT
NATIONAL WEATHER SERVICE PUEBLO
455 AM MST TUE JAN 10 2017


...................................

...THE COLORADO SPRINGS CO CLIMATE SUMMARY FOR JANUARY 9 2017...

CLIMATE NORMAL PERIOD 1981 TO 2010
CLIMATE RECORD PERIOD 1872 TO 2017


WEATHER ITEM   OBSERVED TIME   RECORD YEAR NORMAL DEPARTURE LAST
                VALUE   (LST)  VALUE       VALUE  FROM      YEAR
                                                  NORMAL
..................................................................
TEMPERATURE (F)
 YESTERDAY
  MAXIMUM         60    122 PM  68    1928  43     17       27
  MINIMUM         31   1240 AM -17    1962  18     13       15
  AVERAGE         46                        30     16       21

PRECIPITATION (IN)
  YESTERDAY        0.00          0.14 1954   0.01  -0.01      T
  MONTH TO DATE    0.19                      0.09   0.10     0.18
  SINCE DEC 1      0.87                      0.43   0.44     0.43
  SINCE JAN 1      0.19                      0.09   0.10     0.18

SNOWFALL (IN)
  YESTERDAY        0.0           1.9  1955   0.1   -0.1      0.1
  MONTH TO DATE    3.4                       1.6    1.8      2.7
  SINCE DEC 1      9.8                       7.3    2.5      7.0
  SINCE JUL 1      9.8                      15.1   -5.3     12.8
  SNOW DEPTH       1

DEGREE DAYS
 HEATING
  YESTERDAY       19                        35    -16       44
  MONTH TO DATE  382                       315     67      316
  SINCE DEC 1   1482                      1406     76     1317
  SINCE JUL 1   2385                      2887   -502     2420

 COOLING
  YESTERDAY        0                         0      0        0
  MONTH TO DATE    0                         0      0        0
  SINCE DEC 1      0                         0      0        0
  SINCE JAN 1      0                         0      0        0
..................................................................


WIND (MPH)
  HIGHEST WIND SPEED    64   HIGHEST WIND DIRECTION     W (260)
  HIGHEST GUST SPEED    80   HIGHEST GUST DIRECTION     W (270)
  AVERAGE WIND SPEED    29.9


SKY COVER
  POSSIBLE SUNSHINE  MM
  AVERAGE SKY COVER 0.7


WEATHER CONDITIONS
 THE FOLLOWING WEATHER WAS RECORDED YESTERDAY.
  NO SIGNIFICANT WEATHER WAS OBSERVED.


RELATIVE HUMIDITY (PERCENT)
 HIGHEST    72          1200 AM
 LOWEST     24           500 AM
 AVERAGE    48

..........................................................


THE COLORADO SPRINGS CO CLIMATE NORMALS FOR TODAY
                         NORMAL    RECORD    YEAR
 MAXIMUM TEMPERATURE (F)   43        70      1990
 MINIMUM TEMPERATURE (F)   18       -20      1962


SUNRISE AND SUNSET
JANUARY 10 2017.......SUNRISE   717 AM MST   SUNSET   456 PM MST
JANUARY 11 2017.......SUNRISE   717 AM MST   SUNSET   457 PM MST


-  INDICATES NEGATIVE NUMBERS.
R  INDICATES RECORD WAS SET OR TIED.
MM INDICATES DATA IS MISSING.
T  INDICATES TRACE AMOUNT.




$$
