000
CDUS45 KPUB 301134
CLICOS


CLIMATE REPORT
NATIONAL WEATHER SERVICE PUEBLO
433 AM MST MON JAN 30 2017


...................................

...THE COLORADO SPRINGS CO CLIMATE SUMMARY FOR JANUARY 29 2017...

CLIMATE NORMAL PERIOD 1981 TO 2010
CLIMATE RECORD PERIOD 1872 TO 2017


WEATHER ITEM   OBSERVED TIME   RECORD YEAR NORMAL DEPARTURE LAST
                VALUE   (LST)  VALUE       VALUE  FROM      YEAR
                                                  NORMAL
..................................................................
TEMPERATURE (F)
 YESTERDAY
  MAXIMUM         59   1259 PM  66    1911  43     16       59
  MINIMUM         24    312 AM -12    1951  18      6       31
  AVERAGE         42                        30     12       45

PRECIPITATION (IN)
  YESTERDAY        0.00          0.62 1956   0.01  -0.01     0.00
  MONTH TO DATE    0.32                      0.30   0.02     0.25
  SINCE DEC 1      1.00                      0.64   0.36     0.50
  SINCE JAN 1      0.32                      0.30   0.02     0.25

SNOWFALL (IN)
  YESTERDAY        0.0           7.6  1956   0.2   -0.2      0.0
  MONTH TO DATE    6.3                       5.3    1.0      3.7
  SINCE DEC 1     12.7                      11.0    1.7      8.0
  SINCE JUL 1     12.7                      18.8   -6.1     13.8
  SNOW DEPTH       0

DEGREE DAYS
 HEATING
  YESTERDAY       23                        35    -12       20
  MONTH TO DATE 1014                       999     15      940
  SINCE DEC 1   2114                      2090     24     1941
  SINCE JUL 1   3017                      3571   -554     3044

 COOLING
  YESTERDAY        0                         0      0        0
  MONTH TO DATE    0                         0      0        0
  SINCE DEC 1      0                         0      0        0
  SINCE JAN 1      0                         0      0        0
..................................................................


WIND (MPH)
  HIGHEST WIND SPEED    26   HIGHEST WIND DIRECTION     N (20)
  HIGHEST GUST SPEED    32   HIGHEST GUST DIRECTION     N (10)
  AVERAGE WIND SPEED     8.1


SKY COVER
  POSSIBLE SUNSHINE  MM
  AVERAGE SKY COVER 0.4


WEATHER CONDITIONS
 THE FOLLOWING WEATHER WAS RECORDED YESTERDAY.
  NO SIGNIFICANT WEATHER WAS OBSERVED.


RELATIVE HUMIDITY (PERCENT)
 HIGHEST    55          1200 AM
 LOWEST     12           100 PM
 AVERAGE    34

..........................................................


THE COLORADO SPRINGS CO CLIMATE NORMALS FOR TODAY
                         NORMAL    RECORD    YEAR
 MAXIMUM TEMPERATURE (F)   43        71      1986
 MINIMUM TEMPERATURE (F)   18       -11      1956
                                             1951


SUNRISE AND SUNSET
JANUARY 30 2017.......SUNRISE   706 AM MST   SUNSET   518 PM MST
JANUARY 31 2017.......SUNRISE   705 AM MST   SUNSET   520 PM MST


-  INDICATES NEGATIVE NUMBERS.
R  INDICATES RECORD WAS SET OR TIED.
MM INDICATES DATA IS MISSING.
T  INDICATES TRACE AMOUNT.




$$
