000
CDUS45 KPUB 172347
CLICOS


CLIMATE REPORT
NATIONAL WEATHER SERVICE PUEBLO
546 PM MDT THU JUL 17 2014


...................................

...THE COLORADO SPRINGS CO CLIMATE SUMMARY FOR JULY 17 2014...
VALID TODAY AS OF 0500 PM LOCAL TIME.

CLIMATE NORMAL PERIOD 1981 TO 2010
CLIMATE RECORD PERIOD 1872 TO 2014


WEATHER ITEM   OBSERVED TIME   RECORD YEAR NORMAL DEPARTURE LAST
                VALUE   (LST)  VALUE       VALUE  FROM      YEAR
                                                  NORMAL
..................................................................
TEMPERATURE (F)
 TODAY
  MAXIMUM         72    317 PM  96    2010  85    -13       82
                                      2003
  MINIMUM         50    456 AM  48    1900  57     -7       56
  AVERAGE         61                        71    -10       69

PRECIPITATION (IN)
  TODAY            0.00          1.42 1931   0.09  -0.09     0.00
  MONTH TO DATE    2.89                      1.34   1.55     2.28
  SINCE JUN 1      4.18                      3.84   0.34     2.88
  SINCE JAN 1      8.97                      8.95   0.02     5.61

SNOWFALL (IN)
  TODAY            0.0           0.0  2002   0.0    0.0      0.0
                                      2001
  MONTH TO DATE    T                         0.0    0.0       T
  SINCE JUN 1      T                         0.0    0.0       T
  SINCE JUL 1      T                         0.0    0.0       T
  SNOW DEPTH       0

DEGREE DAYS
 HEATING
  TODAY            4                         0      4        0
  MONTH TO DATE   13                         3     10        5
  SINCE JUN 1     52                        82    -30       30
  SINCE JUL 1     13                         3     10        5

 COOLING
  TODAY            0                         7     -7        4
  MONTH TO DATE   97                       102     -5      121
  SINCE JUN 1    201                       185     16      303
  SINCE JAN 1    214                       195     19      325
..................................................................


WIND (MPH)
  HIGHEST WIND SPEED    18   HIGHEST WIND DIRECTION     N (20)
  HIGHEST GUST SPEED    22   HIGHEST GUST DIRECTION    SE (140)
  AVERAGE WIND SPEED     8.2


SKY COVER
  POSSIBLE SUNSHINE  MM
  AVERAGE SKY COVER 0.7


WEATHER CONDITIONS
 THE FOLLOWING WEATHER WAS RECORDED TODAY.
  FOG
  FOG W/VISIBILITY <= 1/4 MILE


RELATIVE HUMIDITY (PERCENT)
 HIGHEST   100           200 AM
 LOWEST     52          1000 AM
 AVERAGE    76

..........................................................


THE COLORADO SPRINGS CO CLIMATE NORMALS FOR TOMORROW
                         NORMAL    RECORD    YEAR
 MAXIMUM TEMPERATURE (F)   85        98      2003
 MINIMUM TEMPERATURE (F)   57        48      1907


SUNRISE AND SUNSET
JULY 17 2014..........SUNRISE   548 AM MDT   SUNSET   822 PM MDT
JULY 18 2014..........SUNRISE   548 AM MDT   SUNSET   821 PM MDT


-  INDICATES NEGATIVE NUMBERS.
R  INDICATES RECORD WAS SET OR TIED.
MM INDICATES DATA IS MISSING.
T  INDICATES TRACE AMOUNT.




$$
