000
CDUS45 KPUB 202324
CLICOS


CLIMATE REPORT
NATIONAL WEATHER SERVICE PUEBLO
524 PM MDT WED APR 20 2016


...................................

...THE COLORADO SPRINGS CO CLIMATE SUMMARY FOR APRIL 20 2016...
VALID TODAY AS OF 0500 PM LOCAL TIME.

CLIMATE NORMAL PERIOD 1981 TO 2010
CLIMATE RECORD PERIOD 1872 TO 2016


WEATHER ITEM   OBSERVED TIME   RECORD YEAR NORMAL DEPARTURE LAST
                VALUE   (LST)  VALUE       VALUE  FROM      YEAR
                                                  NORMAL
..................................................................
TEMPERATURE (F)
 TODAY
  MAXIMUM         59   1247 PM  81    1989  61     -2       53
  MINIMUM         30    518 AM  13    1966  34     -4       33
  AVERAGE         45                        48     -3       43

PRECIPITATION (IN)
  TODAY            T             0.72 1933   0.06  -0.06      T
  MONTH TO DATE    1.16                      0.84   0.32     0.74
  SINCE MAR 1      1.89                      1.84   0.05     1.55
  SINCE JAN 1      3.43                      2.50   0.93     3.87

SNOWFALL (IN)
  TODAY            0.0           8.0  1933   0.1   -0.1       T
  MONTH TO DATE    5.1                       3.5    1.6      1.7
  SINCE MAR 1     15.6                      11.6    4.0      5.6
  SINCE JUL 1     42.7                      35.6    7.1     46.5
  SNOW DEPTH       0

DEGREE DAYS
 HEATING
  TODAY           20                        17      3       22
  MONTH TO DATE  364                       398    -34      342
  SINCE MAR 1   1074                      1203   -129     1011
  SINCE JUL 1   4977                      5766   -789     5232

 COOLING
  TODAY            0                         0      0        0
  MONTH TO DATE    0                         0      0        0
  SINCE MAR 1      0                         0      0        0
  SINCE JAN 1      0                         0      0        0
..................................................................


WIND (MPH)
  HIGHEST WIND SPEED    29   HIGHEST WIND DIRECTION     N (10)
  HIGHEST GUST SPEED    34   HIGHEST GUST DIRECTION     N (10)
  AVERAGE WIND SPEED     7.2


SKY COVER
  POSSIBLE SUNSHINE  MM
  AVERAGE SKY COVER 0.6


WEATHER CONDITIONS
 THE FOLLOWING WEATHER WAS RECORDED TODAY.
  LIGHT RAIN


RELATIVE HUMIDITY (PERCENT)
 HIGHEST    89          1200 AM
 LOWEST     25          1200 PM
 AVERAGE    57

..........................................................


THE COLORADO SPRINGS CO CLIMATE NORMALS FOR TOMORROW
                         NORMAL    RECORD    YEAR
 MAXIMUM TEMPERATURE (F)   61        83      1989
 MINIMUM TEMPERATURE (F)   35        12      1907


SUNRISE AND SUNSET
APRIL 20 2016.........SUNRISE   615 AM MDT   SUNSET   741 PM MDT
APRIL 21 2016.........SUNRISE   613 AM MDT   SUNSET   742 PM MDT


-  INDICATES NEGATIVE NUMBERS.
R  INDICATES RECORD WAS SET OR TIED.
MM INDICATES DATA IS MISSING.
T  INDICATES TRACE AMOUNT.




$$
