000
CDUS45 KPUB 190020
CLICOS


CLIMATE REPORT
NATIONAL WEATHER SERVICE PUEBLO
520 PM MST WED FEB 18 2015


...................................

...THE COLORADO SPRINGS CO CLIMATE SUMMARY FOR FEBRUARY 18 2015...
VALID TODAY AS OF 0500 PM LOCAL TIME.

CLIMATE NORMAL PERIOD 1981 TO 2010
CLIMATE RECORD PERIOD 1872 TO 2015


WEATHER ITEM   OBSERVED TIME   RECORD YEAR NORMAL DEPARTURE LAST
                VALUE   (LST)  VALUE       VALUE  FROM      YEAR
                                                  NORMAL
..................................................................
TEMPERATURE (F)
 TODAY
  MAXIMUM         43    423 PM  66    2004  45     -2       63
                                      1958
  MINIMUM         16    648 AM -15    1942  20     -4       34
  AVERAGE         30                        32     -2       49

PRECIPITATION (IN)
  TODAY            0.00          0.24 1911   0.01  -0.01     0.00
  MONTH TO DATE    0.65                      0.18   0.47     0.15
  SINCE DEC 1      1.68                      0.84   0.84     0.89
  SINCE JAN 1      1.52                      0.50   1.02     0.82

SNOWFALL (IN)
  TODAY            0.0           3.0  1898   0.2   -0.2      0.0
  MONTH TO DATE    4.2                       3.2    0.0      2.6
  SINCE DEC 1     21.4                      14.5    6.9     19.1
  SINCE JUL 1     28.5                      22.3    6.2     23.3
  SNOW DEPTH       1

DEGREE DAYS
 HEATING
  TODAY           35                        33      2       16
  MONTH TO DATE  450                       606   -156      667
  SINCE DEC 1   2469                      2768   -299     2842
  SINCE JUL 1   3794                      4249   -455     4203

 COOLING
  TODAY            0                         0      0        0
  MONTH TO DATE    0                         0      0        0
  SINCE DEC 1      0                         0      0        0
  SINCE JAN 1      0                         0      0        0
..................................................................


WIND (MPH)
  HIGHEST WIND SPEED    15   HIGHEST WIND DIRECTION     S (170)
  HIGHEST GUST SPEED    18   HIGHEST GUST DIRECTION     S (190)
  AVERAGE WIND SPEED     5.8


SKY COVER
  POSSIBLE SUNSHINE  MM
  AVERAGE SKY COVER 0.2


WEATHER CONDITIONS
 THE FOLLOWING WEATHER WAS RECORDED TODAY.
  NO SIGNIFICANT WEATHER WAS OBSERVED.


RELATIVE HUMIDITY (PERCENT)
 HIGHEST    80           100 AM
 LOWEST     33           300 PM
 AVERAGE    57

..........................................................


THE COLORADO SPRINGS CO CLIMATE NORMALS FOR TOMORROW
                         NORMAL    RECORD    YEAR
 MAXIMUM TEMPERATURE (F)   45        67      1986
                                             1981
 MINIMUM TEMPERATURE (F)   20        -5      2006


SUNRISE AND SUNSET
FEBRUARY 18 2015......SUNRISE   646 AM MST   SUNSET   540 PM MST
FEBRUARY 19 2015......SUNRISE   645 AM MST   SUNSET   541 PM MST


-  INDICATES NEGATIVE NUMBERS.
R  INDICATES RECORD WAS SET OR TIED.
MM INDICATES DATA IS MISSING.
T  INDICATES TRACE AMOUNT.




$$
