858
CDUS45 KPUB 281126
CLICOS


CLIMATE REPORT
NATIONAL WEATHER SERVICE PUEBLO
426 AM MST MON NOV 28 2016


...................................

...THE COLORADO SPRINGS CO CLIMATE SUMMARY FOR NOVEMBER 27 2016...

CLIMATE NORMAL PERIOD 1981 TO 2010
CLIMATE RECORD PERIOD 1872 TO 2016


WEATHER ITEM   OBSERVED TIME   RECORD YEAR NORMAL DEPARTURE LAST
                VALUE   (LST)  VALUE       VALUE  FROM      YEAR
                                                  NORMAL
..................................................................
TEMPERATURE (F)
 YESTERDAY
  MAXIMUM         52   1125 AM  72    1998  46      6       18
  MINIMUM         33    651 AM -10    1896  21     12        5
  AVERAGE         43                        33     10       12

PRECIPITATION (IN)
  YESTERDAY        0.00          0.53 1972   0.01  -0.01     0.03
  MONTH TO DATE    0.07                      0.36  -0.29     0.41
  SINCE SEP 1      0.23                      2.37  -2.14     2.11
  SINCE JAN 1     13.67                     16.16  -2.49    24.93

SNOWFALL (IN)
  YESTERDAY        0.0           8.5  1972   0.2   -0.2      0.9
  MONTH TO DATE    T                         4.1   -4.1      4.6
  SINCE SEP 1      T                         7.2   -7.2      4.6
  SINCE JUL 1      T                         7.2   -7.2      4.6
  SNOW DEPTH       0

DEGREE DAYS
 HEATING
  YESTERDAY       22                        32    -10       53
  MONTH TO DATE  494                       709   -215      637
  SINCE SEP 1    777                      1352   -575      951
  SINCE JUL 1    798                      1383   -585      970

 COOLING
  YESTERDAY        0                         0      0        0
  MONTH TO DATE    0                         0      0        0
  SINCE SEP 1     84                        37     47      102
  SINCE JAN 1    710                       455    255      617
..................................................................


WIND (MPH)
  HIGHEST WIND SPEED    40   HIGHEST WIND DIRECTION     W (290)
  HIGHEST GUST SPEED    53   HIGHEST GUST DIRECTION     W (290)
  AVERAGE WIND SPEED    15.2


SKY COVER
  POSSIBLE SUNSHINE  MM
  AVERAGE SKY COVER 0.5


WEATHER CONDITIONS
 THE FOLLOWING WEATHER WAS RECORDED YESTERDAY.
  NO SIGNIFICANT WEATHER WAS OBSERVED.


RELATIVE HUMIDITY (PERCENT)
 HIGHEST    50           800 AM
 LOWEST     12          1200 PM
 AVERAGE    31

..........................................................


THE COLORADO SPRINGS CO CLIMATE NORMALS FOR TODAY
                         NORMAL    RECORD    YEAR
 MAXIMUM TEMPERATURE (F)   45        73      1998
 MINIMUM TEMPERATURE (F)   21       -10      1896


SUNRISE AND SUNSET
NOVEMBER 28 2016......SUNRISE   656 AM MST   SUNSET   438 PM MST
NOVEMBER 29 2016......SUNRISE   657 AM MST   SUNSET   438 PM MST


-  INDICATES NEGATIVE NUMBERS.
R  INDICATES RECORD WAS SET OR TIED.
MM INDICATES DATA IS MISSING.
T  INDICATES TRACE AMOUNT.




$$
