000
CDUS45 KPUB 071129
CLICOS


CLIMATE REPORT
NATIONAL WEATHER SERVICE PUEBLO
428 AM MST TUE MAR 7 2017


...................................

...THE COLORADO SPRINGS CO CLIMATE SUMMARY FOR MARCH 6 2017...

CLIMATE NORMAL PERIOD 1981 TO 2010
CLIMATE RECORD PERIOD 1872 TO 2017


WEATHER ITEM   OBSERVED TIME   RECORD YEAR NORMAL DEPARTURE LAST
                VALUE   (LST)  VALUE       VALUE  FROM      YEAR
                                                  NORMAL
..................................................................
TEMPERATURE (F)
 YESTERDAY
  MAXIMUM         50   1227 AM  73    1972  50      0       67
  MINIMUM         23   1159 PM -11    1943  24     -1       42
  AVERAGE         37                        37      0       55

PRECIPITATION (IN)
  YESTERDAY        0.00          0.68 1990   0.03  -0.03      T
  MONTH TO DATE    0.00                      0.16  -0.16      T
  SINCE MAR 1      0.00                      0.16  -0.16      T
  SINCE JAN 1      0.39                      0.82  -0.43     1.54

SNOWFALL (IN)
  YESTERDAY        0.0           3.7  1990   0.2   -0.2      0.0
  MONTH TO DATE    0.0                       1.4   -1.4      0.0
  SINCE MAR 1      0.0                       1.4   -1.4      0.0
  SINCE JUL 1     13.4                      25.4  -12.0     27.1
  SNOW DEPTH       0

DEGREE DAYS
 HEATING
  YESTERDAY       28                        28      0       10
  MONTH TO DATE  150                       175    -25      107
  SINCE MAR 1    150                       175    -25      107
  SINCE JUL 1   3903                      4738   -835     4010

 COOLING
  YESTERDAY        0                         0      0        0
  MONTH TO DATE    0                         0      0        0
  SINCE MAR 1      0                         0      0        0
  SINCE JAN 1      0                         0      0        0
..................................................................


WIND (MPH)
  HIGHEST WIND SPEED    43   HIGHEST WIND DIRECTION    SW (220)
  HIGHEST GUST SPEED    55   HIGHEST GUST DIRECTION     S (200)
  AVERAGE WIND SPEED    22.2


SKY COVER
  POSSIBLE SUNSHINE  MM
  AVERAGE SKY COVER 0.5


WEATHER CONDITIONS
 THE FOLLOWING WEATHER WAS RECORDED YESTERDAY.
  NO SIGNIFICANT WEATHER WAS OBSERVED.


RELATIVE HUMIDITY (PERCENT)
 HIGHEST    50          1100 PM
 LOWEST     10          1200 PM
 AVERAGE    30

..........................................................


THE COLORADO SPRINGS CO CLIMATE NORMALS FOR TODAY
                         NORMAL    RECORD    YEAR
 MAXIMUM TEMPERATURE (F)   50        70      1925
 MINIMUM TEMPERATURE (F)   24       -11      1920


SUNRISE AND SUNSET
MARCH  7 2017.........SUNRISE   622 AM MST   SUNSET   558 PM MST
MARCH  8 2017.........SUNRISE   620 AM MST   SUNSET   559 PM MST


-  INDICATES NEGATIVE NUMBERS.
R  INDICATES RECORD WAS SET OR TIED.
MM INDICATES DATA IS MISSING.
T  INDICATES TRACE AMOUNT.




$$
