000
CDUS45 KPUB 250025
CLICOS


CLIMATE REPORT
NATIONAL WEATHER SERVICE PUEBLO
525 PM MST SUN DEC 24 2017


...................................

...THE COLORADO SPRINGS CO CLIMATE SUMMARY FOR DECEMBER 24 2017...
VALID TODAY AS OF 0500 PM LOCAL TIME.

CLIMATE NORMAL PERIOD 1981 TO 2010
CLIMATE RECORD PERIOD 1872 TO 2017


WEATHER ITEM   OBSERVED TIME   RECORD YEAR NORMAL DEPARTURE LAST
                VALUE   (LST)  VALUE       VALUE  FROM      YEAR
                                                  NORMAL
..................................................................
TEMPERATURE (F)
 TODAY
  MAXIMUM         23    212 PM  70    1955  42    -19       51
  MINIMUM          4    405 AM -18    1924  17    -13       24
  AVERAGE         14                        29    -15       38

PRECIPITATION (IN)
  TODAY            T             0.60 1982   0.01  -0.01     0.00
  MONTH TO DATE    T                         0.28  -0.28     0.42
  SINCE DEC 1      T                         0.28  -0.28     0.42
  SINCE JAN 1     18.43                     16.48   1.95    14.09

SNOWFALL (IN)
  TODAY            T             7.0  1982   0.1   -0.1      0.0
  MONTH TO DATE    0.2                       4.5   -4.3      6.4
  SINCE DEC 1      0.2                       4.5   -4.3      6.4
  SINCE JUL 1      1.8                      12.3  -10.5      6.4
  SNOW DEPTH       0

DEGREE DAYS
 HEATING
  TODAY           51                        36     15       27
  MONTH TO DATE  708                       846   -138      884
  SINCE DEC 1    708                       846   -138      884
  SINCE JUL 1   1876                      2327   -451     1787

 COOLING
  TODAY            0                         0      0        0
  MONTH TO DATE    0                         0      0        0
  SINCE DEC 1      0                         0      0        0
  SINCE JAN 1    639                       455    184      710
..................................................................


WIND (MPH)
  HIGHEST WIND SPEED    31   HIGHEST WIND DIRECTION     N (340)
  HIGHEST GUST SPEED    39   HIGHEST GUST DIRECTION     N (340)
  AVERAGE WIND SPEED     7.6


SKY COVER
  POSSIBLE SUNSHINE  MM
  AVERAGE SKY COVER 0.5


WEATHER CONDITIONS
 THE FOLLOWING WEATHER WAS RECORDED TODAY.
  LIGHT SNOW
  FOG
  HAZE


RELATIVE HUMIDITY (PERCENT)
 HIGHEST    88           500 AM
 LOWEST     47           300 PM
 AVERAGE    68

..........................................................


THE COLORADO SPRINGS CO CLIMATE NORMALS FOR TOMORROW
                         NORMAL    RECORD    YEAR
 MAXIMUM TEMPERATURE (F)   42        67      1971
                                             1955
 MINIMUM TEMPERATURE (F)   17       -15      1983


SUNRISE AND SUNSET
DECEMBER 24 2017......SUNRISE   715 AM MST   SUNSET   442 PM MST
DECEMBER 25 2017......SUNRISE   715 AM MST   SUNSET   443 PM MST


-  INDICATES NEGATIVE NUMBERS.
R  INDICATES RECORD WAS SET OR TIED.
MM INDICATES DATA IS MISSING.
T  INDICATES TRACE AMOUNT.




$$
