000
CDUS45 KPUB 151123
CLICOS


CLIMATE REPORT
NATIONAL WEATHER SERVICE PUEBLO
422 AM MST TUE NOV 15 2016


...................................

...THE COLORADO SPRINGS CO CLIMATE SUMMARY FOR NOVEMBER 14 2016...

CLIMATE NORMAL PERIOD 1981 TO 2010
CLIMATE RECORD PERIOD 1872 TO 2016


WEATHER ITEM   OBSERVED TIME   RECORD YEAR NORMAL DEPARTURE LAST
                VALUE   (LST)  VALUE       VALUE  FROM      YEAR
                                                  NORMAL
..................................................................
TEMPERATURE (F)
 YESTERDAY
  MAXIMUM         69    314 PM  77    1936  52     17       65
  MINIMUM         33    538 AM -12    1916  26      7       26
  AVERAGE         51                        39     12       46

PRECIPITATION (IN)
  YESTERDAY        0.00          0.40 1993   0.01  -0.01     0.00
  MONTH TO DATE    T                         0.21  -0.21     0.02
  SINCE SEP 1      0.16                      2.22  -2.06     1.72
  SINCE JAN 1     13.60                     16.01  -2.41    24.54

SNOWFALL (IN)
  YESTERDAY        0.0           5.7  1993   0.1   -0.1      0.0
  MONTH TO DATE    0.0                       1.9   -1.9      0.2
  SINCE SEP 1      0.0                       5.0   -5.0      0.2
  SINCE JUL 1      T                         5.0   -5.0      0.2
  SNOW DEPTH       0

DEGREE DAYS
 HEATING
  YESTERDAY       14                        26    -12       19
  MONTH TO DATE  216                       328   -112      277
  SINCE SEP 1    499                       971   -472      591
  SINCE JUL 1    520                      1002   -482      610

 COOLING
  YESTERDAY        0                         0      0        0
  MONTH TO DATE    0                         0      0        0
  SINCE SEP 1     84                        37     47      102
  SINCE JAN 1    710                       455    255      617
..................................................................


WIND (MPH)
  HIGHEST WIND SPEED    14   HIGHEST WIND DIRECTION    NE (30)
  HIGHEST GUST SPEED    15   HIGHEST GUST DIRECTION    NE (30)
  AVERAGE WIND SPEED     5.6


SKY COVER
  POSSIBLE SUNSHINE  MM
  AVERAGE SKY COVER 0.3


WEATHER CONDITIONS
 THE FOLLOWING WEATHER WAS RECORDED YESTERDAY.
  NO SIGNIFICANT WEATHER WAS OBSERVED.


RELATIVE HUMIDITY (PERCENT)
 HIGHEST    56           500 AM
 LOWEST     13           200 PM
 AVERAGE    35

..........................................................


THE COLORADO SPRINGS CO CLIMATE NORMALS FOR TODAY
                         NORMAL    RECORD    YEAR
 MAXIMUM TEMPERATURE (F)   51        75      1990
 MINIMUM TEMPERATURE (F)   25         0      1997


SUNRISE AND SUNSET
NOVEMBER 15 2016......SUNRISE   642 AM MST   SUNSET   445 PM MST
NOVEMBER 16 2016......SUNRISE   643 AM MST   SUNSET   444 PM MST


-  INDICATES NEGATIVE NUMBERS.
R  INDICATES RECORD WAS SET OR TIED.
MM INDICATES DATA IS MISSING.
T  INDICATES TRACE AMOUNT.




$$
