000
CDUS45 KPUB 160030
CLICOS


CLIMATE REPORT
NATIONAL WEATHER SERVICE PUEBLO
529 PM MST THU JAN 15 2015


...................................

...THE COLORADO SPRINGS CO CLIMATE SUMMARY FOR JANUARY 15 2015...
VALID TODAY AS OF 0500 PM LOCAL TIME.

CLIMATE NORMAL PERIOD 1981 TO 2010
CLIMATE RECORD PERIOD 1872 TO 2015


WEATHER ITEM   OBSERVED TIME   RECORD YEAR NORMAL DEPARTURE LAST
                VALUE   (LST)  VALUE       VALUE  FROM      YEAR
                                                  NORMAL
..................................................................
TEMPERATURE (F)
 TODAY
  MAXIMUM         47    105 PM  68    1974  43      4       58
  MINIMUM         20    801 AM -14    1984  18      2       14
  AVERAGE         34                        31      3       36

PRECIPITATION (IN)
  TODAY            0.00          0.77 1987   0.01  -0.01     0.00
  MONTH TO DATE    0.57                      0.14   0.43     0.18
  SINCE DEC 1      0.73                      0.48   0.25     0.25
  SINCE JAN 1      0.57                      0.14   0.43     0.18

SNOWFALL (IN)
  TODAY            0.0          22.0  1987   0.2   -0.2      0.0
  MONTH TO DATE    9.9                       2.7    7.2      3.5
  SINCE DEC 1     13.6                       8.4    5.2      6.4
  SINCE JUL 1     20.7                      16.2    4.5     10.6
  SNOW DEPTH       0

DEGREE DAYS
 HEATING
  TODAY           31                        34     -3       29
  MONTH TO DATE  546                       520     26      531
  SINCE DEC 1   1576                      1611    -35     1634
  SINCE JUL 1   2901                      3092   -191     2995

 COOLING
  TODAY            0                         0      0        0
  MONTH TO DATE    0                         0      0        0
  SINCE DEC 1      0                         0      0        0
  SINCE JAN 1      0                         0      0        0
..................................................................


WIND (MPH)
  HIGHEST WIND SPEED    15   HIGHEST WIND DIRECTION     N (350)
  HIGHEST GUST SPEED    16   HIGHEST GUST DIRECTION     N (350)
  AVERAGE WIND SPEED     7.4


SKY COVER
  POSSIBLE SUNSHINE  MM
  AVERAGE SKY COVER 0.0


WEATHER CONDITIONS
 THE FOLLOWING WEATHER WAS RECORDED TODAY.
  NO SIGNIFICANT WEATHER WAS OBSERVED.


RELATIVE HUMIDITY (PERCENT)
 HIGHEST    62          1200 AM
 LOWEST     28           100 PM
 AVERAGE    45

..........................................................


THE COLORADO SPRINGS CO CLIMATE NORMALS FOR TOMORROW
                         NORMAL    RECORD    YEAR
 MAXIMUM TEMPERATURE (F)   43        72      1974
 MINIMUM TEMPERATURE (F)   18        -8      1917


SUNRISE AND SUNSET
JANUARY 15 2015.......SUNRISE   716 AM MST   SUNSET   501 PM MST
JANUARY 16 2015.......SUNRISE   715 AM MST   SUNSET   502 PM MST


-  INDICATES NEGATIVE NUMBERS.
R  INDICATES RECORD WAS SET OR TIED.
MM INDICATES DATA IS MISSING.
T  INDICATES TRACE AMOUNT.




$$
