000
CDUS45 KPUB 151158
CLICOS


CLIMATE REPORT
NATIONAL WEATHER SERVICE PUEBLO
456 AM MST MON DEC 15 2014


...................................

...THE COLORADO SPRINGS CO CLIMATE SUMMARY FOR DECEMBER 14 2014...

CLIMATE NORMAL PERIOD 1981 TO 2010
CLIMATE RECORD PERIOD 1872 TO 2014


WEATHER ITEM   OBSERVED TIME   RECORD YEAR NORMAL DEPARTURE LAST
                VALUE   (LST)  VALUE       VALUE  FROM      YEAR
                                                  NORMAL
..................................................................
TEMPERATURE (F)
 YESTERDAY
  MAXIMUM         43    353 AM  69    1924  42      1       40
  MINIMUM         30   1159 PM -14    1926  17     13       19
  AVERAGE         37                        29      8       30

PRECIPITATION (IN)
  YESTERDAY        0.01          0.36 1988   0.01   0.00     0.00
  MONTH TO DATE    0.03                      0.17  -0.14     0.07
  SINCE DEC 1      0.03                      0.17  -0.14     0.07
  SINCE JAN 1     16.91                     16.37   0.54    19.22

SNOWFALL (IN)
  YESTERDAY        T             7.3  1895   0.2   -0.2      0.0
  MONTH TO DATE    T                         2.7   -2.7      2.9
  SINCE DEC 1      T                         2.7   -2.7      2.9
  SINCE JUL 1      7.1                      10.5   -3.4      7.1
  SNOW DEPTH       0

DEGREE DAYS
 HEATING
  YESTERDAY       28                        36     -8       35
  MONTH TO DATE  361                       486   -125      591
  SINCE DEC 1    361                       486   -125      591
  SINCE JUL 1   1686                      1967   -281     1952

 COOLING
  YESTERDAY        0                         0      0        0
  MONTH TO DATE    0                         0      0        0
  SINCE DEC 1      0                         0      0        0
  SINCE JAN 1    487                       455     32      694
..................................................................


WIND (MPH)
  HIGHEST WIND SPEED    36   HIGHEST WIND DIRECTION     N (340)
  HIGHEST GUST SPEED    44   HIGHEST GUST DIRECTION     N (340)
  AVERAGE WIND SPEED    20.6


SKY COVER
  POSSIBLE SUNSHINE  MM
  AVERAGE SKY COVER 0.8


WEATHER CONDITIONS
 THE FOLLOWING WEATHER WAS RECORDED YESTERDAY.
  RAIN
  SNOW
  LIGHT SNOW
  SLEET
  FOG


RELATIVE HUMIDITY (PERCENT)
 HIGHEST    85           800 PM
 LOWEST     39           400 AM
 AVERAGE    62

..........................................................


THE COLORADO SPRINGS CO CLIMATE NORMALS FOR TODAY
                         NORMAL    RECORD    YEAR
 MAXIMUM TEMPERATURE (F)   41        65      1946
                                             1929
                                             1924
 MINIMUM TEMPERATURE (F)   17       -10      1926


SUNRISE AND SUNSET
DECEMBER 15 2014......SUNRISE   710 AM MST   SUNSET   438 PM MST
DECEMBER 16 2014......SUNRISE   711 AM MST   SUNSET   438 PM MST


-  INDICATES NEGATIVE NUMBERS.
R  INDICATES RECORD WAS SET OR TIED.
MM INDICATES DATA IS MISSING.
T  INDICATES TRACE AMOUNT.




$$
