817
CDUS45 KPUB 171049
CLICOS


CLIMATE REPORT
NATIONAL WEATHER SERVICE PUEBLO
449 AM MDT MON JUL 17 2017


...................................

...THE COLORADO SPRINGS CO CLIMATE SUMMARY FOR JULY 16 2017...

CLIMATE NORMAL PERIOD 1981 TO 2010
CLIMATE RECORD PERIOD 1872 TO 2017


WEATHER ITEM   OBSERVED TIME   RECORD YEAR NORMAL DEPARTURE LAST
                VALUE   (LST)  VALUE       VALUE  FROM      YEAR
                                                  NORMAL
..................................................................
TEMPERATURE (F)
 YESTERDAY
  MAXIMUM         81    422 PM  96    2016  85     -4       96
                                      1963
  MINIMUM         57    511 AM  47    1907  57      0       56
  AVERAGE         69                        71     -2       76

PRECIPITATION (IN)
  YESTERDAY        0.00          1.59 1921   0.09  -0.09      T
  MONTH TO DATE    2.07                      1.25   0.82     1.30
  SINCE JUN 1      2.57                      3.75  -1.18     2.34
  SINCE JAN 1      8.69                      8.86  -0.17     9.27

SNOWFALL (IN)
  YESTERDAY        0.0           0.0  2014   0.0    0.0      0.0
  MONTH TO DATE    T                         0.0    0.0       T
  SINCE JUN 1      T                         0.0    0.0       T
  SINCE JUL 1      T                         0.0    0.0       T
  SNOW DEPTH       0

DEGREE DAYS
 HEATING
  YESTERDAY        0                         0      0        0
  MONTH TO DATE    0                         3     -3        0
  SINCE JUN 1     21                        82    -61        8
  SINCE JUL 1      0                         3     -3        0

 COOLING
  YESTERDAY        4                         7     -3       11
  MONTH TO DATE  121                        95     26      137
  SINCE JUN 1    278                       178    100      318
  SINCE JAN 1    280                       188     92      320
..................................................................


WIND (MPH)
  HIGHEST WIND SPEED    15   HIGHEST WIND DIRECTION     S (170)
  HIGHEST GUST SPEED    20   HIGHEST GUST DIRECTION     S (170)
  AVERAGE WIND SPEED     7.7


SKY COVER
  POSSIBLE SUNSHINE  MM
  AVERAGE SKY COVER 0.5


WEATHER CONDITIONS
 THE FOLLOWING WEATHER WAS RECORDED YESTERDAY.
  FOG


RELATIVE HUMIDITY (PERCENT)
 HIGHEST   100           200 AM
 LOWEST     42           400 PM
 AVERAGE    71

..........................................................


THE COLORADO SPRINGS CO CLIMATE NORMALS FOR TODAY
                         NORMAL    RECORD    YEAR
 MAXIMUM TEMPERATURE (F)   85        96      2010
                                             2003
 MINIMUM TEMPERATURE (F)   57        48      1900


SUNRISE AND SUNSET
JULY 17 2017..........SUNRISE   548 AM MDT   SUNSET   822 PM MDT
JULY 18 2017..........SUNRISE   549 AM MDT   SUNSET   821 PM MDT


-  INDICATES NEGATIVE NUMBERS.
R  INDICATES RECORD WAS SET OR TIED.
MM INDICATES DATA IS MISSING.
T  INDICATES TRACE AMOUNT.




$$
