445
CDUS45 KPUB 171049 CCA
CLICOS

CLIMATE REPORT
NATIONAL WEATHER SERVICE PUEBLO
438 AM MDT TUE MAY 17 2016


...................................

...THE COLORADO SPRINGS CO CLIMATE SUMMARY FOR MAY 16 2016...

CLIMATE NORMAL PERIOD 1981 TO 2010
CLIMATE RECORD PERIOD 1872 TO 2016


WEATHER ITEM   OBSERVED TIME   RECORD YEAR NORMAL DEPARTURE LAST
                VALUE   (LST)  VALUE       VALUE  FROM      YEAR
                                                  NORMAL
..................................................................
TEMPERATURE (F)
 YESTERDAY
  MAXIMUM         57    951 PM  90    1996  69    -12       63
  MINIMUM         40   1159 PM  26    1916  43     -3       44
  AVERAGE         49                        56     -7       54

PRECIPITATION (IN)
  YESTERDAY        0.39          0.85 1954   0.05   0.34      T
  MONTH TO DATE    0.84                      0.93  -0.09     4.05
  SINCE MAR 1      3.85                      3.35   0.50     5.83
  SINCE JAN 1      5.39                      4.01   1.38     8.15

SNOWFALL (IN)
  YESTERDAY        0             3.1  1957   0.0    0.0      0.0
  MONTH TO DATE    T                         0.7   -0.7       T
  SINCE MAR 1     23.6                      13.7    9.9      5.6
  SINCE JUL 1     50.7                      37.7   13.0     46.5
  SNOW DEPTH       0

DEGREE DAYS
 HEATING
  YESTERDAY       16                         9      7       11
  MONTH TO DATE  202                       183     19      204
  SINCE MAR 1   1455                      1542    -87     1362
  SINCE JUL 1   5358                      6105   -747     5583

 COOLING
  YESTERDAY        0                         0      0        0
  MONTH TO DATE    0                         0      0        0
  SINCE MAR 1      0                         1     -1        0
  SINCE JAN 1      0                         1     -1        0
..................................................................


WIND (MPH)
  HIGHEST WIND SPEED    18   HIGHEST WIND DIRECTION     N (340)
  HIGHEST GUST SPEED    24   HIGHEST GUST DIRECTION     N (340)
  AVERAGE WIND SPEED     8.6


SKY COVER
  POSSIBLE SUNSHINE  MM
  AVERAGE SKY COVER 0.9


WEATHER CONDITIONS
 THE FOLLOWING WEATHER WAS RECORDED YESTERDAY.
  THUNDERSTORM
  HEAVY RAIN
  RAIN
  LIGHT RAIN
  FOG
  HAZE


RELATIVE HUMIDITY (PERCENT)
 HIGHEST    93          1200 AM
 LOWEST     71           400 PM
 AVERAGE    82

..........................................................


THE COLORADO SPRINGS CO CLIMATE NORMALS FOR TODAY
                         NORMAL    RECORD    YEAR
 MAXIMUM TEMPERATURE (F)   69        88      1970
 MINIMUM TEMPERATURE (F)   43        23      1910


SUNRISE AND SUNSET
MAY 17 2016...........SUNRISE   544 AM MDT   SUNSET   807 PM MDT
MAY 18 2016...........SUNRISE   544 AM MDT   SUNSET   808 PM MDT


-  INDICATES NEGATIVE NUMBERS.
R  INDICATES RECORD WAS SET OR TIED.
MM INDICATES DATA IS MISSING.
T  INDICATES TRACE AMOUNT.




$$
