000
CDUS45 KPUB 081138
CLICOS


CLIMATE REPORT
NATIONAL WEATHER SERVICE PUEBLO
438 AM MST WED NOV 8 2017


...................................

...THE COLORADO SPRINGS CO CLIMATE SUMMARY FOR NOVEMBER 7 2017...

CLIMATE NORMAL PERIOD 1981 TO 2010
CLIMATE RECORD PERIOD 1872 TO 2017


WEATHER ITEM   OBSERVED TIME   RECORD YEAR NORMAL DEPARTURE LAST
                VALUE   (LST)  VALUE       VALUE  FROM      YEAR
                                                  NORMAL
..................................................................
TEMPERATURE (F)
 YESTERDAY
  MAXIMUM         37   1232 AM  77    1980  55    -18       64
  MINIMUM         28   1159 PM   5    1938  29     -1       35
  AVERAGE         33                        42     -9       50

PRECIPITATION (IN)
  YESTERDAY        0.11          0.38 1929   0.02   0.09     0.00
                                      1918
  MONTH TO DATE    0.11                      0.11   0.00      T
  SINCE SEP 1      3.11                      2.12   0.99     0.16
  SINCE JAN 1     18.39                     15.91   2.48    13.60

SNOWFALL (IN)
  YESTERDAY        0.6           3.0  1929   0.1    0.5      0.0
  MONTH TO DATE    0.6                       0.9   -0.3      0.0
  SINCE SEP 1      1.5                       4.0   -2.5      0.0
  SINCE JUL 1      1.5                       4.0   -2.5       T
  SNOW DEPTH       0

DEGREE DAYS
 HEATING
  YESTERDAY       32                        23      9       15
  MONTH TO DATE  133                       154    -21       95
  SINCE SEP 1    715                       797    -82      378
  SINCE JUL 1    724                       828   -104      399

 COOLING
  YESTERDAY        0                         0      0        0
  MONTH TO DATE    0                         0      0        0
  SINCE SEP 1     91                        37     54       84
  SINCE JAN 1    639                       455    184      710
..................................................................


WIND (MPH)
  HIGHEST WIND SPEED    24   HIGHEST WIND DIRECTION     N (360)
  HIGHEST GUST SPEED    27   HIGHEST GUST DIRECTION     N (360)
  AVERAGE WIND SPEED    11.2


SKY COVER
  POSSIBLE SUNSHINE  MM
  AVERAGE SKY COVER 1.0


WEATHER CONDITIONS
 THE FOLLOWING WEATHER WAS RECORDED YESTERDAY.
  LIGHT RAIN
  LT FREEZING RAIN
  LIGHT SNOW
  FOG
  FOG W/VISIBILITY <= 1/4 MILE
  HAZE


RELATIVE HUMIDITY (PERCENT)
 HIGHEST   100           900 AM
 LOWEST     75           300 AM
 AVERAGE    88

..........................................................


THE COLORADO SPRINGS CO CLIMATE NORMALS FOR TODAY
                         NORMAL    RECORD    YEAR
 MAXIMUM TEMPERATURE (F)   55        78      2006
 MINIMUM TEMPERATURE (F)   28        12      1896


SUNRISE AND SUNSET
NOVEMBER  8 2017......SUNRISE   634 AM MST   SUNSET   451 PM MST
NOVEMBER  9 2017......SUNRISE   635 AM MST   SUNSET   450 PM MST


-  INDICATES NEGATIVE NUMBERS.
R  INDICATES RECORD WAS SET OR TIED.
MM INDICATES DATA IS MISSING.
T  INDICATES TRACE AMOUNT.




$$
