000
CDUS45 KPUB 140032
CLICOS


CLIMATE REPORT
NATIONAL WEATHER SERVICE PUEBLO
632 PM MDT SUN JUL 13 2014


...................................

...THE COLORADO SPRINGS CO CLIMATE SUMMARY FOR JULY 13 2014...
VALID TODAY AS OF 0500 PM LOCAL TIME.

CLIMATE NORMAL PERIOD 1981 TO 2010
CLIMATE RECORD PERIOD 1872 TO 2014


WEATHER ITEM   OBSERVED TIME   RECORD YEAR NORMAL DEPARTURE LAST
                VALUE   (LST)  VALUE       VALUE  FROM      YEAR
                                                  NORMAL
..................................................................
TEMPERATURE (F)
 TODAY
  MAXIMUM         79   1210 PM 100    1954  85     -6       87
  MINIMUM         58    442 AM  42    1918  57      1       65
  AVERAGE         69                        71     -2       76

PRECIPITATION (IN)
  TODAY            0.00          2.30 2011   0.08  -0.08      T
  MONTH TO DATE    1.21                      0.99   0.22     1.64
  SINCE JUN 1      2.50                      3.49  -0.99     2.24
  SINCE JAN 1      7.29                      8.60  -1.31     4.97

SNOWFALL (IN)
  TODAY            0.0           0.0  2002   0.0    0.0      0.0
                                      2001
  MONTH TO DATE    T                         0.0    0.0       T
  SINCE JUN 1      T                         0.0    0.0       T
  SINCE JUL 1      T                         0.0    0.0       T
  SNOW DEPTH       0

DEGREE DAYS
 HEATING
  TODAY            0                         0      0        0
  MONTH TO DATE    5                         3      2        2
  SINCE JUN 1     44                        82    -38       27
  SINCE JUL 1      5                         3      2        2

 COOLING
  TODAY            4                         6     -2       11
  MONTH TO DATE   92                        76     16      111
  SINCE JUN 1    196                       159     37      293
  SINCE JAN 1    209                       169     40      315
..................................................................


WIND (MPH)
  HIGHEST WIND SPEED    12   HIGHEST WIND DIRECTION     S (170)
  HIGHEST GUST SPEED    17   HIGHEST GUST DIRECTION     E (90)
  AVERAGE WIND SPEED     7.2


SKY COVER
  POSSIBLE SUNSHINE  MM
  AVERAGE SKY COVER 0.8


WEATHER CONDITIONS
 THE FOLLOWING WEATHER WAS RECORDED TODAY.
  THUNDERSTORM


RELATIVE HUMIDITY (PERCENT)
 HIGHEST    90           100 AM
 LOWEST     43          1100 AM
 AVERAGE    67

..........................................................


THE COLORADO SPRINGS CO CLIMATE NORMALS FOR TOMORROW
                         NORMAL    RECORD    YEAR
 MAXIMUM TEMPERATURE (F)   85        96      2005
                                             1972
 MINIMUM TEMPERATURE (F)   57        44      1907


SUNRISE AND SUNSET
JULY 13 2014..........SUNRISE   545 AM MDT   SUNSET   824 PM MDT
JULY 14 2014..........SUNRISE   545 AM MDT   SUNSET   824 PM MDT


-  INDICATES NEGATIVE NUMBERS.
R  INDICATES RECORD WAS SET OR TIED.
MM INDICATES DATA IS MISSING.
T  INDICATES TRACE AMOUNT.




$$
