000
CDUS45 KPUB 222321
CLICOS


CLIMATE REPORT
NATIONAL WEATHER SERVICE PUEBLO
521 PM MDT SAT AUG 22 2015


...................................

...THE COLORADO SPRINGS CO CLIMATE SUMMARY FOR AUGUST 22 2015...
VALID TODAY AS OF 0500 PM LOCAL TIME.

CLIMATE NORMAL PERIOD 1981 TO 2010
CLIMATE RECORD PERIOD 1872 TO 2015


WEATHER ITEM   OBSERVED TIME   RECORD YEAR NORMAL DEPARTURE LAST
                VALUE   (LST)  VALUE       VALUE  FROM      YEAR
                                                  NORMAL
..................................................................
TEMPERATURE (F)
 TODAY
  MAXIMUM         91    234 PM  93    2011  81     10       76
  MINIMUM         59    328 AM  41    1920  55      4       56
  AVERAGE         75                        68      7       66

PRECIPITATION (IN)
  TODAY            0.00          2.36 2013   0.09  -0.09      T
  MONTH TO DATE    1.66                      2.55  -0.89     1.67
  SINCE JUN 1     10.52                      7.89   2.63     7.59
  SINCE JAN 1     22.75                     13.00   9.75    12.38

SNOWFALL (IN)
  TODAY            0.0           0.0  2002   0.0    0.0      0.0
  MONTH TO DATE    0.0                       0.0    0.0       T
  SINCE JUN 1      T                         0.0    0.0       T
  SINCE JUL 1      T                         0.0    0.0       T
  SNOW DEPTH       0

DEGREE DAYS
 HEATING
  TODAY            0                         1     -1        0
  MONTH TO DATE    8                         7      1        5
  SINCE JUN 1     28                        96    -68       67
  SINCE JUL 1     18                        17      1       28

 COOLING
  TODAY           10                         4      6        1
  MONTH TO DATE  162                       105     57       97
  SINCE JUN 1    466                       379     87      395
  SINCE JAN 1    466                       389     77      408
..................................................................


WIND (MPH)
  HIGHEST WIND SPEED    32   HIGHEST WIND DIRECTION    NE (30)
  HIGHEST GUST SPEED    39   HIGHEST GUST DIRECTION    NE (30)
  AVERAGE WIND SPEED     9.5


SKY COVER
  POSSIBLE SUNSHINE  MM
  AVERAGE SKY COVER 0.3


WEATHER CONDITIONS
 THE FOLLOWING WEATHER WAS RECORDED TODAY.
  NO SIGNIFICANT WEATHER WAS OBSERVED.


RELATIVE HUMIDITY (PERCENT)
 HIGHEST    42           300 AM
 LOWEST     12           100 PM
 AVERAGE    27

..........................................................


THE COLORADO SPRINGS CO CLIMATE NORMALS FOR TOMORROW
                         NORMAL    RECORD    YEAR
 MAXIMUM TEMPERATURE (F)   81        95      2011
 MINIMUM TEMPERATURE (F)   55        44      1917
                                             1896


SUNRISE AND SUNSET
AUGUST 22 2015........SUNRISE   619 AM MDT   SUNSET   744 PM MDT
AUGUST 23 2015........SUNRISE   620 AM MDT   SUNSET   743 PM MDT


-  INDICATES NEGATIVE NUMBERS.
R  INDICATES RECORD WAS SET OR TIED.
MM INDICATES DATA IS MISSING.
T  INDICATES TRACE AMOUNT.




$$
