000
CDUS45 KPUB 150014
CLICOS


CLIMATE REPORT
NATIONAL WEATHER SERVICE PUEBLO
614 PM MDT SUN AUG 14 2016


...................................

...THE COLORADO SPRINGS CO CLIMATE SUMMARY FOR AUGUST 14 2016...
VALID TODAY AS OF 0500 PM LOCAL TIME.

CLIMATE NORMAL PERIOD 1981 TO 2010
CLIMATE RECORD PERIOD 1872 TO 2016


WEATHER ITEM   OBSERVED TIME   RECORD YEAR NORMAL DEPARTURE LAST
                VALUE   (LST)  VALUE       VALUE  FROM      YEAR
                                                  NORMAL
..................................................................
TEMPERATURE (F)
 TODAY
  MAXIMUM         83    354 PM  96    1962  82      1       88
  MINIMUM         55    534 AM  47    1920  56     -1       60
  AVERAGE         69                        69      0       74

PRECIPITATION (IN)
  TODAY            0.00          2.78 1977   0.12  -0.12     0.01
  MONTH TO DATE    0.75                      1.72  -0.97     1.08
  SINCE JUN 1      4.83                      7.06  -2.23     9.94
  SINCE JAN 1     11.76                     12.17  -0.41    22.17

SNOWFALL (IN)
  TODAY            0.0           0.0  2013   0.0    0.0      0.0
                                      2004
  MONTH TO DATE    0.0                       0.0    0.0      0.0
  SINCE JUN 1      T                         0.0    0.0       T
  SINCE JUL 1      T                         0.0    0.0       T
  SNOW DEPTH       0

DEGREE DAYS
 HEATING
  TODAY            0                         0      0        0
  MONTH TO DATE    0                         0      0        0
  SINCE JUN 1      8                        89    -81       20
  SINCE JUL 1      0                        10    -10       10

 COOLING
  TODAY            4                         5     -1        9
  MONTH TO DATE   96                        73     23      117
  SINCE JUN 1    576                       347    229      421
  SINCE JAN 1    578                       357    221      421
..................................................................


WIND (MPH)
  HIGHEST WIND SPEED    20   HIGHEST WIND DIRECTION     S (160)
  HIGHEST GUST SPEED    26   HIGHEST GUST DIRECTION    SE (150)
  AVERAGE WIND SPEED    10.0


SKY COVER
  POSSIBLE SUNSHINE  MM
  AVERAGE SKY COVER 0.5


WEATHER CONDITIONS
 THE FOLLOWING WEATHER WAS RECORDED TODAY.
  NO SIGNIFICANT WEATHER WAS OBSERVED.


RELATIVE HUMIDITY (PERCENT)
 HIGHEST    77           100 AM
 LOWEST     20           400 PM
 AVERAGE    49

..........................................................


THE COLORADO SPRINGS CO CLIMATE NORMALS FOR TOMORROW
                         NORMAL    RECORD    YEAR
 MAXIMUM TEMPERATURE (F)   82        93      2015
                                             1937
 MINIMUM TEMPERATURE (F)   56        43      1915


SUNRISE AND SUNSET
AUGUST 14 2016........SUNRISE   612 AM MDT   SUNSET   754 PM MDT
AUGUST 15 2016........SUNRISE   613 AM MDT   SUNSET   753 PM MDT


-  INDICATES NEGATIVE NUMBERS.
R  INDICATES RECORD WAS SET OR TIED.
MM INDICATES DATA IS MISSING.
T  INDICATES TRACE AMOUNT.




$$
