000
CDUS45 KPUB 101036
CLICOS


CLIMATE REPORT
NATIONAL WEATHER SERVICE PUEBLO
436 AM MDT WED SEP 10 2014


...................................

...THE COLORADO SPRINGS CO CLIMATE SUMMARY FOR SEPTEMBER 9 2014...

CLIMATE NORMAL PERIOD 1981 TO 2010
CLIMATE RECORD PERIOD 1872 TO 2014


WEATHER ITEM   OBSERVED TIME   RECORD YEAR NORMAL DEPARTURE LAST
                VALUE   (LST)  VALUE       VALUE  FROM      YEAR
                                                  NORMAL
..................................................................
TEMPERATURE (F)
 YESTERDAY
  MAXIMUM         85    139 PM  92    1979  77      8       87
  MINIMUM         55   1159 PM  30    1941  50      5       58
  AVERAGE         70                        64      6       73

PRECIPITATION (IN)
  YESTERDAY        T             1.32 1995   0.05  -0.05     0.00
  MONTH TO DATE    0.10                      0.51  -0.41     0.10
  SINCE SEP 1      0.10                      0.51  -0.41     0.10
  SINCE JAN 1     13.15                     14.30  -1.15    13.76

SNOWFALL (IN)
  YESTERDAY        0.0           T    1962   0.0    0.0      0.0
  MONTH TO DATE    0.0                       0.0    0.0      0.0
  SINCE SEP 1      0.0                       0.0    0.0      0.0
  SINCE JUL 1      T                         0.0    0.0       T
  SNOW DEPTH       0

DEGREE DAYS
 HEATING
  YESTERDAY        0                         3     -3        0
  MONTH TO DATE   21                        22     -1        0
  SINCE SEP 1     21                        22     -1        0
  SINCE JUL 1     51                        53     -2       10

 COOLING
  YESTERDAY        5                         2      3        8
  MONTH TO DATE   23                        20      3       78
  SINCE SEP 1     23                        20      3       78
  SINCE JAN 1    450                       438     12      680
..................................................................


WIND (MPH)
  HIGHEST WIND SPEED    36   HIGHEST WIND DIRECTION     N (350)
  HIGHEST GUST SPEED    44   HIGHEST GUST DIRECTION     N (350)
  AVERAGE WIND SPEED     8.7


SKY COVER
  POSSIBLE SUNSHINE  MM
  AVERAGE SKY COVER 0.7


WEATHER CONDITIONS
 THE FOLLOWING WEATHER WAS RECORDED YESTERDAY.
  LIGHT RAIN


RELATIVE HUMIDITY (PERCENT)
 HIGHEST    75           100 AM
 LOWEST     26           200 PM
 AVERAGE    51

..........................................................


THE COLORADO SPRINGS CO CLIMATE NORMALS FOR TODAY
                         NORMAL    RECORD    YEAR
 MAXIMUM TEMPERATURE (F)   77        90      1979
                                             1974
 MINIMUM TEMPERATURE (F)   50        32      1898


SUNRISE AND SUNSET
SEPTEMBER 10 2014.....SUNRISE   636 AM MDT   SUNSET   715 PM MDT
SEPTEMBER 11 2014.....SUNRISE   637 AM MDT   SUNSET   713 PM MDT


-  INDICATES NEGATIVE NUMBERS.
R  INDICATES RECORD WAS SET OR TIED.
MM INDICATES DATA IS MISSING.
T  INDICATES TRACE AMOUNT.




$$
