000
CDUS45 KPUB 231026
CLICOS


CLIMATE REPORT
NATIONAL WEATHER SERVICE PUEBLO
426 AM MDT THU JUL 23 2015


...................................

...THE COLORADO SPRINGS CO CLIMATE SUMMARY FOR JULY 22 2015...

CLIMATE NORMAL PERIOD 1981 TO 2010
CLIMATE RECORD PERIOD 1872 TO 2015


WEATHER ITEM   OBSERVED TIME   RECORD YEAR NORMAL DEPARTURE LAST
                VALUE   (LST)  VALUE       VALUE  FROM      YEAR
                                                  NORMAL
..................................................................
TEMPERATURE (F)
 YESTERDAY
  MAXIMUM         84    130 PM  99    1963  85     -1       91
  MINIMUM         55    442 AM  44    1961  58     -3       58
                                      1914
  AVERAGE         70                        71     -1       75

PRECIPITATION (IN)
  YESTERDAY        0.00          3.00 1951   0.11  -0.11     0.00
  MONTH TO DATE    2.73                      1.85   0.88     2.89
  SINCE JUN 1      8.45                      4.35   4.10     4.18
  SINCE JAN 1     20.68                      9.46  11.22     8.97

SNOWFALL (IN)
  YESTERDAY        0.0           0.0  2002   0.0    0.0      0.0
                                      2001
  MONTH TO DATE    0.0                       0.0    0.0       T
  SINCE JUN 1      T                         0.0    0.0       T
  SINCE JUL 1      0.0                       0.0    0.0       T
  SNOW DEPTH       0

DEGREE DAYS
 HEATING
  YESTERDAY        0                         0      0        0
  MONTH TO DATE   10                         3      7       13
  SINCE JUN 1     20                        82    -62       52
  SINCE JUL 1     10                         3      7       13

 COOLING
  YESTERDAY        5                         6     -1       10
  MONTH TO DATE  111                       135    -24      141
  SINCE JUN 1    233                       218     15      245
  SINCE JAN 1    233                       228      5      258
..................................................................


WIND (MPH)
  HIGHEST WIND SPEED    18   HIGHEST WIND DIRECTION    NE (50)
  HIGHEST GUST SPEED    27   HIGHEST GUST DIRECTION     N (10)
  AVERAGE WIND SPEED     6.8


SKY COVER
  POSSIBLE SUNSHINE  MM
  AVERAGE SKY COVER 0.4


WEATHER CONDITIONS
 THE FOLLOWING WEATHER WAS RECORDED YESTERDAY.
  NO SIGNIFICANT WEATHER WAS OBSERVED.


RELATIVE HUMIDITY (PERCENT)
 HIGHEST    93           300 AM
 LOWEST     24          1100 AM
 AVERAGE    59

..........................................................


THE COLORADO SPRINGS CO CLIMATE NORMALS FOR TODAY
                         NORMAL    RECORD    YEAR
 MAXIMUM TEMPERATURE (F)   85        97      2005
 MINIMUM TEMPERATURE (F)   58        49      1950
                                             1915
                                             1905


SUNRISE AND SUNSET
JULY 23 2015..........SUNRISE   552 AM MDT   SUNSET   818 PM MDT
JULY 24 2015..........SUNRISE   553 AM MDT   SUNSET   817 PM MDT


-  INDICATES NEGATIVE NUMBERS.
R  INDICATES RECORD WAS SET OR TIED.
MM INDICATES DATA IS MISSING.
T  INDICATES TRACE AMOUNT.




$$
