000
CDUS45 KPUB 242322
CLICOS


CLIMATE REPORT
NATIONAL WEATHER SERVICE PUEBLO
522 PM MDT FRI OCT 24 2014


...................................

...THE COLORADO SPRINGS CO CLIMATE SUMMARY FOR OCTOBER 24 2014...
VALID TODAY AS OF 0500 PM LOCAL TIME.

CLIMATE NORMAL PERIOD 1981 TO 2010
CLIMATE RECORD PERIOD 1872 TO 2014


WEATHER ITEM   OBSERVED TIME   RECORD YEAR NORMAL DEPARTURE LAST
                VALUE   (LST)  VALUE       VALUE  FROM      YEAR
                                                  NORMAL
..................................................................
TEMPERATURE (F)
 TODAY
  MAXIMUM         78R   243 PM  78    2011  60     18       55
  MINIMUM         44    103 AM  16    1997  33     11       32
  AVERAGE         61                        47     14       44

PRECIPITATION (IN)
  TODAY            0.00          1.19 1923   0.02  -0.02     0.00
  MONTH TO DATE    2.96                      0.66   2.30     0.39
  SINCE SEP 1      3.57                      1.85   1.72     5.19
  SINCE JAN 1     16.62                     15.64   0.98    18.85

SNOWFALL (IN)
  TODAY            0.0           6.0  1997   0.1   -0.1      0.0
  MONTH TO DATE    T                         2.0   -2.0      0.2
  SINCE SEP 1      T                         2.2   -2.2      0.2
  SINCE JUL 1      T                         2.2   -2.2      0.2
  SNOW DEPTH       0

DEGREE DAYS
 HEATING
  TODAY            4                        18    -14       21
  MONTH TO DATE  255                       347    -92      381
  SINCE SEP 1    342                       506   -164      454
  SINCE JUL 1    372                       537   -165      464

 COOLING
  TODAY            0                         0      0        0
  MONTH TO DATE    0                         0      0        0
  SINCE SEP 1     60                        36     24       92
  SINCE JAN 1    487                       454     33      694
..................................................................


WIND (MPH)
  HIGHEST WIND SPEED    17   HIGHEST WIND DIRECTION     S (170)
  HIGHEST GUST SPEED    27   HIGHEST GUST DIRECTION     S (180)
  AVERAGE WIND SPEED     8.9


SKY COVER
  POSSIBLE SUNSHINE  MM
  AVERAGE SKY COVER 0.6


WEATHER CONDITIONS
 THE FOLLOWING WEATHER WAS RECORDED TODAY.
  NO SIGNIFICANT WEATHER WAS OBSERVED.


RELATIVE HUMIDITY (PERCENT)
 HIGHEST    65          1200 AM
 LOWEST      9           200 PM
 AVERAGE    37

..........................................................


THE COLORADO SPRINGS CO CLIMATE NORMALS FOR TOMORROW
                         NORMAL    RECORD    YEAR
 MAXIMUM TEMPERATURE (F)   60        79      1959
 MINIMUM TEMPERATURE (F)   33        15      1997


SUNRISE AND SUNSET
OCTOBER 24 2014.......SUNRISE   717 AM MDT   SUNSET   608 PM MDT
OCTOBER 25 2014.......SUNRISE   718 AM MDT   SUNSET   607 PM MDT


-  INDICATES NEGATIVE NUMBERS.
R  INDICATES RECORD WAS SET OR TIED.
MM INDICATES DATA IS MISSING.
T  INDICATES TRACE AMOUNT.




$$
