000
CDUS45 KPUB 021050
CLICOS


CLIMATE REPORT
NATIONAL WEATHER SERVICE PUEBLO
445 AM MDT MON MAY 2 2016


...................................

...THE COLORADO SPRINGS CO CLIMATE SUMMARY FOR MAY 1 2016...

CLIMATE NORMAL PERIOD 1981 TO 2010
CLIMATE RECORD PERIOD 1872 TO 2016


WEATHER ITEM   OBSERVED TIME   RECORD YEAR NORMAL DEPARTURE LAST
                VALUE   (LST)  VALUE       VALUE  FROM      YEAR
                                                  NORMAL
..................................................................
TEMPERATURE (F)
 YESTERDAY
  MAXIMUM         39    348 PM  85    2001  65    -26       65
                                      1992
  MINIMUM         32    545 AM  15    1916  38     -6       48
  AVERAGE         36                        51    -15       57

PRECIPITATION (IN)
  YESTERDAY        0.01          0.82 1999   0.05  -0.04     0.02
  MONTH TO DATE    0.01                      0.05  -0.04     0.02
  SINCE MAR 1      3.02                      2.47   0.55     1.80
  SINCE JAN 1      4.56                      3.13   1.43     4.12

SNOWFALL (IN)
  YESTERDAY        T             2.3  1954   0.1   -0.1      0.0
                                      1898
  MONTH TO DATE    T                         0.1   -0.1      0.0
  SINCE MAR 1     23.6                      13.1   10.5      5.6
  SINCE JUL 1     50.7                      37.1   13.6     46.5
  SNOW DEPTH       1

DEGREE DAYS
 HEATING
  YESTERDAY       29                        14     15        8
  MONTH TO DATE   29                        14     15        8
  SINCE MAR 1   1282                      1373    -91     1166
  SINCE JUL 1   5185                      5936   -751     5387

 COOLING
  YESTERDAY        0                         0      0        0
  MONTH TO DATE    0                         0      0        0
  SINCE MAR 1      0                         1     -1        0
  SINCE JAN 1      0                         1     -1        0
..................................................................


WIND (MPH)
  HIGHEST WIND SPEED    25   HIGHEST WIND DIRECTION    NW (330)
  HIGHEST GUST SPEED    32   HIGHEST GUST DIRECTION    NW (330)
  AVERAGE WIND SPEED    13.9


SKY COVER
  POSSIBLE SUNSHINE  MM
  AVERAGE SKY COVER 0.9


WEATHER CONDITIONS
 THE FOLLOWING WEATHER WAS RECORDED YESTERDAY.
  LIGHT SNOW
  FOG
  HAZE
  BLOWING SNOW


RELATIVE HUMIDITY (PERCENT)
 HIGHEST    85           100 AM
 LOWEST     64           100 PM
 AVERAGE    75

..........................................................


THE COLORADO SPRINGS CO CLIMATE NORMALS FOR TODAY
                         NORMAL    RECORD    YEAR
 MAXIMUM TEMPERATURE (F)   65        81      1981
 MINIMUM TEMPERATURE (F)   38        21      1954


SUNRISE AND SUNSET
MAY  2 2016...........SUNRISE   559 AM MDT   SUNSET   753 PM MDT
MAY  3 2016...........SUNRISE   558 AM MDT   SUNSET   754 PM MDT


-  INDICATES NEGATIVE NUMBERS.
R  INDICATES RECORD WAS SET OR TIED.
MM INDICATES DATA IS MISSING.
T  INDICATES TRACE AMOUNT.




$$
