000
CDUS45 KPUB 091133
CLICOS


CLIMATE REPORT
NATIONAL WEATHER SERVICE PUEBLO
433 AM MST SAT DEC 9 2017


...................................

...THE COLORADO SPRINGS CO CLIMATE SUMMARY FOR DECEMBER 8 2017...

CLIMATE NORMAL PERIOD 1981 TO 2010
CLIMATE RECORD PERIOD 1872 TO 2017


WEATHER ITEM   OBSERVED TIME   RECORD YEAR NORMAL DEPARTURE LAST
                VALUE   (LST)  VALUE       VALUE  FROM      YEAR
                                                  NORMAL
..................................................................
TEMPERATURE (F)
 YESTERDAY
  MAXIMUM         53    305 PM  65    1970  42     11       13
  MINIMUM         32    846 PM -14    1978  18     14        7
  AVERAGE         43                        30     13       10

PRECIPITATION (IN)
  YESTERDAY        0.00          0.32 1898   0.02  -0.02     0.05
  MONTH TO DATE    0.00                      0.10  -0.10     0.13
  SINCE DEC 1      0.00                      0.10  -0.10     0.13
  SINCE JAN 1     18.43                     16.30   2.13    13.80

SNOWFALL (IN)
  YESTERDAY        0.0           6.3  1898   0.2   -0.2      1.3
  MONTH TO DATE    0.0                       1.5   -1.5      2.4
  SINCE DEC 1      0.0                       1.5   -1.5      2.4
  SINCE JUL 1      1.6                       9.3   -7.7      2.4
  SNOW DEPTH       0

DEGREE DAYS
 HEATING
  YESTERDAY       22                        35    -13       55
  MONTH TO DATE  222                       273    -51      333
  SINCE DEC 1    222                       273    -51      333
  SINCE JUL 1   1390                      1754   -364     1236

 COOLING
  YESTERDAY        0                         0      0        0
  MONTH TO DATE    0                         0      0        0
  SINCE DEC 1      0                         0      0        0
  SINCE JAN 1    639                       455    184      710
..................................................................


WIND (MPH)
  HIGHEST WIND SPEED    41   HIGHEST WIND DIRECTION     N (340)
  HIGHEST GUST SPEED    53   HIGHEST GUST DIRECTION    NW (330)
  AVERAGE WIND SPEED    20.5


SKY COVER
  POSSIBLE SUNSHINE  MM
  AVERAGE SKY COVER 0.5


WEATHER CONDITIONS
 THE FOLLOWING WEATHER WAS RECORDED YESTERDAY.
  NO SIGNIFICANT WEATHER WAS OBSERVED.


RELATIVE HUMIDITY (PERCENT)
 HIGHEST    37          1200 AM
 LOWEST     12           300 PM
 AVERAGE    25

..........................................................


THE COLORADO SPRINGS CO CLIMATE NORMALS FOR TODAY
                         NORMAL    RECORD    YEAR
 MAXIMUM TEMPERATURE (F)   42        70      1957
 MINIMUM TEMPERATURE (F)   18       -27      1919


SUNRISE AND SUNSET
DECEMBER  9 2017......SUNRISE   706 AM MST   SUNSET   437 PM MST
DECEMBER 10 2017......SUNRISE   706 AM MST   SUNSET   437 PM MST


-  INDICATES NEGATIVE NUMBERS.
R  INDICATES RECORD WAS SET OR TIED.
MM INDICATES DATA IS MISSING.
T  INDICATES TRACE AMOUNT.




$$
