000
CDUS45 KPUB 271502
CLICOS

CLIMATE REPORT...CORRECTED SNOWFALL
NATIONAL WEATHER SERVICE PUEBLO
452 AM MST FRI FEB 27 2015


...................................

...THE COLORADO SPRINGS CO CLIMATE SUMMARY FOR FEBRUARY 26 2015...

CLIMATE NORMAL PERIOD 1981 TO 2010
CLIMATE RECORD PERIOD 1872 TO 2015


WEATHER ITEM   OBSERVED TIME   RECORD YEAR NORMAL DEPARTURE LAST
                VALUE   (LST)  VALUE       VALUE  FROM      YEAR
                                                  NORMAL
..................................................................
TEMPERATURE (F)
 YESTERDAY
  MAXIMUM         20   1245 AM  72    1986  47    -27       48
  MINIMUM          8   1159 PM  -5    1964  22    -14        8
                                      1962
  AVERAGE         14                        34    -20       28

PRECIPITATION (IN)
  YESTERDAY        0.15          1.49 1987   0.02   0.13      T
  MONTH TO DATE    1.41                      0.31   1.10     0.22
  SINCE DEC 1      2.44                      0.97   1.47     0.96
  SINCE JAN 1      2.28                      0.63   1.65     0.89

SNOWFALL (IN)
  YESTERDAY        1.5          14.8  1987   0.1    1.4       T
  MONTH TO DATE   14.8                       4.5   10.3      3.4
  SINCE DEC 1     32.0                      15.8   16.2     19.9
  SINCE JUL 1     39.1                      23.6   15.5     24.1
  SNOW DEPTH       3

DEGREE DAYS
 HEATING
  YESTERDAY       51                        31     20       37
  MONTH TO DATE  764                       858    -94      906
  SINCE DEC 1   2783                      3020   -237     3081
  SINCE JUL 1   4108                      4501   -393     4442

 COOLING
  YESTERDAY        0                         0      0        0
  MONTH TO DATE    0                         0      0        0
  SINCE DEC 1      0                         0      0        0
  SINCE JAN 1      0                         0      0        0
..................................................................


WIND (MPH)
  HIGHEST WIND SPEED    24   HIGHEST WIND DIRECTION     N (10)
  HIGHEST GUST SPEED    28   HIGHEST GUST DIRECTION     N (10)
  AVERAGE WIND SPEED    12.1


SKY COVER
  POSSIBLE SUNSHINE  MM
  AVERAGE SKY COVER 0.9


WEATHER CONDITIONS
 THE FOLLOWING WEATHER WAS RECORDED YESTERDAY.
  SNOW
  LIGHT SNOW
  FOG
  HAZE


RELATIVE HUMIDITY (PERCENT)
 HIGHEST    92           900 AM
 LOWEST     67           100 AM
 AVERAGE    80

..........................................................


THE COLORADO SPRINGS CO CLIMATE NORMALS FOR TODAY
                         NORMAL    RECORD    YEAR
 MAXIMUM TEMPERATURE (F)   48        73      1932
 MINIMUM TEMPERATURE (F)   22       -12      1962


SUNRISE AND SUNSET
FEBRUARY 27 2015......SUNRISE   634 AM MST   SUNSET   549 PM MST
FEBRUARY 28 2015......SUNRISE   633 AM MST   SUNSET   550 PM MST


-  INDICATES NEGATIVE NUMBERS.
R  INDICATES RECORD WAS SET OR TIED.
MM INDICATES DATA IS MISSING.
T  INDICATES TRACE AMOUNT.




$$
