000
CDUS45 KPUB 171053
CLICOS


CLIMATE REPORT
NATIONAL WEATHER SERVICE PUEBLO
452 AM MDT TUE OCT 17 2017


...................................

...THE COLORADO SPRINGS CO CLIMATE SUMMARY FOR OCTOBER 16 2017...

CLIMATE NORMAL PERIOD 1981 TO 2010
CLIMATE RECORD PERIOD 1872 TO 2017


WEATHER ITEM   OBSERVED TIME   RECORD YEAR NORMAL DEPARTURE LAST
                VALUE   (LST)  VALUE       VALUE  FROM      YEAR
                                                  NORMAL
..................................................................
TEMPERATURE (F)
 YESTERDAY
  MAXIMUM         77    123 PM  86    2016  63     14       86
  MINIMUM         33    204 AM  21    1984  36     -3       49
  AVERAGE         55                        49      6       68

PRECIPITATION (IN)
  YESTERDAY        0.00          0.50 1984   0.03  -0.03     0.00
  MONTH TO DATE    0.17                      0.45  -0.28      T
  SINCE SEP 1      2.94                      1.64   1.30     0.16
  SINCE JAN 1     18.22                     15.43   2.79    13.60

SNOWFALL (IN)
  YESTERDAY        0.0           5.8  1984   0.1   -0.1      0.0
  MONTH TO DATE    0.3                       1.1   -0.8      0.0
  SINCE SEP 1      0.3                       1.3   -1.0      0.0
  SINCE JUL 1      0.3                       1.3   -1.0       T
  SNOW DEPTH       0

DEGREE DAYS
 HEATING
  YESTERDAY       10                        16     -6        0
  MONTH TO DATE  207                       210     -3      112
  SINCE SEP 1    339                       369    -30      175
  SINCE JUL 1    348                       400    -52      196

 COOLING
  YESTERDAY        0                         0      0        3
  MONTH TO DATE    0                         0      0        7
  SINCE SEP 1     91                        36     55       82
  SINCE JAN 1    639                       454    185      708
..................................................................


WIND (MPH)
  HIGHEST WIND SPEED    14   HIGHEST WIND DIRECTION     N (10)
  HIGHEST GUST SPEED    16   HIGHEST GUST DIRECTION     S (160)
  AVERAGE WIND SPEED     6.9


SKY COVER
  POSSIBLE SUNSHINE  MM
  AVERAGE SKY COVER 0.5


WEATHER CONDITIONS
 THE FOLLOWING WEATHER WAS RECORDED YESTERDAY.
  NO SIGNIFICANT WEATHER WAS OBSERVED.


RELATIVE HUMIDITY (PERCENT)
 HIGHEST    61           100 AM
 LOWEST      6           300 PM
 AVERAGE    34

..........................................................


THE COLORADO SPRINGS CO CLIMATE NORMALS FOR TODAY
                         NORMAL    RECORD    YEAR
 MAXIMUM TEMPERATURE (F)   63        86      2016
 MINIMUM TEMPERATURE (F)   35        17      1948


SUNRISE AND SUNSET
OCTOBER 17 2017.......SUNRISE   710 AM MDT   SUNSET   617 PM MDT
OCTOBER 18 2017.......SUNRISE   711 AM MDT   SUNSET   616 PM MDT


-  INDICATES NEGATIVE NUMBERS.
R  INDICATES RECORD WAS SET OR TIED.
MM INDICATES DATA IS MISSING.
T  INDICATES TRACE AMOUNT.




$$
