420
CDUS45 KPUB 202331
CLICOS


CLIMATE REPORT
NATIONAL WEATHER SERVICE PUEBLO
531 PM MDT SUN AUG 20 2017


...................................

...THE COLORADO SPRINGS CO CLIMATE SUMMARY FOR AUGUST 20 2017...
VALID TODAY AS OF 0500 PM LOCAL TIME.

CLIMATE NORMAL PERIOD 1981 TO 2010
CLIMATE RECORD PERIOD 1872 TO 2017


WEATHER ITEM   OBSERVED TIME   RECORD YEAR NORMAL DEPARTURE LAST
                VALUE   (LST)  VALUE       VALUE  FROM      YEAR
                                                  NORMAL
..................................................................
TEMPERATURE (F)
 TODAY
  MAXIMUM         87   1144 AM  93    2003  81      6       69
                                      1987
  MINIMUM         62    537 AM  44    1903  55      7       49
  AVERAGE         75                        68      7       59

PRECIPITATION (IN)
  TODAY            0.00          2.98 1970   0.09  -0.09      T
  MONTH TO DATE    2.41                      2.37   0.04     0.95
  SINCE JUN 1      9.14                      7.71   1.43     5.03
  SINCE JAN 1     15.26                     12.82   2.44    11.96

SNOWFALL (IN)
  TODAY            0.0           0.0  2005   0.0    0.0      0.0
  MONTH TO DATE    T                         0.0    0.0      0.0
  SINCE JUN 1      T                         0.0    0.0       T
  SINCE JUL 1      T                         0.0    0.0       T
  SNOW DEPTH       0

DEGREE DAYS
 HEATING
  TODAY            0                         1     -1        6
  MONTH TO DATE    9                         5      4        7
  SINCE JUN 1     30                        94    -64       15
  SINCE JUL 1      9                        15     -6        7

 COOLING
  TODAY           10                         4      6        0
  MONTH TO DATE   71                        97    -26      123
  SINCE JUN 1    496                       371    125      603
  SINCE JAN 1    498                       381    117      605
..................................................................


WIND (MPH)
  HIGHEST WIND SPEED    21   HIGHEST WIND DIRECTION     E (70)
  HIGHEST GUST SPEED    26   HIGHEST GUST DIRECTION    NE (60)
  AVERAGE WIND SPEED     9.1


SKY COVER
  POSSIBLE SUNSHINE  MM
  AVERAGE SKY COVER 0.6


WEATHER CONDITIONS
 THE FOLLOWING WEATHER WAS RECORDED TODAY.
  THUNDERSTORM


RELATIVE HUMIDITY (PERCENT)
 HIGHEST    52          1200 AM
 LOWEST     19          1100 AM
 AVERAGE    36

..........................................................


THE COLORADO SPRINGS CO CLIMATE NORMALS FOR TOMORROW
                         NORMAL    RECORD    YEAR
 MAXIMUM TEMPERATURE (F)   81        94      2007
                                             2003
 MINIMUM TEMPERATURE (F)   55        42      1938


SUNRISE AND SUNSET
AUGUST 20 2017........SUNRISE   617 AM MDT   SUNSET   746 PM MDT
AUGUST 21 2017........SUNRISE   618 AM MDT   SUNSET   745 PM MDT


-  INDICATES NEGATIVE NUMBERS.
R  INDICATES RECORD WAS SET OR TIED.
MM INDICATES DATA IS MISSING.
T  INDICATES TRACE AMOUNT.




$$
