864
CDUS45 KPUB 050026
CLICOS


CLIMATE REPORT
NATIONAL WEATHER SERVICE PUEBLO
526 PM MST SUN DEC 4 2016


...................................

...THE COLORADO SPRINGS CO CLIMATE SUMMARY FOR DECEMBER 4 2016...
VALID TODAY AS OF 0500 PM LOCAL TIME.

CLIMATE NORMAL PERIOD 1981 TO 2010
CLIMATE RECORD PERIOD 1872 TO 2016


WEATHER ITEM   OBSERVED TIME   RECORD YEAR NORMAL DEPARTURE LAST
                VALUE   (LST)  VALUE       VALUE  FROM      YEAR
                                                  NORMAL
..................................................................
TEMPERATURE (F)
 TODAY
  MAXIMUM         46    222 PM  71    2007  43      3       57
  MINIMUM         12    652 AM  -4    2009  19     -7       22
  AVERAGE         29                        31     -2       40

PRECIPITATION (IN)
  TODAY            0.00          1.03 1913   0.01  -0.01     0.00
  MONTH TO DATE    0.03                      0.05  -0.02     0.00
  SINCE DEC 1      0.03                      0.05  -0.02     0.00
  SINCE JAN 1     13.70                     16.25  -2.55    25.00

SNOWFALL (IN)
  TODAY            0.0           9.8  1913   0.2   -0.2      0.0
  MONTH TO DATE    0.2                       0.8   -0.6      0.0
  SINCE DEC 1      0.2                       0.8   -0.6      0.0
  SINCE JUL 1      0.2                       8.6   -8.4      5.8
  SNOW DEPTH       0

DEGREE DAYS
 HEATING
  TODAY           36                        34      2       25
  MONTH TO DATE  150                       134     16      116
  SINCE DEC 1    150                       134     16      116
  SINCE JUL 1   1053                      1615   -562     1219

 COOLING
  TODAY            0                         0      0        0
  MONTH TO DATE    0                         0      0        0
  SINCE DEC 1      0                         0      0        0
  SINCE JAN 1    710                       455    255      617
..................................................................


WIND (MPH)
  HIGHEST WIND SPEED    18   HIGHEST WIND DIRECTION    SE (150)
  HIGHEST GUST SPEED    22   HIGHEST GUST DIRECTION    SE (140)
  AVERAGE WIND SPEED     5.8


SKY COVER
  POSSIBLE SUNSHINE  MM
  AVERAGE SKY COVER 0.1


WEATHER CONDITIONS
 THE FOLLOWING WEATHER WAS RECORDED TODAY.
  NO SIGNIFICANT WEATHER WAS OBSERVED.


RELATIVE HUMIDITY (PERCENT)
 HIGHEST    70           700 AM
 LOWEST     20           200 PM
 AVERAGE    45

..........................................................


THE COLORADO SPRINGS CO CLIMATE NORMALS FOR TOMORROW
                         NORMAL    RECORD    YEAR
 MAXIMUM TEMPERATURE (F)   43        69      1939
 MINIMUM TEMPERATURE (F)   19       -16      1972


SUNRISE AND SUNSET
DECEMBER  4 2016......SUNRISE   702 AM MST   SUNSET   437 PM MST
DECEMBER  5 2016......SUNRISE   702 AM MST   SUNSET   437 PM MST


-  INDICATES NEGATIVE NUMBERS.
R  INDICATES RECORD WAS SET OR TIED.
MM INDICATES DATA IS MISSING.
T  INDICATES TRACE AMOUNT.




$$
