712
CDUS45 KPUB 092340
CLICOS


CLIMATE REPORT
NATIONAL WEATHER SERVICE PUEBLO
540 PM MDT MON OCT 9 2017


...................................

...THE COLORADO SPRINGS CO CLIMATE SUMMARY FOR OCTOBER 9 2017...
VALID TODAY AS OF 0500 PM LOCAL TIME.

CLIMATE NORMAL PERIOD 1981 TO 2010
CLIMATE RECORD PERIOD 1872 TO 2017


WEATHER ITEM   OBSERVED TIME   RECORD YEAR NORMAL DEPARTURE LAST
                VALUE   (LST)  VALUE       VALUE  FROM      YEAR
                                                  NORMAL
..................................................................
TEMPERATURE (F)
 TODAY
  MAXIMUM         40    131 PM  82    1963  65    -25       73
                                      1950
  MINIMUM         32   1041 AM  19    1970  38     -6       39
  AVERAGE         36                        52    -16       56

PRECIPITATION (IN)
  TODAY            0.09          2.83 2014   0.03   0.06     0.00
  MONTH TO DATE    0.17                      0.25  -0.08      T
  SINCE SEP 1      2.94                      1.44   1.50     0.16
  SINCE JAN 1     18.22                     15.23   2.99    13.60

SNOWFALL (IN)
  TODAY            0.3 R         0.2  1985   0.1    0.2      0.0
  MONTH TO DATE    0.3                       0.5   -0.2      0.0
  SINCE SEP 1      0.3                       0.7   -0.4      0.0
  SINCE JUL 1      0.3                       0.7   -0.4       T
  SNOW DEPTH       0

DEGREE DAYS
 HEATING
  TODAY           29                        13     16        9
  MONTH TO DATE  112                       107      5       81
  SINCE SEP 1    244                       266    -22      144
  SINCE JUL 1    253                       297    -44      165

 COOLING
  TODAY            0                         0      0        0
  MONTH TO DATE    0                         0      0        0
  SINCE SEP 1     91                        36     55       75
  SINCE JAN 1    639                       454    185      701
..................................................................


WIND (MPH)
  HIGHEST WIND SPEED    33   HIGHEST WIND DIRECTION    NW (330)
  HIGHEST GUST SPEED    40   HIGHEST GUST DIRECTION     N (340)
  AVERAGE WIND SPEED    18.9


SKY COVER
  POSSIBLE SUNSHINE  MM
  AVERAGE SKY COVER 0.9


WEATHER CONDITIONS
 THE FOLLOWING WEATHER WAS RECORDED TODAY.
  SNOW
  LIGHT SNOW
  FOG


RELATIVE HUMIDITY (PERCENT)
 HIGHEST    89          1100 AM
 LOWEST     64           200 PM
 AVERAGE    77

..........................................................


THE COLORADO SPRINGS CO CLIMATE NORMALS FOR TOMORROW
                         NORMAL    RECORD    YEAR
 MAXIMUM TEMPERATURE (F)   65        84      1962
 MINIMUM TEMPERATURE (F)   38        17      1946


SUNRISE AND SUNSET
OCTOBER  9 2017.......SUNRISE   703 AM MDT   SUNSET   629 PM MDT
OCTOBER 10 2017.......SUNRISE   704 AM MDT   SUNSET   627 PM MDT


-  INDICATES NEGATIVE NUMBERS.
R  INDICATES RECORD WAS SET OR TIED.
MM INDICATES DATA IS MISSING.
T  INDICATES TRACE AMOUNT.




$$
