000
CDUS45 KPUB 242349
CLICOS


CLIMATE REPORT
NATIONAL WEATHER SERVICE PUEBLO
548 PM MDT WED JUN 24 2015


...................................

...THE COLORADO SPRINGS CO CLIMATE SUMMARY FOR JUNE 24 2015...
VALID TODAY AS OF 0500 PM LOCAL TIME.

CLIMATE NORMAL PERIOD 1981 TO 2010
CLIMATE RECORD PERIOD 1872 TO 2015


WEATHER ITEM   OBSERVED TIME   RECORD YEAR NORMAL DEPARTURE LAST
                VALUE   (LST)  VALUE       VALUE  FROM      YEAR
                                                  NORMAL
..................................................................
TEMPERATURE (F)
 TODAY
  MAXIMUM         85    116 PM 100    2012  82      3       81
                                      1954
  MINIMUM         61    500 AM  43    1993  54      7       50
  AVERAGE         73                        68      5       66

PRECIPITATION (IN)
  TODAY            T             1.10 1947   0.08  -0.08      T
  MONTH TO DATE    5.13                      2.05   3.08     1.27
  SINCE JUN 1      5.13                      2.05   3.08     1.27
  SINCE JAN 1     17.36                      7.16  10.20     6.06

SNOWFALL (IN)
  TODAY            0.0           0.0  2002   0.0    0.0      0.0
                                      2001
  MONTH TO DATE    T                         0.0    0.0       T
  SINCE JUN 1      T                         0.0    0.0       T
  SINCE JUL 1     46.5                      37.7    8.8     34.8
  SNOW DEPTH       0

DEGREE DAYS
 HEATING
  TODAY            0                         1     -1        0
  MONTH TO DATE   10                        72    -62       39
  SINCE JUN 1     10                        72    -62       39
  SINCE JUL 1   5777                      6285   -508     6085

 COOLING
  TODAY            8                         4      4        1
  MONTH TO DATE   86                        54     32       60
  SINCE JUN 1     86                        54     32       60
  SINCE JAN 1     86                        64     22       73
..................................................................


WIND (MPH)
  HIGHEST WIND SPEED    25   HIGHEST WIND DIRECTION     N (20)
  HIGHEST GUST SPEED    31   HIGHEST GUST DIRECTION     N (20)
  AVERAGE WIND SPEED     8.1


SKY COVER
  POSSIBLE SUNSHINE  MM
  AVERAGE SKY COVER 0.7


WEATHER CONDITIONS
 THE FOLLOWING WEATHER WAS RECORDED TODAY.
  THUNDERSTORM
  LIGHT RAIN


RELATIVE HUMIDITY (PERCENT)
 HIGHEST    64           100 AM
 LOWEST     26           300 PM
 AVERAGE    45

..........................................................


THE COLORADO SPRINGS CO CLIMATE NORMALS FOR TOMORROW
                         NORMAL    RECORD    YEAR
 MAXIMUM TEMPERATURE (F)   82        98      2012
 MINIMUM TEMPERATURE (F)   54        43      1958


SUNRISE AND SUNSET
JUNE 24 2015..........SUNRISE   535 AM MDT   SUNSET   828 PM MDT
JUNE 25 2015..........SUNRISE   535 AM MDT   SUNSET   828 PM MDT


-  INDICATES NEGATIVE NUMBERS.
R  INDICATES RECORD WAS SET OR TIED.
MM INDICATES DATA IS MISSING.
T  INDICATES TRACE AMOUNT.




$$
