000
CDUS45 KPUB 140039
CLICOS


CLIMATE REPORT
NATIONAL WEATHER SERVICE PUEBLO
639 PM MDT THU APR 13 2017


...................................

...THE COLORADO SPRINGS CO CLIMATE SUMMARY FOR APRIL 13 2017...
VALID TODAY AS OF 0500 PM LOCAL TIME.

CLIMATE NORMAL PERIOD 1981 TO 2010
CLIMATE RECORD PERIOD 1872 TO 2017


WEATHER ITEM   OBSERVED TIME   RECORD YEAR NORMAL DEPARTURE LAST
                VALUE   (LST)  VALUE       VALUE  FROM      YEAR
                                                  NORMAL
..................................................................
TEMPERATURE (F)
 TODAY
  MAXIMUM         73    249 PM  83    2006  59     14       68
  MINIMUM         41    525 AM   8    1997  32      9       41
  AVERAGE         57                        46     11       55

PRECIPITATION (IN)
  TODAY            0.00          1.82 1967   0.05  -0.05     0.00
  MONTH TO DATE    0.95                      0.49   0.46     0.58
  SINCE MAR 1      1.39                      1.49  -0.10     1.31
  SINCE JAN 1      1.78                      2.15  -0.37     2.85

SNOWFALL (IN)
  TODAY            0.0          13.9  1967   0.2   -0.2      0.0
  MONTH TO DATE    8.9                       2.5    6.4      0.1
  SINCE MAR 1     10.9                      10.6    0.3     10.6
  SINCE JUL 1     24.3                      34.6  -10.3     37.7
  SNOW DEPTH       0

DEGREE DAYS
 HEATING
  TODAY            8                        19    -11       10
  MONTH TO DATE  229                       271    -42      205
  SINCE MAR 1    789                      1076   -287      915
  SINCE JUL 1   4542                      5639  -1097     4818

 COOLING
  TODAY            0                         0      0        0
  MONTH TO DATE    0                         0      0        0
  SINCE MAR 1      0                         0      0        0
  SINCE JAN 1      0                         0      0        0
..................................................................


WIND (MPH)
  HIGHEST WIND SPEED    24   HIGHEST WIND DIRECTION     S (170)
  HIGHEST GUST SPEED    30   HIGHEST GUST DIRECTION     S (170)
  AVERAGE WIND SPEED     9.2


SKY COVER
  POSSIBLE SUNSHINE  MM
  AVERAGE SKY COVER 0.1


WEATHER CONDITIONS
 THE FOLLOWING WEATHER WAS RECORDED TODAY.
  NO SIGNIFICANT WEATHER WAS OBSERVED.


RELATIVE HUMIDITY (PERCENT)
 HIGHEST    76           400 AM
 LOWEST     19           300 PM
 AVERAGE    48

..........................................................


THE COLORADO SPRINGS CO CLIMATE NORMALS FOR TOMORROW
                         NORMAL    RECORD    YEAR
 MAXIMUM TEMPERATURE (F)   59        81      2002
 MINIMUM TEMPERATURE (F)   33         8      1933


SUNRISE AND SUNSET
APRIL 13 2017.........SUNRISE   625 AM MDT   SUNSET   734 PM MDT
APRIL 14 2017.........SUNRISE   624 AM MDT   SUNSET   735 PM MDT


-  INDICATES NEGATIVE NUMBERS.
R  INDICATES RECORD WAS SET OR TIED.
MM INDICATES DATA IS MISSING.
T  INDICATES TRACE AMOUNT.




$$
