000
CDUS45 KPUB 312349
CLICOS


CLIMATE REPORT
NATIONAL WEATHER SERVICE PUEBLO
549 PM MDT MON JUL 31 2017


...................................

...THE COLORADO SPRINGS CO CLIMATE SUMMARY FOR JULY 31 2017...
VALID TODAY AS OF 0500 PM LOCAL TIME.

CLIMATE NORMAL PERIOD 1981 TO 2010
CLIMATE RECORD PERIOD 1872 TO 2017


WEATHER ITEM   OBSERVED TIME   RECORD YEAR NORMAL DEPARTURE LAST
                VALUE   (LST)  VALUE       VALUE  FROM      YEAR
                                                  NORMAL
..................................................................
TEMPERATURE (F)
 TODAY
  MAXIMUM         82   1204 PM  96    2002  84     -2       92
  MINIMUM         58    445 AM  45    1913  57      1       59
  AVERAGE         70                        70      0       76

PRECIPITATION (IN)
  TODAY            T             2.36 1999   0.11  -0.11      T
  MONTH TO DATE    6.23                      2.84   3.39     3.04
  SINCE JUN 1      6.73                      5.34   1.39     4.08
  SINCE JAN 1     12.85                     10.45   2.40    11.01

SNOWFALL (IN)
  TODAY            0.0           0.0  2002   0.0    0.0      0.0
                                      2001
  MONTH TO DATE    T                         0.0    0.0       T
  SINCE JUN 1      T                         0.0    0.0       T
  SINCE JUL 1      T                         0.0    0.0       T
  SNOW DEPTH       0

DEGREE DAYS
 HEATING
  TODAY            0                         0      0        0
  MONTH TO DATE    0                         3     -3        0
  SINCE JUN 1     21                        89    -68        8
  SINCE JUL 1      0                        10    -10        0

 COOLING
  TODAY            5                         6     -1       11
  MONTH TO DATE  268                       191     77      299
  SINCE JUN 1    425                       274    151      480
  SINCE JAN 1    427                       284    143      482
..................................................................


WIND (MPH)
  HIGHEST WIND SPEED    20   HIGHEST WIND DIRECTION    NE (30)
  HIGHEST GUST SPEED    25   HIGHEST GUST DIRECTION    NE (40)
  AVERAGE WIND SPEED     9.5


SKY COVER
  POSSIBLE SUNSHINE  MM
  AVERAGE SKY COVER 0.5


WEATHER CONDITIONS
 THE FOLLOWING WEATHER WAS RECORDED TODAY.
  THUNDERSTORM


RELATIVE HUMIDITY (PERCENT)
 HIGHEST    93           300 AM
 LOWEST     39          1000 AM
 AVERAGE    66

..........................................................


THE COLORADO SPRINGS CO CLIMATE NORMALS FOR TOMORROW
                         NORMAL    RECORD    YEAR
 MAXIMUM TEMPERATURE (F)   84        99      2008
 MINIMUM TEMPERATURE (F)   57        45      1965


SUNRISE AND SUNSET
JULY 31 2017..........SUNRISE   559 AM MDT   SUNSET   810 PM MDT
AUGUST  1 2017........SUNRISE   600 AM MDT   SUNSET   809 PM MDT


-  INDICATES NEGATIVE NUMBERS.
R  INDICATES RECORD WAS SET OR TIED.
MM INDICATES DATA IS MISSING.
T  INDICATES TRACE AMOUNT.




$$
