096
CDUS45 KPUB 151136
CLICOS


CLIMATE REPORT
NATIONAL WEATHER SERVICE PUEBLO
435 AM MST THU FEB 15 2018


...................................

...THE COLORADO SPRINGS CO CLIMATE SUMMARY FOR FEBRUARY 14 2018...

CLIMATE NORMAL PERIOD 1981 TO 2010
CLIMATE RECORD PERIOD 1872 TO 2018


WEATHER ITEM   OBSERVED TIME   RECORD YEAR NORMAL DEPARTURE LAST
                VALUE   (LST)  VALUE       VALUE  FROM      YEAR
                                                  NORMAL
..................................................................
TEMPERATURE (F)
 YESTERDAY
  MAXIMUM         63   1219 PM  70    1957  44     19       47
  MINIMUM         32   1203 AM  -9    1895  19     13       27
  AVERAGE         48                        32     16       37

PRECIPITATION (IN)
  YESTERDAY        0.00          0.26 1987   0.01  -0.01     0.00
  MONTH TO DATE    0.22                      0.14   0.08     0.05
  SINCE DEC 1      0.39                      0.80  -0.41     1.05
  SINCE JAN 1      0.38                      0.46  -0.08     0.37

SNOWFALL (IN)
  YESTERDAY        0.0           3.3  1942   0.2   -0.2      0.0
  MONTH TO DATE    4.3                       2.5    1.8      0.6
  SINCE DEC 1      6.9                      13.8   -6.9     13.3
  SINCE JUL 1      8.5                      21.6  -13.1     13.3
  SNOW DEPTH       0

DEGREE DAYS
 HEATING
  YESTERDAY       17                        33    -16       28
  MONTH TO DATE  451                       474    -23      341
  SINCE DEC 1   2345                      2636   -291     2492
  SINCE JUL 1   3513                      4117   -604     3395

 COOLING
  YESTERDAY        0                         0      0        0
  MONTH TO DATE    0                         0      0        0
  SINCE DEC 1      0                         0      0        0
  SINCE JAN 1      0                         0      0        0
..................................................................


WIND (MPH)
  HIGHEST WIND SPEED    43   HIGHEST WIND DIRECTION     W (270)
  HIGHEST GUST SPEED    53   HIGHEST GUST DIRECTION     W (260)
  AVERAGE WIND SPEED    17.3


SKY COVER
  POSSIBLE SUNSHINE  MM
  AVERAGE SKY COVER 0.7


WEATHER CONDITIONS
 THE FOLLOWING WEATHER WAS RECORDED YESTERDAY.
  NO SIGNIFICANT WEATHER WAS OBSERVED.


RELATIVE HUMIDITY (PERCENT)
 HIGHEST    61          1200 AM
 LOWEST     15          1200 PM
 AVERAGE    38

..........................................................


THE COLORADO SPRINGS CO CLIMATE NORMALS FOR TODAY
                         NORMAL    RECORD    YEAR
 MAXIMUM TEMPERATURE (F)   45        74      1945
 MINIMUM TEMPERATURE (F)   19        -8      1895


SUNRISE AND SUNSET
FEBRUARY 15 2018......SUNRISE   650 AM MST   SUNSET   537 PM MST
FEBRUARY 16 2018......SUNRISE   649 AM MST   SUNSET   538 PM MST


-  INDICATES NEGATIVE NUMBERS.
R  INDICATES RECORD WAS SET OR TIED.
MM INDICATES DATA IS MISSING.
T  INDICATES TRACE AMOUNT.




$$
