864
CDUS45 KPUB 120036
CLICOS


CLIMATE REPORT
NATIONAL WEATHER SERVICE PUEBLO
536 PM MST SAT FEB 11 2017


...................................

...THE COLORADO SPRINGS CO CLIMATE SUMMARY FOR FEBRUARY 11 2017...
VALID TODAY AS OF 0500 PM LOCAL TIME.

CLIMATE NORMAL PERIOD 1981 TO 2010
CLIMATE RECORD PERIOD 1872 TO 2017


WEATHER ITEM   OBSERVED TIME   RECORD YEAR NORMAL DEPARTURE LAST
                VALUE   (LST)  VALUE       VALUE  FROM      YEAR
                                                  NORMAL
..................................................................
TEMPERATURE (F)
 TODAY
  MAXIMUM         70    207 PM  72    1951  44     26       60
  MINIMUM         49    459 PM -19    1899  19     30       25
  AVERAGE         60                        31     29       43

PRECIPITATION (IN)
  TODAY            0.00          0.11 2015   0.01  -0.01     0.00
  MONTH TO DATE    0.03                      0.11  -0.08     1.00
  SINCE DEC 1      1.03                      0.77   0.26     1.79
  SINCE JAN 1      0.35                      0.43  -0.08     1.54

SNOWFALL (IN)
  TODAY            0.0           3.8  1995   0.1   -0.1      0.0
  MONTH TO DATE    0.3                       1.9   -1.6     10.1
  SINCE DEC 1     13.0                      13.2   -0.2     21.3
  SINCE JUL 1     13.0                      21.0   -8.0     27.1
  SNOW DEPTH       0

DEGREE DAYS
 HEATING
  TODAY            5                        34    -29       22
  MONTH TO DATE  244                       374   -130      417
  SINCE DEC 1   2395                      2536   -141     2411
  SINCE JUL 1   3298                      4017   -719     3514

 COOLING
  TODAY            0                         0      0        0
  MONTH TO DATE    0                         0      0        0
  SINCE DEC 1      0                         0      0        0
  SINCE JAN 1      0                         0      0        0
..................................................................


WIND (MPH)
  HIGHEST WIND SPEED    33   HIGHEST WIND DIRECTION     W (250)
  HIGHEST GUST SPEED    46   HIGHEST GUST DIRECTION    SW (240)
  AVERAGE WIND SPEED    11.4


SKY COVER
  POSSIBLE SUNSHINE  MM
  AVERAGE SKY COVER 0.7


WEATHER CONDITIONS
 THE FOLLOWING WEATHER WAS RECORDED TODAY.
  NO SIGNIFICANT WEATHER WAS OBSERVED.


RELATIVE HUMIDITY (PERCENT)
 HIGHEST    46           400 PM
 LOWEST     13           100 PM
 AVERAGE    30

..........................................................


THE COLORADO SPRINGS CO CLIMATE NORMALS FOR TOMORROW
                         NORMAL    RECORD    YEAR
 MAXIMUM TEMPERATURE (F)   44        70      1962
 MINIMUM TEMPERATURE (F)   19       -24      1899


SUNRISE AND SUNSET
FEBRUARY 11 2017......SUNRISE   654 AM MST   SUNSET   532 PM MST
FEBRUARY 12 2017......SUNRISE   653 AM MST   SUNSET   533 PM MST


-  INDICATES NEGATIVE NUMBERS.
R  INDICATES RECORD WAS SET OR TIED.
MM INDICATES DATA IS MISSING.
T  INDICATES TRACE AMOUNT.




$$
