000
CDUS45 KPUB 051203
CLICOS


CLIMATE REPORT
NATIONAL WEATHER SERVICE PUEBLO
502 AM MST SUN MAR 5 2017


...................................

...THE COLORADO SPRINGS CO CLIMATE SUMMARY FOR MARCH 4 2017...

CLIMATE NORMAL PERIOD 1981 TO 2010
CLIMATE RECORD PERIOD 1872 TO 2017


WEATHER ITEM   OBSERVED TIME   RECORD YEAR NORMAL DEPARTURE LAST
                VALUE   (LST)  VALUE       VALUE  FROM      YEAR
                                                  NORMAL
..................................................................
TEMPERATURE (F)
 YESTERDAY
  MAXIMUM         68    347 PM  70    2009  49     19       66
  MINIMUM         25    346 AM  -7    1917  23      2       37
  AVERAGE         47                        36     11       52

PRECIPITATION (IN)
  YESTERDAY        0.00          0.98 1992   0.03  -0.03     0.00
  MONTH TO DATE    0.00                      0.10  -0.10      T
  SINCE MAR 1      0.00                      0.10  -0.10      T
  SINCE JAN 1      0.39                      0.76  -0.37     1.54

SNOWFALL (IN)
  YESTERDAY        0.0           6.6  1982   0.2   -0.2      0.0
  MONTH TO DATE    0.0                       0.9   -0.9      0.0
  SINCE MAR 1      0.0                       0.9   -0.9      0.0
  SINCE JUL 1     13.4                      24.9  -11.5     27.1
  SNOW DEPTH       0

DEGREE DAYS
 HEATING
  YESTERDAY       18                        29    -11       13
  MONTH TO DATE  109                       118     -9       80
  SINCE MAR 1    109                       118     -9       80
  SINCE JUL 1   3862                      4681   -819     3983

 COOLING
  YESTERDAY        0                         0      0        0
  MONTH TO DATE    0                         0      0        0
  SINCE MAR 1      0                         0      0        0
  SINCE JAN 1      0                         0      0        0
..................................................................


WIND (MPH)
  HIGHEST WIND SPEED    25   HIGHEST WIND DIRECTION    SW (220)
  HIGHEST GUST SPEED    32   HIGHEST GUST DIRECTION     W (260)
  AVERAGE WIND SPEED    10.5


SKY COVER
  POSSIBLE SUNSHINE  MM
  AVERAGE SKY COVER 0.6


WEATHER CONDITIONS
 THE FOLLOWING WEATHER WAS RECORDED YESTERDAY.
  NO SIGNIFICANT WEATHER WAS OBSERVED.


RELATIVE HUMIDITY (PERCENT)
 HIGHEST    34           200 AM
 LOWEST      6           300 PM
 AVERAGE    20

..........................................................


THE COLORADO SPRINGS CO CLIMATE NORMALS FOR TODAY
                         NORMAL    RECORD    YEAR
 MAXIMUM TEMPERATURE (F)   49        70      1925
                                             1910
 MINIMUM TEMPERATURE (F)   23        -2      2015


SUNRISE AND SUNSET
MARCH  5 2017.........SUNRISE   625 AM MST   SUNSET   556 PM MST
MARCH  6 2017.........SUNRISE   623 AM MST   SUNSET   557 PM MST


-  INDICATES NEGATIVE NUMBERS.
R  INDICATES RECORD WAS SET OR TIED.
MM INDICATES DATA IS MISSING.
T  INDICATES TRACE AMOUNT.




$$
