000
CDUS45 KPUB 182322
CLICOS


CLIMATE REPORT
NATIONAL WEATHER SERVICE PUEBLO
522 PM MDT SUN SEP 18 2016


...................................

...THE COLORADO SPRINGS CO CLIMATE SUMMARY FOR SEPTEMBER 18 2016...
VALID TODAY AS OF 0500 PM LOCAL TIME.

CLIMATE NORMAL PERIOD 1981 TO 2010
CLIMATE RECORD PERIOD 1872 TO 2016


WEATHER ITEM   OBSERVED TIME   RECORD YEAR NORMAL DEPARTURE LAST
                VALUE   (LST)  VALUE       VALUE  FROM      YEAR
                                                  NORMAL
..................................................................
TEMPERATURE (F)
 TODAY
  MAXIMUM         86    227 PM  89    1962  74     12       72
                                      1954
  MINIMUM         47    501 AM  28    1971  46      1       48
  AVERAGE         67                        60      7       60

PRECIPITATION (IN)
  TODAY            0.00          0.86 1965   0.04  -0.04     0.00
  MONTH TO DATE    0.05                      0.85  -0.80     0.21
  SINCE SEP 1      0.05                      0.85  -0.80     0.21
  SINCE JAN 1     13.49                     14.64  -1.15    23.03

SNOWFALL (IN)
  TODAY            0.0           0.7  1971   0.0    0.0      0.0
  MONTH TO DATE    0.0                       0.0    0.0      0.0
  SINCE SEP 1      0.0                       0.0    0.0      0.0
  SINCE JUL 1      T                         0.0    0.0       T
  SNOW DEPTH       0

DEGREE DAYS
 HEATING
  TODAY            0                         6     -6        5
  MONTH TO DATE   27                        63    -36        7
  SINCE SEP 1     27                        63    -36        7
  SINCE JUL 1     48                        94    -46       26

 COOLING
  TODAY            2                         1      1        0
  MONTH TO DATE   46                        31     15       80
  SINCE SEP 1     46                        31     15       80
  SINCE JAN 1    672                       449    223      595
..................................................................


WIND (MPH)
  HIGHEST WIND SPEED    15   HIGHEST WIND DIRECTION    SE (120)
  HIGHEST GUST SPEED    20   HIGHEST GUST DIRECTION    SE (120)
  AVERAGE WIND SPEED     5.0


SKY COVER
  POSSIBLE SUNSHINE  MM
  AVERAGE SKY COVER 0.1


WEATHER CONDITIONS
 THE FOLLOWING WEATHER WAS RECORDED TODAY.
  NO SIGNIFICANT WEATHER WAS OBSERVED.


RELATIVE HUMIDITY (PERCENT)
 HIGHEST    50           400 AM
 LOWEST     10          1100 AM
 AVERAGE    30

..........................................................


THE COLORADO SPRINGS CO CLIMATE NORMALS FOR TOMORROW
                         NORMAL    RECORD    YEAR
 MAXIMUM TEMPERATURE (F)   73        90      2010
 MINIMUM TEMPERATURE (F)   46        25      1971


SUNRISE AND SUNSET
SEPTEMBER 18 2016.....SUNRISE   643 AM MDT   SUNSET   701 PM MDT
SEPTEMBER 19 2016.....SUNRISE   644 AM MDT   SUNSET   700 PM MDT


-  INDICATES NEGATIVE NUMBERS.
R  INDICATES RECORD WAS SET OR TIED.
MM INDICATES DATA IS MISSING.
T  INDICATES TRACE AMOUNT.




$$
