783
CDUS45 KPUB 301141
CLICOS


CLIMATE REPORT
NATIONAL WEATHER SERVICE PUEBLO
441 AM MST SAT JAN 30 2016


...................................

...THE COLORADO SPRINGS CO CLIMATE SUMMARY FOR JANUARY 29 2016...

CLIMATE NORMAL PERIOD 1981 TO 2010
CLIMATE RECORD PERIOD 1872 TO 2016


WEATHER ITEM   OBSERVED TIME   RECORD YEAR NORMAL DEPARTURE LAST
                VALUE   (LST)  VALUE       VALUE  FROM      YEAR
                                                  NORMAL
..................................................................
TEMPERATURE (F)
 YESTERDAY
  MAXIMUM         59    303 PM  66    1911  43     16       45
  MINIMUM         31    143 AM -12    1951  18     13       32
  AVERAGE         45                        30     15       39

PRECIPITATION (IN)
  YESTERDAY        0.00          0.62 1956   0.01  -0.01     0.00
  MONTH TO DATE    0.25                      0.30  -0.05     0.80
  SINCE DEC 1      0.50                      0.64  -0.14     0.96
  SINCE JAN 1      0.25                      0.30  -0.05     0.80

SNOWFALL (IN)
  YESTERDAY        0.0           7.6  1956   0.2   -0.2      0.0
  MONTH TO DATE    3.1                       5.3   -2.2     13.5
  SINCE DEC 1      7.4                      11.0   -3.6     17.2
  SINCE JUL 1     13.2                      18.8   -5.6     24.3
  SNOW DEPTH       0

DEGREE DAYS
 HEATING
  YESTERDAY       20                        35    -15       26
  MONTH TO DATE  940                       999    -59      929
  SINCE DEC 1   1941                      2090   -149     1959
  SINCE JUL 1   3044                      3571   -527     3284

 COOLING
  YESTERDAY        0                         0      0        0
  MONTH TO DATE    0                         0      0        0
  SINCE DEC 1      0                         0      0        0
  SINCE JAN 1      0                         0      0        0
..................................................................


WIND (MPH)
  HIGHEST WIND SPEED    32   HIGHEST WIND DIRECTION    NW (330)
  HIGHEST GUST SPEED    40   HIGHEST GUST DIRECTION    NW (330)
  AVERAGE WIND SPEED    12.8


SKY COVER
  POSSIBLE SUNSHINE  MM
  AVERAGE SKY COVER 0.6


WEATHER CONDITIONS
 THE FOLLOWING WEATHER WAS RECORDED YESTERDAY.
  NO SIGNIFICANT WEATHER WAS OBSERVED.


RELATIVE HUMIDITY (PERCENT)
 HIGHEST    51          1200 AM
 LOWEST     12           400 PM
 AVERAGE    32

..........................................................


THE COLORADO SPRINGS CO CLIMATE NORMALS FOR TODAY
                         NORMAL    RECORD    YEAR
 MAXIMUM TEMPERATURE (F)   43        71      1986
 MINIMUM TEMPERATURE (F)   18       -11      1956
                                             1951


SUNRISE AND SUNSET
JANUARY 30 2016.......SUNRISE   707 AM MST   SUNSET   518 PM MST
JANUARY 31 2016.......SUNRISE   706 AM MST   SUNSET   519 PM MST


-  INDICATES NEGATIVE NUMBERS.
R  INDICATES RECORD WAS SET OR TIED.
MM INDICATES DATA IS MISSING.
T  INDICATES TRACE AMOUNT.




$$
