000
CDUS45 KPUB 090033
CLICOS


CLIMATE REPORT
NATIONAL WEATHER SERVICE PUEBLO
533 PM MST TUE NOV 8 2016


...................................

...THE COLORADO SPRINGS CO CLIMATE SUMMARY FOR NOVEMBER 8 2016...
VALID TODAY AS OF 0500 PM LOCAL TIME.

CLIMATE NORMAL PERIOD 1981 TO 2010
CLIMATE RECORD PERIOD 1872 TO 2016


WEATHER ITEM   OBSERVED TIME   RECORD YEAR NORMAL DEPARTURE LAST
                VALUE   (LST)  VALUE       VALUE  FROM      YEAR
                                                  NORMAL
..................................................................
TEMPERATURE (F)
 TODAY
  MAXIMUM         61    258 PM  78    2006  55      6       62
  MINIMUM         31    446 AM  12    1896  28      3       21
  AVERAGE         46                        41      5       42

PRECIPITATION (IN)
  TODAY            0.00          0.53 1977   0.02  -0.02     0.00
  MONTH TO DATE    T                         0.13  -0.13     0.01
  SINCE SEP 1      0.16                      2.14  -1.98     1.71
  SINCE JAN 1     13.60                     15.93  -2.33    24.53

SNOWFALL (IN)
  TODAY            0.0           2.6  1975   0.2   -0.2      0.0
  MONTH TO DATE    0.0                       1.1   -1.1       T
  SINCE SEP 1      0.0                       4.2   -4.2       T
  SINCE JUL 1      T                         4.2   -4.2       T
  SNOW DEPTH       0

DEGREE DAYS
 HEATING
  TODAY           19                        24     -5       23
  MONTH TO DATE  114                       178    -64      141
  SINCE SEP 1    397                       821   -424      455
  SINCE JUL 1    418                       852   -434      474

 COOLING
  TODAY            0                         0      0        0
  MONTH TO DATE    0                         0      0        0
  SINCE SEP 1     84                        37     47      102
  SINCE JAN 1    710                       455    255      617
..................................................................


WIND (MPH)
  HIGHEST WIND SPEED    13   HIGHEST WIND DIRECTION    SE (140)
  HIGHEST GUST SPEED    16   HIGHEST GUST DIRECTION    SE (140)
  AVERAGE WIND SPEED     6.7


SKY COVER
  POSSIBLE SUNSHINE  MM
  AVERAGE SKY COVER 0.2


WEATHER CONDITIONS
 THE FOLLOWING WEATHER WAS RECORDED TODAY.
  NO SIGNIFICANT WEATHER WAS OBSERVED.


RELATIVE HUMIDITY (PERCENT)
 HIGHEST    64           400 AM
 LOWEST     22           300 PM
 AVERAGE    43

..........................................................


THE COLORADO SPRINGS CO CLIMATE NORMALS FOR TOMORROW
                         NORMAL    RECORD    YEAR
 MAXIMUM TEMPERATURE (F)   54        74      1978
 MINIMUM TEMPERATURE (F)   28        -2      1950


SUNRISE AND SUNSET
NOVEMBER  8 2016......SUNRISE   634 AM MST   SUNSET   451 PM MST
NOVEMBER  9 2016......SUNRISE   635 AM MST   SUNSET   450 PM MST


-  INDICATES NEGATIVE NUMBERS.
R  INDICATES RECORD WAS SET OR TIED.
MM INDICATES DATA IS MISSING.
T  INDICATES TRACE AMOUNT.




$$
