000
CDUS45 KPUB 212329
CLICOS


CLIMATE REPORT
NATIONAL WEATHER SERVICE PUEBLO
529 PM MDT SAT MAY 21 2016


...................................

...THE COLORADO SPRINGS CO CLIMATE SUMMARY FOR MAY 21 2016...
VALID TODAY AS OF 0500 PM LOCAL TIME.

CLIMATE NORMAL PERIOD 1981 TO 2010
CLIMATE RECORD PERIOD 1872 TO 2016


WEATHER ITEM   OBSERVED TIME   RECORD YEAR NORMAL DEPARTURE LAST
                VALUE   (LST)  VALUE       VALUE  FROM      YEAR
                                                  NORMAL
..................................................................
TEMPERATURE (F)
 TODAY
  MAXIMUM         83    249 PM  90    2005  71     12       48
  MINIMUM         50    532 AM  29    1931  44      6       38
  AVERAGE         67                        57     10       43

PRECIPITATION (IN)
  TODAY            0.00          0.99 1985   0.07  -0.07     0.46
  MONTH TO DATE    1.03                      1.26  -0.23     6.53
  SINCE MAR 1      4.04                      3.68   0.36     8.31
  SINCE JAN 1      5.58                      4.34   1.24    10.63

SNOWFALL (IN)
  TODAY            0.0           T    1951   0.0    0.0      0.0
  MONTH TO DATE    T                         0.7   -0.7       T
  SINCE MAR 1     23.6                      13.7    9.9      5.6
  SINCE JUL 1     50.7                      37.7   13.0     46.5
  SNOW DEPTH       0

DEGREE DAYS
 HEATING
  TODAY            0                         8     -8       22
  MONTH TO DATE  256                       225     31      301
  SINCE MAR 1   1509                      1584    -75     1459
  SINCE JUL 1   5412                      6147   -735     5680

 COOLING
  TODAY            2                         0      2        0
  MONTH TO DATE    2                         0      2        0
  SINCE MAR 1      2                         1      1        0
  SINCE JAN 1      2                         1      1        0
..................................................................


WIND (MPH)
  HIGHEST WIND SPEED    28   HIGHEST WIND DIRECTION     S (200)
  HIGHEST GUST SPEED    36   HIGHEST GUST DIRECTION     S (200)
  AVERAGE WIND SPEED    12.3


SKY COVER
  POSSIBLE SUNSHINE  MM
  AVERAGE SKY COVER 0.6


WEATHER CONDITIONS
 THE FOLLOWING WEATHER WAS RECORDED TODAY.
  FOG
  FOG W/VISIBILITY <= 1/4 MILE


RELATIVE HUMIDITY (PERCENT)
 HIGHEST    96           400 AM
 LOWEST      9           300 PM
 AVERAGE    53

..........................................................


THE COLORADO SPRINGS CO CLIMATE NORMALS FOR TOMORROW
                         NORMAL    RECORD    YEAR
 MAXIMUM TEMPERATURE (F)   71        90      2012
 MINIMUM TEMPERATURE (F)   45        31      1931


SUNRISE AND SUNSET
MAY 21 2016...........SUNRISE   541 AM MDT   SUNSET   810 PM MDT
MAY 22 2016...........SUNRISE   541 AM MDT   SUNSET   811 PM MDT


-  INDICATES NEGATIVE NUMBERS.
R  INDICATES RECORD WAS SET OR TIED.
MM INDICATES DATA IS MISSING.
T  INDICATES TRACE AMOUNT.




$$
